000
CDUS41 KCAR 220527
CLIFVE


CLIMATE REPORT
NATIONAL WEATHER SERVICE CARIBOU, ME
1226 AM EST MON DEC 22 2014


...................................

...THE FRENCHVILLE ME CLIMATE SUMMARY FOR DECEMBER 21 2014...

CLIMATE NORMAL PERIOD 1981 TO 2010
CLIMATE RECORD PERIOD 9999 TO 9999


WEATHER ITEM   OBSERVED TIME   RECORD YEAR NORMAL DEPARTURE LAST
                VALUE   (LST)  VALUE       VALUE  FROM      YEAR
                                                  NORMAL
..................................................................
TEMPERATURE (F)
 YESTERDAY
  MAXIMUM         19   1154 PM              22     -3
  MINIMUM         13    457 AM               8      5
  AVERAGE         16                        15      1

PRECIPITATION (IN)
  YESTERDAY       MM            MM      MM   0.08  MM        0.12
  MONTH TO DATE    1.43                      1.89  -0.46     0.60
  SINCE DEC 1      1.43                      1.89  -0.46     0.60
  SINCE JAN 1     33.52                     32.95   0.57    33.70

SNOWFALL (IN)
  YESTERDAY       MM            MM      MM  MM     MM       MM
  MONTH TO DATE   MM                        MM     MM       MM
  SINCE DEC 1     MM                        MM     MM       MM
  SINCE JUL 1     MM                        MM     MM       MM
  SNOW DEPTH      MM

DEGREE DAYS
 HEATING
  YESTERDAY       49                               -1
  MONTH TO DATE  959                              -16
  SINCE JUL 1   3210                              -75

 COOLING
  YESTERDAY        0                                0
  MONTH TO DATE    0                                0
  SINCE JAN 1    139                                5
..................................................................


WIND (MPH)
  HIGHEST WIND SPEED    10   HIGHEST WIND DIRECTION     S (180)
  HIGHEST GUST SPEED    13   HIGHEST GUST DIRECTION     S (170)
  AVERAGE WIND SPEED     2.6




..........................................................


THE FRENCHVILLE ME CLIMATE NORMALS FOR TODAY
                         NORMAL
 MAXIMUM TEMPERATURE (F)   21
 MINIMUM TEMPERATURE (F)    7


SUNRISE AND SUNSET
DECEMBER 22 2014......SUNRISE   718 AM EST   SUNSET   346 PM EST
DECEMBER 23 2014......SUNRISE   718 AM EST   SUNSET   347 PM EST


-  INDICATES NEGATIVE NUMBERS.
R  INDICATES RECORD WAS SET OR TIED.
MM INDICATES DATA IS MISSING.
T  INDICATES TRACE AMOUNT.




$$
