000
CDUS41 KCAR 080618
CLIFVE


CLIMATE REPORT
NATIONAL WEATHER SERVICE CARIBOU, ME
118 AM EST THU DEC 8 2016


...................................

...THE FRENCHVILLE ME CLIMATE SUMMARY FOR DECEMBER 7 2016...

CLIMATE NORMAL PERIOD 1981 TO 2010
CLIMATE RECORD PERIOD 9999 TO 9999


WEATHER ITEM   OBSERVED TIME   RECORD YEAR NORMAL DEPARTURE LAST
                VALUE   (LST)  VALUE       VALUE  FROM      YEAR
                                                  NORMAL
..................................................................
TEMPERATURE (F)
 YESTERDAY
  MAXIMUM         24   1153 PM              26     -2
  MINIMUM         16    712 AM              14      2
  AVERAGE         20                        20      0

PRECIPITATION (IN)
  YESTERDAY        0.01         MM      MM   0.09  -0.08      T
  MONTH TO DATE    0.59                      0.68  -0.09     0.69
  SINCE DEC 1      0.59                      0.68  -0.09     0.69
  SINCE JAN 1     30.93                     31.74  -0.81    26.05

SNOWFALL (IN)
  YESTERDAY       MM            MM      MM  MM     MM       MM
  MONTH TO DATE   MM                        MM     MM       MM
  SINCE DEC 1     MM                        MM     MM       MM
  SINCE JUL 1     MM                        MM     MM       MM
  SNOW DEPTH      MM

DEGREE DAYS
 HEATING
  YESTERDAY       45                                0
  MONTH TO DATE  261                              -43
  SINCE JUL 1   2097                             -517

 COOLING
  YESTERDAY        0                                0
  MONTH TO DATE    0                                0
  SINCE JAN 1    221                               87
..................................................................


WIND (MPH)
  HIGHEST WIND SPEED    12   HIGHEST WIND DIRECTION     S (160)
  HIGHEST GUST SPEED    15   HIGHEST GUST DIRECTION     S (160)
  AVERAGE WIND SPEED     6.1




..........................................................


THE FRENCHVILLE ME CLIMATE NORMALS FOR TODAY
                         NORMAL
 MAXIMUM TEMPERATURE (F)   26
 MINIMUM TEMPERATURE (F)   14


SUNRISE AND SUNSET
DECEMBER  8 2016......SUNRISE   708 AM EST   SUNSET   343 PM EST
DECEMBER  9 2016......SUNRISE   709 AM EST   SUNSET   343 PM EST


-  INDICATES NEGATIVE NUMBERS.
R  INDICATES RECORD WAS SET OR TIED.
MM INDICATES DATA IS MISSING.
T  INDICATES TRACE AMOUNT.




$$
