000
CDUS41 KCAR 222034
CLIFVE


CLIMATE REPORT
NATIONAL WEATHER SERVICE CARIBOU, ME
433 PM EDT WED MAR 22 2017


...................................

...THE FRENCHVILLE ME CLIMATE SUMMARY FOR MARCH 22 2017...
VALID TODAY AS OF 0400 PM LOCAL TIME.

CLIMATE NORMAL PERIOD 1981 TO 2010
CLIMATE RECORD PERIOD 9999 TO 9999


WEATHER ITEM   OBSERVED TIME   RECORD YEAR NORMAL DEPARTURE LAST
                VALUE   (LST)  VALUE       VALUE  FROM      YEAR
                                                  NORMAL
..................................................................
TEMPERATURE (F)
 TODAY
  MAXIMUM         30    208 AM              34     -4
  MINIMUM         12   1116 AM              17     -5
  AVERAGE         21                        26     -5

PRECIPITATION (IN)
  TODAY            T            MM      MM   0.06  -0.06     0.00
  MONTH TO DATE    1.21                      0.89   0.32     1.16
  SINCE MAR 1      1.21                      0.89   0.32     1.16
  SINCE JAN 1      3.83                      3.46   0.37     4.64

SNOWFALL (IN)
  TODAY           MM            MM      MM  MM     MM       MM
  MONTH TO DATE   MM                        MM     MM       MM
  SINCE MAR 1     MM                        MM     MM       MM
  SINCE JUL 1     MM                        MM     MM       MM
  SNOW DEPTH      MM

DEGREE DAYS
 HEATING
  TODAY           44                                4
  MONTH TO DATE 1043                               89
  SINCE JUL 1   7227                             -727

 COOLING
  TODAY            0                                0
  MONTH TO DATE    0                                0
  SINCE JAN 1      0                                0
..................................................................


WIND (MPH)
  HIGHEST WIND SPEED    37   HIGHEST WIND DIRECTION    NW (330)
  HIGHEST GUST SPEED    47   HIGHEST GUST DIRECTION    NW (330)
  AVERAGE WIND SPEED    17.3




..........................................................


THE FRENCHVILLE ME CLIMATE NORMALS FOR TOMORROW
                         NORMAL
 MAXIMUM TEMPERATURE (F)   34
 MINIMUM TEMPERATURE (F)   18


SUNRISE AND SUNSET
MARCH 22 2017.........SUNRISE   632 AM EDT   SUNSET   649 PM EDT
MARCH 23 2017.........SUNRISE   630 AM EDT   SUNSET   651 PM EDT


-  INDICATES NEGATIVE NUMBERS.
R  INDICATES RECORD WAS SET OR TIED.
MM INDICATES DATA IS MISSING.
T  INDICATES TRACE AMOUNT.




$$
