000
CDUS41 KCAR 300532
CLIFVE


CLIMATE REPORT
NATIONAL WEATHER SERVICE CARIBOU, ME
128 AM EDT TUE JUN 30 2015


...................................

...THE FRENCHVILLE ME CLIMATE SUMMARY FOR JUNE 29 2015...

CLIMATE NORMAL PERIOD 1981 TO 2010
CLIMATE RECORD PERIOD 9999 TO 9999


WEATHER ITEM   OBSERVED TIME   RECORD YEAR NORMAL DEPARTURE LAST
                VALUE   (LST)  VALUE       VALUE  FROM      YEAR
                                                  NORMAL
..................................................................
TEMPERATURE (F)
 YESTERDAY
  MAXIMUM         62    106 PM              72    -10
  MINIMUM         50    655 AM              53     -3
  AVERAGE         56                        63     -7

PRECIPITATION (IN)
  YESTERDAY        0.33         MM      MM   0.16   0.17     0.00
  MONTH TO DATE    4.75                      3.70   1.05     4.11
  SINCE JUN 1      4.75                      3.70   1.05     4.11
  SINCE JAN 1     10.29                     13.60  -3.31    14.48

SNOWFALL (IN)
  YESTERDAY       MM            MM      MM  MM     MM       MM
  MONTH TO DATE   MM                        MM     MM       MM
  SINCE JUN 1     MM                        MM     MM       MM
  SINCE JUL 1     MM                        MM     MM       MM
  SNOW DEPTH      MM

DEGREE DAYS
 HEATING
  YESTERDAY        9                                5
  MONTH TO DATE  261                               67
  SINCE JUL 1  10055                              274

 COOLING
  YESTERDAY        0                               -1
  MONTH TO DATE    0                              -24
  SINCE JAN 1     11                              -17
..................................................................


WIND (MPH)
  HIGHEST WIND SPEED    14   HIGHEST WIND DIRECTION     W (290)
  HIGHEST GUST SPEED    19   HIGHEST GUST DIRECTION    NE (50)
  AVERAGE WIND SPEED     5.9




..........................................................


THE FRENCHVILLE ME CLIMATE NORMALS FOR TODAY
                         NORMAL
 MAXIMUM TEMPERATURE (F)   72
 MINIMUM TEMPERATURE (F)   53


SUNRISE AND SUNSET
JUNE 30 2015..........SUNRISE   440 AM EDT   SUNSET   833 PM EDT
JULY  1 2015..........SUNRISE   441 AM EDT   SUNSET   833 PM EDT


-  INDICATES NEGATIVE NUMBERS.
R  INDICATES RECORD WAS SET OR TIED.
MM INDICATES DATA IS MISSING.
T  INDICATES TRACE AMOUNT.




$$
