000
CDUS41 KCAR 010526
CLIFVE


CLIMATE REPORT
NATIONAL WEATHER SERVICE CARIBOU, ME
126 AM EDT TUE SEP 1 2015


...................................

...THE FRENCHVILLE ME CLIMATE SUMMARY FOR AUGUST 31 2015...

CLIMATE NORMAL PERIOD 1981 TO 2010
CLIMATE RECORD PERIOD 9999 TO 9999


WEATHER ITEM   OBSERVED TIME   RECORD YEAR NORMAL DEPARTURE LAST
                VALUE   (LST)  VALUE       VALUE  FROM      YEAR
                                                  NORMAL
..................................................................
TEMPERATURE (F)
 YESTERDAY
  MAXIMUM         75   1144 AM              69      6
  MINIMUM         59   1159 PM              50      9
  AVERAGE         67                        59      8

PRECIPITATION (IN)
  YESTERDAY        T            MM      MM   0.15  -0.15     0.12
  MONTH TO DATE    4.20                      4.00   0.20     1.96
  SINCE JUN 1     12.15                     12.16  -0.01    12.42
  SINCE JAN 1     17.69                     22.06  -4.37    22.79

SNOWFALL (IN)
  YESTERDAY       MM            MM      MM  MM     MM       MM
  MONTH TO DATE    0.0                      MM     MM       MM
  SINCE JUN 1      0.0                      MM     MM       MM
  SINCE JUL 1      0.0                      MM     MM       MM
  SNOW DEPTH      MM

DEGREE DAYS
 HEATING
  YESTERDAY        0                               -7
  MONTH TO DATE   53                              -68
  SINCE JUL 1    162                              -30

 COOLING
  YESTERDAY        2                                1
  MONTH TO DATE   81                               39
  SINCE JAN 1    120                               -4
..................................................................


WIND (MPH)
  HIGHEST WIND SPEED    29   HIGHEST WIND DIRECTION    NW (320)
  HIGHEST GUST SPEED    40   HIGHEST GUST DIRECTION    NW (320)
  AVERAGE WIND SPEED    13.8




..........................................................


THE FRENCHVILLE ME CLIMATE NORMALS FOR TODAY
                         NORMAL
 MAXIMUM TEMPERATURE (F)   69
 MINIMUM TEMPERATURE (F)   49


SUNRISE AND SUNSET
SEPTEMBER  1 2015.....SUNRISE   552 AM EDT   SUNSET   714 PM EDT
SEPTEMBER  2 2015.....SUNRISE   553 AM EDT   SUNSET   712 PM EDT


-  INDICATES NEGATIVE NUMBERS.
R  INDICATES RECORD WAS SET OR TIED.
MM INDICATES DATA IS MISSING.
T  INDICATES TRACE AMOUNT.




$$
