000
CDUS43 KIWX 210039
CLIFWA


CLIMATE REPORT
NATIONAL WEATHER SERVICE NORTHERN INDIANA
738 PM EST FRI JAN 20 2017


...................................

...THE FORT WAYNE CLIMATE SUMMARY FOR JANUARY 20 2017...
VALID AS OF 0700 PM LOCAL TIME.

CLIMATE NORMAL PERIOD 1981 TO 2010
CLIMATE RECORD PERIOD 1897 TO 2017


WEATHER ITEM   OBSERVED TIME   RECORD YEAR NORMAL DEPARTURE LAST
                VALUE   (LST)  VALUE       VALUE  FROM      YEAR
                                                  NORMAL
..................................................................
TEMPERATURE (F)
 TODAY
  MAXIMUM         51    533 PM  68    1906  32     19       22
  MINIMUM         39    915 AM -22    1985  17     22        6
  AVERAGE         45                        25     20       14

PRECIPITATION (IN)
  TODAY            0.85          1.10 1913   0.07   0.78     0.06
  MONTH TO DATE    4.13                      1.52   2.61     1.57
  SINCE DEC 1      6.44                      4.29   2.15     5.72
  SINCE JAN 1      4.13                      1.52   2.61     1.57

SNOWFALL (IN)
  TODAY            0.0           3.8  2012   0.3   -0.3      1.7
  MONTH TO DATE    0.7                       6.4   -5.7      6.7
  SINCE DEC 1     11.6                      14.9   -3.3      6.9
  SINCE JUL 1     12.0                      17.0   -5.0     11.1
  SNOW DEPTH       0

DEGREE DAYS
 HEATING
  TODAY           20                        40    -20       51
  MONTH TO DATE  685                       799   -114      808
  SINCE DEC 1   1851                      1910    -59     1526
  SINCE JUL 1   2696                      3127   -431     2495

 COOLING
  TODAY            0                         0      0        0
  MONTH TO DATE    0                         0      0        0
  SINCE DEC 1      0                         0      0        0
  SINCE JAN 1      0                         0      0        0
..................................................................


WIND (MPH)
  RESULTANT WIND SPEED   5   RESULTANT WIND DIRECTION   E (80)
  HIGHEST WIND SPEED    18   HIGHEST WIND DIRECTION     E (70)
  HIGHEST GUST SPEED    22   HIGHEST GUST DIRECTION     E (70)
  AVERAGE WIND SPEED     9.7


SKY COVER
  POSSIBLE SUNSHINE  MM
  AVERAGE SKY COVER 1.0


WEATHER CONDITIONS
 THE FOLLOWING WEATHER WAS RECORDED TODAY.
  RAIN
  LIGHT RAIN
  FOG
  FOG W/VISIBILITY <= 1/4 MILE


RELATIVE HUMIDITY (PERCENT)
 HIGHEST    92           100 AM
 LOWEST     80           600 PM
 AVERAGE    86

..........................................................


THE FORT WAYNE CLIMATE NORMALS FOR TOMORROW
                         NORMAL    RECORD    YEAR
 MAXIMUM TEMPERATURE (F)   32        66      1906
 MINIMUM TEMPERATURE (F)   17       -21      1984


SUNRISE AND SUNSET
JANUARY 20 2017.......SUNRISE   801 AM EST   SUNSET   543 PM EST
JANUARY 21 2017.......SUNRISE   800 AM EST   SUNSET   545 PM EST


-  INDICATES NEGATIVE NUMBERS.
R  INDICATES RECORD WAS SET OR TIED.
MM INDICATES DATA IS MISSING.
T  INDICATES TRACE AMOUNT.




$$
