000
CDUS43 KIWX 230021
CLIFWA


CLIMATE REPORT
NATIONAL WEATHER SERVICE NORTHERN INDIANA
820 PM EDT FRI SEP 22 2017


...................................

...THE FORT WAYNE CLIMATE SUMMARY FOR SEPTEMBER 22 2017...
VALID AS OF 0800 PM LOCAL TIME.

CLIMATE NORMAL PERIOD 1981 TO 2010
CLIMATE RECORD PERIOD 1897 TO 2017


WEATHER ITEM   OBSERVED TIME   RECORD YEAR NORMAL DEPARTURE LAST
                VALUE   (LST)  VALUE       VALUE  FROM      YEAR
                                                  NORMAL
..................................................................
TEMPERATURE (F)
 TODAY
  MAXIMUM         92R   348 PM  91    1908  74     18       88
  MINIMUM         65    545 AM  34    1995  50     15       59
  AVERAGE         79                        62     17       74

PRECIPITATION (IN)
  TODAY            T             1.24 2003   0.10  -0.10     0.00
  MONTH TO DATE    1.67                      2.07  -0.40     4.08
  SINCE SEP 1      1.67                      2.07  -0.40     4.08
  SINCE JAN 1     39.95                     28.91  11.04    27.89

DEGREE DAYS
 HEATING
  TODAY            0                         5     -5        0
  MONTH TO DATE   60                        53      7        0
  SINCE SEP 1     60                        53      7        0
  SINCE JUL 1     75                        65     10        3

 COOLING
  TODAY           14                         2     12        9
  MONTH TO DATE   71                        73     -2      124
  SINCE SEP 1     71                        73     -2      124
  SINCE JAN 1    759                       790    -31     1050
..................................................................


WIND (MPH)
  RESULTANT WIND SPEED   1   RESULTANT WIND DIRECTION  NE (60)
  HIGHEST WIND SPEED    16   HIGHEST WIND DIRECTION     E (110)
  HIGHEST GUST SPEED    19   HIGHEST GUST DIRECTION     E (110)
  AVERAGE WIND SPEED     1.6


SKY COVER
  POSSIBLE SUNSHINE  MM
  AVERAGE SKY COVER 0.3


WEATHER CONDITIONS
 THE FOLLOWING WEATHER WAS RECORDED TODAY.
  FOG


RELATIVE HUMIDITY (PERCENT)
 HIGHEST    93           400 AM
 LOWEST     47           300 PM
 AVERAGE    70

..........................................................


THE FORT WAYNE CLIMATE NORMALS FOR TOMORROW
                         NORMAL    RECORD    YEAR
 MAXIMUM TEMPERATURE (F)   73        93      2010
 MINIMUM TEMPERATURE (F)   50        29      1995


SUNRISE AND SUNSET
SEPTEMBER 22 2017.....SUNRISE   729 AM EDT   SUNSET   738 PM EDT
SEPTEMBER 23 2017.....SUNRISE   730 AM EDT   SUNSET   736 PM EDT


-  INDICATES NEGATIVE NUMBERS.
R  INDICATES RECORD WAS SET OR TIED.
MM INDICATES DATA IS MISSING.
T  INDICATES TRACE AMOUNT.




$$
