000
CDUS43 KIWX 220524
CLIFWA


CLIMATE REPORT
NATIONAL WEATHER SERVICE NORTHERN INDIANA
123 AM EDT FRI MAY 22 2015


...................................

...THE FORT WAYNE CLIMATE SUMMARY FOR MAY 21 2015...

CLIMATE NORMAL PERIOD 1981 TO 2010
CLIMATE RECORD PERIOD 1897 TO 2015


WEATHER ITEM   OBSERVED TIME   RECORD YEAR NORMAL DEPARTURE LAST
                VALUE   (LST)  VALUE       VALUE  FROM      YEAR
                                                  NORMAL
..................................................................
TEMPERATURE (F)
 YESTERDAY
  MAXIMUM         63    533 PM  92    1977  73    -10       85
  MINIMUM         47    627 AM  32    1907  51     -4       64
  AVERAGE         55                        62     -7       75

PRECIPITATION (IN)
  YESTERDAY        0.00          1.88 1949   0.15  -0.15     0.01
  MONTH TO DATE    2.62                      2.65  -0.03     4.28
  SINCE MAR 1      7.97                      8.88  -0.91    10.17
  SINCE JAN 1     11.74                     13.18  -1.44    16.41

SNOWFALL (IN)
  YESTERDAY        0.0           0.0  2002   0.0    0.0      0.0
                                      2000
                                      2001
  MONTH TO DATE    0.0                       0.0    0.0      0.0
  SINCE MAR 1      8.6                       5.1    3.5     14.3
  SINCE JUL 1     45.1                      33.5   11.6     76.1
  SNOW DEPTH       0

DEGREE DAYS
 HEATING
  YESTERDAY       10                         5      5        0
  MONTH TO DATE   94                       153    -59      174
  SINCE MAR 1   1483                      1437     46     1690
  SINCE JUL 1   6632                      6035    597     6943

 COOLING
  YESTERDAY        0                         2     -2       10
  MONTH TO DATE   55                        23     32       37
  SINCE MAR 1     55                        31     24       38
  SINCE JAN 1     55                        31     24       38
..................................................................


WIND (MPH)
  HIGHEST WIND SPEED    20   HIGHEST WIND DIRECTION     W (270)
  HIGHEST GUST SPEED    23   HIGHEST GUST DIRECTION     W (270)
  AVERAGE WIND SPEED     8.7


SKY COVER
  AVERAGE SKY COVER 0.6


WEATHER CONDITIONS
 THE FOLLOWING WEATHER WAS RECORDED YESTERDAY.
  NO SIGNIFICANT WEATHER WAS OBSERVED.


RELATIVE HUMIDITY (PERCENT)
 HIGHEST    93           600 AM
 LOWEST     42           700 PM
 AVERAGE    68

..........................................................


THE FORT WAYNE CLIMATE NORMALS FOR TODAY
                         NORMAL    RECORD    YEAR
 MAXIMUM TEMPERATURE (F)   74        92      1902
 MINIMUM TEMPERATURE (F)   51        35      1924


SUNRISE AND SUNSET
MAY 22 2015...........SUNRISE   617 AM EDT   SUNSET   858 PM EDT
MAY 23 2015...........SUNRISE   616 AM EDT   SUNSET   859 PM EDT


-  INDICATES NEGATIVE NUMBERS.
R  INDICATES RECORD WAS SET OR TIED.
MM INDICATES DATA IS MISSING.
T  INDICATES TRACE AMOUNT.




$$
