000
CDUS43 KIWX 260527
CLIFWA


CLIMATE REPORT
NATIONAL WEATHER SERVICE NORTHERN INDIANA
125 AM EDT WED JUL 26 2017


...................................

...THE FORT WAYNE CLIMATE SUMMARY FOR JULY 25 2017...

CLIMATE NORMAL PERIOD 1981 TO 2010
CLIMATE RECORD PERIOD 1897 TO 2017


WEATHER ITEM   OBSERVED TIME   RECORD YEAR NORMAL DEPARTURE LAST
                VALUE   (LST)  VALUE       VALUE  FROM      YEAR
                                                  NORMAL
..................................................................
TEMPERATURE (F)
 YESTERDAY
  MAXIMUM         78    453 PM 103    1934  84     -6       87
  MINIMUM         55    548 AM  44    1904  62     -7       70
  AVERAGE         67                        73     -6       79

PRECIPITATION (IN)
  YESTERDAY        0.00          2.57 1986   0.13  -0.13      T
  MONTH TO DATE    4.22                      3.44   0.78     0.68
  SINCE JUN 1     11.53                      7.60   3.93     6.12
  SINCE JAN 1     34.98                     22.40  12.58    20.31

DEGREE DAYS
 HEATING
  YESTERDAY        0                         0      0        0
  MONTH TO DATE    0                         0      0        3
  SINCE JUN 1      6                        29    -23       14
  SINCE JUL 1      0                         0      0        3

 COOLING
  YESTERDAY        2                         8     -6       14
  MONTH TO DATE  233                       221     12      241
  SINCE JUN 1    448                       403     45      447
  SINCE JAN 1    512                       460     52      521
..................................................................


WIND (MPH)
  HIGHEST WIND SPEED    15   HIGHEST WIND DIRECTION     E (70)
  HIGHEST GUST SPEED    18   HIGHEST GUST DIRECTION     E (70)
  AVERAGE WIND SPEED     5.1


SKY COVER
  AVERAGE SKY COVER 0.2


WEATHER CONDITIONS
 THE FOLLOWING WEATHER WAS RECORDED YESTERDAY.
  NO SIGNIFICANT WEATHER WAS OBSERVED.


RELATIVE HUMIDITY (PERCENT)
 HIGHEST    93           100 AM
 LOWEST     46           100 PM
 AVERAGE    70

..........................................................


THE FORT WAYNE CLIMATE NORMALS FOR TODAY
                         NORMAL    RECORD    YEAR
 MAXIMUM TEMPERATURE (F)   84        99      1941
 MINIMUM TEMPERATURE (F)   62        48      1904


SUNRISE AND SUNSET
JULY 26 2017..........SUNRISE   631 AM EDT   SUNSET   903 PM EDT
JULY 27 2017..........SUNRISE   632 AM EDT   SUNSET   902 PM EDT


-  INDICATES NEGATIVE NUMBERS.
R  INDICATES RECORD WAS SET OR TIED.
MM INDICATES DATA IS MISSING.
T  INDICATES TRACE AMOUNT.




$$
