000
CDUS43 KIWX 222121
CLIFWA


CLIMATE REPORT
NATIONAL WEATHER SERVICE NORTHERN INDIANA
421 PM EST WED NOV 22 2017


...................................

...THE FORT WAYNE CLIMATE SUMMARY FOR NOVEMBER 22 2017...
VALID TODAY AS OF 0400 PM LOCAL TIME.

CLIMATE NORMAL PERIOD 1981 TO 2010
CLIMATE RECORD PERIOD 1897 TO 2017


WEATHER ITEM   OBSERVED TIME   RECORD YEAR NORMAL DEPARTURE LAST
                VALUE   (LST)  VALUE       VALUE  FROM      YEAR
                                                  NORMAL
..................................................................
TEMPERATURE (F)
 TODAY
  MAXIMUM         39    322 PM  70    1931  47     -8       36
                                      1913
                                      1908
  MINIMUM         34   1011 AM  10    1964  31      3       22
  AVERAGE         37                        38     -1       29

PRECIPITATION (IN)
  TODAY            0.00          2.25 1992   0.11  -0.11     0.00
  MONTH TO DATE    5.41                      2.23   3.18     0.79
  SINCE SEP 1      9.32                      7.87   1.45     9.88
  SINCE JAN 1     47.60                     34.71  12.89    33.69

SNOWFALL (IN)
  TODAY            0.0           1.0  1928   0.1   -0.1      0.0
  MONTH TO DATE    T                         1.0   -1.0      0.4
  SINCE SEP 1      T                         1.3   -1.3      0.4
  SINCE JUL 1      T                         1.3   -1.3      0.4

DEGREE DAYS
 HEATING
  TODAY           28                        26      2       36
  MONTH TO DATE  502                       480     22      382
  SINCE SEP 1    859                       977   -118      655
  SINCE JUL 1    874                       989   -115      658

 COOLING
  TODAY            0                         0      0        0
  MONTH TO DATE    0                         0      0        4
  SINCE SEP 1    148                        92     56      178
  SINCE JAN 1    836                       809     27     1104
..................................................................


WIND (MPH)
  HIGHEST WIND SPEED    15   HIGHEST WIND DIRECTION    NW (320)
  HIGHEST GUST SPEED    19   HIGHEST GUST DIRECTION    NW (320)
  AVERAGE WIND SPEED     7.6


SKY COVER
  POSSIBLE SUNSHINE  MM
  AVERAGE SKY COVER 0.8


WEATHER CONDITIONS
 THE FOLLOWING WEATHER WAS RECORDED TODAY.
  NO SIGNIFICANT WEATHER WAS OBSERVED.


RELATIVE HUMIDITY (PERCENT)
 HIGHEST    75           500 AM
 LOWEST     50           300 PM
 AVERAGE    63

..........................................................


THE FORT WAYNE CLIMATE NORMALS FOR TOMORROW
                         NORMAL    RECORD    YEAR
 MAXIMUM TEMPERATURE (F)   46        71      1931
 MINIMUM TEMPERATURE (F)   30         3      1950


SUNRISE AND SUNSET
NOVEMBER 22 2017......SUNRISE   737 AM EST   SUNSET   517 PM EST
NOVEMBER 23 2017......SUNRISE   738 AM EST   SUNSET   516 PM EST


-  INDICATES NEGATIVE NUMBERS.
R  INDICATES RECORD WAS SET OR TIED.
MM INDICATES DATA IS MISSING.
T  INDICATES TRACE AMOUNT.




$$
