000
CDUS43 KIWX 240525
CLIFWA


CLIMATE REPORT
NATIONAL WEATHER SERVICE NORTHERN INDIANA
125 AM EDT WED SEP 24 2014


...................................

...THE FORT WAYNE CLIMATE SUMMARY FOR SEPTEMBER 23 2014...

CLIMATE NORMAL PERIOD 1981 TO 2010
CLIMATE RECORD PERIOD 1897 TO 2014


WEATHER ITEM   OBSERVED TIME   RECORD YEAR NORMAL DEPARTURE LAST
                VALUE   (LST)  VALUE       VALUE  FROM      YEAR
                                                  NORMAL
..................................................................
TEMPERATURE (F)
 YESTERDAY
  MAXIMUM         72    522 PM  93    2010  73     -1       67
  MINIMUM         41    646 AM  29    1995  50     -9       41
  AVERAGE         57                        61     -4       54

PRECIPITATION (IN)
  YESTERDAY        0.00          2.11 1926   0.10  -0.10     0.00
  MONTH TO DATE    4.90                      2.17   2.73     1.71
  SINCE SEP 1      4.90                      2.17   2.73     1.71
  SINCE JAN 1     35.29                     29.01   6.28    34.05

SNOWFALL (IN)
  YESTERDAY        0.0           0.0  2002   0.0    0.0      0.0
                                      2001
  MONTH TO DATE    0.0                       0.0    0.0      0.0
  SINCE SEP 1      0.0                       0.0    0.0      0.0
  SINCE JUL 1      T                         0.0    0.0      0.0
  SNOW DEPTH       0

DEGREE DAYS
 HEATING
  YESTERDAY        8                         5      3       11
  MONTH TO DATE  104                        58     46       69
  SINCE SEP 1    104                        58     46       69
  SINCE JUL 1    128                        70     58       89

 COOLING
  YESTERDAY        0                         1     -1        0
  MONTH TO DATE   53                        74    -21       98
  SINCE SEP 1     53                        74    -21       98
  SINCE JAN 1    727                       791    -64      827
..................................................................


WIND (MPH)
  HIGHEST WIND SPEED     9   HIGHEST WIND DIRECTION    NE (40)
  HIGHEST GUST SPEED    11   HIGHEST GUST DIRECTION     N (10)
  AVERAGE WIND SPEED     1.5


SKY COVER
  AVERAGE SKY COVER 0.0


WEATHER CONDITIONS
 THE FOLLOWING WEATHER WAS RECORDED YESTERDAY.
  FOG


RELATIVE HUMIDITY (PERCENT)
 HIGHEST   100           700 AM
 LOWEST     47           300 PM
 AVERAGE    74

..........................................................


THE FORT WAYNE CLIMATE NORMALS FOR TODAY
                         NORMAL    RECORD    YEAR
 MAXIMUM TEMPERATURE (F)   73        95      1908
 MINIMUM TEMPERATURE (F)   49        32      1989
                                             1950


SUNRISE AND SUNSET
SEPTEMBER 24 2014.....SUNRISE   730 AM EDT   SUNSET   735 PM EDT
SEPTEMBER 25 2014.....SUNRISE   731 AM EDT   SUNSET   733 PM EDT


-  INDICATES NEGATIVE NUMBERS.
R  INDICATES RECORD WAS SET OR TIED.
MM INDICATES DATA IS MISSING.
T  INDICATES TRACE AMOUNT.




$$
