684
CDUS43 KIWX 260023
CLIFWA


CLIMATE REPORT
NATIONAL WEATHER SERVICE NORTHERN INDIANA
822 PM EDT MON JUL 25 2016


...................................

...THE FORT WAYNE CLIMATE SUMMARY FOR JULY 25 2016...
VALID AS OF 0800 PM LOCAL TIME.

CLIMATE NORMAL PERIOD 1981 TO 2010
CLIMATE RECORD PERIOD 1897 TO 2016


WEATHER ITEM   OBSERVED TIME   RECORD YEAR NORMAL DEPARTURE LAST
                VALUE   (LST)  VALUE       VALUE  FROM      YEAR
                                                  NORMAL
..................................................................
TEMPERATURE (F)
 TODAY
  MAXIMUM         87    407 PM 103    1934  84      3       85
  MINIMUM         70    604 AM  44    1904  62      8       64
  AVERAGE         79                        73      6       75

PRECIPITATION (IN)
  TODAY            T             2.57 1986   0.13  -0.13      T
  MONTH TO DATE    0.68                      3.44  -2.76     5.90
  SINCE JUN 1      6.12                      7.60  -1.48    17.88
  SINCE JAN 1     20.31                     22.40  -2.09    32.01

SNOWFALL (IN)
  TODAY            0.0           0.0  2002   0.0    0.0      0.0
                                      2001
  MONTH TO DATE    0.0                       0.0    0.0      0.0
  SINCE JUN 1      T                         0.0    0.0      0.0
  SINCE JUL 1      0.0                       0.0    0.0      0.0
  SNOW DEPTH       0

DEGREE DAYS
 HEATING
  TODAY            0                         0      0        0
  MONTH TO DATE    3                         0      3        0
  SINCE JUN 1     14                        29    -15       28
  SINCE JUL 1      3                         0      3        0

 COOLING
  TODAY           14                         8      6       10
  MONTH TO DATE  241                       221     20      148
  SINCE JUN 1    447                       403     44      324
  SINCE JAN 1    521                       460     61      420
..................................................................


WIND (MPH)
  RESULTANT WIND SPEED   6   RESULTANT WIND DIRECTION   W (260)
  HIGHEST WIND SPEED    18   HIGHEST WIND DIRECTION     W (270)
  HIGHEST GUST SPEED    24   HIGHEST GUST DIRECTION     W (250)
  AVERAGE WIND SPEED     7.1


SKY COVER
  POSSIBLE SUNSHINE  MM
  AVERAGE SKY COVER 0.8


WEATHER CONDITIONS
 THE FOLLOWING WEATHER WAS RECORDED TODAY.
  NO SIGNIFICANT WEATHER WAS OBSERVED.


RELATIVE HUMIDITY (PERCENT)
 HIGHEST    90           500 AM
 LOWEST     55           300 PM
 AVERAGE    73

..........................................................


THE FORT WAYNE CLIMATE NORMALS FOR TOMORROW
                         NORMAL    RECORD    YEAR
 MAXIMUM TEMPERATURE (F)   84        99      1941
 MINIMUM TEMPERATURE (F)   62        48      1904


SUNRISE AND SUNSET
JULY 25 2016..........SUNRISE   631 AM EDT   SUNSET   903 PM EDT
JULY 26 2016..........SUNRISE   632 AM EDT   SUNSET   903 PM EDT


-  INDICATES NEGATIVE NUMBERS.
R  INDICATES RECORD WAS SET OR TIED.
MM INDICATES DATA IS MISSING.
T  INDICATES TRACE AMOUNT.




$$
