000
CDUS43 KIWX 300534
CLIFWA


CLIMATE REPORT
NATIONAL WEATHER SERVICE NORTHERN INDIANA
1233 AM EST FRI JAN 30 2015


...................................

...THE FORT WAYNE CLIMATE SUMMARY FOR JANUARY 29 2015...

CLIMATE NORMAL PERIOD 1981 TO 2010
CLIMATE RECORD PERIOD 1897 TO 2015


WEATHER ITEM   OBSERVED TIME   RECORD YEAR NORMAL DEPARTURE LAST
                VALUE   (LST)  VALUE       VALUE  FROM      YEAR
                                                  NORMAL
..................................................................
TEMPERATURE (F)
 YESTERDAY
  MAXIMUM         39   1214 PM  62    1914  33      6       18
  MINIMUM         29   1201 AM -10    1963  17     12       -7
  AVERAGE         34                        25      9        6

PRECIPITATION (IN)
  YESTERDAY        0.04          0.93 2002   0.07  -0.03     0.00
  MONTH TO DATE    2.19                      2.12   0.07     2.70
  SINCE DEC 1      3.91                      4.89  -0.98     5.56
  SINCE JAN 1      2.19                      2.12   0.07     2.70

SNOWFALL (IN)
  YESTERDAY        0.2           2.5  1953   0.3   -0.1      0.0
  MONTH TO DATE   12.5                       9.4    3.1     30.8
  SINCE DEC 1     13.1                      17.9   -4.8     40.7
  SINCE JUL 1     17.3                      20.0   -2.7     41.7
  SNOW DEPTH       2

DEGREE DAYS
 HEATING
  YESTERDAY       31                        40     -9       59
  MONTH TO DATE 1257                      1159     98     1397
  SINCE DEC 1   2250                      2270    -20     2552
  SINCE JUL 1   3696                      3487    209     3853

 COOLING
  YESTERDAY        0                         0      0        0
  MONTH TO DATE    0                         0      0        0
  SINCE DEC 1      0                         0      0        0
  SINCE JAN 1      0                         0      0        0
..................................................................


WIND (MPH)
  HIGHEST WIND SPEED    22   HIGHEST WIND DIRECTION    NW (320)
  HIGHEST GUST SPEED    28   HIGHEST GUST DIRECTION    NW (320)
  AVERAGE WIND SPEED    12.7


SKY COVER
  AVERAGE SKY COVER 1.0


WEATHER CONDITIONS
 THE FOLLOWING WEATHER WAS RECORDED YESTERDAY.
  LIGHT RAIN
  LT FREEZING RAIN
  SNOW
  LIGHT SNOW
  SLEET
  FOG
  HAZE


RELATIVE HUMIDITY (PERCENT)
 HIGHEST    96           300 PM
 LOWEST     63           300 AM
 AVERAGE    80

..........................................................


THE FORT WAYNE CLIMATE NORMALS FOR TODAY
                         NORMAL    RECORD    YEAR
 MAXIMUM TEMPERATURE (F)   33        64      2013
 MINIMUM TEMPERATURE (F)   18        -8      1966


SUNRISE AND SUNSET
JANUARY 30 2015.......SUNRISE   753 AM EST   SUNSET   555 PM EST
JANUARY 31 2015.......SUNRISE   753 AM EST   SUNSET   556 PM EST


-  INDICATES NEGATIVE NUMBERS.
R  INDICATES RECORD WAS SET OR TIED.
MM INDICATES DATA IS MISSING.
T  INDICATES TRACE AMOUNT.




$$
