000
CDUS43 KIWX 300021
CLIFWA


CLIMATE REPORT
NATIONAL WEATHER SERVICE NORTHERN INDIANA
821 PM EDT MON MAY 29 2017


...................................

...THE FORT WAYNE CLIMATE SUMMARY FOR MAY 29 2017...
VALID AS OF 0800 PM LOCAL TIME.

CLIMATE NORMAL PERIOD 1981 TO 2010
CLIMATE RECORD PERIOD 1897 TO 2017


WEATHER ITEM   OBSERVED TIME   RECORD YEAR NORMAL DEPARTURE LAST
                VALUE   (LST)  VALUE       VALUE  FROM      YEAR
                                                  NORMAL
..................................................................
TEMPERATURE (F)
 TODAY
  MAXIMUM         79    343 PM  93    1942  76      3       89
  MINIMUM         56    554 AM  33    1902  54      2       65
  AVERAGE         68                        65      3       77

PRECIPITATION (IN)
  TODAY            0.01          0.81 1972   0.17  -0.16     0.00
  MONTH TO DATE    9.15                      3.93   5.22     4.13
  SINCE MAR 1     16.91                     10.16   6.75    11.14
  SINCE JAN 1     23.38                     14.46   8.92    14.19

SNOWFALL (IN)
  TODAY            0.0           0.0    MM   0.0    0.0      0.0
  MONTH TO DATE    0.0                       0.0    0.0      0.0
  SINCE MAR 1      3.4                       5.1   -1.7      3.9
  SINCE JUL 1     18.5                      33.5  -15.0     20.1
  SNOW DEPTH       0

DEGREE DAYS
 HEATING
  TODAY            0                         3     -3        0
  MONTH TO DATE  196                       185     11      198
  SINCE MAR 1   1285                      1469   -184     1289
  SINCE JUL 1   4979                      6067  -1088     5116

 COOLING
  TODAY            3                         3      0       12
  MONTH TO DATE   44                        43      1       58
  SINCE MAR 1     64                        51     13       58
  SINCE JAN 1     64                        51     13       58
..................................................................


WIND (MPH)
  RESULTANT WIND SPEED  11   RESULTANT WIND DIRECTION  SW (240)
  HIGHEST WIND SPEED    22   HIGHEST WIND DIRECTION    SW (220)
  HIGHEST GUST SPEED    27   HIGHEST GUST DIRECTION    SW (220)
  AVERAGE WIND SPEED    10.9


SKY COVER
  POSSIBLE SUNSHINE  MM
  AVERAGE SKY COVER 0.4


WEATHER CONDITIONS
 THE FOLLOWING WEATHER WAS RECORDED TODAY.
  THUNDERSTORM
  LIGHT RAIN
  FOG


RELATIVE HUMIDITY (PERCENT)
 HIGHEST    93          1200 AM
 LOWEST     37           300 PM
 AVERAGE    65

..........................................................


THE FORT WAYNE CLIMATE NORMALS FOR TOMORROW
                         NORMAL    RECORD    YEAR
 MAXIMUM TEMPERATURE (F)   76        92      1988
                                             1953
                                             1942
 MINIMUM TEMPERATURE (F)   54        36      1947
                                             1945


SUNRISE AND SUNSET
MAY 29 2017...........SUNRISE   612 AM EDT   SUNSET   905 PM EDT
MAY 30 2017...........SUNRISE   612 AM EDT   SUNSET   905 PM EDT


-  INDICATES NEGATIVE NUMBERS.
R  INDICATES RECORD WAS SET OR TIED.
MM INDICATES DATA IS MISSING.
T  INDICATES TRACE AMOUNT.




$$
