000
CDUS44 KTSA 300801 RRA
CLIFYV

CLIMATE REPORT
NATIONAL WEATHER SERVICE TULSA OK
300 AM CDT THU JUL 30 2015


...................................

...THE FAYETTEVILLE ARKANSAS CLIMATE SUMMARY FOR JULY 29 2015...

CLIMATE NORMAL PERIOD 1981 TO 2010
CLIMATE RECORD PERIOD 1905 TO 2015


WEATHER ITEM   OBSERVED TIME   RECORD YEAR NORMAL DEPARTURE LAST
                VALUE   (LST)  VALUE       VALUE  FROM      YEAR
                                                  NORMAL
..................................................................
TEMPERATURE (F)
 YESTERDAY
  MAXIMUM         93    334 PM 106    1986  90      3       84
  MINIMUM         70    601 AM  55    1969  67      3       56
  AVERAGE         82                        78      4       70

PRECIPITATION (IN)
  YESTERDAY        0.00                      0.09  -0.09     0.00
  MONTH TO DATE    8.04                      3.28   4.76     0.94
  SINCE JUN 1     14.81                      8.26   6.55     5.04
  SINCE JAN 1     38.27                     28.47   9.80    19.56

DEGREE DAYS
 COOLING
  YESTERDAY       17                        13      4        5
  MONTH TO DATE  405                       364     41      246
  SINCE JUN 1    723                       609    114      508
  SINCE JAN 1    820                       722     98      656
..................................................................


WIND (MPH)
  HIGHEST WIND SPEED     9   HIGHEST WIND DIRECTION    NE (60)
  HIGHEST GUST SPEED    12   HIGHEST GUST DIRECTION    NE (60)
  AVERAGE WIND SPEED     3.9


SKY COVER
  POSSIBLE SUNSHINE  MM
  AVERAGE SKY COVER 0.0


WEATHER CONDITIONS
 THE FOLLOWING WEATHER WAS RECORDED YESTERDAY.
  FOG


RELATIVE HUMIDITY (PERCENT)
 HIGHEST   100           100 AM
 LOWEST     52          1100 AM
 AVERAGE    76

..........................................................


THE FAYETTEVILLE ARKANSAS CLIMATE NORMALS FOR TODAY
                         NORMAL    RECORD    YEAR
 MAXIMUM TEMPERATURE (F)   90       107      1986
 MINIMUM TEMPERATURE (F)   67        52      1971


SUNRISE AND SUNSET
JULY 30 2015..........SUNRISE   622 AM CDT   SUNSET   823 PM CDT
JULY 31 2015..........SUNRISE   623 AM CDT   SUNSET   823 PM CDT


-  INDICATES NEGATIVE NUMBERS.
R  INDICATES RECORD WAS SET OR TIED.
MM INDICATES DATA IS MISSING.
T  INDICATES TRACE AMOUNT.




$$
