000
CDUS44 KTSA 241516
CLIFYV

CLIMATE REPORT
NATIONAL WEATHER SERVICE TULSA OK
915 AM CST MON NOV 24 2014


...................................

...THE FAYETTEVILLE ARKANSAS CLIMATE SUMMARY FOR NOVEMBER 24 2014...
VALID AS OF 0900 AM LOCAL TIME.

CLIMATE NORMAL PERIOD 1981 TO 2010
CLIMATE RECORD PERIOD 1905 TO 2014


WEATHER ITEM   OBSERVED RECORD YEAR NORMAL DEPARTURE LAST
                VALUE   VALUE       VALUE  FROM      YEAR
                                           NORMAL
...........................................................
TEMPERATURE (F)
 TODAY
  MAXIMUM         41     76    1965  55
  MINIMUM         36      9    1970  33
  AVERAGE         39

PRECIPITATION (IN)
  TODAY            0.01   4.85 1973   0.14  -0.13     0.00
  MONTH TO DATE    2.50               3.42  -0.92     2.24
  SINCE SEP 1     13.31              12.57   0.74    11.46
  SINCE JAN 1     36.44              44.46  -8.02    42.53

SNOWFALL (IN)
  TODAY            0.0    0.1  1996   0.0             0.0
  MONTH TO DATE    T                  0.1             0.0
  SINCE SEP 1      T                  0.1             0.0
  SINCE JUL 1      T                  0.1             0.0

DEGREE DAYS
 HEATING
  TODAY           26
...........................................................


WIND (MPH)
  RESULTANT WIND SPEED  11   RESULTANT WIND DIRECTION   W (270)
  HIGHEST WIND SPEED    18   HIGHEST WIND DIRECTION    NW (330)
  HIGHEST GUST SPEED    26   HIGHEST GUST DIRECTION    NW (320)


SKY COVER
  POSSIBLE SUNSHINE  MM
  AVERAGE SKY COVER 0.3


WEATHER CONDITIONS
 THE FOLLOWING WEATHER WAS RECORDED TODAY.
  LIGHT RAIN


RELATIVE HUMIDITY (PERCENT)
 HIGHEST    93
 LOWEST     65
 AVERAGE    79

..........................................................


THE FAYETTEVILLE ARKANSAS CLIMATE NORMALS FOR TOMORROW
                         NORMAL    RECORD    YEAR
 MAXIMUM TEMPERATURE (F)   54        78      1965
 MINIMUM TEMPERATURE (F)   33        11      1950


SUNRISE AND SUNSET
NOVEMBER 24 2014......SUNRISE   702 AM CST   SUNSET   504 PM CST
NOVEMBER 25 2014......SUNRISE   703 AM CST   SUNSET   504 PM CST


-  INDICATES NEGATIVE NUMBERS.
R  INDICATES RECORD WAS SET OR TIED.
MM INDICATES DATA IS MISSING.
T  INDICATES TRACE AMOUNT.




$$
