000
CDUS44 KTSA 182118 RRA
CLIFYV

CLIMATE REPORT
NATIONAL WEATHER SERVICE TULSA OK
418 PM CDT WED OCT 18 2017


...................................

...THE FAYETTEVILLE ARKANSAS CLIMATE SUMMARY FOR OCTOBER 18 2017...
VALID TODAY AS OF 0400 PM LOCAL TIME.

CLIMATE NORMAL PERIOD 1981 TO 2010
CLIMATE RECORD PERIOD 1905 TO 2017


WEATHER ITEM   OBSERVED TIME   RECORD YEAR NORMAL DEPARTURE LAST
                VALUE   (LST)  VALUE       VALUE  FROM      YEAR
                                                  NORMAL
..................................................................
TEMPERATURE (F)
 TODAY
  MAXIMUM         76    139 PM  89    2005  70      6       81
  MINIMUM         35    645 AM  29    2009  45    -10       65
                                      1955
  AVERAGE         56                        57     -1       73

PRECIPITATION (IN)
  TODAY            0.00                      0.15  -0.15     0.00
  MONTH TO DATE    1.88                      2.54  -0.66     2.46
  SINCE SEP 1      3.38                      7.36  -3.98     5.10
  SINCE JAN 1     46.22                     39.25   6.97    30.28

SNOWFALL (IN)
  TODAY            0.0                                       0.0
  MONTH TO DATE    0.0                                       0.0
  SINCE SEP 1      0.0                                       0.0
  SINCE JUL 1      0.0                                       0.0

DEGREE DAYS
 HEATING
  TODAY            9                         8      1        0
  MONTH TO DATE   78                       116    -38       50
  SINCE SEP 1     94                       167    -73       74
  SINCE JUL 1     94                       168    -74       74

 COOLING
  TODAY            0                         0      0        8
  MONTH TO DATE   51                        18     33       51
  SINCE SEP 1    216                       176     40      259
  SINCE JAN 1   1228                      1301    -73     1478
..................................................................


WIND (MPH)
  HIGHEST WIND SPEED    16   HIGHEST WIND DIRECTION     S (180)
  HIGHEST GUST SPEED    21   HIGHEST GUST DIRECTION     S (190)
  AVERAGE WIND SPEED     5.0


SKY COVER
  POSSIBLE SUNSHINE  MM
  AVERAGE SKY COVER 0.0


WEATHER CONDITIONS
 THE FOLLOWING WEATHER WAS RECORDED TODAY.
  FOG


RELATIVE HUMIDITY (PERCENT)
 HIGHEST   100          1200 AM
 LOWEST     33           100 PM
 AVERAGE    67

..........................................................


THE FAYETTEVILLE ARKANSAS CLIMATE NORMALS FOR TOMORROW
                         NORMAL    RECORD    YEAR
 MAXIMUM TEMPERATURE (F)   69        87      2005
 MINIMUM TEMPERATURE (F)   45        25      1989


SUNRISE AND SUNSET
OCTOBER 18 2017.......SUNRISE   726 AM CDT   SUNSET   637 PM CDT
OCTOBER 19 2017.......SUNRISE   727 AM CDT   SUNSET   635 PM CDT


-  INDICATES NEGATIVE NUMBERS.
R  INDICATES RECORD WAS SET OR TIED.
MM INDICATES DATA IS MISSING.
T  INDICATES TRACE AMOUNT.




$$
