000
CDUS44 KTSA 042120
CLIFYV

CLIMATE REPORT
NATIONAL WEATHER SERVICE TULSA OK
419 PM CDT FRI SEP 4 2015


...................................

...THE FAYETTEVILLE ARKANSAS CLIMATE SUMMARY FOR SEPTEMBER 4 2015...
VALID TODAY AS OF 0400 PM LOCAL TIME.

CLIMATE NORMAL PERIOD 1981 TO 2010
CLIMATE RECORD PERIOD 1905 TO 2015


WEATHER ITEM   OBSERVED TIME   RECORD YEAR NORMAL DEPARTURE LAST
                VALUE   (LST)  VALUE       VALUE  FROM      YEAR
                                                  NORMAL
..................................................................
TEMPERATURE (F)
 TODAY
  MAXIMUM         89    250 PM 103    1998  85      4       89
  MINIMUM         63    603 AM  44    1974  61      2       70
  AVERAGE         76                        73      3       80

PRECIPITATION (IN)
  TODAY            0.00                      0.14  -0.14     0.00
  MONTH TO DATE    0.00                      0.54  -0.54     1.94
  SINCE SEP 1      0.00                      0.54  -0.54     1.94
  SINCE JAN 1     42.69                     32.43  10.26    25.07

DEGREE DAYS
 HEATING
  TODAY            0                         0      0        0
  MONTH TO DATE    0                         0      0        0
  SINCE SEP 1      0                         0      0        0
  SINCE JUL 1      0                         1     -1        4

 COOLING
  TODAY           11                         8      3       15
  MONTH TO DATE   42                        35      7       45
  SINCE SEP 1     42                        35      7       45
  SINCE JAN 1   1169                      1160      9     1080
..................................................................


WIND (MPH)
  HIGHEST WIND SPEED    14   HIGHEST WIND DIRECTION     S (170)
  HIGHEST GUST SPEED    21   HIGHEST GUST DIRECTION     S (170)
  AVERAGE WIND SPEED     2.5


SKY COVER
  POSSIBLE SUNSHINE  MM
  AVERAGE SKY COVER 0.1


WEATHER CONDITIONS
 THE FOLLOWING WEATHER WAS RECORDED TODAY.
  FOG


RELATIVE HUMIDITY (PERCENT)
 HIGHEST   100          1200 AM
 LOWEST     53           200 PM
 AVERAGE    77

..........................................................


THE FAYETTEVILLE ARKANSAS CLIMATE NORMALS FOR TOMORROW
                         NORMAL    RECORD    YEAR
 MAXIMUM TEMPERATURE (F)   85       101      1998
 MINIMUM TEMPERATURE (F)   61        44      1953


SUNRISE AND SUNSET
SEPTEMBER  4 2015.....SUNRISE   651 AM CDT   SUNSET   740 PM CDT
SEPTEMBER  5 2015.....SUNRISE   651 AM CDT   SUNSET   739 PM CDT


-  INDICATES NEGATIVE NUMBERS.
R  INDICATES RECORD WAS SET OR TIED.
MM INDICATES DATA IS MISSING.
T  INDICATES TRACE AMOUNT.




$$
