000
CDUS44 KTSA 230831
CLIFYV

CLIMATE REPORT
NATIONAL WEATHER SERVICE TULSA OK
302 AM CDT WED JUL 23 2014


...................................

...THE FAYETTEVILLE ARKANSAS CLIMATE SUMMARY FOR JULY 22 2014...

CLIMATE NORMAL PERIOD 1981 TO 2010
CLIMATE RECORD PERIOD 1905 TO 2014


WEATHER ITEM   OBSERVED TIME   RECORD YEAR NORMAL DEPARTURE LAST
                VALUE   (LST)  VALUE       VALUE  FROM      YEAR
                                                  NORMAL
..................................................................
TEMPERATURE (F)
 YESTERDAY
  MAXIMUM         92    357 PM 104    1974  89      3       93
                                      1954
  MINIMUM         62    527 AM  47    1970  67     -5       72
  AVERAGE         77                        78     -1       83

PRECIPITATION (IN)
  YESTERDAY        0.00                      0.10  -0.10     0.00
  MONTH TO DATE    0.82                      2.59  -1.77     1.17
  SINCE JUN 1      4.92                      7.57  -2.65     2.54
  SINCE JAN 1     19.44                     27.78  -8.34    26.64

DEGREE DAYS
 COOLING
  YESTERDAY       12                        13     -1       18
  MONTH TO DATE  170                       273   -103      254
  SINCE JUN 1    432                       518    -86      544
  SINCE JAN 1    580                       631    -51      680
..................................................................


WIND (MPH)
  HIGHEST WIND SPEED    10   HIGHEST WIND DIRECTION    NW (320)
  HIGHEST GUST SPEED    14   HIGHEST GUST DIRECTION     W (280)
  AVERAGE WIND SPEED     2.4


SKY COVER
  POSSIBLE SUNSHINE  MM
  AVERAGE SKY COVER 0.1


WEATHER CONDITIONS
 THE FOLLOWING WEATHER WAS RECORDED YESTERDAY.
  FOG


RELATIVE HUMIDITY (PERCENT)
 HIGHEST   100           100 AM
 LOWEST     56           200 PM
 AVERAGE    78

..........................................................


THE FAYETTEVILLE ARKANSAS CLIMATE NORMALS FOR TODAY
                         NORMAL    RECORD    YEAR
 MAXIMUM TEMPERATURE (F)   89       100      2005
                                             1963
 MINIMUM TEMPERATURE (F)   67        55      1980


SUNRISE AND SUNSET
JULY 23 2014..........SUNRISE   617 AM CDT   SUNSET   829 PM CDT
JULY 24 2014..........SUNRISE   618 AM CDT   SUNSET   828 PM CDT


-  INDICATES NEGATIVE NUMBERS.
R  INDICATES RECORD WAS SET OR TIED.
MM INDICATES DATA IS MISSING.
T  INDICATES TRACE AMOUNT.




$$
