000
CDUS44 KTSA 062118 RRA
CLIFYV

CLIMATE REPORT
NATIONAL WEATHER SERVICE TULSA OK
418 PM CDT FRI MAY 6 2016


...................................

...THE FAYETTEVILLE ARKANSAS CLIMATE SUMMARY FOR MAY 6 2016...
VALID TODAY AS OF 0400 PM LOCAL TIME.

CLIMATE NORMAL PERIOD 1981 TO 2010
CLIMATE RECORD PERIOD 1905 TO 2016


WEATHER ITEM   OBSERVED TIME   RECORD YEAR NORMAL DEPARTURE LAST
                VALUE   (LST)  VALUE       VALUE  FROM      YEAR
                                                  NORMAL
..................................................................
TEMPERATURE (F)
 TODAY
  MAXIMUM         76    259 PM  87    2003  74      2       77
                                      1952
  MINIMUM         40    549 AM  34    1992  51    -11       62
  AVERAGE         58                        62     -4       70

PRECIPITATION (IN)
  TODAY            0.00                      0.20  -0.20     0.21
  MONTH TO DATE    0.02                      1.19  -1.17     0.22
  SINCE MAR 1      7.60                      9.71  -2.11     7.61
  SINCE JAN 1      8.75                     15.36  -6.61    10.67

DEGREE DAYS
 COOLING
  TODAY            0                         2     -2        5
  MONTH TO DATE    0                         7     -7        7
  SINCE MAR 1     13                        35    -22       30
  SINCE JAN 1     13                        35    -22       30
..................................................................


WIND (MPH)
  HIGHEST WIND SPEED     8   HIGHEST WIND DIRECTION    SW (220)
  HIGHEST GUST SPEED    14   HIGHEST GUST DIRECTION    SW (220)
  AVERAGE WIND SPEED     1.3


SKY COVER
  POSSIBLE SUNSHINE  MM
  AVERAGE SKY COVER 0.0


WEATHER CONDITIONS
 THE FOLLOWING WEATHER WAS RECORDED TODAY.
  NO SIGNIFICANT WEATHER WAS OBSERVED.


RELATIVE HUMIDITY (PERCENT)
 HIGHEST   100           100 AM
 LOWEST     35           200 PM
 AVERAGE    68

..........................................................


THE FAYETTEVILLE ARKANSAS CLIMATE NORMALS FOR TOMORROW
                         NORMAL    RECORD    YEAR
 MAXIMUM TEMPERATURE (F)   74        88      1955
 MINIMUM TEMPERATURE (F)   52        33      1992


SUNRISE AND SUNSET
MAY  6 2016...........SUNRISE   618 AM CDT   SUNSET   809 PM CDT
MAY  7 2016...........SUNRISE   617 AM CDT   SUNSET   809 PM CDT


-  INDICATES NEGATIVE NUMBERS.
R  INDICATES RECORD WAS SET OR TIED.
MM INDICATES DATA IS MISSING.
T  INDICATES TRACE AMOUNT.




$$
