000
CDUS43 KUNR 300835
CLIGCC


CLIMATE REPORT
NATIONAL WEATHER SERVICE RAPID CITY SD
235 AM MDT MON MAY 30 2016


...................................

...THE GILLETTE AIRPORT WY CLIMATE SUMMARY FOR MAY 29 2016...

CLIMATE NORMAL PERIOD 1981 TO 2010
CLIMATE RECORD PERIOD 9999 TO 9999


WEATHER ITEM   OBSERVED TIME   NORMAL DEPARTURE LAST
                VALUE   (LST)  VALUE  FROM      YEAR
                                      NORMAL
......................................................
TEMPERATURE (F)
 YESTERDAY
  MAXIMUM         75    537 PM  70      5       59
  MINIMUM         47    923 PM  43      4       40
  AVERAGE         61            56      5       50

PRECIPITATION (IN)
  YESTERDAY        0.15          0.09   0.06     0.45
  MONTH TO DATE    0.60          2.27  -1.67     4.62
  SINCE MAR 1      4.26          4.70  -0.44     6.27
  SINCE JAN 1      5.77          5.48   0.29     7.12

DEGREE DAYS
 HEATING
  YESTERDAY        4             9     -5       15
  MONTH TO DATE  386           368     18      466
  SINCE MAR 1   1781          1976   -195     1775
  SINCE JUL 1   6512          7384   -872     6865

 COOLING
  YESTERDAY        0             0      0        0
  MONTH TO DATE    0             0      0        0
  SINCE MAR 1      0             0      0        0
  SINCE JAN 1      0             0      0        0
......................................................


WIND (MPH)
  HIGHEST WIND SPEED    28   HIGHEST WIND DIRECTION     S (180)
  HIGHEST GUST SPEED    33   HIGHEST GUST DIRECTION     S (200)
  AVERAGE WIND SPEED     6.7


SKY COVER
  AVERAGE SKY COVER 0.3


WEATHER CONDITIONS
 THE FOLLOWING WEATHER WAS RECORDED YESTERDAY.
  THUNDERSTORM
  RAIN
  LIGHT RAIN
  FOG


RELATIVE HUMIDITY (PERCENT)
 HIGHEST    93           400 AM
 LOWEST     25           500 PM
 AVERAGE    59

..........................................................




SUNRISE AND SUNSET
MAY 30 2016...........SUNRISE   522 AM MDT   SUNSET   838 PM MDT
MAY 31 2016...........SUNRISE   521 AM MDT   SUNSET   839 PM MDT


-  INDICATES NEGATIVE NUMBERS.
R  INDICATES RECORD WAS SET OR TIED.
MM INDICATES DATA IS MISSING.
T  INDICATES TRACE AMOUNT.




$$
