000
CDUS43 KUNR 270836
CLIGCC


CLIMATE REPORT
NATIONAL WEATHER SERVICE RAPID CITY SD
135 AM MST THU NOV 27 2014


...................................

...THE GILLETTE AIRPORT WY CLIMATE SUMMARY FOR NOVEMBER 26 2014...

CLIMATE NORMAL PERIOD 1981 TO 2010
CLIMATE RECORD PERIOD 9999 TO 9999


WEATHER ITEM   OBSERVED TIME   NORMAL DEPARTURE LAST
                VALUE   (LST)  VALUE  FROM      YEAR
                                      NORMAL
......................................................
TEMPERATURE (F)
 YESTERDAY
  MAXIMUM         29    113 PM  39    -10       46
  MINIMUM         23   1159 PM  17      6       15
  AVERAGE         26            28     -2       31

PRECIPITATION (IN)
  YESTERDAY        0.04          0.01   0.03     0.00
  MONTH TO DATE    0.71          0.49   0.22     0.04
  SINCE SEP 1      2.59          2.95  -0.36     5.17
  SINCE JAN 1     17.85         13.43   4.42    18.60

DEGREE DAYS
 HEATING
  YESTERDAY       39            37      2       34
  MONTH TO DATE  926           812    114      776
  SINCE SEP 1   1591          1664    -73     1594
  SINCE JUL 1   1640          1721    -81     1594

 COOLING
  YESTERDAY        0             0      0        0
  MONTH TO DATE    0             0      0        0
  SINCE SEP 1     57            42     15       93
  SINCE JAN 1    412           502    -90      615
......................................................


WIND (MPH)
  HIGHEST WIND SPEED    20   HIGHEST WIND DIRECTION     S (180)
  HIGHEST GUST SPEED    24   HIGHEST GUST DIRECTION     S (180)
  AVERAGE WIND SPEED     6.5


SKY COVER
  AVERAGE SKY COVER 0.9


WEATHER CONDITIONS
 THE FOLLOWING WEATHER WAS RECORDED YESTERDAY.
  LIGHT SNOW
  FOG


RELATIVE HUMIDITY (PERCENT)
 HIGHEST    92           500 AM
 LOWEST     81          1100 PM
 AVERAGE    87

..........................................................




SUNRISE AND SUNSET
NOVEMBER 27 2014......SUNRISE   713 AM MST   SUNSET   426 PM MST
NOVEMBER 28 2014......SUNRISE   715 AM MST   SUNSET   425 PM MST


-  INDICATES NEGATIVE NUMBERS.
R  INDICATES RECORD WAS SET OR TIED.
MM INDICATES DATA IS MISSING.
T  INDICATES TRACE AMOUNT.




$$
