000
CDUS43 KUNR 220832
CLIGCC


CLIMATE REPORT
NATIONAL WEATHER SERVICE RAPID CITY SD
231 AM MDT MON SEP 22 2014


...................................

...THE GILLETTE AIRPORT WY CLIMATE SUMMARY FOR SEPTEMBER 21 2014...

CLIMATE NORMAL PERIOD 1981 TO 2010
CLIMATE RECORD PERIOD 9999 TO 9999


WEATHER ITEM   OBSERVED TIME   NORMAL DEPARTURE LAST
                VALUE   (LST)  VALUE  FROM      YEAR
                                      NORMAL
......................................................
TEMPERATURE (F)
 YESTERDAY
  MAXIMUM         75    333 PM  70      5       87
  MINIMUM         35    532 AM  41     -6       46
  AVERAGE         55            56     -1       67

PRECIPITATION (IN)
  YESTERDAY        0.00          0.05  -0.05     0.00
  MONTH TO DATE    0.64          0.77  -0.13     1.06
  SINCE SEP 1      0.64          0.77  -0.13     1.06
  SINCE JAN 1     15.90         11.25   4.65    14.49

DEGREE DAYS
 HEATING
  YESTERDAY       10            10      0        0
  MONTH TO DATE  193           130     63       34
  SINCE SEP 1    193           130     63       34
  SINCE JUL 1    242           187     55       34

 COOLING
  YESTERDAY        0             1     -1        2
  MONTH TO DATE   27            39    -12       90
  SINCE SEP 1     27            39    -12       90
  SINCE JAN 1    382           499   -117      612
......................................................


WIND (MPH)
  HIGHEST WIND SPEED    24   HIGHEST WIND DIRECTION     S (160)
  HIGHEST GUST SPEED    30   HIGHEST GUST DIRECTION     S (160)
  AVERAGE WIND SPEED     8.5


SKY COVER
  AVERAGE SKY COVER 0.0


WEATHER CONDITIONS
 THE FOLLOWING WEATHER WAS RECORDED YESTERDAY.
  NO SIGNIFICANT WEATHER WAS OBSERVED.


RELATIVE HUMIDITY (PERCENT)
 HIGHEST    92           300 AM
 LOWEST     27           100 PM
 AVERAGE    60

..........................................................




SUNRISE AND SUNSET
SEPTEMBER 22 2014.....SUNRISE   649 AM MDT   SUNSET   659 PM MDT
SEPTEMBER 23 2014.....SUNRISE   650 AM MDT   SUNSET   658 PM MDT


-  INDICATES NEGATIVE NUMBERS.
R  INDICATES RECORD WAS SET OR TIED.
MM INDICATES DATA IS MISSING.
T  INDICATES TRACE AMOUNT.




$$
