000
CDUS43 KUNR 230847
CLIGCC


CLIMATE REPORT
NATIONAL WEATHER SERVICE RAPID CITY SD
147 AM MST TUE JAN 23 2018


...................................

...THE GILLETTE AIRPORT WY CLIMATE SUMMARY FOR JANUARY 22 2018...

CLIMATE NORMAL PERIOD 1981 TO 2010
CLIMATE RECORD PERIOD 9999 TO 9999


WEATHER ITEM   OBSERVED TIME   NORMAL DEPARTURE LAST
                VALUE   (LST)  VALUE  FROM      YEAR
                                      NORMAL
......................................................
TEMPERATURE (F)
 YESTERDAY
  MAXIMUM         31    315 PM  37     -6       40
  MINIMUM         15    451 AM  15      0       22
  AVERAGE         23            26     -3       31

PRECIPITATION (IN)
  YESTERDAY        0.00          0.02  -0.02     0.00
  MONTH TO DATE    0.50          0.24   0.26     0.14
  SINCE DEC 1      1.21          0.64   0.57     0.99
  SINCE JAN 1      0.50          0.24   0.26     0.14

DEGREE DAYS
 HEATING
  YESTERDAY       42            39      3       34
  MONTH TO DATE  802           863    -61      824
  SINCE DEC 1   2073          2129    -56     2093
  SINCE JUL 1   3844          4004   -160     3486

 COOLING
  YESTERDAY        0             0      0        0
  MONTH TO DATE    0             0      0        0
  SINCE DEC 1      0             0      0        0
  SINCE JAN 1      0             0      0        0
......................................................


WIND (MPH)
  HIGHEST WIND SPEED    18   HIGHEST WIND DIRECTION     W (250)
  HIGHEST GUST SPEED    21   HIGHEST GUST DIRECTION     W (250)
  AVERAGE WIND SPEED    10.3


SKY COVER
  AVERAGE SKY COVER 0.2


WEATHER CONDITIONS
 THE FOLLOWING WEATHER WAS RECORDED YESTERDAY.
  NO SIGNIFICANT WEATHER WAS OBSERVED.


RELATIVE HUMIDITY (PERCENT)
 HIGHEST    75           600 PM
 LOWEST     57           800 AM
 AVERAGE    66

..........................................................




SUNRISE AND SUNSET
JANUARY 23 2018.......SUNRISE   729 AM MST   SUNSET   459 PM MST
JANUARY 24 2018.......SUNRISE   728 AM MST   SUNSET   501 PM MST


-  INDICATES NEGATIVE NUMBERS.
R  INDICATES RECORD WAS SET OR TIED.
MM INDICATES DATA IS MISSING.
T  INDICATES TRACE AMOUNT.




$$
