000
CDUS43 KUNR 230837
CLIGCC


CLIMATE REPORT
NATIONAL WEATHER SERVICE RAPID CITY SD
237 AM MDT WED AUG 23 2017


...................................

...THE GILLETTE AIRPORT WY CLIMATE SUMMARY FOR AUGUST 22 2017...

CLIMATE NORMAL PERIOD 1981 TO 2010
CLIMATE RECORD PERIOD 9999 TO 9999


WEATHER ITEM   OBSERVED TIME   NORMAL DEPARTURE LAST
                VALUE   (LST)  VALUE  FROM      YEAR
                                      NORMAL
......................................................
TEMPERATURE (F)
 YESTERDAY
  MAXIMUM         88    405 PM  85      3       94
  MINIMUM         48   1207 AM  52     -4       57
  AVERAGE         68            68      0       76

PRECIPITATION (IN)
  YESTERDAY        0.00          0.02  -0.02     0.00
  MONTH TO DATE    0.34          0.72  -0.38     1.55
  SINCE JUN 1      2.88          4.59  -1.71     3.31
  SINCE JAN 1     10.07         10.25  -0.18     9.15

DEGREE DAYS
 HEATING
  YESTERDAY        0             1     -1        0
  MONTH TO DATE   35            19     16       27
  SINCE JUN 1    125           180    -55       68
  SINCE JUL 1     35            38     -3       34

 COOLING
  YESTERDAY        3             5     -2       11
  MONTH TO DATE   67           143    -76      124
  SINCE JUN 1    479           417     62      518
  SINCE JAN 1    483           425     58      518
......................................................


WIND (MPH)
  HIGHEST WIND SPEED    20   HIGHEST WIND DIRECTION     S (180)
  HIGHEST GUST SPEED    23   HIGHEST GUST DIRECTION     S (160)
  AVERAGE WIND SPEED     9.4


SKY COVER
  AVERAGE SKY COVER 0.0


WEATHER CONDITIONS
 THE FOLLOWING WEATHER WAS RECORDED YESTERDAY.
  NO SIGNIFICANT WEATHER WAS OBSERVED.


RELATIVE HUMIDITY (PERCENT)
 HIGHEST    56          1200 AM
 LOWEST     12           300 PM
 AVERAGE    34

..........................................................




SUNRISE AND SUNSET
AUGUST 23 2017........SUNRISE   615 AM MDT   SUNSET   754 PM MDT
AUGUST 24 2017........SUNRISE   616 AM MDT   SUNSET   752 PM MDT


-  INDICATES NEGATIVE NUMBERS.
R  INDICATES RECORD WAS SET OR TIED.
MM INDICATES DATA IS MISSING.
T  INDICATES TRACE AMOUNT.




$$
