000
CDUS43 KUNR 051016
CLIGCC


CLIMATE REPORT
NATIONAL WEATHER SERVICE RAPID CITY SD
314 AM MST FRI FEB 5 2016


...................................

...THE GILLETTE AIRPORT WY CLIMATE SUMMARY FOR FEBRUARY 4 2016...

CLIMATE NORMAL PERIOD 1981 TO 2010
CLIMATE RECORD PERIOD 9999 TO 9999


WEATHER ITEM   OBSERVED TIME   NORMAL DEPARTURE LAST
                VALUE   (LST)  VALUE  FROM      YEAR
                                      NORMAL
......................................................
TEMPERATURE (F)
 YESTERDAY
  MAXIMUM         31    946 PM  37     -6       28
  MINIMUM         15    240 AM  15      0       -2
  AVERAGE         23            26     -3       13

PRECIPITATION (IN)
  YESTERDAY        0.00          0.02  -0.02      T
  MONTH TO DATE    0.37          0.06   0.31     0.04
  SINCE DEC 1      1.25          0.85   0.40     0.72
  SINCE JAN 1      0.77          0.45   0.32     0.32

DEGREE DAYS
 HEATING
  YESTERDAY       42            39      3       52
  MONTH TO DATE  179           156     23      174
  SINCE DEC 1   2490          2636   -146     2469
  SINCE JUL 1   4050          4511   -461     4252

 COOLING
  YESTERDAY        0             0      0        0
  MONTH TO DATE    0             0      0        0
  SINCE DEC 1      0             0      0        0
  SINCE JAN 1      0             0      0        0
......................................................


WIND (MPH)
  HIGHEST WIND SPEED    24   HIGHEST WIND DIRECTION    NW (310)
  HIGHEST GUST SPEED    30   HIGHEST GUST DIRECTION    NW (310)
  AVERAGE WIND SPEED    14.6


SKY COVER
  AVERAGE SKY COVER 0.5


WEATHER CONDITIONS
 THE FOLLOWING WEATHER WAS RECORDED YESTERDAY.
  NO SIGNIFICANT WEATHER WAS OBSERVED.


RELATIVE HUMIDITY (PERCENT)
 HIGHEST    68           700 PM
 LOWEST     50          1000 AM
 AVERAGE    59

..........................................................




SUNRISE AND SUNSET
FEBRUARY  5 2016......SUNRISE   716 AM MST   SUNSET   517 PM MST
FEBRUARY  6 2016......SUNRISE   715 AM MST   SUNSET   518 PM MST


-  INDICATES NEGATIVE NUMBERS.
R  INDICATES RECORD WAS SET OR TIED.
MM INDICATES DATA IS MISSING.
T  INDICATES TRACE AMOUNT.




$$
