837
CDUS43 KUNR 060831
CLIGCC


CLIMATE REPORT
NATIONAL WEATHER SERVICE RAPID CITY SD
231 AM MDT FRI MAY 6 2016


...................................

...THE GILLETTE AIRPORT WY CLIMATE SUMMARY FOR MAY 5 2016...

CLIMATE NORMAL PERIOD 1981 TO 2010
CLIMATE RECORD PERIOD 9999 TO 9999


WEATHER ITEM   OBSERVED TIME   NORMAL DEPARTURE LAST
                VALUE   (LST)  VALUE  FROM      YEAR
                                      NORMAL
......................................................
TEMPERATURE (F)
 YESTERDAY
  MAXIMUM         83    353 PM  62     21       69
  MINIMUM         47    438 AM  37     10       42
  AVERAGE         65            50     15       56

PRECIPITATION (IN)
  YESTERDAY        0.00          0.06  -0.06     0.00
  MONTH TO DATE    0.00          0.34  -0.34     0.31
  SINCE MAR 1      3.66          2.77   0.89     1.96
  SINCE JAN 1      5.17          3.55   1.62     2.81

DEGREE DAYS
 HEATING
  YESTERDAY        0            16    -16        9
  MONTH TO DATE   54            82    -28       45
  SINCE MAR 1   1449          1690   -241     1354
  SINCE JUL 1   6180          7098   -918     6444

 COOLING
  YESTERDAY        0             0      0        0
  MONTH TO DATE    0             0      0        0
  SINCE MAR 1      0             0      0        0
  SINCE JAN 1      0             0      0        0
......................................................


WIND (MPH)
  HIGHEST WIND SPEED    20   HIGHEST WIND DIRECTION     S (170)
  HIGHEST GUST SPEED    22   HIGHEST GUST DIRECTION     S (170)
  AVERAGE WIND SPEED     8.1


SKY COVER
  AVERAGE SKY COVER 0.0


WEATHER CONDITIONS
 THE FOLLOWING WEATHER WAS RECORDED YESTERDAY.
  NO SIGNIFICANT WEATHER WAS OBSERVED.


RELATIVE HUMIDITY (PERCENT)
 HIGHEST    77           700 PM
 LOWEST     16           400 PM
 AVERAGE    47

..........................................................




SUNRISE AND SUNSET
MAY  6 2016...........SUNRISE   545 AM MDT   SUNSET   813 PM MDT
MAY  7 2016...........SUNRISE   544 AM MDT   SUNSET   814 PM MDT


-  INDICATES NEGATIVE NUMBERS.
R  INDICATES RECORD WAS SET OR TIED.
MM INDICATES DATA IS MISSING.
T  INDICATES TRACE AMOUNT.




$$
