000
CDUS43 KUNR 290831
CLIGCC


CLIMATE REPORT
NATIONAL WEATHER SERVICE RAPID CITY SD
231 AM MDT THU JUN 29 2017


...................................

...THE GILLETTE AIRPORT WY CLIMATE SUMMARY FOR JUNE 28 2017...

CLIMATE NORMAL PERIOD 1981 TO 2010
CLIMATE RECORD PERIOD 9999 TO 9999


WEATHER ITEM   OBSERVED TIME   NORMAL DEPARTURE LAST
                VALUE   (LST)  VALUE  FROM      YEAR
                                      NORMAL
......................................................
TEMPERATURE (F)
 YESTERDAY
  MAXIMUM         80    256 PM  82     -2       89
  MINIMUM         49    445 AM  52     -3       58
  AVERAGE         65            67     -2       74

PRECIPITATION (IN)
  YESTERDAY        0.07          0.06   0.01      T
  MONTH TO DATE    1.71          2.10  -0.39     0.44
  SINCE JUN 1      1.71          2.10  -0.39     0.44
  SINCE JAN 1      8.90          7.76   1.14     6.28

DEGREE DAYS
 HEATING
  YESTERDAY        0             2     -2        0
  MONTH TO DATE   81           138    -57       34
  SINCE JUN 1     81           138    -57       34
  SINCE JUL 1   6563          7540   -977     6577

 COOLING
  YESTERDAY        0             4     -4        9
  MONTH TO DATE   53            52      1      154
  SINCE JUN 1     53            52      1      154
  SINCE JAN 1     57            60     -3      154
......................................................


WIND (MPH)
  HIGHEST WIND SPEED    25   HIGHEST WIND DIRECTION     N (360)
  HIGHEST GUST SPEED    32   HIGHEST GUST DIRECTION     N (360)
  AVERAGE WIND SPEED     7.2


SKY COVER
  AVERAGE SKY COVER 0.3


WEATHER CONDITIONS
 THE FOLLOWING WEATHER WAS RECORDED YESTERDAY.
  THUNDERSTORM
  LIGHT RAIN
  HAZE


RELATIVE HUMIDITY (PERCENT)
 HIGHEST    93          1200 AM
 LOWEST     35           100 PM
 AVERAGE    64

..........................................................




SUNRISE AND SUNSET
JUNE 29 2017..........SUNRISE   521 AM MDT   SUNSET   850 PM MDT
JUNE 30 2017..........SUNRISE   521 AM MDT   SUNSET   850 PM MDT


-  INDICATES NEGATIVE NUMBERS.
R  INDICATES RECORD WAS SET OR TIED.
MM INDICATES DATA IS MISSING.
T  INDICATES TRACE AMOUNT.




$$
