000
CDUS43 KUNR 230848
CLIGCC


CLIMATE REPORT
NATIONAL WEATHER SERVICE RAPID CITY SD
148 AM MST SUN NOV 23 2014


...................................

...THE GILLETTE AIRPORT WY CLIMATE SUMMARY FOR NOVEMBER 22 2014...

CLIMATE NORMAL PERIOD 1981 TO 2010
CLIMATE RECORD PERIOD 9999 TO 9999


WEATHER ITEM   OBSERVED TIME   NORMAL DEPARTURE LAST
                VALUE   (LST)  VALUE  FROM      YEAR
                                      NORMAL
......................................................
TEMPERATURE (F)
 YESTERDAY
  MAXIMUM         44    251 PM  41      3       35
  MINIMUM         32   1255 AM  18     14       15
  AVERAGE         38            30      8       25

PRECIPITATION (IN)
  YESTERDAY        T             0.02  -0.02     0.00
  MONTH TO DATE    0.45          0.43   0.02     0.04
  SINCE SEP 1      2.33          2.89  -0.56     5.17
  SINCE JAN 1     17.59         13.37   4.22    18.60

DEGREE DAYS
 HEATING
  YESTERDAY       27            35     -8       40
  MONTH TO DATE  784           666    118      642
  SINCE SEP 1   1449          1518    -69     1460
  SINCE JUL 1   1498          1575    -77     1460

 COOLING
  YESTERDAY        0             0      0        0
  MONTH TO DATE    0             0      0        0
  SINCE SEP 1     57            42     15       93
  SINCE JAN 1    412           502    -90      615
......................................................


WIND (MPH)
  HIGHEST WIND SPEED    33   HIGHEST WIND DIRECTION    NW (310)
  HIGHEST GUST SPEED    46   HIGHEST GUST DIRECTION    NW (300)
  AVERAGE WIND SPEED    21.3


SKY COVER
  AVERAGE SKY COVER 0.4


WEATHER CONDITIONS
 THE FOLLOWING WEATHER WAS RECORDED YESTERDAY.
  LIGHT RAIN


RELATIVE HUMIDITY (PERCENT)
 HIGHEST    89           700 PM
 LOWEST     52          1000 PM
 AVERAGE    71

..........................................................




SUNRISE AND SUNSET
NOVEMBER 23 2014......SUNRISE   708 AM MST   SUNSET   428 PM MST
NOVEMBER 24 2014......SUNRISE   710 AM MST   SUNSET   428 PM MST


-  INDICATES NEGATIVE NUMBERS.
R  INDICATES RECORD WAS SET OR TIED.
MM INDICATES DATA IS MISSING.
T  INDICATES TRACE AMOUNT.




$$
