182
CDUS43 KUNR 200843
CLIGCC


CLIMATE REPORT
NATIONAL WEATHER SERVICE RAPID CITY SD
142 AM MST MON FEB 20 2017


...................................

...THE GILLETTE AIRPORT WY CLIMATE SUMMARY FOR FEBRUARY 19 2017...

CLIMATE NORMAL PERIOD 1981 TO 2010
CLIMATE RECORD PERIOD 9999 TO 9999


WEATHER ITEM   OBSERVED TIME   NORMAL DEPARTURE LAST
                VALUE   (LST)  VALUE  FROM      YEAR
                                      NORMAL
......................................................
TEMPERATURE (F)
 YESTERDAY
  MAXIMUM         61   1243 PM  39     22       58
  MINIMUM         41   1158 PM  17     24       30
  AVERAGE         51            28     23       44

PRECIPITATION (IN)
  YESTERDAY        0.00          0.02  -0.02     0.00
  MONTH TO DATE    0.18          0.29  -0.11     0.96
  SINCE DEC 1      1.57          1.08   0.49     1.84
  SINCE JAN 1      0.72          0.68   0.04     1.36

DEGREE DAYS
 HEATING
  YESTERDAY       14            37    -23       21
  MONTH TO DATE  620           731   -111      580
  SINCE DEC 1   3074          3211   -137     2891
  SINCE JUL 1   4467          5086   -619     4451

 COOLING
  YESTERDAY        0             0      0        0
  MONTH TO DATE    0             0      0        0
  SINCE DEC 1      0             0      0        0
  SINCE JAN 1      0             0      0        0
......................................................


WIND (MPH)
  HIGHEST WIND SPEED    37   HIGHEST WIND DIRECTION    SW (220)
  HIGHEST GUST SPEED    47   HIGHEST GUST DIRECTION    SW (220)
  AVERAGE WIND SPEED    20.4


SKY COVER
  AVERAGE SKY COVER 0.1


WEATHER CONDITIONS
 THE FOLLOWING WEATHER WAS RECORDED YESTERDAY.
  NO SIGNIFICANT WEATHER WAS OBSERVED.


RELATIVE HUMIDITY (PERCENT)
 HIGHEST    70           400 AM
 LOWEST     32           200 PM
 AVERAGE    51

..........................................................




SUNRISE AND SUNSET
FEBRUARY 20 2017......SUNRISE   654 AM MST   SUNSET   539 PM MST
FEBRUARY 21 2017......SUNRISE   652 AM MST   SUNSET   540 PM MST


-  INDICATES NEGATIVE NUMBERS.
R  INDICATES RECORD WAS SET OR TIED.
MM INDICATES DATA IS MISSING.
T  INDICATES TRACE AMOUNT.




$$
