000
CDUS43 KDDC 252336
CLIGCK


CLIMATE REPORT
NATIONAL WEATHER SERVICE DODGE CITY KS
534 PM CST SAT FEB 25 2017


...................................

...THE GARDEN CITY REGIONAL ARPT KS CLIMATE SUMMARY FOR FEBRUARY 25 2017...
VALID TODAY AS OF 0500 PM LOCAL TIME.

CLIMATE NORMAL PERIOD 1981 TO 2010
CLIMATE RECORD PERIOD 1948 TO 2017


WEATHER ITEM   OBSERVED TIME   RECORD YEAR NORMAL DEPARTURE LAST
                VALUE   (LST)  VALUE       VALUE  FROM      YEAR
                                                  NORMAL
..................................................................
TEMPERATURE (F)
 TODAY
  MAXIMUM         50    356 PM  82    1989  51     -1       46
  MINIMUM          7    417 AM   0    2003  24    -17       17
  AVERAGE         29                        38     -9       32

PRECIPITATION (IN)
  TODAY            0.00          0.50 1951   0.03  -0.03     0.00
  MONTH TO DATE    0.01                      0.48  -0.47     0.19
  SINCE DEC 1      1.59                      1.34   0.25     1.32
  SINCE JAN 1      1.29                      0.82   0.47     0.22

DEGREE DAYS
 HEATING
  TODAY           36                        27      9       33
  MONTH TO DATE  537                       766   -229      623
  SINCE DEC 1   2711                      2857   -146     2512
  SINCE JUL 1   3399                      3946   -547     3349

 COOLING
  TODAY            0                         0      0        0
  MONTH TO DATE    0                         0      0        1
  SINCE DEC 1      0                         0      0        1
  SINCE JAN 1      0                         0      0        1
..................................................................


WIND (MPH)
  HIGHEST WIND SPEED    23   HIGHEST WIND DIRECTION    SW (220)
  HIGHEST GUST SPEED    29   HIGHEST GUST DIRECTION     S (190)
  AVERAGE WIND SPEED    10.6



WEATHER CONDITIONS
 THE FOLLOWING WEATHER WAS RECORDED TODAY.
  NO SIGNIFICANT WEATHER WAS OBSERVED.


RELATIVE HUMIDITY (PERCENT)
 HIGHEST    80           600 AM
 LOWEST     18           500 PM
 AVERAGE    49

..........................................................


THE GARDEN CITY REGIONAL ARPT KS CLIMATE NORMALS FOR TOMORROW
                         NORMAL    RECORD    YEAR
 MAXIMUM TEMPERATURE (F)   52        78      1981
 MINIMUM TEMPERATURE (F)   25         0      2003


SUNRISE AND SUNSET
FEBRUARY 25 2017......SUNRISE   720 AM CST   SUNSET   633 PM CST
FEBRUARY 26 2017......SUNRISE   718 AM CST   SUNSET   634 PM CST


-  INDICATES NEGATIVE NUMBERS.
R  INDICATES RECORD WAS SET OR TIED.
MM INDICATES DATA IS MISSING.
T  INDICATES TRACE AMOUNT.




$$
