000
CDUS43 KDDC 292332
CLIGCK


CLIMATE REPORT
NATIONAL WEATHER SERVICE DODGE CITY KS
632 PM CDT FRI MAY 29 2015


...................................

...THE GARDEN CITY REGIONAL ARPT KS CLIMATE SUMMARY FOR MAY 29 2015...
VALID TODAY AS OF 0500 PM LOCAL TIME.

CLIMATE NORMAL PERIOD 1981 TO 2010
CLIMATE RECORD PERIOD 1948 TO 2015


WEATHER ITEM   OBSERVED TIME   RECORD YEAR NORMAL DEPARTURE LAST
                VALUE   (LST)  VALUE       VALUE  FROM      YEAR
                                                  NORMAL
..................................................................
TEMPERATURE (F)
 TODAY
  MAXIMUM         76    359 PM 104    2011  80     -4       92
  MINIMUM         52    424 AM  36    1992  55     -3       60
  AVERAGE         64                        67     -3       76

PRECIPITATION (IN)
  TODAY            0.00          2.00 2001   0.11  -0.11     0.00
  MONTH TO DATE    7.37                      2.66   4.71     0.69
  SINCE MAR 1      8.05                      5.84   2.21     1.20
  SINCE JAN 1      8.82                      6.72   2.10     1.36

DEGREE DAYS
 HEATING
  TODAY            1                         2     -1        0
  MONTH TO DATE  162                       126     36      116
  SINCE MAR 1   1042                      1164   -122     1211
  SINCE JUL 1   4950                      5188   -238     5387

 COOLING
  TODAY            0                         4     -4       11
  MONTH TO DATE   23                        67    -44       97
  SINCE MAR 1     30                        79    -49      118
  SINCE JAN 1     30                        79    -49      118
..................................................................


WIND (MPH)
  HIGHEST WIND SPEED    21   HIGHEST WIND DIRECTION     N (10)
  HIGHEST GUST SPEED    25   HIGHEST GUST DIRECTION     N (10)
  AVERAGE WIND SPEED     9.8



WEATHER CONDITIONS
 THE FOLLOWING WEATHER WAS RECORDED TODAY.
  NO SIGNIFICANT WEATHER WAS OBSERVED.


RELATIVE HUMIDITY (PERCENT)
 HIGHEST   100           100 AM
 LOWEST     46           500 PM
 AVERAGE    73

..........................................................


THE GARDEN CITY REGIONAL ARPT KS CLIMATE NORMALS FOR TOMORROW
                         NORMAL    RECORD    YEAR
 MAXIMUM TEMPERATURE (F)   81       101      2011
 MINIMUM TEMPERATURE (F)   55        44      1980


SUNRISE AND SUNSET
MAY 29 2015...........SUNRISE   624 AM CDT   SUNSET   857 PM CDT
MAY 30 2015...........SUNRISE   623 AM CDT   SUNSET   858 PM CDT


-  INDICATES NEGATIVE NUMBERS.
R  INDICATES RECORD WAS SET OR TIED.
MM INDICATES DATA IS MISSING.
T  INDICATES TRACE AMOUNT.




$$
