000
CDUS43 KDDC 272333
CLIGCK


CLIMATE REPORT
NATIONAL WEATHER SERVICE DODGE CITY KS
531 PM CST THU NOV 27 2014


...................................

...THE GARDEN CITY REGIONAL ARPT KS CLIMATE SUMMARY FOR NOVEMBER 27 2014...
VALID TODAY AS OF 0500 PM LOCAL TIME.

CLIMATE NORMAL PERIOD 1981 TO 2010
CLIMATE RECORD PERIOD 1948 TO 2014


WEATHER ITEM   OBSERVED TIME   RECORD YEAR NORMAL DEPARTURE LAST
                VALUE   (LST)  VALUE       VALUE  FROM      YEAR
                                                  NORMAL
..................................................................
TEMPERATURE (F)
 TODAY
  MAXIMUM         56    353 PM  73    2009  50      6       48
                                      1960
  MINIMUM         19    620 AM  -3    1976  23     -4       18
  AVERAGE         38                        36      2       33

PRECIPITATION (IN)
  TODAY            0.00          0.23 1983   0.02  -0.02     0.00
  MONTH TO DATE    0.01                      0.50  -0.49     0.98
  SINCE SEP 1      3.74                      3.25   0.49     4.67
  SINCE JAN 1     21.39                     18.90   2.49    14.84

DEGREE DAYS
 HEATING
  TODAY           27                        29     -2       32
  MONTH TO DATE  696                       613     83      603
  SINCE SEP 1    975                       999    -24      967
  SINCE JUL 1    985                      1003    -18      967

 COOLING
  TODAY            0                         0      0        0
  MONTH TO DATE    0                         0      0        0
  SINCE SEP 1    182                       182      0      249
  SINCE JAN 1   1342                      1298     44     1591
..................................................................


WIND (MPH)
  HIGHEST WIND SPEED    25   HIGHEST WIND DIRECTION    SW (210)
  HIGHEST GUST SPEED    32   HIGHEST GUST DIRECTION    SW (210)
  AVERAGE WIND SPEED    12.6



WEATHER CONDITIONS
 THE FOLLOWING WEATHER WAS RECORDED TODAY.
  NO SIGNIFICANT WEATHER WAS OBSERVED.


RELATIVE HUMIDITY (PERCENT)
 HIGHEST    84           200 AM
 LOWEST     32           400 PM
 AVERAGE    58

..........................................................


THE GARDEN CITY REGIONAL ARPT KS CLIMATE NORMALS FOR TOMORROW
                         NORMAL    RECORD    YEAR
 MAXIMUM TEMPERATURE (F)   49        78      1949
 MINIMUM TEMPERATURE (F)   22        -5      1976


SUNRISE AND SUNSET
NOVEMBER 27 2014......SUNRISE   736 AM CST   SUNSET   525 PM CST
NOVEMBER 28 2014......SUNRISE   737 AM CST   SUNSET   525 PM CST


-  INDICATES NEGATIVE NUMBERS.
R  INDICATES RECORD WAS SET OR TIED.
MM INDICATES DATA IS MISSING.
T  INDICATES TRACE AMOUNT.




$$
