741
CDUS43 KDDC 240705
CLIGCK


CLIMATE REPORT
NATIONAL WEATHER SERVICE DODGE CITY KS
205 AM CDT WED MAY 24 2017


...................................

...THE GARDEN CITY REGIONAL ARPT KS CLIMATE SUMMARY FOR MAY 23 2017...

CLIMATE NORMAL PERIOD 1981 TO 2010
CLIMATE RECORD PERIOD 1948 TO 2017


WEATHER ITEM   OBSERVED TIME   RECORD YEAR NORMAL DEPARTURE LAST
                VALUE   (LST)  VALUE       VALUE  FROM      YEAR
                                                  NORMAL
..................................................................
TEMPERATURE (F)
 YESTERDAY
  MAXIMUM         66    218 PM 101    1964  78    -12       83
  MINIMUM         39R  1159 PM  42    1966  53    -14       57
  AVERAGE         53                        66    -13       70

PRECIPITATION (IN)
  YESTERDAY        T             1.84 2007   0.10  -0.10     0.00
  MONTH TO DATE    0.95                      2.02  -1.07     0.38
  SINCE MAR 1      6.89                      5.20   1.69     4.92
  SINCE JAN 1      8.18                      6.08   2.10     5.14

DEGREE DAYS
 HEATING
  YESTERDAY       12                         3      9
  MONTH TO DATE  132                       113     19
  SINCE MAR 1    945                      1151   -206
  SINCE JUL 1   4419                      5175   -756

 COOLING
  YESTERDAY        0                         3     -3
  MONTH TO DATE   40                        44     -4
  SINCE MAR 1     77                        56     21
  SINCE JAN 1     77                        56     21
..................................................................


WIND (MPH)
  HIGHEST WIND SPEED    25   HIGHEST WIND DIRECTION     N (360)
  HIGHEST GUST SPEED    34   HIGHEST GUST DIRECTION     N (340)
  AVERAGE WIND SPEED    14.8



WEATHER CONDITIONS
 THE FOLLOWING WEATHER WAS RECORDED YESTERDAY.
  LIGHT RAIN


RELATIVE HUMIDITY (PERCENT)
 HIGHEST    92           500 AM
 LOWEST     31           300 PM
 AVERAGE    62

..........................................................


THE GARDEN CITY REGIONAL ARPT KS CLIMATE NORMALS FOR TODAY
                         NORMAL    RECORD    YEAR
 MAXIMUM TEMPERATURE (F)   79       102      1967
 MINIMUM TEMPERATURE (F)   53        37      1979


SUNRISE AND SUNSET
MAY 24 2017...........SUNRISE   626 AM CDT   SUNSET   854 PM CDT
MAY 25 2017...........SUNRISE   625 AM CDT   SUNSET   855 PM CDT


-  INDICATES NEGATIVE NUMBERS.
R  INDICATES RECORD WAS SET OR TIED.
MM INDICATES DATA IS MISSING.
T  INDICATES TRACE AMOUNT.




$$
