000
CDUS43 KDDC 111426
CLIGCK


CLIMATE REPORT
NATIONAL WEATHER SERVICE DODGE CITY KS
925 AM CDT FRI JUL 11 2014


...................................

...THE GARDEN CITY REGIONAL ARPT KS CLIMATE SUMMARY FOR JULY 11 2014...
VALID AS OF 0800 AM LOCAL TIME.

CLIMATE NORMAL PERIOD 1981 TO 2010
CLIMATE RECORD PERIOD 1948 TO 2014


WEATHER ITEM   OBSERVED TIME   RECORD YEAR NORMAL DEPARTURE LAST
                VALUE   (LST)  VALUE       VALUE  FROM      YEAR
                                                  NORMAL
..................................................................
TEMPERATURE (F)
 TODAY
  MAXIMUM         78    759 AM 110    1954  92    -14       96
  MINIMUM         65    602 AM  51    1999  65      0       67
  AVERAGE         72                        78     -6       82

PRECIPITATION (IN)
  TODAY            0.00          1.57 1951   0.09  -0.09     0.00
  MONTH TO DATE    0.05                      1.03  -0.98     0.01
  SINCE JUN 1     10.93                      4.51   6.42     2.15
  SINCE JAN 1     12.29                     11.45   0.84     3.72

..................................................................


WIND (MPH)
  HIGHEST WIND SPEED    15   HIGHEST WIND DIRECTION    SW (210)
  HIGHEST GUST SPEED    19   HIGHEST GUST DIRECTION     S (200)



WEATHER CONDITIONS
 THE FOLLOWING WEATHER WAS RECORDED TODAY.
  NO SIGNIFICANT WEATHER WAS OBSERVED.


RELATIVE HUMIDITY (PERCENT)
 HIGHEST    68

..........................................................


THE GARDEN CITY REGIONAL ARPT KS CLIMATE NORMALS FOR TOMORROW
                         NORMAL    RECORD    YEAR
 MAXIMUM TEMPERATURE (F)   92       107      1971
 MINIMUM TEMPERATURE (F)   65        52      1975


SUNRISE AND SUNSET
JULY 11 2014..........SUNRISE   630 AM CDT   SUNSET   907 PM CDT
JULY 12 2014..........SUNRISE   630 AM CDT   SUNSET   906 PM CDT


-  INDICATES NEGATIVE NUMBERS.
R  INDICATES RECORD WAS SET OR TIED.
MM INDICATES DATA IS MISSING.
T  INDICATES TRACE AMOUNT.




$$
