000
CDUS43 KDDC 291006
CLIGCK


CLIMATE REPORT
NATIONAL WEATHER SERVICE DODGE CITY KS
405 AM CST MON DEC 29 2014


...................................

...THE GARDEN CITY REGIONAL ARPT KS CLIMATE SUMMARY FOR DECEMBER 28 2014...

CLIMATE NORMAL PERIOD 1981 TO 2010
CLIMATE RECORD PERIOD 1948 TO 2014


WEATHER ITEM   OBSERVED TIME   RECORD YEAR NORMAL DEPARTURE LAST
                VALUE   (LST)  VALUE       VALUE  FROM      YEAR
                                                  NORMAL
..................................................................
TEMPERATURE (F)
 YESTERDAY
  MAXIMUM         40    345 PM  71    1999  43     -3       59
  MINIMUM         10    633 AM -10    1983  18     -8       21
  AVERAGE         25                        30     -5       40

PRECIPITATION (IN)
  YESTERDAY        0.00          0.09 1979   0.02  -0.02     0.00
  MONTH TO DATE    0.05                      0.48  -0.43     0.01
  SINCE DEC 1      0.05                      0.48  -0.43     0.01
  SINCE JAN 1     21.44                     19.43   2.01    14.85

DEGREE DAYS
 HEATING
  YESTERDAY       40                        34      6
  MONTH TO DATE  814                       926   -112
  SINCE DEC 1    814                       926   -112
  SINCE JUL 1   1853                      2015   -162

 COOLING
  YESTERDAY        0                         0      0
  MONTH TO DATE    0                         0      0
  SINCE DEC 1      0                         0      0
  SINCE JAN 1   1342                      1298     44
..................................................................


WIND (MPH)
  HIGHEST WIND SPEED    18   HIGHEST WIND DIRECTION     S (180)
  HIGHEST GUST SPEED    22   HIGHEST GUST DIRECTION     S (180)
  AVERAGE WIND SPEED     7.4



WEATHER CONDITIONS
 THE FOLLOWING WEATHER WAS RECORDED YESTERDAY.
  NO SIGNIFICANT WEATHER WAS OBSERVED.


RELATIVE HUMIDITY (PERCENT)
 HIGHEST    96          1000 AM
 LOWEST     44           400 PM
 AVERAGE    70

..........................................................


THE GARDEN CITY REGIONAL ARPT KS CLIMATE NORMALS FOR TODAY
                         NORMAL    RECORD    YEAR
 MAXIMUM TEMPERATURE (F)   43        74      1999
 MINIMUM TEMPERATURE (F)   18        -9      1983


SUNRISE AND SUNSET
DECEMBER 29 2014......SUNRISE   758 AM CST   SUNSET   532 PM CST
DECEMBER 30 2014......SUNRISE   758 AM CST   SUNSET   533 PM CST


-  INDICATES NEGATIVE NUMBERS.
R  INDICATES RECORD WAS SET OR TIED.
MM INDICATES DATA IS MISSING.
T  INDICATES TRACE AMOUNT.




$$
