000
CDUS43 KDDC 192326
CLIGCK


CLIMATE REPORT
NATIONAL WEATHER SERVICE DODGE CITY KS
526 PM CST MON FEB 19 2018


...................................

...THE GARDEN CITY REGIONAL ARPT KS CLIMATE SUMMARY FOR FEBRUARY 19 2018...
VALID TODAY AS OF 0500 PM LOCAL TIME.

CLIMATE NORMAL PERIOD 1981 TO 2010
CLIMATE RECORD PERIOD 1948 TO 2018


WEATHER ITEM   OBSERVED TIME   RECORD YEAR NORMAL DEPARTURE LAST
                VALUE   (LST)  VALUE       VALUE  FROM      YEAR
                                                  NORMAL
..................................................................
TEMPERATURE (F)
 TODAY
  MAXIMUM         57    119 AM  75    1986  49      8       74
  MINIMUM         20    945 AM   5    1978  23     -3       38
  AVERAGE         39                        36      3       56

PRECIPITATION (IN)
  TODAY            0.00          0.07 1954   0.02  -0.02     0.00
  MONTH TO DATE    T                         0.34  -0.34     0.01
  SINCE DEC 1      T                         1.20  -1.20     1.59
  SINCE JAN 1      T                         0.68  -0.68     1.29

DEGREE DAYS
 HEATING
  TODAY           26                        29     -3        9
  MONTH TO DATE  604                       597      7      413
  SINCE DEC 1   2629                      2688    -59     2587
  SINCE JUL 1   3585                      3777   -192     3275

 COOLING
  TODAY            0                         0      0        0
  MONTH TO DATE    0                         0      0        0
  SINCE DEC 1      0                         0      0        0
  SINCE JAN 1      0                         0      0        0
..................................................................


WIND (MPH)
  HIGHEST WIND SPEED    31   HIGHEST WIND DIRECTION     N (10)
  HIGHEST GUST SPEED    38   HIGHEST GUST DIRECTION     N (10)
  AVERAGE WIND SPEED    16.3



WEATHER CONDITIONS
 THE FOLLOWING WEATHER WAS RECORDED TODAY.
  NO SIGNIFICANT WEATHER WAS OBSERVED.


RELATIVE HUMIDITY (PERCENT)
 HIGHEST    92           600 AM
 LOWEST     43          1200 AM
 AVERAGE    68

..........................................................


THE GARDEN CITY REGIONAL ARPT KS CLIMATE NORMALS FOR TOMORROW
                         NORMAL    RECORD    YEAR
 MAXIMUM TEMPERATURE (F)   50        87      1981
 MINIMUM TEMPERATURE (F)   23         1      1978


SUNRISE AND SUNSET
FEBRUARY 19 2018......SUNRISE   728 AM CST   SUNSET   626 PM CST
FEBRUARY 20 2018......SUNRISE   726 AM CST   SUNSET   627 PM CST


-  INDICATES NEGATIVE NUMBERS.
R  INDICATES RECORD WAS SET OR TIED.
MM INDICATES DATA IS MISSING.
T  INDICATES TRACE AMOUNT.




$$
