000
CDUS41 KPHI 162137
CLIGED


CLIMATE REPORT
NATIONAL WEATHER SERVICE MOUNT HOLLY NJ
537 PM EDT WED APR 16 2014


...................................

...THE GEORGETOWN DE CLIMATE SUMMARY FOR APRIL 16 2014...
VALID TODAY AS OF 0500 PM LOCAL TIME.

CLIMATE NORMAL PERIOD 1981 TO 2010
CLIMATE RECORD PERIOD 1948 TO 2014


WEATHER ITEM   OBSERVED TIME   RECORD YEAR NORMAL DEPARTURE LAST
                VALUE   (LST)  VALUE       VALUE  FROM      YEAR
                                                  NORMAL
..................................................................
TEMPERATURE (F)
 TODAY
  MAXIMUM         49    331 PM  89    2002  65    -16       75
  MINIMUM         34    627 AM  23    1950  44    -10       50
  AVERAGE         42                        54    -12       63

PRECIPITATION (IN)
  TODAY            0.02          1.36 1983   0.12  -0.10     0.00
  MONTH TO DATE    1.99                      2.13  -0.14     1.53
  SINCE MAR 1      5.35                      6.18  -0.83     5.11
  SINCE JAN 1     12.53                     11.89   0.64    10.08

SNOWFALL (IN)
  TODAY           MM            MM      MM  MM     MM       MM
  MONTH TO DATE   MM                        MM     MM       MM
  SINCE MAR 1     MM                        MM     MM       MM
  SINCE JUL 1     MM                        MM     MM       MM
  SNOW DEPTH      MM

DEGREE DAYS
 HEATING
  TODAY           23                        11     12        2
  MONTH TO DATE  166                       216    -50      171
  SINCE MAR 1    906                       848     58      903
  SINCE JUL 1   4261                      4128    133     3883

 COOLING
  TODAY            0                         1     -1        0
  MONTH TO DATE   12                         6      6       23
  SINCE MAR 1     12                         8      4       23
  SINCE JAN 1     12                         8      4       23
..................................................................


WIND (MPH)
  HIGHEST WIND SPEED    20   HIGHEST WIND DIRECTION     N (10)
  HIGHEST GUST SPEED    26   HIGHEST GUST DIRECTION     N (360)
  AVERAGE WIND SPEED    11.4


SKY COVER
  POSSIBLE SUNSHINE  MM
  AVERAGE SKY COVER 0.0


WEATHER CONDITIONS
 THE FOLLOWING WEATHER WAS RECORDED TODAY.
  HEAVY RAIN
  FOG


RELATIVE HUMIDITY (PERCENT)
 HIGHEST    70           200 AM
 LOWEST     34          1100 AM
 AVERAGE    52

..........................................................


THE GEORGETOWN DE CLIMATE NORMALS FOR TOMORROW
                         NORMAL    RECORD    YEAR
 MAXIMUM TEMPERATURE (F)   65        94      2002
 MINIMUM TEMPERATURE (F)   44        29      2005
                                             1966


SUNRISE AND SUNSET
APRIL 16 2014.........SUNRISE   624 AM EDT   SUNSET   739 PM EDT
APRIL 17 2014.........SUNRISE   622 AM EDT   SUNSET   740 PM EDT


-  INDICATES NEGATIVE NUMBERS.
R  INDICATES RECORD WAS SET OR TIED.
MM INDICATES DATA IS MISSING.
T  INDICATES TRACE AMOUNT.




$$
