000
CDUS41 KPHI 242128
CLIGED


CLIMATE REPORT
NATIONAL WEATHER SERVICE MOUNT HOLLY NJ
427 PM EST FRI NOV 24 2017


...................................

...THE GEORGETOWN DE CLIMATE SUMMARY FOR NOVEMBER 24 2017...
VALID TODAY AS OF 0400 PM LOCAL TIME.

CLIMATE NORMAL PERIOD 1981 TO 2010
CLIMATE RECORD PERIOD 1948 TO 2017


WEATHER ITEM   OBSERVED TIME   RECORD YEAR NORMAL DEPARTURE LAST
                VALUE   (LST)  VALUE       VALUE  FROM      YEAR
                                                  NORMAL
..................................................................
TEMPERATURE (F)
 TODAY
  MAXIMUM         53    334 PM  75    1992  55     -2       62
  MINIMUM         26    603 AM  15    1976  36    -10       35
  AVERAGE         40                        46     -6       49

PRECIPITATION (IN)
  TODAY            0.00          2.27 1959   0.11  -0.11      T
  MONTH TO DATE    2.10                      2.68  -0.58     0.23
  SINCE SEP 1      7.72                     10.53  -2.81    15.79
  SINCE JAN 1     41.73                     39.80   1.93    45.15

DEGREE DAYS
 HEATING
  TODAY           25                        19      6       16
  MONTH TO DATE  374                       376     -2      365
  SINCE SEP 1    514                       661   -147      542
  SINCE JUL 1    514                       662   -148      542

 COOLING
  TODAY            0                         0      0        0
  MONTH TO DATE    6                         0      6        5
  SINCE SEP 1    284                       165    119      290
  SINCE JAN 1   1517                      1194    323     1504
..................................................................


WIND (MPH)
  HIGHEST WIND SPEED     8   HIGHEST WIND DIRECTION    SW (210)
  HIGHEST GUST SPEED    13   HIGHEST GUST DIRECTION    SW (240)
  AVERAGE WIND SPEED     1.3


SKY COVER
  POSSIBLE SUNSHINE  MM
  AVERAGE SKY COVER 0.0


WEATHER CONDITIONS
 THE FOLLOWING WEATHER WAS RECORDED TODAY.
  NO SIGNIFICANT WEATHER WAS OBSERVED.


RELATIVE HUMIDITY (PERCENT)
 HIGHEST    92           200 AM
 LOWEST     35           100 PM
 AVERAGE    64

..........................................................


THE GEORGETOWN DE CLIMATE NORMALS FOR TOMORROW
                         NORMAL    RECORD    YEAR
 MAXIMUM TEMPERATURE (F)   55        74      1979
 MINIMUM TEMPERATURE (F)   36        16      1970


SUNRISE AND SUNSET
NOVEMBER 24 2017......SUNRISE   654 AM EST   SUNSET   443 PM EST
NOVEMBER 25 2017......SUNRISE   655 AM EST   SUNSET   442 PM EST


-  INDICATES NEGATIVE NUMBERS.
R  INDICATES RECORD WAS SET OR TIED.
MM INDICATES DATA IS MISSING.
T  INDICATES TRACE AMOUNT.




$$
