000
CDUS41 KPHI 040628
CLIGED


CLIMATE REPORT
NATIONAL WEATHER SERVICE MOUNT HOLLY NJ
227 AM EDT WED MAY 4 2016


...................................

...THE GEORGETOWN DE CLIMATE SUMMARY FOR MAY 3 2016...

CLIMATE NORMAL PERIOD 1981 TO 2010
CLIMATE RECORD PERIOD 1948 TO 2016


WEATHER ITEM   OBSERVED TIME   RECORD YEAR NORMAL DEPARTURE LAST
                VALUE   (LST)  VALUE       VALUE  FROM      YEAR
                                                  NORMAL
..................................................................
TEMPERATURE (F)
 YESTERDAY
  MAXIMUM         68   1221 PM  90    1965  70     -2       79
  MINIMUM         50   1159 PM  32    1960  49      1       45
  AVERAGE         59                        59      0       62

PRECIPITATION (IN)
  YESTERDAY        0.15          1.44 1974   0.09   0.06     0.00
  MONTH TO DATE    1.17                      0.25   0.92     0.24
  SINCE MAR 1      6.53                      7.93  -1.40     6.96
  SINCE JAN 1     13.00                     13.64  -0.64    13.79

SNOWFALL (IN)
  YESTERDAY       MM            MM      MM  MM     MM       MM
  MONTH TO DATE   MM                        MM     MM       MM
  SINCE MAR 1     MM                        MM     MM       MM
  SINCE JUL 1     MM                        MM     MM       MM
  SNOW DEPTH      MM

DEGREE DAYS
 HEATING
  YESTERDAY        6                         7     -1        3
  MONTH TO DATE   21                        22     -1       27
  SINCE MAR 1    843                      1002   -159     1092
  SINCE JUL 1   3521                      4282   -761     4580

 COOLING
  YESTERDAY        0                         1     -1        0
  MONTH TO DATE    0                         3     -3        0
  SINCE MAR 1     21                        23     -2        5
  SINCE JAN 1     21                        23     -2        5
..................................................................


WIND (MPH)
  HIGHEST WIND SPEED    20   HIGHEST WIND DIRECTION    NE (60)
  HIGHEST GUST SPEED    24   HIGHEST GUST DIRECTION    NE (60)
  AVERAGE WIND SPEED     7.6


SKY COVER
  POSSIBLE SUNSHINE  MM
  AVERAGE SKY COVER 1.0


WEATHER CONDITIONS
 THE FOLLOWING WEATHER WAS RECORDED YESTERDAY.
  LIGHT RAIN
  FOG


RELATIVE HUMIDITY (PERCENT)
 HIGHEST   100          1200 AM
 LOWEST     76          1200 PM
 AVERAGE    88

..........................................................


THE GEORGETOWN DE CLIMATE NORMALS FOR TODAY
                         NORMAL    RECORD    YEAR
 MAXIMUM TEMPERATURE (F)   70        89      2001
                                             1965
 MINIMUM TEMPERATURE (F)   49        30      1957


SUNRISE AND SUNSET
MAY  4 2016...........SUNRISE   600 AM EDT   SUNSET   757 PM EDT
MAY  5 2016...........SUNRISE   559 AM EDT   SUNSET   758 PM EDT


-  INDICATES NEGATIVE NUMBERS.
R  INDICATES RECORD WAS SET OR TIED.
MM INDICATES DATA IS MISSING.
T  INDICATES TRACE AMOUNT.




$$
