000
CDUS41 KPHI 210630
CLIGED


CLIMATE REPORT
NATIONAL WEATHER SERVICE MOUNT HOLLY NJ
229 AM EDT SUN SEP 21 2014


...................................

...THE GEORGETOWN DE CLIMATE SUMMARY FOR SEPTEMBER 20 2014...

CLIMATE NORMAL PERIOD 1981 TO 2010
CLIMATE RECORD PERIOD 1948 TO 2014


WEATHER ITEM   OBSERVED TIME   RECORD YEAR NORMAL DEPARTURE LAST
                VALUE   (LST)  VALUE       VALUE  FROM      YEAR
                                                  NORMAL
..................................................................
TEMPERATURE (F)
 YESTERDAY
  MAXIMUM         79    247 PM  90    1977  77      2       78
  MINIMUM         56    557 AM  39    1979  57     -1       50
  AVERAGE         68                        67      1       64

PRECIPITATION (IN)
  YESTERDAY        0.00          1.78 1989   0.12  -0.12     0.00
  MONTH TO DATE    1.28                      2.88  -1.60     0.28
  SINCE SEP 1      1.28                      2.88  -1.60     0.28
  SINCE JAN 1     31.58                     32.15  -0.57    42.27

SNOWFALL (IN)
  YESTERDAY       MM            MM      MM  MM     MM       MM
  MONTH TO DATE   MM                        MM     MM       MM
  SINCE SEP 1     MM                        MM     MM       MM
  SINCE JUL 1     MM                        MM     MM       MM
  SNOW DEPTH      MM

DEGREE DAYS
 HEATING
  YESTERDAY        0                         2     -2        1
  MONTH TO DATE    6                        11     -5       27
  SINCE SEP 1      6                        11     -5       27
  SINCE JUL 1      6                        12     -6       27

 COOLING
  YESTERDAY        3                         4     -1        0
  MONTH TO DATE  149                       117     32      133
  SINCE SEP 1    149                       117     32      133
  SINCE JAN 1   1100                      1146    -46     1320
..................................................................


WIND (MPH)
  HIGHEST WIND SPEED    17   HIGHEST WIND DIRECTION    SE (130)
  HIGHEST GUST SPEED    22   HIGHEST GUST DIRECTION     E (110)
  AVERAGE WIND SPEED     7.4


SKY COVER
  POSSIBLE SUNSHINE  MM
  AVERAGE SKY COVER 0.6


WEATHER CONDITIONS
 THE FOLLOWING WEATHER WAS RECORDED YESTERDAY.
  FOG


RELATIVE HUMIDITY (PERCENT)
 HIGHEST    93           300 AM
 LOWEST     58           300 PM
 AVERAGE    76

..........................................................


THE GEORGETOWN DE CLIMATE NORMALS FOR TODAY
                         NORMAL    RECORD    YEAR
 MAXIMUM TEMPERATURE (F)   76        90      1965
 MINIMUM TEMPERATURE (F)   57        32      1956


SUNRISE AND SUNSET
SEPTEMBER 21 2014.....SUNRISE   648 AM EDT   SUNSET   700 PM EDT
SEPTEMBER 22 2014.....SUNRISE   649 AM EDT   SUNSET   658 PM EDT


-  INDICATES NEGATIVE NUMBERS.
R  INDICATES RECORD WAS SET OR TIED.
MM INDICATES DATA IS MISSING.
T  INDICATES TRACE AMOUNT.




$$
