000
CDUS41 KPHI 252128
CLIGED


CLIMATE REPORT
NATIONAL WEATHER SERVICE MOUNT HOLLY NJ
527 PM EDT TUE JUL 25 2017


...................................

...THE GEORGETOWN DE CLIMATE SUMMARY FOR JULY 25 2017...
VALID TODAY AS OF 0500 PM LOCAL TIME.

CLIMATE NORMAL PERIOD 1981 TO 2010
CLIMATE RECORD PERIOD 1948 TO 2017


WEATHER ITEM   OBSERVED TIME   RECORD YEAR NORMAL DEPARTURE LAST
                VALUE   (LST)  VALUE       VALUE  FROM      YEAR
                                                  NORMAL
..................................................................
TEMPERATURE (F)
 TODAY
  MAXIMUM         82    255 PM  99    2010  86     -4       98
  MINIMUM         71    610 AM  54    1957  68      3       75
  AVERAGE         77                        77      0       87

PRECIPITATION (IN)
  TODAY            0.46          0.64 1992   0.11   0.35     0.18
  MONTH TO DATE    5.42                      3.40   2.02     1.32
  SINCE JUN 1      7.23                      8.01  -0.78     4.31
  SINCE JAN 1     23.41                     24.95  -1.54    22.54

DEGREE DAYS
 HEATING
  TODAY            0                         0      0        0
  MONTH TO DATE    0                         0      0        0
  SINCE JUN 1     12                        13     -1        1
  SINCE JUL 1      0                         0      0        0

 COOLING
  TODAY           12                        12      0       22
  MONTH TO DATE  409                       295    114      370
  SINCE JUN 1    715                       534    181      589
  SINCE JAN 1    861                       628    233      679
..................................................................


WIND (MPH)
  HIGHEST WIND SPEED    14   HIGHEST WIND DIRECTION    NE (30)
  HIGHEST GUST SPEED    18   HIGHEST GUST DIRECTION    NE (40)
  AVERAGE WIND SPEED     6.2


SKY COVER
  POSSIBLE SUNSHINE  MM
  AVERAGE SKY COVER 0.5


WEATHER CONDITIONS
 THE FOLLOWING WEATHER WAS RECORDED TODAY.
  THUNDERSTORM
  HEAVY RAIN
  RAIN
  LIGHT RAIN
  FOG


RELATIVE HUMIDITY (PERCENT)
 HIGHEST    93           200 AM
 LOWEST     51           300 PM
 AVERAGE    72

..........................................................


THE GEORGETOWN DE CLIMATE NORMALS FOR TOMORROW
                         NORMAL    RECORD    YEAR
 MAXIMUM TEMPERATURE (F)   86        97      2012
                                             1987
 MINIMUM TEMPERATURE (F)   68        49      1976


SUNRISE AND SUNSET
JULY 25 2017..........SUNRISE   557 AM EDT   SUNSET   818 PM EDT
JULY 26 2017..........SUNRISE   558 AM EDT   SUNSET   817 PM EDT


-  INDICATES NEGATIVE NUMBERS.
R  INDICATES RECORD WAS SET OR TIED.
MM INDICATES DATA IS MISSING.
T  INDICATES TRACE AMOUNT.




$$
