000
CDUS46 KOTX 280827
CLIGEG


CLIMATE REPORT
NATIONAL WEATHER SERVICE SPOKANE, WA
126 AM PDT TUE MAR 28 2017


...................................

...THE SPOKANE WA AIRPORT CLIMATE SUMMARY FOR MARCH 27 2017...

CLIMATE NORMAL PERIOD 1981 TO 2010
CLIMATE RECORD PERIOD 1881 TO 2017


WEATHER ITEM   OBSERVED TIME   RECORD YEAR NORMAL DEPARTURE LAST
                VALUE   (LST)  VALUE       VALUE  FROM      YEAR
                                                  NORMAL
..................................................................
TEMPERATURE (F)
 YESTERDAY
  MAXIMUM         52    300 PM  72    1889  52      0       48
  MINIMUM         37   1159 PM  16    1944  34      3       37
  AVERAGE         45                        43      2       43

PRECIPITATION (IN)
  YESTERDAY        0.21          0.88 2005   0.05   0.16     0.26
  MONTH TO DATE    3.68                      1.40   2.28     3.21
  SINCE OCT 1     19.21                     10.30   8.91    13.03
  SINCE JAN 1      9.92                      4.52   5.40     6.67

SNOWFALL (IN)
  YESTERDAY        T             2.6  1979   0.1   -0.1       T
  MONTH TO DATE    5.4                       3.1    2.3       T
  SINCE MAR 1      5.4                       3.1    2.3       T
  SINCE JUL 1     61.0                      43.4   17.6     33.6
  SNOW DEPTH       0

DEGREE DAYS
 HEATING
  YESTERDAY       20                        22     -2       22
  MONTH TO DATE  655                       682    -27      608
  SINCE MAR 1    655                       682    -27      608
  SINCE JUL 1   5648                      5511    137     4897

 COOLING
  YESTERDAY        0                         0      0        0
  MONTH TO DATE    0                         0      0        0
  SINCE MAR 1      0                         0      0        0
  SINCE JAN 1      0                         0      0        0
..................................................................


WIND (MPH)
  HIGHEST WIND SPEED    24   HIGHEST WIND DIRECTION     W (270)
  HIGHEST GUST SPEED    29   HIGHEST GUST DIRECTION    SW (220)
  AVERAGE WIND SPEED    10.4


SKY COVER
  POSSIBLE SUNSHINE  MM
  AVERAGE SKY COVER 0.7


WEATHER CONDITIONS
 THE FOLLOWING WEATHER WAS RECORDED YESTERDAY.
  RAIN
  LIGHT RAIN
  HAIL
  FOG


RELATIVE HUMIDITY (PERCENT)
 HIGHEST    93           200 AM
 LOWEST     50           200 PM
 AVERAGE    72

..........................................................


THE SPOKANE WA AIRPORT CLIMATE NORMALS FOR TODAY
                         NORMAL    RECORD    YEAR
 MAXIMUM TEMPERATURE (F)   53        72      1941
 MINIMUM TEMPERATURE (F)   34        15      1965
                                             1954


SUNRISE AND SUNSET
MARCH 28 2017.........SUNRISE   636 AM PDT   SUNSET   715 PM PDT
MARCH 29 2017.........SUNRISE   634 AM PDT   SUNSET   716 PM PDT


-  INDICATES NEGATIVE NUMBERS.
R  INDICATES RECORD WAS SET OR TIED.
MM INDICATES DATA IS MISSING.
T  INDICATES TRACE AMOUNT.




$$
