000
CDUS46 KOTX 240426
CLIGEG


CLIMATE REPORT
NATIONAL WEATHER SERVICE SPOKANE, WA
826 PM PST MON JAN 23 2017


...................................

...THE SPOKANE WA AIRPORT CLIMATE SUMMARY FOR JANUARY 23 2017...
VALID TODAY AS OF 0800 PM LOCAL TIME.

CLIMATE NORMAL PERIOD 1981 TO 2010
CLIMATE RECORD PERIOD 1881 TO 2017


WEATHER ITEM   OBSERVED TIME   RECORD YEAR NORMAL DEPARTURE LAST
                VALUE   (LST)  VALUE       VALUE  FROM      YEAR
                                                  NORMAL
..................................................................
TEMPERATURE (F)
 TODAY
  MAXIMUM         34    351 PM  53    1919  36     -2       41
  MINIMUM         28    600 PM -19    1969  26      2       33
  AVERAGE         31                        31      0       37

PRECIPITATION (IN)
  TODAY            0.00          1.36 1882   0.05  -0.05     0.21
  MONTH TO DATE    1.83                      1.39   0.44     2.15
  SINCE OCT 1     11.12                      7.17   3.95     8.51
  SINCE JAN 1      1.83                      1.39   0.44     2.15

SNOWFALL (IN)
  TODAY           MM
  SNOW DEPTH      MM

DEGREE DAYS
 HEATING
  TODAY           34                        34      0       28
  MONTH TO DATE 1066                       827    239      806
  SINCE DEC 1   2355                      1994    361     1860
  SINCE JUL 1   3688                      3661     27     3294

 COOLING
  TODAY            0                         0      0        0
  MONTH TO DATE    0                         0      0        0
  SINCE DEC 1      0                         0      0        0
  SINCE JAN 1      0                         0      0        0
..................................................................


WIND (MPH)
  HIGHEST WIND SPEED    10   HIGHEST WIND DIRECTION    SW (240)
  HIGHEST GUST SPEED    14   HIGHEST GUST DIRECTION     S (160)
  AVERAGE WIND SPEED     4.6


SKY COVER
  POSSIBLE SUNSHINE  MM
  AVERAGE SKY COVER 0.9


WEATHER CONDITIONS
 THE FOLLOWING WEATHER WAS RECORDED TODAY.
  FOG
  FOG W/VISIBILITY <= 1/4 MILE


RELATIVE HUMIDITY (PERCENT)
 HIGHEST   100           200 AM
 LOWEST     82           100 PM
 AVERAGE    91

..........................................................


THE SPOKANE WA AIRPORT CLIMATE NORMALS FOR TOMORROW
                         NORMAL    RECORD    YEAR
 MAXIMUM TEMPERATURE (F)   36        57      1935
 MINIMUM TEMPERATURE (F)   26       -14      1950


SUNRISE AND SUNSET
JANUARY 23 2017.......SUNRISE   727 AM PST   SUNSET   438 PM PST
JANUARY 24 2017.......SUNRISE   726 AM PST   SUNSET   439 PM PST


-  INDICATES NEGATIVE NUMBERS.
R  INDICATES RECORD WAS SET OR TIED.
MM INDICATES DATA IS MISSING.
T  INDICATES TRACE AMOUNT.




$$
