000
CDUS46 KOTX 280424
CLIGEG


CLIMATE REPORT
NATIONAL WEATHER SERVICE SPOKANE, WA
823 PM PST THU NOV 27 2014


...................................

...THE SPOKANE WA AIRPORT CLIMATE SUMMARY FOR NOVEMBER 27 2014...
VALID TODAY AS OF 0800 PM LOCAL TIME.

CLIMATE NORMAL PERIOD 1981 TO 2010
CLIMATE RECORD PERIOD 1881 TO 2014


WEATHER ITEM   OBSERVED TIME   RECORD YEAR NORMAL DEPARTURE LAST
                VALUE   (LST)  VALUE       VALUE  FROM      YEAR
                                                  NORMAL
..................................................................
TEMPERATURE (F)
 TODAY
  MAXIMUM         55   1239 PM  57    1949  36     19       36
                                      1901
  MINIMUM         46   1234 AM -12    1985  27     19       22
  AVERAGE         51                        31     20       29

PRECIPITATION (IN)
  TODAY            T             1.04 1996   0.08  -0.08     0.00
  MONTH TO DATE    1.23                      2.04  -0.81     1.49
  SINCE OCT 1      2.65                      3.22  -0.57     1.58
  SINCE JAN 1     12.91                     14.00  -1.09    10.61

DEGREE DAYS
 HEATING
  TODAY           14                        34    -20       36
  MONTH TO DATE  804                       776     28      790
  SINCE SEP 1   1255                      1499   -244     1540
  SINCE JUL 1   1267                      1564   -297     1547

 COOLING
  TODAY            0                         0      0        0
  MONTH TO DATE    0                         0      0        0
  SINCE SEP 1     48                        39      9      108
  SINCE JAN 1    654                       450    204      709
..................................................................


WIND (MPH)
  HIGHEST WIND SPEED    30   HIGHEST WIND DIRECTION    SW (210)
  HIGHEST GUST SPEED    36   HIGHEST GUST DIRECTION    SW (230)
  AVERAGE WIND SPEED    18.9


SKY COVER
  POSSIBLE SUNSHINE  MM
  AVERAGE SKY COVER 0.7


WEATHER CONDITIONS
 THE FOLLOWING WEATHER WAS RECORDED TODAY.
  LIGHT RAIN


RELATIVE HUMIDITY (PERCENT)
 HIGHEST    89          1200 AM
 LOWEST     61           400 AM
 AVERAGE    75

..........................................................


THE SPOKANE WA AIRPORT CLIMATE NORMALS FOR TOMORROW
                         NORMAL    RECORD    YEAR
 MAXIMUM TEMPERATURE (F)   36        55      1883
 MINIMUM TEMPERATURE (F)   26       -13      1896


SUNRISE AND SUNSET
NOVEMBER 27 2014......SUNRISE   712 AM PST   SUNSET   403 PM PST
NOVEMBER 28 2014......SUNRISE   714 AM PST   SUNSET   402 PM PST


-  INDICATES NEGATIVE NUMBERS.
R  INDICATES RECORD WAS SET OR TIED.
MM INDICATES DATA IS MISSING.
T  INDICATES TRACE AMOUNT.




$$
