000
CDUS46 KOTX 291245
CLIGEG


CLIMATE REPORT
NATIONAL WEATHER SERVICE SPOKANE, WA
545 AM PDT MON AUG 29 2016


...................................

...THE SPOKANE WA AIRPORT CLIMATE SUMMARY FOR AUGUST 28 2016...

CLIMATE NORMAL PERIOD 1981 TO 2010
CLIMATE RECORD PERIOD 1881 TO 2016


WEATHER ITEM   OBSERVED TIME   RECORD YEAR NORMAL DEPARTURE LAST
                VALUE   (LST)  VALUE       VALUE  FROM      YEAR
                                                  NORMAL
..................................................................
TEMPERATURE (F)
 YESTERDAY
  MAXIMUM         80    535 PM  99    1929  80      0       80
  MINIMUM         53    538 AM  38    1882  53      0       65
  AVERAGE         67                        66      1       73

PRECIPITATION (IN)
  YESTERDAY        0.00          0.36 1951   0.02  -0.02      T
  MONTH TO DATE    0.16                      0.53  -0.37     0.04
  SINCE OCT 1     15.16                     15.83  -0.67    11.79
  SINCE JAN 1      8.80                     10.05  -1.25     7.06

SNOWFALL (IN)
  YESTERDAY        0.0           0.0  2002   0.0    0.0      0.0
                                      2001
                                      1999
  MONTH TO DATE    0.0                       0.0    0.0      0.0
  SINCE JUN 1      0.0                       0.0    0.0      0.0
  SINCE JUL 1      0.0                       0.0    0.0      0.0
  SNOW DEPTH       0

DEGREE DAYS
 HEATING
  YESTERDAY        0                         2     -2        0
  MONTH TO DATE   10                        27    -17        1
  SINCE JUN 1    140                       195    -55       31
  SINCE JUL 1     30                        59    -29        6

 COOLING
  YESTERDAY        2                         3     -1        8
  MONTH TO DATE  188                       158     30      245
  SINCE JUN 1    454                       387     67      770
  SINCE JAN 1    466                       401     65      802
..................................................................


WIND (MPH)
  HIGHEST WIND SPEED    20   HIGHEST WIND DIRECTION    SW (210)
  HIGHEST GUST SPEED    23   HIGHEST GUST DIRECTION    SW (210)
  AVERAGE WIND SPEED     7.7


SKY COVER
  POSSIBLE SUNSHINE  MM
  AVERAGE SKY COVER 0.6


WEATHER CONDITIONS
 THE FOLLOWING WEATHER WAS RECORDED YESTERDAY.
  NO SIGNIFICANT WEATHER WAS OBSERVED.


RELATIVE HUMIDITY (PERCENT)
 HIGHEST    66           400 AM
 LOWEST     16           500 PM
 AVERAGE    41

..........................................................


THE SPOKANE WA AIRPORT CLIMATE NORMALS FOR TODAY
                         NORMAL    RECORD    YEAR
 MAXIMUM TEMPERATURE (F)   79        98      1929
 MINIMUM TEMPERATURE (F)   53        35      1965


SUNRISE AND SUNSET
AUGUST 29 2016........SUNRISE   605 AM PDT   SUNSET   735 PM PDT
AUGUST 30 2016........SUNRISE   607 AM PDT   SUNSET   733 PM PDT


-  INDICATES NEGATIVE NUMBERS.
R  INDICATES RECORD WAS SET OR TIED.
MM INDICATES DATA IS MISSING.
T  INDICATES TRACE AMOUNT.




$$
