000
CDUS46 KOTX 300427
CLIGEG


CLIMATE REPORT
NATIONAL WEATHER SERVICE SPOKANE, WA
925 PM PDT MON MAY 29 2017


...................................

...THE SPOKANE WA AIRPORT CLIMATE SUMMARY FOR MAY 29 2017...
VALID TODAY AS OF 0800 PM LOCAL TIME.

CLIMATE NORMAL PERIOD 1981 TO 2010
CLIMATE RECORD PERIOD 1881 TO 2017


WEATHER ITEM   OBSERVED TIME   RECORD YEAR NORMAL DEPARTURE LAST
                VALUE   (LST)  VALUE       VALUE  FROM      YEAR
                                                  NORMAL
..................................................................
TEMPERATURE (F)
 TODAY
  MAXIMUM         87    431 PM  95    1986  70     17       71
                                      1897
  MINIMUM         59    356 AM  34    1979  47     12       49
                                      1951
  AVERAGE         73                        58     15       60

PRECIPITATION (IN)
  TODAY            0.00          0.52 1948   0.07  -0.07     0.00
  MONTH TO DATE    1.31                      1.50  -0.19     0.78
  SINCE OCT 1     22.55                     13.29   9.26    14.22
  SINCE JAN 1     13.26                      7.51   5.75     7.86

DEGREE DAYS
 HEATING
  TODAY            0                         7     -7        5
  MONTH TO DATE  272                       306    -34      188
  SINCE MAR 1   1569                      1613    -44     1179
  SINCE JUL 1   6562                      6442    120     5468

 COOLING
  TODAY            8                         1      7        0
  MONTH TO DATE   25                         8     17        6
  SINCE MAR 1     25                         8     17       12
  SINCE JAN 1     25                         8     17       12
..................................................................


WIND (MPH)
  HIGHEST WIND SPEED    16   HIGHEST WIND DIRECTION    NE (60)
  HIGHEST GUST SPEED    20   HIGHEST GUST DIRECTION    NE (60)
  AVERAGE WIND SPEED     4.8


SKY COVER
  POSSIBLE SUNSHINE  MM
  AVERAGE SKY COVER 0.1


WEATHER CONDITIONS
 THE FOLLOWING WEATHER WAS RECORDED TODAY.
  NO SIGNIFICANT WEATHER WAS OBSERVED.


RELATIVE HUMIDITY (PERCENT)
 HIGHEST    64           100 AM
 LOWEST     18           300 PM
 AVERAGE    41

..........................................................


THE SPOKANE WA AIRPORT CLIMATE NORMALS FOR TOMORROW
                         NORMAL    RECORD    YEAR
 MAXIMUM TEMPERATURE (F)   70        95      1986
                                             1887
 MINIMUM TEMPERATURE (F)   48        34      1978


SUNRISE AND SUNSET
MAY 29 2017...........SUNRISE   458 AM PDT   SUNSET   838 PM PDT
MAY 30 2017...........SUNRISE   458 AM PDT   SUNSET   839 PM PDT


-  INDICATES NEGATIVE NUMBERS.
R  INDICATES RECORD WAS SET OR TIED.
MM INDICATES DATA IS MISSING.
T  INDICATES TRACE AMOUNT.




$$
