000
CDUS46 KOTX 260828
CLIGEG


CLIMATE REPORT
NATIONAL WEATHER SERVICE SPOKANE, WA
128 AM PDT TUE SEP 26 2017


...................................

...THE SPOKANE WA AIRPORT CLIMATE SUMMARY FOR SEPTEMBER 25 2017...

CLIMATE NORMAL PERIOD 1981 TO 2010
CLIMATE RECORD PERIOD 1881 TO 2017


WEATHER ITEM   OBSERVED TIME   RECORD YEAR NORMAL DEPARTURE LAST
                VALUE   (LST)  VALUE       VALUE  FROM      YEAR
                                                  NORMAL
..................................................................
TEMPERATURE (F)
 YESTERDAY
  MAXIMUM         67    413 PM  93    1952  69     -2       74
  MINIMUM         51    619 AM  25    1926  44      7       52
  AVERAGE         59                        57      2       63

PRECIPITATION (IN)
  YESTERDAY        0.00          0.57 1982   0.02  -0.02      T
  MONTH TO DATE    1.21                      0.55   0.66     0.20
  SINCE OCT 1     24.47                     16.44   8.03    15.36
  SINCE JAN 1     15.18                     10.66   4.52     9.00

SNOWFALL (IN)
  YESTERDAY        0.0           0.0  2002   0.0    0.0      0.0
                                      2001
                                      1999
  MONTH TO DATE    0.0                       0.0    0.0      0.0
  SINCE SEP 1      0.0                       0.0    0.0      0.0
  SINCE JUL 1      0.0                       0.0    0.0      0.0
  SNOW DEPTH       0

DEGREE DAYS
 HEATING
  YESTERDAY        6                         9     -3        2
  MONTH TO DATE  147                       135     12      158
  SINCE SEP 1    147                       135     12      158
  SINCE JUL 1    150                       200    -50      188

 COOLING
  YESTERDAY        0                         0      0        0
  MONTH TO DATE   89                        37     52        2
  SINCE SEP 1     89                        37     52        2
  SINCE JAN 1    794                       448    346      489
..................................................................


WIND (MPH)
  HIGHEST WIND SPEED    14   HIGHEST WIND DIRECTION     W (260)
  HIGHEST GUST SPEED    16   HIGHEST GUST DIRECTION     W (260)
  AVERAGE WIND SPEED     6.4


SKY COVER
  POSSIBLE SUNSHINE  MM
  AVERAGE SKY COVER 0.7


WEATHER CONDITIONS
 THE FOLLOWING WEATHER WAS RECORDED YESTERDAY.
  NO SIGNIFICANT WEATHER WAS OBSERVED.


RELATIVE HUMIDITY (PERCENT)
 HIGHEST    77           500 AM
 LOWEST     42           100 PM
 AVERAGE    60

..........................................................


THE SPOKANE WA AIRPORT CLIMATE NORMALS FOR TODAY
                         NORMAL    RECORD    YEAR
 MAXIMUM TEMPERATURE (F)   69        87      1952
 MINIMUM TEMPERATURE (F)   44        28      1908


SUNRISE AND SUNSET
SEPTEMBER 26 2017.....SUNRISE   643 AM PDT   SUNSET   639 PM PDT
SEPTEMBER 27 2017.....SUNRISE   644 AM PDT   SUNSET   637 PM PDT


-  INDICATES NEGATIVE NUMBERS.
R  INDICATES RECORD WAS SET OR TIED.
MM INDICATES DATA IS MISSING.
T  INDICATES TRACE AMOUNT.




$$
