000
CDUS46 KOTX 240432
CLIGEG


CLIMATE REPORT
NATIONAL WEATHER SERVICE SPOKANE, WA
928 PM PDT WED JUL 23 2014


...................................

...THE SPOKANE WA AIRPORT CLIMATE SUMMARY FOR JULY 23 2014...
VALID TODAY AS OF 0800 PM LOCAL TIME.

CLIMATE NORMAL PERIOD 1981 TO 2010
CLIMATE RECORD PERIOD 1881 TO 2014


WEATHER ITEM   OBSERVED TIME   RECORD YEAR NORMAL DEPARTURE LAST
                VALUE   (LST)  VALUE       VALUE  FROM      YEAR
                                                  NORMAL
..................................................................
TEMPERATURE (F)
 TODAY
  MAXIMUM         88    129 PM 102    2006  85      3       94
  MINIMUM         61    759 PM  44    1963  58      3       62
  AVERAGE         75                        72      3       78

PRECIPITATION (IN)
  TODAY            0.04          0.35 1961   0.01   0.03     0.00
  MONTH TO DATE    0.18                      0.51  -0.33      T
  SINCE OCT 1     11.75                     15.17  -3.42    14.15
  SINCE JAN 1      9.42                      9.39   0.03     6.79

DEGREE DAYS
 HEATING
  TODAY            0                         1     -1        0
  MONTH TO DATE    0                        30    -30        0
  SINCE JUN 1    106                       166    -60      140
  SINCE JUL 1      0                        30    -30        0

 COOLING
  TODAY           10                         7      3       13
  MONTH TO DATE  256                       122    134      201
  SINCE JUN 1    270                       171     99      249
  SINCE JAN 1    276                       185     91      279
..................................................................


WIND (MPH)
  HIGHEST WIND SPEED    54   HIGHEST WIND DIRECTION    SW (210)
  HIGHEST GUST SPEED    66   HIGHEST GUST DIRECTION    SW (220)
  AVERAGE WIND SPEED     8.8


SKY COVER
  POSSIBLE SUNSHINE  MM
  AVERAGE SKY COVER 0.6


WEATHER CONDITIONS
 THE FOLLOWING WEATHER WAS RECORDED TODAY.
  THUNDERSTORM
  LIGHT RAIN
  FOG
  HAZE
  SANDSTORM


RELATIVE HUMIDITY (PERCENT)
 HIGHEST    73           600 AM
 LOWEST     27           200 PM
 AVERAGE    50

..........................................................


THE SPOKANE WA AIRPORT CLIMATE NORMALS FOR TOMORROW
                         NORMAL    RECORD    YEAR
 MAXIMUM TEMPERATURE (F)   86       104      1928
 MINIMUM TEMPERATURE (F)   58        46      1948


SUNRISE AND SUNSET
JULY 23 2014..........SUNRISE   517 AM PDT   SUNSET   836 PM PDT
JULY 24 2014..........SUNRISE   518 AM PDT   SUNSET   835 PM PDT


-  INDICATES NEGATIVE NUMBERS.
R  INDICATES RECORD WAS SET OR TIED.
MM INDICATES DATA IS MISSING.
T  INDICATES TRACE AMOUNT.




$$
