000
CDUS46 KOTX 250434
CLIGEG


CLIMATE REPORT
NATIONAL WEATHER SERVICE SPOKANE, WA
934 PM PDT THU APR 24 2014


...................................

...THE SPOKANE WA AIRPORT CLIMATE SUMMARY FOR APRIL 24 2014...
VALID TODAY AS OF 0800 PM LOCAL TIME.

CLIMATE NORMAL PERIOD 1981 TO 2010
CLIMATE RECORD PERIOD 1881 TO 2014


WEATHER ITEM   OBSERVED TIME   RECORD YEAR NORMAL DEPARTURE LAST
                VALUE   (LST)  VALUE       VALUE  FROM      YEAR
                                                  NORMAL
..................................................................
TEMPERATURE (F)
 TODAY
  MAXIMUM         57    358 PM  90    1977  60     -3       62
  MINIMUM         41    416 AM  21    2002  38      3       33
  AVERAGE         49                        49      0       48

PRECIPITATION (IN)
  TODAY            0.43          0.63 1975   0.04   0.39     0.00
  MONTH TO DATE    1.02                      1.06  -0.04     0.94
  SINCE OCT 1      9.05                     11.57  -2.52    11.49
  SINCE JAN 1      6.72                      5.79   0.93     4.13

DEGREE DAYS
 HEATING
  TODAY           16                        16      0       17
  MONTH TO DATE  432                       448    -16      477
  SINCE MAR 1   1212                      1215     -3     1207
  SINCE JUL 1   6255                      6044    211     5744

 COOLING
  TODAY            0                         0      0        0
  MONTH TO DATE    0                         0      0        0
  SINCE MAR 1      0                         0      0        0
  SINCE JAN 1      0                         0      0        0
..................................................................


WIND (MPH)
  HIGHEST WIND SPEED    31   HIGHEST WIND DIRECTION    SW (240)
  HIGHEST GUST SPEED    35   HIGHEST GUST DIRECTION    SW (230)
  AVERAGE WIND SPEED    14.3


SKY COVER
  POSSIBLE SUNSHINE  MM
  AVERAGE SKY COVER 0.9


WEATHER CONDITIONS
 THE FOLLOWING WEATHER WAS RECORDED TODAY.
  LIGHT RAIN
  FOG


RELATIVE HUMIDITY (PERCENT)
 HIGHEST    96           600 AM
 LOWEST     43           400 PM
 AVERAGE    70

..........................................................


THE SPOKANE WA AIRPORT CLIMATE NORMALS FOR TOMORROW
                         NORMAL    RECORD    YEAR
 MAXIMUM TEMPERATURE (F)   60        89      1946
 MINIMUM TEMPERATURE (F)   38        21      1984


SUNRISE AND SUNSET
APRIL 24 2014.........SUNRISE   545 AM PDT   SUNSET   753 PM PDT
APRIL 25 2014.........SUNRISE   543 AM PDT   SUNSET   754 PM PDT


-  INDICATES NEGATIVE NUMBERS.
R  INDICATES RECORD WAS SET OR TIED.
MM INDICATES DATA IS MISSING.
T  INDICATES TRACE AMOUNT.




$$
