000
CDUS46 KOTX 010824
CLIGEG


CLIMATE REPORT
NATIONAL WEATHER SERVICE SPOKANE, WA
121 AM PDT SAT AUG 1 2015


...................................

...THE SPOKANE WA AIRPORT CLIMATE SUMMARY FOR JULY 31 2015...

CLIMATE NORMAL PERIOD 1981 TO 2010
CLIMATE RECORD PERIOD 1881 TO 2015


WEATHER ITEM   OBSERVED TIME   RECORD YEAR NORMAL DEPARTURE LAST
                VALUE   (LST)  VALUE       VALUE  FROM      YEAR
                                                  NORMAL
..................................................................
TEMPERATURE (F)
 YESTERDAY
  MAXIMUM        100    221 PM 103    1929  86     14       99
  MINIMUM         63    510 AM  45    2006  58      5       69
                                      1945
  AVERAGE         82                        72     10       84

PRECIPITATION (IN)
  YESTERDAY        0.00          0.48 1881   0.02  -0.02     0.00
  MONTH TO DATE    0.19                      0.64  -0.45     0.18
  SINCE OCT 1     11.75                     15.30  -3.55    11.75
  SINCE JAN 1      7.02                      9.52  -2.50     9.42

SNOWFALL (IN)
  YESTERDAY        0.0           0.0  2002   0.0    0.0      0.0
                                      2001
                                      2000
  MONTH TO DATE    0.0                       0.0    0.0      0.0
  SINCE JUN 1      0.0                       0.0    0.0      0.0
  SINCE JUL 1      0.0                       0.0    0.0      0.0
  SNOW DEPTH       0

DEGREE DAYS
 HEATING
  YESTERDAY        0                         0      0        0
  MONTH TO DATE    5                        31    -26        7
  SINCE JUN 1     30                       168   -138      113
  SINCE JUL 1      5                        32    -27        7

 COOLING
  YESTERDAY       17                         7     10       19
  MONTH TO DATE  300                       180    120      348
  SINCE JUN 1    525                       229    296      362
  SINCE JAN 1    557                       243    314      368
..................................................................


WIND (MPH)
  HIGHEST WIND SPEED    21   HIGHEST WIND DIRECTION    SW (240)
  HIGHEST GUST SPEED    25   HIGHEST GUST DIRECTION    SW (240)
  AVERAGE WIND SPEED     8.2


SKY COVER
  POSSIBLE SUNSHINE  MM
  AVERAGE SKY COVER 0.3


WEATHER CONDITIONS
 THE FOLLOWING WEATHER WAS RECORDED YESTERDAY.
  NO SIGNIFICANT WEATHER WAS OBSERVED.


RELATIVE HUMIDITY (PERCENT)
 HIGHEST    42           600 AM
 LOWEST      6           400 PM
 AVERAGE    24

..........................................................


THE SPOKANE WA AIRPORT CLIMATE NORMALS FOR TODAY
                         NORMAL    RECORD    YEAR
 MAXIMUM TEMPERATURE (F)   86       101      2009
                                             1971
 MINIMUM TEMPERATURE (F)   58        44      1987


SUNRISE AND SUNSET
AUGUST  1 2015........SUNRISE   527 AM PDT   SUNSET   825 PM PDT
AUGUST  2 2015........SUNRISE   529 AM PDT   SUNSET   823 PM PDT


-  INDICATES NEGATIVE NUMBERS.
R  INDICATES RECORD WAS SET OR TIED.
MM INDICATES DATA IS MISSING.
T  INDICATES TRACE AMOUNT.




$$
