000
CDUS46 KOTX 290030
CLIGEG


CLIMATE REPORT
NATIONAL WEATHER SERVICE SPOKANE, WA
430 PM PST SUN DEC 28 2014


...................................

...THE SPOKANE WA AIRPORT CLIMATE SUMMARY FOR DECEMBER 28 2014...
VALID AS OF 0400 PM LOCAL TIME.

CLIMATE NORMAL PERIOD 1981 TO 2010
CLIMATE RECORD PERIOD 1881 TO 2014


WEATHER ITEM   OBSERVED TIME   RECORD YEAR NORMAL DEPARTURE LAST
                VALUE   (LST)  VALUE       VALUE  FROM      YEAR
                                                  NORMAL
..................................................................
TEMPERATURE (F)
 TODAY
  MAXIMUM         32   1215 AM  51    1897  32      0       28
  MINIMUM         21    618 AM -15    1968  22     -1       22
  AVERAGE         27                        27      0       25

PRECIPITATION (IN)
  TODAY            0.01          0.54 1945   0.07  -0.06      T
  MONTH TO DATE    1.97                      2.11  -0.14     0.65
  SINCE OCT 1      4.73                      5.59  -0.86     2.30
  SINCE JAN 1     14.99                     16.37  -1.38    11.33

SNOWFALL (IN)
  TODAY            0.3           7.6  1992   0.6   -0.3       T
  MONTH TO DATE    3.5                      13.1   -9.6      3.4
  SINCE DEC 1      3.5                      13.1   -9.6      3.4
  SINCE JUL 1      4.0                      20.6  -16.6      6.5
  SNOW DEPTH       1

DEGREE DAYS
 HEATING
  TODAY           38                        38      0       40
  MONTH TO DATE  844                      1053   -209     1104
  SINCE DEC 1    844                      1053   -209     1104
  SINCE JUL 1   2213                      2720   -507     2759

 COOLING
  TODAY            0                         0      0        0
  MONTH TO DATE    0                         0      0        0
  SINCE DEC 1      0                         0      0        0
  SINCE JAN 1    654                       450    204      709
..................................................................


WIND (MPH)
  HIGHEST WIND SPEED    16   HIGHEST WIND DIRECTION    SW (220)
  HIGHEST GUST SPEED    20   HIGHEST GUST DIRECTION    SW (220)
  AVERAGE WIND SPEED     5.9


SKY COVER
  POSSIBLE SUNSHINE  MM
  AVERAGE SKY COVER 0.8


WEATHER CONDITIONS
 THE FOLLOWING WEATHER WAS RECORDED TODAY.
  LIGHT SNOW
  FOG
  FOG W/VISIBILITY <= 1/4 MILE


RELATIVE HUMIDITY (PERCENT)
 HIGHEST   100           300 AM
 LOWEST     85           200 PM
 AVERAGE    93

..........................................................


THE SPOKANE WA AIRPORT CLIMATE NORMALS FOR TOMORROW
                         NORMAL    RECORD    YEAR
 MAXIMUM TEMPERATURE (F)   32        58      1917
 MINIMUM TEMPERATURE (F)   22       -21      1968


SUNRISE AND SUNSET
DECEMBER 28 2014......SUNRISE   738 AM PST   SUNSET   406 PM PST
DECEMBER 29 2014......SUNRISE   738 AM PST   SUNSET   406 PM PST


-  INDICATES NEGATIVE NUMBERS.
R  INDICATES RECORD WAS SET OR TIED.
MM INDICATES DATA IS MISSING.
T  INDICATES TRACE AMOUNT.




$$
