000
CDUS46 KOTX 060829
CLIGEG


CLIMATE REPORT
NATIONAL WEATHER SERVICE SPOKANE, WA
1229 AM PST SAT FEB 6 2016


...................................

...THE SPOKANE WA AIRPORT CLIMATE SUMMARY FOR FEBRUARY 5 2016...

CLIMATE NORMAL PERIOD 1981 TO 2010
CLIMATE RECORD PERIOD 1881 TO 2016


WEATHER ITEM   OBSERVED TIME   RECORD YEAR NORMAL DEPARTURE LAST
                VALUE   (LST)  VALUE       VALUE  FROM      YEAR
                                                  NORMAL
..................................................................
TEMPERATURE (F)
 YESTERDAY
  MAXIMUM         47   1259 PM  53    1963  37     10       52
  MINIMUM         32   1259 AM -15    1883  26      6       35
  AVERAGE         40                        32      8       44

PRECIPITATION (IN)
  YESTERDAY        0.02          0.57 1996   0.05  -0.03     0.33
  MONTH TO DATE    0.14                      0.23  -0.09     0.59
  SINCE OCT 1      9.24                      7.80   1.44     7.23
  SINCE JAN 1      2.88                      2.02   0.86     2.50

SNOWFALL (IN)
  YESTERDAY       MM             3.3  1946   0.3   MM        0.0
  MONTH TO DATE    1.3                       1.5   -0.2      1.1
  SINCE DEC 1     32.1                      27.5    4.6     15.2
  SINCE JUL 1     33.6                      35.0   -1.4     15.7
  SNOW DEPTH       0

DEGREE DAYS
 HEATING
  YESTERDAY       25                        33     -8       21
  MONTH TO DATE  169                       167      2      139
  SINCE DEC 1   2271                      2433   -162     2179
  SINCE JUL 1   3705                      4100   -395     3548

 COOLING
  YESTERDAY        0                         0      0        0
  MONTH TO DATE    0                         0      0        0
  SINCE DEC 1      0                         0      0        0
  SINCE JAN 1      0                         0      0        0
..................................................................


WIND (MPH)
  HIGHEST WIND SPEED    32   HIGHEST WIND DIRECTION    SW (220)
  HIGHEST GUST SPEED    39   HIGHEST GUST DIRECTION    SW (220)
  AVERAGE WIND SPEED    10.6


SKY COVER
  POSSIBLE SUNSHINE  MM
  AVERAGE SKY COVER 0.9


WEATHER CONDITIONS
 THE FOLLOWING WEATHER WAS RECORDED YESTERDAY.
  LIGHT RAIN
  FOG


RELATIVE HUMIDITY (PERCENT)
 HIGHEST    96           200 AM
 LOWEST     65           100 PM
 AVERAGE    81

..........................................................


THE SPOKANE WA AIRPORT CLIMATE NORMALS FOR TODAY
                         NORMAL    RECORD    YEAR
 MAXIMUM TEMPERATURE (F)   38        57      2015
 MINIMUM TEMPERATURE (F)   26       -18      1883


SUNRISE AND SUNSET
FEBRUARY  6 2016......SUNRISE   710 AM PST   SUNSET   459 PM PST
FEBRUARY  7 2016......SUNRISE   709 AM PST   SUNSET   500 PM PST


-  INDICATES NEGATIVE NUMBERS.
R  INDICATES RECORD WAS SET OR TIED.
MM INDICATES DATA IS MISSING.
T  INDICATES TRACE AMOUNT.




$$
