000
CDUS46 KOTX 250048
CLIGEG


CLIMATE REPORT
NATIONAL WEATHER SERVICE SPOKANE, WA
448 PM PST FRI NOV 24 2017


...................................

...THE SPOKANE WA AIRPORT CLIMATE SUMMARY FOR NOVEMBER 24 2017...
VALID AS OF 0400 PM LOCAL TIME.

CLIMATE NORMAL PERIOD 1981 TO 2010
CLIMATE RECORD PERIOD 1881 TO 2017


WEATHER ITEM   OBSERVED TIME   RECORD YEAR NORMAL DEPARTURE LAST
                VALUE   (LST)  VALUE       VALUE  FROM      YEAR
                                                  NORMAL
..................................................................
TEMPERATURE (F)
 TODAY
  MAXIMUM         45    310 PM  56    1933  37      8       45
  MINIMUM         35    558 AM  -9    1985  28      7       33
  AVERAGE         40                        32      8       39

PRECIPITATION (IN)
  TODAY            0.00          1.37 1960   0.08  -0.08      T
  MONTH TO DATE    2.49                      1.79   0.70     1.17
  SINCE OCT 1      3.89                      2.97   0.92     7.40
  SINCE JAN 1     19.07                     13.75   5.32    16.41

SNOWFALL (IN)
  TODAY            0.0           4.7  1996   0.4   -0.4      0.0
  MONTH TO DATE    7.2                       5.1    2.1      0.7
  SINCE SEP 1      7.2                       5.2    2.0      0.7
  SINCE JUL 1      7.2                       5.2    2.0      0.7
  SNOW DEPTH       0

DEGREE DAYS
 HEATING
  TODAY           25                        33     -8       26
  MONTH TO DATE  648                       676    -28      474
  SINCE SEP 1   1374                      1399    -25     1140
  SINCE JUL 1   1377                      1464    -87     1170

 COOLING
  TODAY            0                         0      0        0
  MONTH TO DATE    0                         0      0        0
  SINCE SEP 1     89                        39     50        7
  SINCE JAN 1    794                       450    344      494
..................................................................


WIND (MPH)
  HIGHEST WIND SPEED    21   HIGHEST WIND DIRECTION    SW (210)
  HIGHEST GUST SPEED    25   HIGHEST GUST DIRECTION    SW (210)
  AVERAGE WIND SPEED    13.5


SKY COVER
  POSSIBLE SUNSHINE  MM
  AVERAGE SKY COVER 0.7


WEATHER CONDITIONS
 THE FOLLOWING WEATHER WAS RECORDED TODAY.
  NO SIGNIFICANT WEATHER WAS OBSERVED.


RELATIVE HUMIDITY (PERCENT)
 HIGHEST   100           400 AM
 LOWEST     70          1200 PM
 AVERAGE    85

..........................................................


THE SPOKANE WA AIRPORT CLIMATE NORMALS FOR TOMORROW
                         NORMAL    RECORD    YEAR
 MAXIMUM TEMPERATURE (F)   37        57      1914
 MINIMUM TEMPERATURE (F)   27        -3      1985


SUNRISE AND SUNSET
NOVEMBER 24 2017......SUNRISE   709 AM PST   SUNSET   405 PM PST
NOVEMBER 25 2017......SUNRISE   710 AM PST   SUNSET   404 PM PST


-  INDICATES NEGATIVE NUMBERS.
R  INDICATES RECORD WAS SET OR TIED.
MM INDICATES DATA IS MISSING.
T  INDICATES TRACE AMOUNT.




$$
