000
CDUS45 KRIW 290740
CLIGEY


CLIMATE REPORT
NATIONAL WEATHER SERVICE RIVERTON WY
137 AM MDT FRI MAY 29 2015


...................................

...THE GREYBULL WY CLIMATE SUMMARY FOR MAY 28 2015...

CLIMATE NORMAL PERIOD 1981 TO 2010
CLIMATE RECORD PERIOD 1998 TO 2015


WEATHER ITEM   OBSERVED TIME   RECORD YEAR NORMAL DEPARTURE LAST
                VALUE   (LST)  VALUE       VALUE  FROM      YEAR
                                                  NORMAL
..................................................................
TEMPERATURE (F)
 YESTERDAY
  MAXIMUM         68    433 PM  96    2014  74     -6       96
  MINIMUM         52    528 AM  39    2012  47      5       52
  AVERAGE         60                        60      0       74

PRECIPITATION (IN)
  YESTERDAY        0.01          0.21 2008   0.07  -0.06     0.00
  MONTH TO DATE    0.98                      1.42  -0.44     0.53
  SINCE MAR 1      1.23                      2.53  -1.30     1.42
  SINCE JAN 1      1.49                      2.94  -1.45     1.68

DEGREE DAYS
 HEATING
  YESTERDAY        5                         6     -1        0
  MONTH TO DATE  270                       264      6      238
  SINCE MAR 1   1471                      1692   -221     1697
  SINCE JUL 1   7115                      7663   -548     7584

 COOLING
  YESTERDAY        0                         1     -1        9
  MONTH TO DATE    0                        13    -13       32
  SINCE MAR 1      0                        14    -14       32
  SINCE JAN 1      0                        14    -14       32
..................................................................


WIND (MPH)
  HIGHEST WIND SPEED    32   HIGHEST WIND DIRECTION    NW (330)
  HIGHEST GUST SPEED    38   HIGHEST GUST DIRECTION    NW (330)
  AVERAGE WIND SPEED    13.2


SKY COVER
  POSSIBLE SUNSHINE  MM
  AVERAGE SKY COVER 0.6


WEATHER CONDITIONS
 THE FOLLOWING WEATHER WAS RECORDED YESTERDAY.
  LIGHT RAIN


RELATIVE HUMIDITY (PERCENT)
 HIGHEST    83           500 AM
 LOWEST     37           400 PM
 AVERAGE    60

..........................................................


THE GREYBULL WY CLIMATE NORMALS FOR TODAY
                         NORMAL    RECORD    YEAR
 MAXIMUM TEMPERATURE (F)   75        98      2003
 MINIMUM TEMPERATURE (F)   47        38      2012


SUNRISE AND SUNSET
MAY 29 2015...........SUNRISE   533 AM MDT   SUNSET   847 PM MDT
MAY 30 2015...........SUNRISE   532 AM MDT   SUNSET   848 PM MDT


-  INDICATES NEGATIVE NUMBERS.
R  INDICATES RECORD WAS SET OR TIED.
MM INDICATES DATA IS MISSING.
T  INDICATES TRACE AMOUNT.




$$
