000
CDUS45 KRIW 230741
CLIGEY


CLIMATE REPORT
NATIONAL WEATHER SERVICE RIVERTON WY
138 AM MDT THU OCT 23 2014


...................................

...THE GREYBULL WY CLIMATE SUMMARY FOR OCTOBER 22 2014...

CLIMATE NORMAL PERIOD 1981 TO 2010
CLIMATE RECORD PERIOD 1998 TO 2014


WEATHER ITEM   OBSERVED TIME   RECORD YEAR NORMAL DEPARTURE LAST
                VALUE   (LST)  VALUE       VALUE  FROM      YEAR
                                                  NORMAL
..................................................................
TEMPERATURE (F)
 YESTERDAY
  MAXIMUM         62    337 PM  80    2003  58      4       63
  MINIMUM         30    652 AM  21    2002  30      0       31
  AVERAGE         46                        44      2       47

PRECIPITATION (IN)
  YESTERDAY        0.00          0.25 2000   0.01  -0.01     0.00
  MONTH TO DATE    0.01                      0.50  -0.49     1.04
  SINCE SEP 1      0.87                      1.38  -0.51     2.15
  SINCE JAN 1      4.73                      6.83  -2.10     4.77

DEGREE DAYS
 HEATING
  YESTERDAY       19                        21     -2       18
  MONTH TO DATE  253                       379   -126      477
  SINCE SEP 1    405                       589   -184      599
  SINCE JUL 1    432                       610   -178      599

 COOLING
  YESTERDAY        0                         0      0        0
  MONTH TO DATE    0                         0      0        0
  SINCE SEP 1     43                        36      7       96
  SINCE JAN 1    698                       669     29     1005
..................................................................


WIND (MPH)
  HIGHEST WIND SPEED    13   HIGHEST WIND DIRECTION    SE (140)
  HIGHEST GUST SPEED    16   HIGHEST GUST DIRECTION    SE (150)
  AVERAGE WIND SPEED     4.4


SKY COVER
  POSSIBLE SUNSHINE  MM
  AVERAGE SKY COVER 0.0


WEATHER CONDITIONS
 THE FOLLOWING WEATHER WAS RECORDED YESTERDAY.
  NO SIGNIFICANT WEATHER WAS OBSERVED.


RELATIVE HUMIDITY (PERCENT)
 HIGHEST    78           700 AM
 LOWEST     20           300 PM
 AVERAGE    49

..........................................................


THE GREYBULL WY CLIMATE NORMALS FOR TODAY
                         NORMAL    RECORD    YEAR
 MAXIMUM TEMPERATURE (F)   57        70      2011
                                             1999
 MINIMUM TEMPERATURE (F)   30        20      2006
                                             2002


SUNRISE AND SUNSET
OCTOBER 23 2014.......SUNRISE   738 AM MDT   SUNSET   615 PM MDT
OCTOBER 24 2014.......SUNRISE   739 AM MDT   SUNSET   613 PM MDT


-  INDICATES NEGATIVE NUMBERS.
R  INDICATES RECORD WAS SET OR TIED.
MM INDICATES DATA IS MISSING.
T  INDICATES TRACE AMOUNT.




$$
