000
CDUS45 KRIW 260735
CLIGEY


CLIMATE REPORT
NATIONAL WEATHER SERVICE RIVERTON WY
1234 AM MST FRI DEC 26 2014


...................................

...THE GREYBULL WY CLIMATE SUMMARY FOR DECEMBER 25 2014...

CLIMATE NORMAL PERIOD 1981 TO 2010
CLIMATE RECORD PERIOD 1998 TO 2014


WEATHER ITEM   OBSERVED TIME   RECORD YEAR NORMAL DEPARTURE LAST
                VALUE   (LST)  VALUE       VALUE  FROM      YEAR
                                                  NORMAL
..................................................................
TEMPERATURE (F)
 YESTERDAY
  MAXIMUM         32    640 AM  42    2003  28      4       30
  MINIMUM         16    920 PM -17    2002   5     11        1
  AVERAGE         24                        16      8       16

PRECIPITATION (IN)
  YESTERDAY        0.13R         T    2009   0.00   0.13     0.00
                                      2009
                                      2012
  MONTH TO DATE    0.19                      0.24  -0.05     0.03
  SINCE DEC 1      0.19                      0.24  -0.05     0.03
  SINCE JAN 1      5.51                      7.47  -1.96     4.88

DEGREE DAYS
 HEATING
  YESTERDAY       41                        49     -8       49
  MONTH TO DATE 1062                      1173   -111     1065
  SINCE DEC 1   1062                      1173   -111     1065
  SINCE JUL 1   2895                      3030   -135     2873

 COOLING
  YESTERDAY        0                         0      0        0
  MONTH TO DATE    0                         0      0        0
  SINCE DEC 1      0                         0      0        0
  SINCE JAN 1    698                       669     29     1005
..................................................................


WIND (MPH)
  HIGHEST WIND SPEED    32   HIGHEST WIND DIRECTION     N (340)
  HIGHEST GUST SPEED    38   HIGHEST GUST DIRECTION    NW (330)
  AVERAGE WIND SPEED    16.1


SKY COVER
  POSSIBLE SUNSHINE  MM
  AVERAGE SKY COVER 1.0


WEATHER CONDITIONS
 THE FOLLOWING WEATHER WAS RECORDED YESTERDAY.
  LIGHT SNOW
  FOG


RELATIVE HUMIDITY (PERCENT)
 HIGHEST   100           300 AM
 LOWEST     68           300 PM
 AVERAGE    84

..........................................................


THE GREYBULL WY CLIMATE NORMALS FOR TODAY
                         NORMAL    RECORD    YEAR
 MAXIMUM TEMPERATURE (F)   28        45      1998
 MINIMUM TEMPERATURE (F)    5       -18      2002


SUNRISE AND SUNSET
DECEMBER 26 2014......SUNRISE   748 AM MST   SUNSET   438 PM MST
DECEMBER 27 2014......SUNRISE   748 AM MST   SUNSET   439 PM MST


-  INDICATES NEGATIVE NUMBERS.
R  INDICATES RECORD WAS SET OR TIED.
MM INDICATES DATA IS MISSING.
T  INDICATES TRACE AMOUNT.




$$
