000
CDUS45 KRIW 230029
CLIGEY


CLIMATE REPORT
NATIONAL WEATHER SERVICE RIVERTON WY
627 PM MDT THU JUN 22 2017


...................................

...THE GREYBULL WY CLIMATE SUMMARY FOR JUNE 22 2017...
VALID TODAY AS OF 0500 PM LOCAL TIME.

CLIMATE NORMAL PERIOD 1981 TO 2010
CLIMATE RECORD PERIOD 1998 TO 2017


WEATHER ITEM   OBSERVED TIME   RECORD YEAR NORMAL DEPARTURE LAST
                VALUE   (LST)  VALUE       VALUE  FROM      YEAR
                                                  NORMAL
..................................................................
TEMPERATURE (F)
 TODAY
  MAXIMUM         80        MM  98    2001  83     -3       91
  MINIMUM         62        MM  44    2004  53      9       58
  AVERAGE         71

PRECIPITATION (IN)
  TODAY            0.00          0.08 2010   0.02  -0.02     0.00
  MONTH TO DATE    0.20                      1.06  -0.86     0.06
  SINCE JUN 1      0.20                      1.06  -0.86     0.06
  SINCE JAN 1      1.74                      4.23  -2.49     2.35

DEGREE DAYS
 HEATING
  TODAY            0                         1     -1        0
  MONTH TO DATE    9                        63    -54        5
  SINCE JUN 1      9                        63    -54        5
  SINCE JUL 1   7444                      7743   -299     6596

 COOLING
  TODAY            6                         4      2       10
  MONTH TO DATE  124                        62     62      180
  SINCE JUN 1    124                        62     62      180
  SINCE JAN 1    136                        82     54      191
..................................................................


WIND (MPH)
  HIGHEST WIND SPEED    31   HIGHEST WIND DIRECTION    NW (330)
  HIGHEST GUST SPEED    45   HIGHEST GUST DIRECTION    NW (330)
  AVERAGE WIND SPEED    20.0


SKY COVER
  POSSIBLE SUNSHINE  MM
  AVERAGE SKY COVER 0.0


WEATHER CONDITIONS
 THE FOLLOWING WEATHER WAS RECORDED TODAY.
  NO SIGNIFICANT WEATHER WAS OBSERVED.


RELATIVE HUMIDITY (PERCENT)
 HIGHEST    34           600 AM
 LOWEST     13           100 PM
 AVERAGE    24

..........................................................


THE GREYBULL WY CLIMATE NORMALS FOR TOMORROW
                         NORMAL    RECORD    YEAR
 MAXIMUM TEMPERATURE (F)   84       101      2007
                                             2001
 MINIMUM TEMPERATURE (F)   53        45      2013
                                             2003


SUNRISE AND SUNSET
JUNE 22 2017..........SUNRISE   528 AM MDT   SUNSET   901 PM MDT
JUNE 23 2017..........SUNRISE   528 AM MDT   SUNSET   901 PM MDT


-  INDICATES NEGATIVE NUMBERS.
R  INDICATES RECORD WAS SET OR TIED.
MM INDICATES DATA IS MISSING.
T  INDICATES TRACE AMOUNT.




$$
