090
CDUS43 KIND 270531
CLIGEZ


CLIMATE REPORT
NATIONAL WEATHER SERVICE INDIANAPOLIS IN
131 AM EDT THU APR 27 2017


...................................

...THE SHELBYVILLE IN CLIMATE SUMMARY FOR APRIL 26 2017...

CLIMATE NORMAL PERIOD 1981 TO 2010
CLIMATE RECORD PERIOD 9999 TO 9999


WEATHER ITEM   OBSERVED TIME   NORMAL DEPARTURE LAST
                VALUE   (LST)  VALUE  FROM      YEAR
                                      NORMAL
......................................................
TEMPERATURE (F)
 YESTERDAY
  MAXIMUM         86    259 PM  67     19       83
  MINIMUM         60    142 AM  46     14       61
  AVERAGE         73            56     17       72

PRECIPITATION (IN)
  YESTERDAY        0.00          0.17  -0.17     0.32
  MONTH TO DATE    1.28          3.57  -2.29     3.28
  SINCE MAR 1      4.96          7.00  -2.04     8.03
  SINCE JAN 1     10.40         11.75  -1.35    12.67

DEGREE DAYS
 HEATING
  YESTERDAY        0             9     -9        0
  MONTH TO DATE  168           343   -175      300
  SINCE MAR 1    792          1063   -271      747
  SINCE JUL 1   3975          5226  -1251     3916

 COOLING
  YESTERDAY        8             0      8        7
  MONTH TO DATE   49             0     49       19
  SINCE MAR 1     53             1     52       19
  SINCE JAN 1     53             1     52       19
......................................................


WIND (MPH)
  HIGHEST WIND SPEED    29   HIGHEST WIND DIRECTION     S (180)
  HIGHEST GUST SPEED    35   HIGHEST GUST DIRECTION     S (160)
  AVERAGE WIND SPEED    15.0


SKY COVER
  AVERAGE SKY COVER 0.0


WEATHER CONDITIONS
 THE FOLLOWING WEATHER WAS RECORDED YESTERDAY.
  HAZE


RELATIVE HUMIDITY (PERCENT)
 HIGHEST    78           200 AM
 LOWEST     43           300 PM
 AVERAGE    61

..........................................................


THE SHELBYVILLE IN CLIMATE NORMALS FOR TODAY
                         NORMAL
 MAXIMUM TEMPERATURE (F)   67
 MINIMUM TEMPERATURE (F)   46


SUNRISE AND SUNSET
APRIL 27 2017.........SUNRISE   649 AM EDT   SUNSET   833 PM EDT
APRIL 28 2017.........SUNRISE   648 AM EDT   SUNSET   834 PM EDT


-  INDICATES NEGATIVE NUMBERS.
R  INDICATES RECORD WAS SET OR TIED.
MM INDICATES DATA IS MISSING.
T  INDICATES TRACE AMOUNT.




$$
