000
CDUS43 KIND 050533
CLIGEZ


CLIMATE REPORT
NATIONAL WEATHER SERVICE INDIANAPOLIS IN
132 AM EDT THU MAY 5 2016


...................................

...THE SHELBYVILLE IN CLIMATE SUMMARY FOR MAY 4 2016...

CLIMATE NORMAL PERIOD 1981 TO 2010
CLIMATE RECORD PERIOD 9999 TO 9999


WEATHER ITEM   OBSERVED TIME   NORMAL DEPARTURE LAST
                VALUE   (LST)  VALUE  FROM      YEAR
                                      NORMAL
......................................................
TEMPERATURE (F)
 YESTERDAY
  MAXIMUM         60    156 PM  70    -10       78
  MINIMUM         45   1159 PM  48     -3       59
  AVERAGE         53            59     -6       69

PRECIPITATION (IN)
  YESTERDAY        0.06          0.20  -0.14     0.01
  MONTH TO DATE    0.61          0.78  -0.17     0.01
  SINCE MAR 1     10.19          8.53   1.66     8.54
  SINCE JAN 1     14.83         13.28   1.55    11.56

DEGREE DAYS
 HEATING
  YESTERDAY       12             7      5        0
  MONTH TO DATE   26            29     -3       10
  SINCE MAR 1    794          1126   -332     1064
  SINCE JUL 1   3963          5289  -1326     5505

 COOLING
  YESTERDAY        0             1     -1        4
  MONTH TO DATE    6             4      2        5
  SINCE MAR 1     26            17      9       13
  SINCE JAN 1     26            17      9       13
......................................................


WIND (MPH)
  HIGHEST WIND SPEED    26   HIGHEST WIND DIRECTION    NW (320)
  HIGHEST GUST SPEED    33   HIGHEST GUST DIRECTION    NW (330)
  AVERAGE WIND SPEED    12.8


SKY COVER
  AVERAGE SKY COVER 0.8


WEATHER CONDITIONS
 THE FOLLOWING WEATHER WAS RECORDED YESTERDAY.
  LIGHT RAIN


RELATIVE HUMIDITY (PERCENT)
 HIGHEST    83           400 AM
 LOWEST     51           200 PM
 AVERAGE    67

..........................................................


THE SHELBYVILLE IN CLIMATE NORMALS FOR TODAY
                         NORMAL
 MAXIMUM TEMPERATURE (F)   70
 MINIMUM TEMPERATURE (F)   49


SUNRISE AND SUNSET
MAY  5 2016...........SUNRISE   639 AM EDT   SUNSET   842 PM EDT
MAY  6 2016...........SUNRISE   638 AM EDT   SUNSET   843 PM EDT


-  INDICATES NEGATIVE NUMBERS.
R  INDICATES RECORD WAS SET OR TIED.
MM INDICATES DATA IS MISSING.
T  INDICATES TRACE AMOUNT.




$$
