000
CDUS43 KIND 190538
CLIGEZ


CLIMATE REPORT
NATIONAL WEATHER SERVICE INDIANAPOLIS IN
137 AM EDT THU OCT 19 2017


...................................

...THE SHELBYVILLE IN CLIMATE SUMMARY FOR OCTOBER 18 2017...

CLIMATE NORMAL PERIOD 1981 TO 2010
CLIMATE RECORD PERIOD 9999 TO 9999


WEATHER ITEM   OBSERVED TIME   NORMAL DEPARTURE LAST
                VALUE   (LST)  VALUE  FROM      YEAR
                                      NORMAL
......................................................
TEMPERATURE (F)
 YESTERDAY
  MAXIMUM         71    352 PM  65      6       82
  MINIMUM         39    706 AM  42     -3       68
  AVERAGE         55            53      2       75

PRECIPITATION (IN)
  YESTERDAY        0.00          0.10  -0.10      T
  MONTH TO DATE    3.78          1.88   1.90     0.08
  SINCE SEP 1      5.54          5.05   0.49     3.88
  SINCE JAN 1     38.43         35.33   3.10    37.07

DEGREE DAYS
 HEATING
  YESTERDAY       10            12     -2        0
  MONTH TO DATE   52           172   -120       48
  SINCE SEP 1    102           251   -149       61
  SINCE JUL 1    102           257   -155       63

 COOLING
  YESTERDAY        0             0      0       10
  MONTH TO DATE   47            11     36       60
  SINCE SEP 1    193           104     89      278
  SINCE JAN 1   1129           910    219     1457
......................................................


WIND (MPH)
  HIGHEST WIND SPEED    16   HIGHEST WIND DIRECTION     S (190)
  HIGHEST GUST SPEED    21   HIGHEST GUST DIRECTION     S (180)
  AVERAGE WIND SPEED     7.3


SKY COVER
  AVERAGE SKY COVER 0.0


WEATHER CONDITIONS
 THE FOLLOWING WEATHER WAS RECORDED YESTERDAY.
  NO SIGNIFICANT WEATHER WAS OBSERVED.


RELATIVE HUMIDITY (PERCENT)
 HIGHEST    85           600 AM
 LOWEST     35           100 PM
 AVERAGE    60

..........................................................


THE SHELBYVILLE IN CLIMATE NORMALS FOR TODAY
                         NORMAL
 MAXIMUM TEMPERATURE (F)   65
 MINIMUM TEMPERATURE (F)   42


SUNRISE AND SUNSET
OCTOBER 19 2017.......SUNRISE   758 AM EDT   SUNSET   658 PM EDT
OCTOBER 20 2017.......SUNRISE   759 AM EDT   SUNSET   657 PM EDT


-  INDICATES NEGATIVE NUMBERS.
R  INDICATES RECORD WAS SET OR TIED.
MM INDICATES DATA IS MISSING.
T  INDICATES TRACE AMOUNT.




$$
