510
CDUS43 KIND 290532
CLIGEZ


CLIMATE REPORT
NATIONAL WEATHER SERVICE INDIANAPOLIS IN
131 AM EDT SUN MAY 29 2016


...................................

...THE SHELBYVILLE IN CLIMATE SUMMARY FOR MAY 28 2016...

CLIMATE NORMAL PERIOD 1981 TO 2010
CLIMATE RECORD PERIOD 9999 TO 9999


WEATHER ITEM   OBSERVED TIME   NORMAL DEPARTURE LAST
                VALUE   (LST)  VALUE  FROM      YEAR
                                      NORMAL
......................................................
TEMPERATURE (F)
 YESTERDAY
  MAXIMUM         87    147 PM  77     10       87
  MINIMUM         72   1159 PM  56     16       61
  AVERAGE         80            67     13       74

PRECIPITATION (IN)
  YESTERDAY        T             0.12  -0.12     0.00
  MONTH TO DATE    2.24          4.85  -2.61     1.80
  SINCE MAR 1     11.82         12.60  -0.78    10.33
  SINCE JAN 1     16.46         17.35  -0.89    13.35

DEGREE DAYS
 HEATING
  YESTERDAY        0             2     -2        0
  MONTH TO DATE  134           130      4       59
  SINCE MAR 1    902          1227   -325     1113
  SINCE JUL 1   4071          5390  -1319     5554

 COOLING
  YESTERDAY       15             4     11        9
  MONTH TO DATE   67            58      9      156
  SINCE MAR 1     87            71     16      164
  SINCE JAN 1     87            71     16      164
......................................................


WIND (MPH)
  HIGHEST WIND SPEED    23   HIGHEST WIND DIRECTION     S (200)
  HIGHEST GUST SPEED    29   HIGHEST GUST DIRECTION     S (180)
  AVERAGE WIND SPEED    12.2


SKY COVER
  AVERAGE SKY COVER 0.3


WEATHER CONDITIONS
 THE FOLLOWING WEATHER WAS RECORDED YESTERDAY.
  LIGHT RAIN


RELATIVE HUMIDITY (PERCENT)
 HIGHEST    79          1000 PM
 LOWEST     51          1200 PM
 AVERAGE    65

..........................................................


THE SHELBYVILLE IN CLIMATE NORMALS FOR TODAY
                         NORMAL
 MAXIMUM TEMPERATURE (F)   77
 MINIMUM TEMPERATURE (F)   57


SUNRISE AND SUNSET
MAY 29 2016...........SUNRISE   619 AM EDT   SUNSET   903 PM EDT
MAY 30 2016...........SUNRISE   618 AM EDT   SUNSET   904 PM EDT


-  INDICATES NEGATIVE NUMBERS.
R  INDICATES RECORD WAS SET OR TIED.
MM INDICATES DATA IS MISSING.
T  INDICATES TRACE AMOUNT.




$$
