000
CDUS43 KFGF 180635
CLIGFK


CLIMATE REPORT
NATIONAL WEATHER SERVICE EASTERN NORTH DAKOTA/GRAND FORKS
1234 AM CST SAT NOV 18 2017


...................................

...THE GRAND FORKS INTL AP ND CLIMATE SUMMARY FOR NOVEMBER 17 2017...

CLIMATE NORMAL PERIOD 1981 TO 2010
CLIMATE RECORD PERIOD 1948 TO 2017


WEATHER ITEM   OBSERVED TIME   RECORD YEAR NORMAL DEPARTURE LAST
                VALUE   (LST)  VALUE       VALUE  FROM      YEAR
                                                  NORMAL
..................................................................
TEMPERATURE (F)
 YESTERDAY
  MAXIMUM         33    850 AM  64    1953  34     -1       40
  MINIMUM         15   1159 PM  -5    1989  16     -1       33
  AVERAGE         24                        25     -1       37

PRECIPITATION (IN)
  YESTERDAY        T             1.02 1958   0.04  -0.04     0.00
  MONTH TO DATE    0.83                      0.64   0.19     0.01
  SINCE SEP 1      5.40                      4.66   0.74     5.27
  SINCE JAN 1     16.45                     19.89  -3.44    23.79

SNOWFALL (IN)
  YESTERDAY        T             8.0  1958   0.3   -0.3      0.0
  MONTH TO DATE    4.1                       3.6    0.5      0.0
  SINCE SEP 1      4.3                       5.1   -0.8      0.0
  SINCE JUL 1      4.3                       5.1   -0.8      0.0
  SNOW DEPTH       3

DEGREE DAYS
 HEATING
  YESTERDAY       41                        40      1       28
  MONTH TO DATE  742                       595    147      311
  SINCE SEP 1   1485                      1544    -59     1035
  SINCE JUL 1   1504                      1626   -122     1063

 COOLING
  YESTERDAY        0                         0      0        0
  MONTH TO DATE    0                         0      0        0
  SINCE SEP 1     36                        27      9       30
  SINCE JAN 1    411                       379     32      434
..................................................................


WIND (MPH)
  HIGHEST WIND SPEED    24   HIGHEST WIND DIRECTION     S (180)
  HIGHEST GUST SPEED    32   HIGHEST GUST DIRECTION     S (160)
  AVERAGE WIND SPEED    11.0


SKY COVER
  POSSIBLE SUNSHINE  MM
  AVERAGE SKY COVER 0.8


WEATHER CONDITIONS
 THE FOLLOWING WEATHER WAS RECORDED YESTERDAY.
  NO SIGNIFICANT WEATHER WAS OBSERVED.


RELATIVE HUMIDITY (PERCENT)
 HIGHEST    92           800 PM
 LOWEST     68          1100 AM
 AVERAGE    80

..........................................................


THE GRAND FORKS INTL AP ND CLIMATE NORMALS FOR TODAY
                         NORMAL    RECORD    YEAR
 MAXIMUM TEMPERATURE (F)   33        55      1963
 MINIMUM TEMPERATURE (F)   16        -9      1996


SUNRISE AND SUNSET
NOVEMBER 18 2017......SUNRISE   740 AM CST   SUNSET   448 PM CST
NOVEMBER 19 2017......SUNRISE   741 AM CST   SUNSET   447 PM CST


-  INDICATES NEGATIVE NUMBERS.
R  INDICATES RECORD WAS SET OR TIED.
MM INDICATES DATA IS MISSING.
T  INDICATES TRACE AMOUNT.




$$
