876
CDUS43 KFGF 230707
CLIGFK


CLIMATE REPORT
NATIONAL WEATHER SERVICE EASTERN NORTH DAKOTA/GRAND FORKS
204 AM CDT THU MAR 23 2017


...................................

...THE GRAND FORKS INTL AP ND CLIMATE SUMMARY FOR MARCH 22 2017...

CLIMATE NORMAL PERIOD 1981 TO 2010
CLIMATE RECORD PERIOD 1941 TO 2017


WEATHER ITEM   OBSERVED TIME   RECORD YEAR NORMAL DEPARTURE LAST
                VALUE   (LST)  VALUE       VALUE  FROM      YEAR
                                                  NORMAL
..................................................................
TEMPERATURE (F)
 YESTERDAY
  MAXIMUM         35   1152 PM  69    1945  37     -2       45
  MINIMUM         16    248 AM -15    1974  19     -3       32
  AVERAGE         26                        28     -2       39

PRECIPITATION (IN)
  YESTERDAY        T             0.54 2009   0.04  -0.04      T
  MONTH TO DATE    0.31                      0.68  -0.37     0.53
  SINCE MAR 1      0.31                      0.68  -0.37     0.53
  SINCE JAN 1      1.16                      1.75  -0.59     1.11

SNOWFALL (IN)
  YESTERDAY        0.1           4.0  1962   0.2   -0.1       T
  MONTH TO DATE    0.2                       5.8   -5.6      1.9
  SINCE MAR 1      0.2                       5.8   -5.6      1.9
  SINCE JUL 1     38.5                      43.0   -4.5     27.8
  SNOW DEPTH       0

DEGREE DAYS
 HEATING
  YESTERDAY       39                        37      2       26
  MONTH TO DATE  934                       932      2      635
  SINCE MAR 1    934                       932      2      635
  SINCE JUL 1   6903                      8082  -1179     6614

 COOLING
  YESTERDAY        0                         0      0        0
  MONTH TO DATE    0                         0      0        0
  SINCE MAR 1      0                         0      0        0
  SINCE JAN 1      0                         0      0        0
..................................................................


WIND (MPH)
  HIGHEST WIND SPEED    32   HIGHEST WIND DIRECTION    SE (150)
  HIGHEST GUST SPEED    39   HIGHEST GUST DIRECTION    SE (150)
  AVERAGE WIND SPEED    16.8


SKY COVER
  POSSIBLE SUNSHINE  MM
  AVERAGE SKY COVER 0.7


WEATHER CONDITIONS
 THE FOLLOWING WEATHER WAS RECORDED YESTERDAY.
  LIGHT SNOW
  HAZE


RELATIVE HUMIDITY (PERCENT)
 HIGHEST    67          1200 AM
 LOWEST     36          1200 PM
 AVERAGE    52

..........................................................


THE GRAND FORKS INTL AP ND CLIMATE NORMALS FOR TODAY
                         NORMAL    RECORD    YEAR
 MAXIMUM TEMPERATURE (F)   38        67      1945
 MINIMUM TEMPERATURE (F)   20       -21      1974


SUNRISE AND SUNSET
MARCH 23 2017.........SUNRISE   725 AM CDT   SUNSET   746 PM CDT
MARCH 24 2017.........SUNRISE   723 AM CDT   SUNSET   748 PM CDT


-  INDICATES NEGATIVE NUMBERS.
R  INDICATES RECORD WAS SET OR TIED.
MM INDICATES DATA IS MISSING.
T  INDICATES TRACE AMOUNT.




$$
