360
CDUS43 KFGF 230645
CLIGFK


CLIMATE REPORT
NATIONAL WEATHER SERVICE EASTERN NORTH DAKOTA/GRAND FORKS
141 AM CDT SAT SEP 23 2017


...................................

...THE GRAND FORKS INTL AP ND CLIMATE SUMMARY FOR SEPTEMBER 22 2017...

CLIMATE NORMAL PERIOD 1981 TO 2010
CLIMATE RECORD PERIOD 1948 TO 2017


WEATHER ITEM   OBSERVED TIME   RECORD YEAR NORMAL DEPARTURE LAST
                VALUE   (LST)  VALUE       VALUE  FROM      YEAR
                                                  NORMAL
..................................................................
TEMPERATURE (F)
 YESTERDAY
  MAXIMUM         76    410 PM  84    1999  67      9       67
  MINIMUM         54   1159 PM  20    1974  41     13       45
  AVERAGE         65                        54     11       56

PRECIPITATION (IN)
  YESTERDAY        0.00          0.78 2000   0.07  -0.07     0.00
  MONTH TO DATE    2.73                      1.54   1.19     3.69
  SINCE SEP 1      2.73                      1.54   1.19     3.69
  SINCE JAN 1     13.78                     16.77  -2.99    22.21

SNOWFALL (IN)
  YESTERDAY        0.0          MM      MM   0.0    0.0      0.0
  MONTH TO DATE    0.0                       0.0    0.0      0.0
  SINCE SEP 1      0.0                       0.0    0.0      0.0
  SINCE JUL 1      0.0                       0.0    0.0      0.0
  SNOW DEPTH       0

DEGREE DAYS
 HEATING
  YESTERDAY        0                        11    -11        9
  MONTH TO DATE   87                       162    -75       97
  SINCE SEP 1     87                       162    -75       97
  SINCE JUL 1    106                       244   -138      125

 COOLING
  YESTERDAY        0                         0      0        0
  MONTH TO DATE   36                        24     12       23
  SINCE SEP 1     36                        24     12       23
  SINCE JAN 1    411                       376     35      427
..................................................................


WIND (MPH)
  HIGHEST WIND SPEED    31   HIGHEST WIND DIRECTION     W (280)
  HIGHEST GUST SPEED    42   HIGHEST GUST DIRECTION     W (280)
  AVERAGE WIND SPEED    15.6


SKY COVER
  POSSIBLE SUNSHINE  MM
  AVERAGE SKY COVER 0.7


WEATHER CONDITIONS
 THE FOLLOWING WEATHER WAS RECORDED YESTERDAY.
  NO SIGNIFICANT WEATHER WAS OBSERVED.


RELATIVE HUMIDITY (PERCENT)
 HIGHEST    93           200 AM
 LOWEST     63          1200 PM
 AVERAGE    78

..........................................................


THE GRAND FORKS INTL AP ND CLIMATE NORMALS FOR TODAY
                         NORMAL    RECORD    YEAR
 MAXIMUM TEMPERATURE (F)   66        93      2007
 MINIMUM TEMPERATURE (F)   41        24      1989


SUNRISE AND SUNSET
SEPTEMBER 23 2017.....SUNRISE   717 AM CDT   SUNSET   724 PM CDT
SEPTEMBER 24 2017.....SUNRISE   719 AM CDT   SUNSET   722 PM CDT


-  INDICATES NEGATIVE NUMBERS.
R  INDICATES RECORD WAS SET OR TIED.
MM INDICATES DATA IS MISSING.
T  INDICATES TRACE AMOUNT.




$$
