000
CDUS43 KFGF 200634
CLIGFK


CLIMATE REPORT
NATIONAL WEATHER SERVICE EASTERN NORTH DAKOTA/GRAND FORKS
1233 AM CST SAT JAN 20 2018


...................................

...THE GRAND FORKS INTL AP ND CLIMATE SUMMARY FOR JANUARY 19 2018...

CLIMATE NORMAL PERIOD 1981 TO 2010
CLIMATE RECORD PERIOD 1948 TO 2018


WEATHER ITEM   OBSERVED TIME   RECORD YEAR NORMAL DEPARTURE LAST
                VALUE   (LST)  VALUE       VALUE  FROM      YEAR
                                                  NORMAL
..................................................................
TEMPERATURE (F)
 YESTERDAY
  MAXIMUM         41R  1131 AM  38    1991  16     25       35
  MINIMUM         27   1212 AM -35    1970  -4     31       22
  AVERAGE         34                         6     28       29

PRECIPITATION (IN)
  YESTERDAY        0.00          0.10 1979   0.01  -0.01     0.00
  MONTH TO DATE    0.50                      0.35   0.15     0.42
  SINCE DEC 1      1.27                      0.96   0.31     2.03
  SINCE JAN 1      0.50                      0.35   0.15     0.42

SNOWFALL (IN)
  YESTERDAY        0.0           1.0  1979   0.3   -0.3      0.0
  MONTH TO DATE    9.3                       6.9    2.4      7.1
  SINCE DEC 1     17.5                      17.6   -0.1     32.2
  SINCE JUL 1     27.7                      26.8    0.9     33.3
  SNOW DEPTH       8

DEGREE DAYS
 HEATING
  YESTERDAY       31                        59    -28       36
  MONTH TO DATE 1126                      1113     13     1188
  SINCE DEC 1   2781                      2773      8     2792
  SINCE JUL 1   4766                      4972   -206     4260

 COOLING
  YESTERDAY        0                         0      0        0
  MONTH TO DATE    0                         0      0        0
  SINCE DEC 1      0                         0      0        0
  SINCE JAN 1      0                         0      0        0
..................................................................


WIND (MPH)
  HIGHEST WIND SPEED    16   HIGHEST WIND DIRECTION     W (290)
  HIGHEST GUST SPEED    22   HIGHEST GUST DIRECTION     W (290)
  AVERAGE WIND SPEED     8.4


SKY COVER
  POSSIBLE SUNSHINE  MM
  AVERAGE SKY COVER 0.6


WEATHER CONDITIONS
 THE FOLLOWING WEATHER WAS RECORDED YESTERDAY.
  NO SIGNIFICANT WEATHER WAS OBSERVED.


RELATIVE HUMIDITY (PERCENT)
 HIGHEST    92          1200 AM
 LOWEST     76          1000 AM
 AVERAGE    84

..........................................................


THE GRAND FORKS INTL AP ND CLIMATE NORMALS FOR TODAY
                         NORMAL    RECORD    YEAR
 MAXIMUM TEMPERATURE (F)   16        40      1964
 MINIMUM TEMPERATURE (F)   -4       -35      1970


SUNRISE AND SUNSET
JANUARY 20 2018.......SUNRISE   809 AM CST   SUNSET   511 PM CST
JANUARY 21 2018.......SUNRISE   809 AM CST   SUNSET   512 PM CST


-  INDICATES NEGATIVE NUMBERS.
R  INDICATES RECORD WAS SET OR TIED.
MM INDICATES DATA IS MISSING.
T  INDICATES TRACE AMOUNT.




$$
