000
CDUS43 KFGF 270632
CLIGFK


CLIMATE REPORT
NATIONAL WEATHER SERVICE EASTERN NORTH DAKOTA/GRAND FORKS
131 AM CDT WED MAY 27 2015


...................................

...THE GRAND FORKS INTL AP ND CLIMATE SUMMARY FOR MAY 26 2015...

CLIMATE NORMAL PERIOD 1981 TO 2010
CLIMATE RECORD PERIOD 1941 TO 2015


WEATHER ITEM   OBSERVED TIME   RECORD YEAR NORMAL DEPARTURE LAST
                VALUE   (LST)  VALUE       VALUE  FROM      YEAR
                                                  NORMAL
..................................................................
TEMPERATURE (F)
 YESTERDAY
  MAXIMUM         85    356 PM  92    1931  71     14       76
  MINIMUM         51    332 AM  29    1984  45      6       51
                                      1961
  AVERAGE         68                        58     10       64

PRECIPITATION (IN)
  YESTERDAY        T             1.12 2007   0.10  -0.10     0.00
  MONTH TO DATE    3.80                      2.18   1.62     1.97
  SINCE MAR 1      4.84                      4.15   0.69     5.52
  SINCE JAN 1      5.66                      5.22   0.44     6.59

SNOWFALL (IN)
  YESTERDAY        0.0          MM      MM   0.0    0.0      0.0
  MONTH TO DATE    T                         0.1   -0.1      0.0
  SINCE MAR 1      2.7                      10.2   -7.5     14.6
  SINCE JUL 1     17.0                      47.4  -30.4     60.3
  SNOW DEPTH       0

DEGREE DAYS
 HEATING
  YESTERDAY        0                         8     -8        1
  MONTH TO DATE  327                       300     27      367
  SINCE MAR 1   1985                      2228   -243     2646
  SINCE JUL 1   8902                      9378   -476    10541

 COOLING
  YESTERDAY        3                         1      2        0
  MONTH TO DATE    3                        11     -8       19
  SINCE MAR 1      3                        12     -9       19
  SINCE JAN 1      3                        12     -9       19
..................................................................


WIND (MPH)
  HIGHEST WIND SPEED    23   HIGHEST WIND DIRECTION     N (350)
  HIGHEST GUST SPEED    31   HIGHEST GUST DIRECTION    NW (330)
  AVERAGE WIND SPEED     7.0


SKY COVER
  POSSIBLE SUNSHINE  MM
  AVERAGE SKY COVER 0.3


WEATHER CONDITIONS
 THE FOLLOWING WEATHER WAS RECORDED YESTERDAY.
  NO SIGNIFICANT WEATHER WAS OBSERVED.


RELATIVE HUMIDITY (PERCENT)
 HIGHEST    89           500 AM
 LOWEST     23           300 PM
 AVERAGE    56

..........................................................


THE GRAND FORKS INTL AP ND CLIMATE NORMALS FOR TODAY
                         NORMAL    RECORD    YEAR
 MAXIMUM TEMPERATURE (F)   71        99      1934
 MINIMUM TEMPERATURE (F)   46        21      1907


SUNRISE AND SUNSET
MAY 27 2015...........SUNRISE   538 AM CDT   SUNSET   915 PM CDT
MAY 28 2015...........SUNRISE   537 AM CDT   SUNSET   916 PM CDT


-  INDICATES NEGATIVE NUMBERS.
R  INDICATES RECORD WAS SET OR TIED.
MM INDICATES DATA IS MISSING.
T  INDICATES TRACE AMOUNT.




$$
