000
CDUS43 KFGF 212156
CLIGFK


CLIMATE REPORT
NATIONAL WEATHER SERVICE EASTERN NORTH DAKOTA/GRAND FORKS
454 PM CDT FRI JUL 21 2017


...................................

...THE GRAND FORKS INTL AP ND CLIMATE SUMMARY FOR JULY 21 2017...
VALID TODAY AS OF 0400 PM LOCAL TIME.

CLIMATE NORMAL PERIOD 1981 TO 2010
CLIMATE RECORD PERIOD 1948 TO 2017


WEATHER ITEM   OBSERVED TIME   RECORD YEAR NORMAL DEPARTURE LAST
                VALUE   (LST)  VALUE       VALUE  FROM      YEAR
                                                  NORMAL
..................................................................
TEMPERATURE (F)
 TODAY
  MAXIMUM         88   1253 PM  98    1955  82      6       89
  MINIMUM         69   1240 AM  42    1973  57     12       62
  AVERAGE         79                        69     10       76

PRECIPITATION (IN)
  TODAY            0.25          2.79 2014   0.09   0.16     0.00
  MONTH TO DATE    1.14                      2.27  -1.13     4.47
  SINCE JUN 1      5.71                      5.75  -0.04     7.77
  SINCE JAN 1      9.86                     11.47  -1.61    14.16

SNOWFALL (IN)
  TODAY            0.0          MM      MM   0.0    0.0      0.0
  MONTH TO DATE    0.0                       0.0    0.0      0.0
  SINCE JUN 1      0.0                       0.0    0.0      0.0
  SINCE JUL 1      0.0                       0.0    0.0      0.0
  SNOW DEPTH       0

DEGREE DAYS
 HEATING
  TODAY            0                         1     -1        0
  MONTH TO DATE    8                        22    -14       12
  SINCE JUN 1     53                       125    -72       66
  SINCE JUL 1      8                        22    -14       12

 COOLING
  TODAY           14                         5      9       11
  MONTH TO DATE  124                        95     29       99
  SINCE JUN 1    222                       170     52      177
  SINCE JAN 1    224                       187     37      199
..................................................................


WIND (MPH)
  HIGHEST WIND SPEED    25   HIGHEST WIND DIRECTION     S (200)
  HIGHEST GUST SPEED    41   HIGHEST GUST DIRECTION    SW (240)
  AVERAGE WIND SPEED     7.6


SKY COVER
  POSSIBLE SUNSHINE  MM
  AVERAGE SKY COVER 0.5


WEATHER CONDITIONS
 THE FOLLOWING WEATHER WAS RECORDED TODAY.
  THUNDERSTORM
  HEAVY RAIN
  LIGHT RAIN


RELATIVE HUMIDITY (PERCENT)
 HIGHEST    90           500 AM
 LOWEST     63           100 PM
 AVERAGE    77

..........................................................


THE GRAND FORKS INTL AP ND CLIMATE NORMALS FOR TOMORROW
                         NORMAL    RECORD    YEAR
 MAXIMUM TEMPERATURE (F)   82        97      1976
 MINIMUM TEMPERATURE (F)   57        45      1985
                                             1973
                                             1949


SUNRISE AND SUNSET
JULY 21 2017..........SUNRISE   552 AM CDT   SUNSET   918 PM CDT
JULY 22 2017..........SUNRISE   553 AM CDT   SUNSET   917 PM CDT


-  INDICATES NEGATIVE NUMBERS.
R  INDICATES RECORD WAS SET OR TIED.
MM INDICATES DATA IS MISSING.
T  INDICATES TRACE AMOUNT.




$$
