000
CDUS43 KFGF 300644
CLIGFK


CLIMATE REPORT
NATIONAL WEATHER SERVICE EASTERN NORTH DAKOTA/GRAND FORKS
141 AM CDT MON MAY 30 2016


...................................

...THE GRAND FORKS INTL AP ND CLIMATE SUMMARY FOR MAY 29 2016...

CLIMATE NORMAL PERIOD 1981 TO 2010
CLIMATE RECORD PERIOD 1941 TO 2016


WEATHER ITEM   OBSERVED TIME   RECORD YEAR NORMAL DEPARTURE LAST
                VALUE   (LST)  VALUE       VALUE  FROM      YEAR
                                                  NORMAL
..................................................................
TEMPERATURE (F)
 YESTERDAY
  MAXIMUM         77    412 PM  93    2010  72      5       60
                                      1988
  MINIMUM         51   1141 PM  30    1961  46      5       38
                                      1947
  AVERAGE         64                        59      5       49

PRECIPITATION (IN)
  YESTERDAY        T             1.21 1962   0.10  -0.10     0.00
  MONTH TO DATE    1.83                      2.47  -0.64     4.45
  SINCE MAR 1      3.94                      4.44  -0.50     5.49
  SINCE JAN 1      4.52                      5.51  -0.99     6.31

SNOWFALL (IN)
  YESTERDAY        0.0          MM      MM   0.0    0.0      0.0
  MONTH TO DATE    T                         0.1   -0.1       T
  SINCE MAR 1      2.5                      10.2   -7.7      2.7
  SINCE JUL 1     28.4                      47.4  -19.0     17.0
  SNOW DEPTH       0

DEGREE DAYS
 HEATING
  YESTERDAY        1                         7     -6       16
  MONTH TO DATE  216                       321   -105      343
  SINCE MAR 1   1829                      2249   -420     2001
  SINCE JUL 1   7808                      9399  -1591     8918

 COOLING
  YESTERDAY        0                         1     -1        0
  MONTH TO DATE   22                        14      8        6
  SINCE MAR 1     22                        15      7        6
  SINCE JAN 1     22                        15      7        6
..................................................................


WIND (MPH)
  HIGHEST WIND SPEED    24   HIGHEST WIND DIRECTION     W (290)
  HIGHEST GUST SPEED    33   HIGHEST GUST DIRECTION     W (290)
  AVERAGE WIND SPEED     8.3


SKY COVER
  POSSIBLE SUNSHINE  MM
  AVERAGE SKY COVER 0.6


WEATHER CONDITIONS
 THE FOLLOWING WEATHER WAS RECORDED YESTERDAY.
  LIGHT RAIN
  FOG


RELATIVE HUMIDITY (PERCENT)
 HIGHEST    97          1200 AM
 LOWEST     33           400 PM
 AVERAGE    65

..........................................................


THE GRAND FORKS INTL AP ND CLIMATE NORMALS FOR TODAY
                         NORMAL    RECORD    YEAR
 MAXIMUM TEMPERATURE (F)   72        92      1986
 MINIMUM TEMPERATURE (F)   47        29      1947


SUNRISE AND SUNSET
MAY 30 2016...........SUNRISE   535 AM CDT   SUNSET   919 PM CDT
MAY 31 2016...........SUNRISE   534 AM CDT   SUNSET   920 PM CDT


-  INDICATES NEGATIVE NUMBERS.
R  INDICATES RECORD WAS SET OR TIED.
MM INDICATES DATA IS MISSING.
T  INDICATES TRACE AMOUNT.




$$
