000
CDUS43 KFGF 020631
CLIGFK


CLIMATE REPORT
NATIONAL WEATHER SERVICE EASTERN NORTH DAKOTA/GRAND FORKS
131 AM CDT THU OCT 2 2014


...................................

...THE GRAND FORKS INTL AP ND CLIMATE SUMMARY FOR OCTOBER 1 2014...

CLIMATE NORMAL PERIOD 1981 TO 2010
CLIMATE RECORD PERIOD 1941 TO 2014


WEATHER ITEM   OBSERVED TIME   RECORD YEAR NORMAL DEPARTURE LAST
                VALUE   (LST)  VALUE       VALUE  FROM      YEAR
                                                  NORMAL
..................................................................
TEMPERATURE (F)
 YESTERDAY
  MAXIMUM         67    144 PM  92    1992  62      5       69
  MINIMUM         57   1159 PM  23    2003  38     19       45
                                      1993
                                      1975
  AVERAGE         62                        50     12       57

PRECIPITATION (IN)
  YESTERDAY        T             1.17 2009   0.07  -0.07      T
  MONTH TO DATE    T                         0.07  -0.07      T
  SINCE SEP 1      1.29                      2.12  -0.83     1.97
  SINCE JAN 1     21.97                     17.35   4.62    16.20

SNOWFALL (IN)
  YESTERDAY        0.0           0.1  1996   0.0    0.0      0.0
  MONTH TO DATE    0.0                       0.0    0.0      0.0
  SINCE SEP 1      0.0                       T      0.0      0.0
  SINCE JUL 1      0.0                       T      0.0      0.0
  SNOW DEPTH       0

DEGREE DAYS
 HEATING
  YESTERDAY        3                        15    -12        8
  MONTH TO DATE    3                        15    -12        8
  SINCE SEP 1    195                       284    -89      140
  SINCE JUL 1    249                       366   -117      222

 COOLING
  YESTERDAY        0                         0      0        0
  MONTH TO DATE    0                         0      0        0
  SINCE SEP 1     34                        26      8       39
  SINCE JAN 1    395                       378     17      487
..................................................................


WIND (MPH)
  HIGHEST WIND SPEED    26   HIGHEST WIND DIRECTION     S (190)
  HIGHEST GUST SPEED    35   HIGHEST GUST DIRECTION     S (190)
  AVERAGE WIND SPEED    13.1


SKY COVER
  POSSIBLE SUNSHINE  MM
  AVERAGE SKY COVER 0.9


WEATHER CONDITIONS
 THE FOLLOWING WEATHER WAS RECORDED YESTERDAY.
  NO SIGNIFICANT WEATHER WAS OBSERVED.


RELATIVE HUMIDITY (PERCENT)
 HIGHEST    86           700 AM
 LOWEST     58           100 PM
 AVERAGE    72

..........................................................


THE GRAND FORKS INTL AP ND CLIMATE NORMALS FOR TODAY
                         NORMAL    RECORD    YEAR
 MAXIMUM TEMPERATURE (F)   62        83      2011
                                             1997
 MINIMUM TEMPERATURE (F)   37        19      1999
                                             1974


SUNRISE AND SUNSET
OCTOBER  2 2014.......SUNRISE   729 AM CDT   SUNSET   706 PM CDT
OCTOBER  3 2014.......SUNRISE   731 AM CDT   SUNSET   704 PM CDT


-  INDICATES NEGATIVE NUMBERS.
R  INDICATES RECORD WAS SET OR TIED.
MM INDICATES DATA IS MISSING.
T  INDICATES TRACE AMOUNT.




$$
