513
CDUS41 KALY 250623
CLIGFL


CLIMATE REPORT
NATIONAL WEATHER SERVICE ALBANY NY
223 AM EDT TUE APR 25 2017


...................................

...THE GLENS FALLS NY CLIMATE SUMMARY FOR APRIL 24 2017...

CLIMATE NORMAL PERIOD 1981 TO 2010
CLIMATE RECORD PERIOD 1949 TO 2017


WEATHER ITEM   OBSERVED TIME   RECORD YEAR NORMAL DEPARTURE LAST
                VALUE   (LST)  VALUE       VALUE  FROM      YEAR
                                                  NORMAL
..................................................................
TEMPERATURE (F)
 YESTERDAY
  MAXIMUM         65    316 PM  82    2001  61      4       54
  MINIMUM         32    457 AM  26    2002  36     -4       32
  AVERAGE         49                        48      1       43

PRECIPITATION (IN)
  YESTERDAY        0.00          2.66 1968   0.10  -0.10     0.00
  MONTH TO DATE    2.96                      2.35   0.61     1.15
  SINCE MAR 1      5.50                      5.29   0.21     3.43
  SINCE JAN 1     10.19                     10.23  -0.04     8.22

DEGREE DAYS
 HEATING
  YESTERDAY       16                        17     -1       22
  MONTH TO DATE  398                       518   -120      518
  SINCE MAR 1   1466                      1561    -95     1332
  SINCE JUL 1   5988                      7181  -1193     5512

 COOLING
  YESTERDAY        0                         0      0        0
  MONTH TO DATE    2                         0      2        0
  SINCE MAR 1      2                         0      2        0
  SINCE JAN 1      2                         0      2        0
..................................................................


WIND (MPH)
  HIGHEST WIND SPEED    15   HIGHEST WIND DIRECTION    NE (60)
  HIGHEST GUST SPEED    18   HIGHEST GUST DIRECTION    NE (60)
  AVERAGE WIND SPEED     6.4


SKY COVER
  AVERAGE SKY COVER 0.0



RELATIVE HUMIDITY (PERCENT)
 HIGHEST    89           500 AM
 LOWEST     37           300 PM
 AVERAGE    63

..........................................................


THE GLENS FALLS NY CLIMATE NORMALS FOR TODAY
                         NORMAL    RECORD    YEAR
 MAXIMUM TEMPERATURE (F)   61        89      2009
 MINIMUM TEMPERATURE (F)   36        23      2003


SUNRISE AND SUNSET
APRIL 25 2017.........SUNRISE   556 AM EDT   SUNSET   749 PM EDT
APRIL 26 2017.........SUNRISE   554 AM EDT   SUNSET   751 PM EDT


-  INDICATES NEGATIVE NUMBERS.
R  INDICATES RECORD WAS SET OR TIED.
MM INDICATES DATA IS MISSING.
T  INDICATES TRACE AMOUNT.




$$
