000
CDUS41 KALY 180621
CLIGFL


CLIMATE REPORT
NATIONAL WEATHER SERVICE ALBANY NY
121 AM EST THU DEC 18 2014


...................................

...THE GLENS FALLS NY CLIMATE SUMMARY FOR DECEMBER 17 2014...

CLIMATE NORMAL PERIOD 1981 TO 2010
CLIMATE RECORD PERIOD 1949 TO 2014


WEATHER ITEM   OBSERVED TIME   RECORD YEAR NORMAL DEPARTURE LAST
                VALUE   (LST)  VALUE       VALUE  FROM      YEAR
                                                  NORMAL
..................................................................
TEMPERATURE (F)
 YESTERDAY
  MAXIMUM         41    459 PM  56    1984  33      8       12
  MINIMUM         33    800 AM -18    2013  15     18      -18
  AVERAGE         37                        24     13       -3

PRECIPITATION (IN)
  YESTERDAY        0.07          1.22 1973   0.09  -0.02     0.08
  MONTH TO DATE    2.67                      1.80   0.87     1.37
  SINCE DEC 1      2.67                      1.80   0.87     1.37
  SINCE JAN 1     35.02                     37.81  -2.79    34.21

DEGREE DAYS
 HEATING
  YESTERDAY       28                        41    -13       68
  MONTH TO DATE  600                       634    -34      700
  SINCE DEC 1    600                       634    -34      700
  SINCE JUL 1   2061                      2332   -271     2379

 COOLING
  YESTERDAY        0                         0      0        0
  MONTH TO DATE    0                         0      0        0
  SINCE DEC 1      0                         0      0        0
  SINCE JAN 1    392                       352     40      537
..................................................................


WIND (MPH)
  HIGHEST WIND SPEED    10   HIGHEST WIND DIRECTION     S (200)
  HIGHEST GUST SPEED    14   HIGHEST GUST DIRECTION    SW (220)
  AVERAGE WIND SPEED     3.2


SKY COVER
  AVERAGE SKY COVER 1.0



RELATIVE HUMIDITY (PERCENT)
 HIGHEST   100           700 AM
 LOWEST     76           800 PM
 AVERAGE    88

..........................................................


THE GLENS FALLS NY CLIMATE NORMALS FOR TODAY
                         NORMAL    RECORD    YEAR
 MAXIMUM TEMPERATURE (F)   33        51      2006
 MINIMUM TEMPERATURE (F)   15       -13      2007


SUNRISE AND SUNSET
DECEMBER 18 2014......SUNRISE   722 AM EST   SUNSET   420 PM EST
DECEMBER 19 2014......SUNRISE   722 AM EST   SUNSET   421 PM EST


-  INDICATES NEGATIVE NUMBERS.
R  INDICATES RECORD WAS SET OR TIED.
MM INDICATES DATA IS MISSING.
T  INDICATES TRACE AMOUNT.




$$
