000
CDUS41 KALY 190622
CLIGFL


CLIMATE REPORT
NATIONAL WEATHER SERVICE ALBANY NY
222 AM EDT THU OCT 19 2017


...................................

...THE GLENS FALLS NY CLIMATE SUMMARY FOR OCTOBER 18 2017...

CLIMATE NORMAL PERIOD 1981 TO 2010
CLIMATE RECORD PERIOD 1949 TO 2017


WEATHER ITEM   OBSERVED TIME   RECORD YEAR NORMAL DEPARTURE LAST
                VALUE   (LST)  VALUE       VALUE  FROM      YEAR
                                                  NORMAL
..................................................................
TEMPERATURE (F)
 YESTERDAY
  MAXIMUM         68    358 PM  84    2016  57     11       84
  MINIMUM         33    628 AM  18    1978  34     -1       52
  AVERAGE         51                        46      5       68

PRECIPITATION (IN)
  YESTERDAY        0.00          2.11 1975   0.11  -0.11      T
  MONTH TO DATE    1.12                      2.07  -0.95     0.52
  SINCE SEP 1      3.44                      5.45  -2.01     1.73
  SINCE JAN 1     30.57                     31.26  -0.69    22.89

DEGREE DAYS
 HEATING
  YESTERDAY       14                        19     -5        0
  MONTH TO DATE  191                       292   -101      200
  SINCE SEP 1    323                       511   -188      303
  SINCE JUL 1    390                       577   -187      309

 COOLING
  YESTERDAY        0                         0      0        3
  MONTH TO DATE    3                         0      3        3
  SINCE SEP 1     70                        24     46       58
  SINCE JAN 1    384                       351     33      643
..................................................................


WIND (MPH)
  HIGHEST WIND SPEED    15   HIGHEST WIND DIRECTION    SE (150)
  HIGHEST GUST SPEED    19   HIGHEST GUST DIRECTION    SW (210)
  AVERAGE WIND SPEED     3.5


SKY COVER
  AVERAGE SKY COVER 0.0



RELATIVE HUMIDITY (PERCENT)
 HIGHEST    92           300 AM
 LOWEST     45           300 PM
 AVERAGE    69

..........................................................


THE GLENS FALLS NY CLIMATE NORMALS FOR TODAY
                         NORMAL    RECORD    YEAR
 MAXIMUM TEMPERATURE (F)   57        78      1963
 MINIMUM TEMPERATURE (F)   34        16      1974


SUNRISE AND SUNSET
OCTOBER 19 2017.......SUNRISE   713 AM EDT   SUNSET   605 PM EDT
OCTOBER 20 2017.......SUNRISE   715 AM EDT   SUNSET   603 PM EDT


-  INDICATES NEGATIVE NUMBERS.
R  INDICATES RECORD WAS SET OR TIED.
MM INDICATES DATA IS MISSING.
T  INDICATES TRACE AMOUNT.




$$
