000
CDUS44 KSHV 250737
CLIGGG


CLIMATE REPORT
NATIONAL WEATHER SERVICE SHREVEPORT, LA
236 AM CDT MON SEP 25 2017


...................................

...THE LONGVIEW CLIMATE SUMMARY FOR SEPTEMBER 24 2017...

CLIMATE NORMAL PERIOD 1981 TO 2010
CLIMATE RECORD PERIOD 1902 TO 2017


WEATHER ITEM   OBSERVED TIME   RECORD YEAR NORMAL DEPARTURE LAST
                VALUE   (LST)  VALUE       VALUE  FROM      YEAR
                                                  NORMAL
..................................................................
TEMPERATURE (F)
 YESTERDAY
  MAXIMUM         92    251 PM 101    1939  85      7       92
  MINIMUM         69    325 AM  46    1994  62      7       71
  AVERAGE         81                        73      8       82

PRECIPITATION (IN)
  YESTERDAY        0.00          3.43 2005   0.12  -0.12     0.00
  MONTH TO DATE    0.01                      2.57  -2.56     0.03
  SINCE DEC 1     40.34                     37.71   2.63    46.79
  SINCE JAN 1     35.54                     33.22   2.32    40.73

SNOWFALL (IN)
  YESTERDAY        0.0
  MONTH TO DATE    0.0
  SINCE SEP 1      0.0
  SINCE JUL 1      0.0
  SNOW DEPTH       0

DEGREE DAYS
 HEATING
  YESTERDAY        0                         0      0        0
  MONTH TO DATE    0                         0      0        0
  SINCE SEP 1      0                         0      0        0
  SINCE JUL 1      0                         0      0        0

 COOLING
  YESTERDAY       16                         9      7       17
  MONTH TO DATE  281                       294    -13      384
  SINCE SEP 1    281                       294    -13      384
  SINCE JAN 1   2349                      2234    115     2429
..................................................................


WIND (MPH)
  HIGHEST WIND SPEED    15   HIGHEST WIND DIRECTION    SE (140)
  HIGHEST GUST SPEED    25   HIGHEST GUST DIRECTION    SE (140)
  AVERAGE WIND SPEED     4.8


SKY COVER
  POSSIBLE SUNSHINE  MM
  AVERAGE SKY COVER 0.1


WEATHER CONDITIONS
 THE FOLLOWING WEATHER WAS RECORDED YESTERDAY.
  FOG


RELATIVE HUMIDITY (PERCENT)
 HIGHEST   100           300 AM
 LOWEST     41           300 PM
 AVERAGE    71

..........................................................


THE LONGVIEW CLIMATE NORMALS FOR TODAY
                         NORMAL    RECORD    YEAR
 MAXIMUM TEMPERATURE (F)   85       100      1945
 MINIMUM TEMPERATURE (F)   61        45      1994


SUNRISE AND SUNSET
SEPTEMBER 25 2017.....SUNRISE   709 AM CDT   SUNSET   711 PM CDT
SEPTEMBER 26 2017.....SUNRISE   710 AM CDT   SUNSET   710 PM CDT


-  INDICATES NEGATIVE NUMBERS.
R  INDICATES RECORD WAS SET OR TIED.
MM INDICATES DATA IS MISSING.
T  INDICATES TRACE AMOUNT.




$$
