000
CDUS44 KSHV 290744
CLIGGG


CLIMATE REPORT
NATIONAL WEATHER SERVICE SHREVEPORT, LA
244 AM CDT WED MAR 29 2017


...................................

...THE LONGVIEW CLIMATE SUMMARY FOR MARCH 28 2017...

CLIMATE NORMAL PERIOD 1981 TO 2010
CLIMATE RECORD PERIOD 1902 TO 2017


WEATHER ITEM   OBSERVED TIME   RECORD YEAR NORMAL DEPARTURE LAST
                VALUE   (LST)  VALUE       VALUE  FROM      YEAR
                                                  NORMAL
..................................................................
TEMPERATURE (F)
 YESTERDAY
  MAXIMUM         85    416 PM  86    1907  72     13       71
  MINIMUM         64   1253 AM  26    1931  49     15       41
  AVERAGE         75                        60     15       56

PRECIPITATION (IN)
  YESTERDAY        0.00          2.50 1906   0.14  -0.14     0.00
  MONTH TO DATE    2.00                      3.95  -1.95    10.54
  SINCE DEC 1     14.77                     15.80  -1.03    20.88
  SINCE JAN 1      9.97                     11.31  -1.34    14.82

SNOWFALL (IN)
  YESTERDAY        0.0
  MONTH TO DATE    0.0
  SINCE MAR 1      0.0
  SINCE JUL 1      0.0
  SNOW DEPTH       0

DEGREE DAYS
 HEATING
  YESTERDAY        0                         6     -6        9
  MONTH TO DATE  144                       238    -94      137
  SINCE MAR 1    144                       238    -94      137
  SINCE JUL 1   1245                      2142   -897     1586

 COOLING
  YESTERDAY       10                         1      9        0
  MONTH TO DATE   89                        28     61       24
  SINCE MAR 1     89                        28     61       24
  SINCE JAN 1    160                        40    120       30
..................................................................


WIND (MPH)
  HIGHEST WIND SPEED    20   HIGHEST WIND DIRECTION     S (160)
  HIGHEST GUST SPEED    26   HIGHEST GUST DIRECTION    SE (140)
  AVERAGE WIND SPEED     8.7


SKY COVER
  POSSIBLE SUNSHINE  MM
  AVERAGE SKY COVER 0.7


WEATHER CONDITIONS
 THE FOLLOWING WEATHER WAS RECORDED YESTERDAY.
  HAZE


RELATIVE HUMIDITY (PERCENT)
 HIGHEST    93          1200 AM
 LOWEST     54           600 PM
 AVERAGE    74

..........................................................


THE LONGVIEW CLIMATE NORMALS FOR TODAY
                         NORMAL    RECORD    YEAR
 MAXIMUM TEMPERATURE (F)   72        89      1967
 MINIMUM TEMPERATURE (F)   49        26      1921


SUNRISE AND SUNSET
MARCH 29 2017.........SUNRISE   711 AM CDT   SUNSET   737 PM CDT
MARCH 30 2017.........SUNRISE   709 AM CDT   SUNSET   738 PM CDT


-  INDICATES NEGATIVE NUMBERS.
R  INDICATES RECORD WAS SET OR TIED.
MM INDICATES DATA IS MISSING.
T  INDICATES TRACE AMOUNT.




$$
