000
CDUS44 KSHV 190836
CLIGGG


CLIMATE REPORT
NATIONAL WEATHER SERVICE SHREVEPORT, LA
236 AM CST SUN FEB 19 2017


...................................

...THE LONGVIEW CLIMATE SUMMARY FOR FEBRUARY 18 2017...

CLIMATE NORMAL PERIOD 1981 TO 2010
CLIMATE RECORD PERIOD 1902 TO 2017


WEATHER ITEM   OBSERVED TIME   RECORD YEAR NORMAL DEPARTURE LAST
                VALUE   (LST)  VALUE       VALUE  FROM      YEAR
                                                  NORMAL
..................................................................
TEMPERATURE (F)
 YESTERDAY
  MAXIMUM         79    416 PM  83    1911  63     16       78
  MINIMUM         52    417 AM   9    1910  39     13       41
  AVERAGE         66                        51     15       60

PRECIPITATION (IN)
  YESTERDAY        0.00          2.13 2012   0.16  -0.16     0.00
  MONTH TO DATE    1.14                      2.53  -1.39     1.36
  SINCE DEC 1     11.44                     10.34   1.10     9.14
  SINCE JAN 1      6.64                      5.85   0.79     3.08

SNOWFALL (IN)
  YESTERDAY        0.0
  MONTH TO DATE    0.0
  SINCE DEC 1      0.0
  SINCE JUL 1      0.0
  SNOW DEPTH       0

DEGREE DAYS
 HEATING
  YESTERDAY        0                        14    -14        5
  MONTH TO DATE  139                       292   -153      235
  SINCE DEC 1    905                      1403   -498     1154
  SINCE JUL 1   1065                      1775   -710     1354

 COOLING
  YESTERDAY        1                         0      1        0
  MONTH TO DATE   26                         0     26        0
  SINCE DEC 1     63                        10     53       22
  SINCE JAN 1     45                         4     41        0
..................................................................


WIND (MPH)
  HIGHEST WIND SPEED    14   HIGHEST WIND DIRECTION     S (170)
  HIGHEST GUST SPEED    17   HIGHEST GUST DIRECTION     S (160)
  AVERAGE WIND SPEED     7.1


SKY COVER
  POSSIBLE SUNSHINE  MM
  AVERAGE SKY COVER 0.6


WEATHER CONDITIONS
 THE FOLLOWING WEATHER WAS RECORDED YESTERDAY.
  FOG


RELATIVE HUMIDITY (PERCENT)
 HIGHEST   100           100 AM
 LOWEST     54           400 PM
 AVERAGE    77

..........................................................


THE LONGVIEW CLIMATE NORMALS FOR TODAY
                         NORMAL    RECORD    YEAR
 MAXIMUM TEMPERATURE (F)   63        79      1948
 MINIMUM TEMPERATURE (F)   40        12      1910


SUNRISE AND SUNSET
FEBRUARY 19 2017......SUNRISE   657 AM CST   SUNSET   609 PM CST
FEBRUARY 20 2017......SUNRISE   656 AM CST   SUNSET   609 PM CST


-  INDICATES NEGATIVE NUMBERS.
R  INDICATES RECORD WAS SET OR TIED.
MM INDICATES DATA IS MISSING.
T  INDICATES TRACE AMOUNT.




$$
