000
CDUS44 KSHV 290849
CLIGGG


CLIMATE REPORT
NATIONAL WEATHER SERVICE SHREVEPORT, LA
236 AM CST MON DEC 29 2014


...................................

...THE LONGVIEW CLIMATE SUMMARY FOR DECEMBER 28 2014...

CLIMATE NORMAL PERIOD 1981 TO 2010
CLIMATE RECORD PERIOD 1902 TO 2014


WEATHER ITEM   OBSERVED TIME   RECORD YEAR NORMAL DEPARTURE LAST
                VALUE   (LST)  VALUE       VALUE  FROM      YEAR
                                                  NORMAL
..................................................................
TEMPERATURE (F)
 YESTERDAY
  MAXIMUM         41   1015 PM  75    1910  57    -16       54
  MINIMUM         36    818 AM  23    1904  36      0       38
  AVERAGE         39                        46     -7       46

PRECIPITATION (IN)
  YESTERDAY        0.27          1.58 1937   0.12   0.15     0.00
  MONTH TO DATE    2.30                      4.13  -1.83     4.15
  SINCE DEC 1      2.30                      4.13  -1.83     4.15
  SINCE JAN 1     38.81                     47.19  -8.38    40.55

SNOWFALL (IN)
  YESTERDAY       MM
  MONTH TO DATE    0.0
  SINCE DEC 1      0.0
  SINCE JUL 1      0.0
  SNOW DEPTH       0

DEGREE DAYS
 HEATING
  YESTERDAY       26                        19      7       19
  MONTH TO DATE  366                       477   -111      502
  SINCE DEC 1    366                       477   -111      502
  SINCE JUL 1    776                       849    -73      930

 COOLING
  YESTERDAY        0                         0      0        0
  MONTH TO DATE    5                         0      5       11
  SINCE DEC 1      5                         0      5       11
  SINCE JAN 1   2461                      2417     44     2738
..................................................................


WIND (MPH)
  HIGHEST WIND SPEED    17   HIGHEST WIND DIRECTION    NW (320)
  HIGHEST GUST SPEED    22   HIGHEST GUST DIRECTION    NW (330)
  AVERAGE WIND SPEED     5.7


SKY COVER
  POSSIBLE SUNSHINE  MM
  AVERAGE SKY COVER 1.0


WEATHER CONDITIONS
 THE FOLLOWING WEATHER WAS RECORDED YESTERDAY.
  RAIN
  LIGHT RAIN
  FOG


RELATIVE HUMIDITY (PERCENT)
 HIGHEST    92           100 PM
 LOWEST     79           100 AM
 AVERAGE    86

..........................................................


THE LONGVIEW CLIMATE NORMALS FOR TODAY
                         NORMAL    RECORD    YEAR
 MAXIMUM TEMPERATURE (F)   57        77      1996
 MINIMUM TEMPERATURE (F)   36        12      1925


SUNRISE AND SUNSET
DECEMBER 29 2014......SUNRISE   720 AM CST   SUNSET   522 PM CST
DECEMBER 30 2014......SUNRISE   720 AM CST   SUNSET   523 PM CST


-  INDICATES NEGATIVE NUMBERS.
R  INDICATES RECORD WAS SET OR TIED.
MM INDICATES DATA IS MISSING.
T  INDICATES TRACE AMOUNT.




$$
