000
CDUS44 KSHV 090929
CLIGGG


CLIMATE REPORT
NATIONAL WEATHER SERVICE SHREVEPORT, LA
250 AM CST FRI DEC 9 2016


...................................

...THE LONGVIEW CLIMATE SUMMARY FOR DECEMBER 8 2016...

CLIMATE NORMAL PERIOD 1981 TO 2010
CLIMATE RECORD PERIOD 1902 TO 2016


WEATHER ITEM   OBSERVED TIME   RECORD YEAR NORMAL DEPARTURE LAST
                VALUE   (LST)  VALUE       VALUE  FROM      YEAR
                                                  NORMAL
..................................................................
TEMPERATURE (F)
 YESTERDAY
  MAXIMUM         46   1226 AM  84    1956  60    -14       70
  MINIMUM         29   1108 PM  16    1950  38     -9       40
  AVERAGE         38                        49    -11       55

PRECIPITATION (IN)
  YESTERDAY        0.03          3.00 1935   0.16  -0.13     0.00
  MONTH TO DATE    2.70                      1.30   1.40     0.00
  SINCE DEC 1      2.70                      1.30   1.40     0.00
  SINCE JAN 1     47.32                     44.36   2.96    61.95

SNOWFALL (IN)
  YESTERDAY       MM
  MONTH TO DATE    0.0
  SINCE DEC 1      0.0
  SINCE JUL 1      0.0
  SNOW DEPTH       0

DEGREE DAYS
 HEATING
  YESTERDAY       27                        16     11       10
  MONTH TO DATE  134                       123     11      130
  SINCE DEC 1    134                       123     11      130
  SINCE JUL 1    294                       495   -201      330

 COOLING
  YESTERDAY        0                         0      0        0
  MONTH TO DATE    0                         0      0        0
  SINCE DEC 1      0                         0      0        0
  SINCE JAN 1   2729                      2417    312     2845
..................................................................


WIND (MPH)
  HIGHEST WIND SPEED    17   HIGHEST WIND DIRECTION     N (340)
  HIGHEST GUST SPEED    24   HIGHEST GUST DIRECTION     N (20)
  AVERAGE WIND SPEED     9.6


SKY COVER
  POSSIBLE SUNSHINE  MM
  AVERAGE SKY COVER 0.7


WEATHER CONDITIONS
 THE FOLLOWING WEATHER WAS RECORDED YESTERDAY.
  LIGHT RAIN


RELATIVE HUMIDITY (PERCENT)
 HIGHEST    96           300 AM
 LOWEST     52           700 PM
 AVERAGE    74

..........................................................


THE LONGVIEW CLIMATE NORMALS FOR TODAY
                         NORMAL    RECORD    YEAR
 MAXIMUM TEMPERATURE (F)   59        83      1939
 MINIMUM TEMPERATURE (F)   38        17      2005


SUNRISE AND SUNSET
DECEMBER  9 2016......SUNRISE   709 AM CST   SUNSET   514 PM CST
DECEMBER 10 2016......SUNRISE   710 AM CST   SUNSET   514 PM CST


-  INDICATES NEGATIVE NUMBERS.
R  INDICATES RECORD WAS SET OR TIED.
MM INDICATES DATA IS MISSING.
T  INDICATES TRACE AMOUNT.




$$
