000
CDUS44 KSHV 250741
CLIGGG


CLIMATE REPORT
NATIONAL WEATHER SERVICE SHREVEPORT, LA
237 AM CDT MON JUL 25 2016


...................................

...THE LONGVIEW CLIMATE SUMMARY FOR JULY 24 2016...

CLIMATE NORMAL PERIOD 1981 TO 2010
CLIMATE RECORD PERIOD 1902 TO 2016


WEATHER ITEM   OBSERVED TIME   RECORD YEAR NORMAL DEPARTURE LAST
                VALUE   (LST)  VALUE       VALUE  FROM      YEAR
                                                  NORMAL
..................................................................
TEMPERATURE (F)
 YESTERDAY
  MAXIMUM         96    422 PM 106    1943  94      2      100
  MINIMUM         74    104 AM  60    1947  74      0       77
  AVERAGE         85                        84      1       89

PRECIPITATION (IN)
  YESTERDAY        0.00          1.36 1902   0.07  -0.07     0.00
  MONTH TO DATE    1.26                      2.40  -1.14     0.15
  SINCE DEC 1     40.33                     31.63   8.70    43.91
  SINCE JAN 1     34.27                     27.14   7.13    41.61

SNOWFALL (IN)
  YESTERDAY        0.0
  MONTH TO DATE    0.0
  SINCE JUN 1      0.0
  SINCE JUL 1      0.0
  SNOW DEPTH       0

DEGREE DAYS
 HEATING
  YESTERDAY        0                         0      0        0
  MONTH TO DATE    0                         0      0        0
  SINCE JUN 1      0                         0      0        0
  SINCE JUL 1      0                         0      0        0

 COOLING
  YESTERDAY       20                        19      1       24
  MONTH TO DATE  501                       443     58      455
  SINCE JUN 1    983                       882    101      941
  SINCE JAN 1   1345                      1261     84     1399
..................................................................


WIND (MPH)
  HIGHEST WIND SPEED    22   HIGHEST WIND DIRECTION     E (90)
  HIGHEST GUST SPEED    27   HIGHEST GUST DIRECTION     E (80)
  AVERAGE WIND SPEED     5.3


SKY COVER
  POSSIBLE SUNSHINE  MM
  AVERAGE SKY COVER 0.1


WEATHER CONDITIONS
 THE FOLLOWING WEATHER WAS RECORDED YESTERDAY.
  NO SIGNIFICANT WEATHER WAS OBSERVED.


RELATIVE HUMIDITY (PERCENT)
 HIGHEST   100           100 AM
 LOWEST     48           200 PM
 AVERAGE    74

..........................................................


THE LONGVIEW CLIMATE NORMALS FOR TODAY
                         NORMAL    RECORD    YEAR
 MAXIMUM TEMPERATURE (F)   94       107      1943
 MINIMUM TEMPERATURE (F)   74        63      1911


SUNRISE AND SUNSET
JULY 25 2016..........SUNRISE   629 AM CDT   SUNSET   821 PM CDT
JULY 26 2016..........SUNRISE   630 AM CDT   SUNSET   821 PM CDT


-  INDICATES NEGATIVE NUMBERS.
R  INDICATES RECORD WAS SET OR TIED.
MM INDICATES DATA IS MISSING.
T  INDICATES TRACE AMOUNT.




$$
