000
CDUS44 KSHV 180854
CLIGGG


CLIMATE REPORT
NATIONAL WEATHER SERVICE SHREVEPORT, LA
254 AM CST SAT NOV 18 2017


...................................

...THE LONGVIEW CLIMATE SUMMARY FOR NOVEMBER 17 2017...

CLIMATE NORMAL PERIOD 1981 TO 2010
CLIMATE RECORD PERIOD 1902 TO 2017


WEATHER ITEM   OBSERVED TIME   RECORD YEAR NORMAL DEPARTURE LAST
                VALUE   (LST)  VALUE       VALUE  FROM      YEAR
                                                  NORMAL
..................................................................
TEMPERATURE (F)
 YESTERDAY
  MAXIMUM         81    345 PM  86    2013  67     14       82
  MINIMUM         64    329 AM  24    1916  45     19       54
  AVERAGE         73                        56     17       68

PRECIPITATION (IN)
  YESTERDAY        0.00          2.81 1907   0.16  -0.16     0.00
  MONTH TO DATE    1.89                      2.48  -0.59     0.02
  SINCE DEC 1     44.30                     45.54  -1.24    47.88
  SINCE JAN 1     39.50                     41.05  -1.55    41.82

SNOWFALL (IN)
  YESTERDAY        0.0
  MONTH TO DATE    0.0
  SINCE SEP 1      0.0
  SINCE JUL 1      0.0
  SNOW DEPTH       0

DEGREE DAYS
 HEATING
  YESTERDAY        0                        10    -10        0
  MONTH TO DATE   59                       124    -65       35
  SINCE SEP 1    148                       213    -65       49
  SINCE JUL 1    148                       213    -65       49

 COOLING
  YESTERDAY        8                         1      7        3
  MONTH TO DATE   83                        20     63       50
  SINCE SEP 1    631                       475    156      683
  SINCE JAN 1   2699                      2415    284     2728
..................................................................


WIND (MPH)
  HIGHEST WIND SPEED    25   HIGHEST WIND DIRECTION     S (191)
  HIGHEST GUST SPEED    31   HIGHEST GUST DIRECTION     S (190)
  AVERAGE WIND SPEED    13.7


SKY COVER
  POSSIBLE SUNSHINE  MM
  AVERAGE SKY COVER 0.6


WEATHER CONDITIONS
 THE FOLLOWING WEATHER WAS RECORDED YESTERDAY.
  NO SIGNIFICANT WEATHER WAS OBSERVED.


RELATIVE HUMIDITY (PERCENT)
 HIGHEST   100           600 AM
 LOWEST     62           300 PM
 AVERAGE    81

..........................................................


THE LONGVIEW CLIMATE NORMALS FOR TODAY
                         NORMAL    RECORD    YEAR
 MAXIMUM TEMPERATURE (F)   67        85      1948
 MINIMUM TEMPERATURE (F)   44        21      1951


SUNRISE AND SUNSET
NOVEMBER 18 2017......SUNRISE   651 AM CST   SUNSET   517 PM CST
NOVEMBER 19 2017......SUNRISE   652 AM CST   SUNSET   516 PM CST


-  INDICATES NEGATIVE NUMBERS.
R  INDICATES RECORD WAS SET OR TIED.
MM INDICATES DATA IS MISSING.
T  INDICATES TRACE AMOUNT.




$$
