000
CDUS44 KSHV 230738
CLIGGG


CLIMATE REPORT
NATIONAL WEATHER SERVICE SHREVEPORT, LA
238 AM CDT WED APR 23 2014


...................................

...THE LONGVIEW CLIMATE SUMMARY FOR APRIL 22 2014...

CLIMATE NORMAL PERIOD 1981 TO 2010
CLIMATE RECORD PERIOD 1902 TO 2014


WEATHER ITEM   OBSERVED TIME   RECORD YEAR NORMAL DEPARTURE LAST
                VALUE   (LST)  VALUE       VALUE  FROM      YEAR
                                                  NORMAL
..................................................................
TEMPERATURE (F)
 YESTERDAY
  MAXIMUM         83    420 PM  93    2011  78      5       79
  MINIMUM         57    531 AM  30    1931  55      2       46
  AVERAGE         70                        66      4       63

PRECIPITATION (IN)
  YESTERDAY        0.00          2.59 1907   0.11  -0.11     0.00
  MONTH TO DATE    2.29                      2.32  -0.03     2.34
  SINCE DEC 1     13.17                     18.52  -5.35    18.16
  SINCE JAN 1      9.02                     14.03  -5.01    13.81

SNOWFALL (IN)
  YESTERDAY        0.0
  MONTH TO DATE    0.0
  SINCE MAR 1      0.1
  SINCE JUL 1      0.3
  SNOW DEPTH       0

DEGREE DAYS
 HEATING
  YESTERDAY        0                         2     -2        2
  MONTH TO DATE  107                        80     27      113
  SINCE MAR 1    455                       335    120      412
  SINCE JUL 1   2579                      2239    340     2002

 COOLING
  YESTERDAY        5                         3      2        0
  MONTH TO DATE   60                        54      6       64
  SINCE MAR 1     70                        81    -11       82
  SINCE JAN 1     75                        93    -18       90
..................................................................


WIND (MPH)
  HIGHEST WIND SPEED    12   HIGHEST WIND DIRECTION    NE (50)
  HIGHEST GUST SPEED    15   HIGHEST GUST DIRECTION    NE (30)
  AVERAGE WIND SPEED     2.5


SKY COVER
  POSSIBLE SUNSHINE  MM
  AVERAGE SKY COVER 0.3


WEATHER CONDITIONS
 THE FOLLOWING WEATHER WAS RECORDED YESTERDAY.
  FOG
  FOG W/VISIBILITY <= 1/4 MILE


RELATIVE HUMIDITY (PERCENT)
 HIGHEST    97           300 AM
 LOWEST     42           500 PM
 AVERAGE    70

..........................................................


THE LONGVIEW CLIMATE NORMALS FOR TODAY
                         NORMAL    RECORD    YEAR
 MAXIMUM TEMPERATURE (F)   78        91      2011
 MINIMUM TEMPERATURE (F)   55        39      1959


SUNRISE AND SUNSET
APRIL 23 2014.........SUNRISE   641 AM CDT   SUNSET   754 PM CDT
APRIL 24 2014.........SUNRISE   639 AM CDT   SUNSET   755 PM CDT


-  INDICATES NEGATIVE NUMBERS.
R  INDICATES RECORD WAS SET OR TIED.
MM INDICATES DATA IS MISSING.
T  INDICATES TRACE AMOUNT.




$$
