000
CDUS44 KSHV 160732
CLIGGG


CLIMATE REPORT
NATIONAL WEATHER SERVICE SHREVEPORT, LA
232 AM CDT WED APR 16 2014


...................................

...THE LONGVIEW CLIMATE SUMMARY FOR APRIL 15 2014...

CLIMATE NORMAL PERIOD 1981 TO 2010
CLIMATE RECORD PERIOD 1902 TO 2014


WEATHER ITEM   OBSERVED TIME   RECORD YEAR NORMAL DEPARTURE LAST
                VALUE   (LST)  VALUE       VALUE  FROM      YEAR
                                                  NORMAL
..................................................................
TEMPERATURE (F)
 YESTERDAY
  MAXIMUM         62    441 PM  91    1936  76    -14       89
  MINIMUM         33R   627 AM  33    1959  53    -20       65
  AVERAGE         48                        65    -17       77

PRECIPITATION (IN)
  YESTERDAY        0.00          2.50 1991   0.08  -0.08     0.00
  MONTH TO DATE    2.20                      1.62   0.58     1.43
  SINCE DEC 1     13.08                     17.82  -4.74    17.25
  SINCE JAN 1      8.93                     13.33  -4.40    12.90

SNOWFALL (IN)
  YESTERDAY        0.0
  MONTH TO DATE    0.0
  SINCE MAR 1      0.1
  SINCE JUL 1      0.3
  SNOW DEPTH       0

DEGREE DAYS
 HEATING
  YESTERDAY       17                         3     14        0
  MONTH TO DATE   85                        63     22       75
  SINCE MAR 1    433                       318    115      374
  SINCE JUL 1   2557                      2222    335     1964

 COOLING
  YESTERDAY        0                         3     -3       12
  MONTH TO DATE   48                        33     15       34
  SINCE MAR 1     58                        60     -2       52
  SINCE JAN 1     63                        72     -9       60
..................................................................


WIND (MPH)
  HIGHEST WIND SPEED    16   HIGHEST WIND DIRECTION    NW (330)
  HIGHEST GUST SPEED    22   HIGHEST GUST DIRECTION    NW (330)
  AVERAGE WIND SPEED     4.4


SKY COVER
  POSSIBLE SUNSHINE  MM
  AVERAGE SKY COVER 0.0


WEATHER CONDITIONS
 THE FOLLOWING WEATHER WAS RECORDED YESTERDAY.
  NO SIGNIFICANT WEATHER WAS OBSERVED.


RELATIVE HUMIDITY (PERCENT)
 HIGHEST    86          1100 PM
 LOWEST     25           400 PM
 AVERAGE    56

..........................................................


THE LONGVIEW CLIMATE NORMALS FOR TODAY
                         NORMAL    RECORD    YEAR
 MAXIMUM TEMPERATURE (F)   76        89      2006
                                             1914
 MINIMUM TEMPERATURE (F)   53        32      1961


SUNRISE AND SUNSET
APRIL 16 2014.........SUNRISE   648 AM CDT   SUNSET   749 PM CDT
APRIL 17 2014.........SUNRISE   647 AM CDT   SUNSET   750 PM CDT


-  INDICATES NEGATIVE NUMBERS.
R  INDICATES RECORD WAS SET OR TIED.
MM INDICATES DATA IS MISSING.
T  INDICATES TRACE AMOUNT.




$$
