000
CDUS45 KGGW 200015
CLIGGW


CLIMATE REPORT
NATIONAL WEATHER SERVICE GLASGOW MT
615 PM MDT SAT AUG 19 2017


...................................

...THE GLASGOW MT CLIMATE SUMMARY FOR AUGUST 19 2017...
VALID TODAY AS OF 0500 PM LOCAL TIME.

CLIMATE NORMAL PERIOD 1981 TO 2010
CLIMATE RECORD PERIOD 1893 TO 2017


WEATHER ITEM   OBSERVED TIME   RECORD YEAR NORMAL DEPARTURE LAST
                VALUE   (LST)  VALUE       VALUE  FROM      YEAR
                                                  NORMAL
..................................................................
TEMPERATURE (F)
 TODAY
  MAXIMUM         81        MM 103    2008  84     -3       68
  MINIMUM         57        MM  33    1950  56      1       50
  AVERAGE         69                        70     -1       59

PRECIPITATION (IN)
  TODAY            0.00          2.85 1912   0.04  -0.04     0.02
  MONTH TO DATE    0.26                      0.81  -0.55     0.51
  SINCE OCT 1      7.23                     10.29  -3.06    18.63
  SINCE JAN 1      3.70                      8.74  -5.04    15.65

SNOWFALL (IN)
  TODAY            0.0           0.0  2002   0.0    0.0      0.0
                                      2001
                                      2000
  MONTH TO DATE    0.0                       0.0    0.0      0.0
  SINCE JUN 1      0.0                       0.0    0.0      0.0
  SINCE JUL 1      0.0                       0.0    0.0      0.0
  SNOW DEPTH       0

DEGREE DAYS
 HEATING
  TODAY            0                         1     -1        6
  MONTH TO DATE    6                        11     -5        6
  SINCE JUN 1     53                       134    -81       46
  SINCE JUL 1      6                        29    -23       14

 COOLING
  TODAY            4                         6     -2        0
  MONTH TO DATE   52                       141    -89      110
  SINCE JUN 1    515                       423     92      345
  SINCE JAN 1    530                       440     90      356
..................................................................


WIND (MPH)
  HIGHEST WIND SPEED    23   HIGHEST WIND DIRECTION    NW (320)
  HIGHEST GUST SPEED    33   HIGHEST GUST DIRECTION    NW (320)
  AVERAGE WIND SPEED    13.7


SKY COVER
  POSSIBLE SUNSHINE  MM
  AVERAGE SKY COVER 0.0


WEATHER CONDITIONS
 THE FOLLOWING WEATHER WAS RECORDED TODAY.
  NO SIGNIFICANT WEATHER WAS OBSERVED.


RELATIVE HUMIDITY (PERCENT)
 HIGHEST    52           800 AM
 LOWEST     21           300 PM
 AVERAGE    37

..........................................................


THE GLASGOW MT CLIMATE NORMALS FOR TOMORROW
                         NORMAL    RECORD    YEAR
 MAXIMUM TEMPERATURE (F)   84       101      1942
 MINIMUM TEMPERATURE (F)   55        37      1902


SUNRISE AND SUNSET
AUGUST 19 2017........SUNRISE   607 AM MDT   SUNSET   812 PM MDT
AUGUST 20 2017........SUNRISE   608 AM MDT   SUNSET   810 PM MDT


-  INDICATES NEGATIVE NUMBERS.
R  INDICATES RECORD WAS SET OR TIED.
MM INDICATES DATA IS MISSING.
T  INDICATES TRACE AMOUNT.




$$
