508
CDUS45 KGGW 041349 CCA
CLIGGW

CLIMATE REPORT
NATIONAL WEATHER SERVICE GLASGOW MT
1241 AM MST SUN DEC 4 2016


...................................

...THE GLASGOW MT CLIMATE SUMMARY FOR DECEMBER 3 2016...

CLIMATE NORMAL PERIOD 1981 TO 2010
CLIMATE RECORD PERIOD 1893 TO 2016


WEATHER ITEM   OBSERVED TIME   RECORD YEAR NORMAL DEPARTURE LAST
                VALUE   (LST)  VALUE       VALUE  FROM      YEAR
                                                  NORMAL
..................................................................
TEMPERATURE (F)
 YESTERDAY
  MAXIMUM         41    117 PM  69    1939  30     11       45
  MINIMUM         24    218 AM -30    1972  11     13       15
  AVERAGE         33                        20     13       30

PRECIPITATION (IN)
  YESTERDAY        0.03          0.34 1926   0.02   0.01     0.00
  MONTH TO DATE    0.03                      0.04  -0.01     0.00
  SINCE OCT 1      3.20                      1.19   2.01     2.27
  SINCE JAN 1     20.53                     11.30   9.23    12.33

SNOWFALL (IN)
  YESTERDAY        0.4           4.0  2013   0.2    0.2      0.0
  MONTH TO DATE    0.4                       0.6   -0.2      0.0
  SINCE DEC 1      0.4                       0.6   -0.2      0.0
  SINCE JUL 1      0.8                       7.2   -6.4      1.0
  SNOW DEPTH       0

DEGREE DAYS
 HEATING
  YESTERDAY       32                        45    -13       35
  MONTH TO DATE  108                       133    -25      120
  SINCE DEC 1    108                       133    -25      120
  SINCE JUL 1   1727                      2126   -399     1782

 COOLING
  YESTERDAY        0                         0      0        0
  MONTH TO DATE    0                         0      0        0
  SINCE DEC 1      0                         0      0        0
  SINCE JAN 1    434                       533    -99      619
..................................................................


WIND (MPH)
  HIGHEST WIND SPEED    31   HIGHEST WIND DIRECTION    NW (310)
  HIGHEST GUST SPEED    37   HIGHEST GUST DIRECTION    NW (310)
  AVERAGE WIND SPEED    12.2


SKY COVER
  POSSIBLE SUNSHINE  MM
  AVERAGE SKY COVER 0.5


WEATHER CONDITIONS
 THE FOLLOWING WEATHER WAS RECORDED YESTERDAY.
  LIGHT RAIN
  LIGHT SNOW
  FOG


RELATIVE HUMIDITY (PERCENT)
 HIGHEST    92           600 AM
 LOWEST     59          1200 PM
 AVERAGE    76

..........................................................


THE GLASGOW MT CLIMATE NORMALS FOR TODAY
                         NORMAL    RECORD    YEAR
 MAXIMUM TEMPERATURE (F)   30        58      1979
 MINIMUM TEMPERATURE (F)   10       -36      1928


SUNRISE AND SUNSET
DECEMBER  4 2016......SUNRISE   740 AM MST   SUNSET   413 PM MST
DECEMBER  5 2016......SUNRISE   742 AM MST   SUNSET   413 PM MST


-  INDICATES NEGATIVE NUMBERS.
R  INDICATES RECORD WAS SET OR TIED.
MM INDICATES DATA IS MISSING.
T  INDICATES TRACE AMOUNT.




$$
