000
CDUS45 KGGW 280020
CLIGGW


CLIMATE REPORT
NATIONAL WEATHER SERVICE GLASGOW MT
519 PM MST MON FEB 27 2017


...................................

...THE GLASGOW MT CLIMATE SUMMARY FOR FEBRUARY 27 2017...
VALID TODAY AS OF 0500 PM LOCAL TIME.

CLIMATE NORMAL PERIOD 1981 TO 2010
CLIMATE RECORD PERIOD 1893 TO 2017


WEATHER ITEM   OBSERVED TIME   RECORD YEAR NORMAL DEPARTURE LAST
                VALUE   (LST)  VALUE       VALUE  FROM      YEAR
                                                  NORMAL
..................................................................
TEMPERATURE (F)
 TODAY
  MAXIMUM         19    400 PM  74    1932  34    -15       60
  MINIMUM         12    744 AM -40    1922  14     -2       32
  AVERAGE         16                        24     -8       46

PRECIPITATION (IN)
  TODAY            0.05          0.29 2004   0.01   0.04      T
  MONTH TO DATE    0.55                      0.25   0.30     0.24
  SINCE OCT 1      4.55                      2.17   2.38     3.56
  SINCE JAN 1      1.02                      0.62   0.40     0.58

SNOWFALL (IN)
  TODAY            1.3           5.5  1952   0.1    1.2      0.0
  MONTH TO DATE    9.2                       4.2    5.0      1.6
  SINCE DEC 1     31.1                      20.2   10.9     20.0
  SINCE JUL 1     31.5                      26.8    4.7     21.0
  SNOW DEPTH       1

DEGREE DAYS
 HEATING
  TODAY           49                        41      8       19
  MONTH TO DATE 1128                      1240   -112      892
  SINCE DEC 1   4442                      4336    106     3734
  SINCE JUL 1   6061                      6329   -268     5396

 COOLING
  TODAY            0                         0      0        0
  MONTH TO DATE    0                         0      0        0
  SINCE DEC 1      0                         0      0        0
  SINCE JAN 1      0                         0      0        0
..................................................................


WIND (MPH)
  HIGHEST WIND SPEED    13   HIGHEST WIND DIRECTION    SE (120)
  HIGHEST GUST SPEED    22   HIGHEST GUST DIRECTION     E (110)
  AVERAGE WIND SPEED    10.4


SKY COVER
  POSSIBLE SUNSHINE  MM
  AVERAGE SKY COVER 0.6


WEATHER CONDITIONS
 THE FOLLOWING WEATHER WAS RECORDED TODAY.
  LIGHT SNOW
  FOG
  HAZE


RELATIVE HUMIDITY (PERCENT)
 HIGHEST    84           100 AM
 LOWEST     67           100 PM
 AVERAGE    76

..........................................................


THE GLASGOW MT CLIMATE NORMALS FOR TOMORROW
                         NORMAL    RECORD    YEAR
 MAXIMUM TEMPERATURE (F)   34        65      1992
 MINIMUM TEMPERATURE (F)   14       -37      1962


SUNRISE AND SUNSET
FEBRUARY 27 2017......SUNRISE   651 AM MST   SUNSET   548 PM MST
FEBRUARY 28 2017......SUNRISE   649 AM MST   SUNSET   550 PM MST


-  INDICATES NEGATIVE NUMBERS.
R  INDICATES RECORD WAS SET OR TIED.
MM INDICATES DATA IS MISSING.
T  INDICATES TRACE AMOUNT.




$$
