000
CDUS45 KGGW 021231
CLIGGW


CLIMATE REPORT
NATIONAL WEATHER SERVICE GLASGOW MT
631 AM MDT TUE JUN 2 2015


...................................

...THE GLASGOW MT CLIMATE SUMMARY FOR JUNE 2 2015...
VALID AS OF 0600 AM LOCAL TIME.

CLIMATE NORMAL PERIOD 1981 TO 2010
CLIMATE RECORD PERIOD 1893 TO 2015


WEATHER ITEM   OBSERVED TIME   RECORD YEAR NORMAL DEPARTURE LAST
                VALUE   (LST)  VALUE       VALUE  FROM      YEAR
                                                  NORMAL
..................................................................
TEMPERATURE (F)
 TODAY
  MINIMUM         55    500 AM  24    1919  48      7       44

PRECIPITATION (IN)
  TODAY            0.72          1.68 1929   0.09   0.63     0.00
  MONTH TO DATE    0.72                      0.17   0.55     0.00
  SINCE OCT 1      6.30                      5.54   0.76     4.84
  SINCE JAN 1      5.04                      3.99   1.05     3.39

SNOWFALL (IN)
  TODAY            0.0           T    1998   0.0    0.0      0.0
  MONTH TO DATE    0.0                       0.0    0.0      0.0
  SINCE JUN 1      0.0                       0.0    0.0      0.0
  SINCE JUL 1     43.2                      34.8    8.4     30.4
  SNOW DEPTH       0

DEGREE DAYS
 HEATING
  TODAY            4                         6     -2        5
  MONTH TO DATE    4                        12     -8        8
  SINCE JUN 1      4                        12     -8        8
  SINCE JUL 1   7774                      8343   -569     8816

 COOLING
  TODAY            0                         1     -1        0
  MONTH TO DATE    5                         2      3        0
  SINCE JUN 1      5                         2      3        0
  SINCE JAN 1      5                        19    -14       34
..................................................................





WEATHER CONDITIONS
 THE FOLLOWING WEATHER WAS RECORDED TODAY.
  THUNDERSTORM
  HEAVY RAIN
  RAIN
  LIGHT RAIN


RELATIVE HUMIDITY (PERCENT)
 HIGHEST    83           400 AM

..........................................................


THE GLASGOW MT CLIMATE NORMALS FOR TOMORROW
                         NORMAL    RECORD    YEAR
 MAXIMUM TEMPERATURE (F)   73        96      1988
 MINIMUM TEMPERATURE (F)   48        32      1998


SUNRISE AND SUNSET
JUNE  2 2015..........SUNRISE   510 AM MDT   SUNSET   900 PM MDT
JUNE  3 2015..........SUNRISE   509 AM MDT   SUNSET   900 PM MDT


-  INDICATES NEGATIVE NUMBERS.
R  INDICATES RECORD WAS SET OR TIED.
MM INDICATES DATA IS MISSING.
T  INDICATES TRACE AMOUNT.




$$
