520
CDUS45 KGGW 250741
CLIGGW


CLIMATE REPORT
NATIONAL WEATHER SERVICE GLASGOW MT
141 AM MDT SUN JUN 25 2017


...................................

...THE GLASGOW MT CLIMATE SUMMARY FOR JUNE 24 2017...

CLIMATE NORMAL PERIOD 1981 TO 2010
CLIMATE RECORD PERIOD 1893 TO 2017


WEATHER ITEM   OBSERVED TIME   RECORD YEAR NORMAL DEPARTURE LAST
                VALUE   (LST)  VALUE       VALUE  FROM      YEAR
                                                  NORMAL
..................................................................
TEMPERATURE (F)
 YESTERDAY
  MAXIMUM         75    424 PM 105    1936  79     -4       85
  MINIMUM         41    428 AM  37    2004  53    -12       56
  AVERAGE         58                        66     -8       71

PRECIPITATION (IN)
  YESTERDAY        0.00          0.70 1968   0.07  -0.07     0.15
  MONTH TO DATE    0.13                      1.93  -1.80     3.19
  SINCE OCT 1      6.27                      7.30  -1.03    14.38
  SINCE JAN 1      2.74                      5.75  -3.01    11.40

SNOWFALL (IN)
  YESTERDAY        0.0           T    1996   0.0    0.0      0.0
  MONTH TO DATE    0.0                       0.0    0.0      0.0
  SINCE JUN 1      0.0                       0.0    0.0      0.0
  SINCE JUL 1     37.7                      34.8    2.9     27.6
  SNOW DEPTH       0

DEGREE DAYS
 HEATING
  YESTERDAY        7                         2      5        0
  MONTH TO DATE   38                        95    -57       26
  SINCE JUN 1     38                        95    -57       26
  SINCE JUL 1   7951                      8426   -475     7083

 COOLING
  YESTERDAY        0                         3     -3        6
  MONTH TO DATE   67                        51     16       58
  SINCE JUN 1     67                        51     16       58
  SINCE JAN 1     82                        68     14       69
..................................................................


WIND (MPH)
  HIGHEST WIND SPEED    20   HIGHEST WIND DIRECTION     N (10)
  HIGHEST GUST SPEED    24   HIGHEST GUST DIRECTION     N (360)
  AVERAGE WIND SPEED     6.2


SKY COVER
  POSSIBLE SUNSHINE  MM
  AVERAGE SKY COVER 0.2


WEATHER CONDITIONS
 THE FOLLOWING WEATHER WAS RECORDED YESTERDAY.
  NO SIGNIFICANT WEATHER WAS OBSERVED.


RELATIVE HUMIDITY (PERCENT)
 HIGHEST    70           300 AM
 LOWEST     20           400 PM
 AVERAGE    45

..........................................................


THE GLASGOW MT CLIMATE NORMALS FOR TODAY
                         NORMAL    RECORD    YEAR
 MAXIMUM TEMPERATURE (F)   80       102      2009
 MINIMUM TEMPERATURE (F)   53        39      2003


SUNRISE AND SUNSET
JUNE 25 2017..........SUNRISE   507 AM MDT   SUNSET   911 PM MDT
JUNE 26 2017..........SUNRISE   508 AM MDT   SUNSET   911 PM MDT


-  INDICATES NEGATIVE NUMBERS.
R  INDICATES RECORD WAS SET OR TIED.
MM INDICATES DATA IS MISSING.
T  INDICATES TRACE AMOUNT.




$$
