000
CDUS45 KGJT 222331
CLIGJT


CLIMATE REPORT
NATIONAL WEATHER SERVICE GRAND JUNCTION CO
528 PM MDT TUE APR 22 2014


...................................

...THE GRAND JUNCTION CO CLIMATE SUMMARY FOR APRIL 22 2014...
VALID TODAY AS OF 0500 PM LOCAL TIME.

CLIMATE NORMAL PERIOD 1981 TO 2010
CLIMATE RECORD PERIOD 1893 TO 2014


WEATHER ITEM   OBSERVED TIME   RECORD YEAR NORMAL DEPARTURE LAST
                VALUE   (LST)  VALUE       VALUE  FROM      YEAR
                                                  NORMAL
..................................................................
TEMPERATURE (F)
 TODAY
  MAXIMUM         76   1225 PM  85    2012  67      9       68
                                      1969
  MINIMUM         52    600 AM  26    1978  40     12       41
                                      1920
  AVERAGE         64                        54     10       55

PRECIPITATION (IN)
  TODAY            0.00          0.55 2004   0.03  -0.03     0.00
  MONTH TO DATE    0.64                      0.69  -0.05     1.15
  SINCE MAR 1      0.74                      1.61  -0.87     1.50
  SINCE JAN 1      2.12                      2.73  -0.61     2.50

SNOWFALL (IN)
  TODAY            0.0           0.6  1970   0.0    0.0      0.0
  MONTH TO DATE    T                         0.8   -0.8      4.6
  SINCE MAR 1      T                         3.4   -3.4      4.6
  SINCE JUL 1     25.7                      18.9    6.8     24.6
  SNOW DEPTH       0

DEGREE DAYS
 HEATING
  TODAY            1                        12    -11       10
  MONTH TO DATE  320                       321     -1      401
  SINCE MAR 1    972                       974     -2     1050
  SINCE JUL 1   5910                      5353    557     5813

 COOLING
  TODAY            0                         0      0        0
  MONTH TO DATE    0                         0      0        0
  SINCE MAR 1      0                         0      0        0
  SINCE JAN 1      0                         0      0        0
..................................................................


WIND (MPH)
  HIGHEST WIND SPEED    32   HIGHEST WIND DIRECTION    SW (210)
  HIGHEST GUST SPEED    42   HIGHEST GUST DIRECTION    SW (230)
  AVERAGE WIND SPEED    18.8


SKY COVER
  POSSIBLE SUNSHINE  MM
  AVERAGE SKY COVER 0.3


WEATHER CONDITIONS
 THE FOLLOWING WEATHER WAS RECORDED TODAY.
  NO SIGNIFICANT WEATHER WAS OBSERVED.


RELATIVE HUMIDITY (PERCENT)
 HIGHEST    45           300 AM
 LOWEST     13           100 PM
 AVERAGE    29

..........................................................


THE GRAND JUNCTION CO CLIMATE NORMALS FOR TOMORROW
                         NORMAL    RECORD    YEAR
 MAXIMUM TEMPERATURE (F)   68        89      2012
 MINIMUM TEMPERATURE (F)   40        28      1968


SUNRISE AND SUNSET
APRIL 22 2014.........SUNRISE   627 AM MDT   SUNSET   758 PM MDT
APRIL 23 2014.........SUNRISE   626 AM MDT   SUNSET   759 PM MDT


-  INDICATES NEGATIVE NUMBERS.
R  INDICATES RECORD WAS SET OR TIED.
MM INDICATES DATA IS MISSING.
T  INDICATES TRACE AMOUNT.




$$
