000
CDUS45 KGJT 210827
CLIGJT


CLIMATE REPORT
NATIONAL WEATHER SERVICE GRAND JUNCTION CO
124 AM MST TUE NOV 21 2017


...................................

...THE GRAND JUNCTION CO CLIMATE SUMMARY FOR NOVEMBER 20 2017...

CLIMATE NORMAL PERIOD 1981 TO 2010
CLIMATE RECORD PERIOD 1893 TO 2017


WEATHER ITEM   OBSERVED TIME   RECORD YEAR NORMAL DEPARTURE LAST
                VALUE   (LST)  VALUE       VALUE  FROM      YEAR
                                                  NORMAL
..................................................................
TEMPERATURE (F)
 YESTERDAY
  MAXIMUM         44    342 PM  67    1898  48     -4       56
  MINIMUM         22    154 AM  13    1956  26     -4       31
                                      1906
  AVERAGE         33                        37     -4       44

PRECIPITATION (IN)
  YESTERDAY        0.00          0.23 1931   0.02  -0.02      T
  MONTH TO DATE    0.01                      0.51  -0.50     0.24
  SINCE SEP 1      1.03                      2.76  -1.73     1.28
  SINCE JAN 1      5.04                      8.61  -3.57     7.53

SNOWFALL (IN)
  YESTERDAY        0.0           3.0  1948   0.1   -0.1      0.0
  MONTH TO DATE    T                         1.1   -1.1      0.1
  SINCE SEP 1      T                         1.5   -1.5      0.1
  SINCE JUL 1      T                         1.5   -1.5      0.1
  SNOW DEPTH       0

DEGREE DAYS
 HEATING
  YESTERDAY       32                        28      4       21
  MONTH TO DATE  389                       470    -81      320
  SINCE SEP 1    920                       915      5      595
  SINCE JUL 1    920                       918      2      595

 COOLING
  YESTERDAY        0                         0      0        0
  MONTH TO DATE    0                         0      0        0
  SINCE SEP 1    183                       106     77      131
  SINCE JAN 1   1479                      1125    354     1245
..................................................................


WIND (MPH)
  HIGHEST WIND SPEED     7   HIGHEST WIND DIRECTION     E (70)
  HIGHEST GUST SPEED    11   HIGHEST GUST DIRECTION    SW (230)
  AVERAGE WIND SPEED     2.6


SKY COVER
  POSSIBLE SUNSHINE  MM
  AVERAGE SKY COVER 0.1


WEATHER CONDITIONS
 THE FOLLOWING WEATHER WAS RECORDED YESTERDAY.
  NO SIGNIFICANT WEATHER WAS OBSERVED.


RELATIVE HUMIDITY (PERCENT)
 HIGHEST    71           200 AM
 LOWEST     33           300 PM
 AVERAGE    52

..........................................................


THE GRAND JUNCTION CO CLIMATE NORMALS FOR TODAY
                         NORMAL    RECORD    YEAR
 MAXIMUM TEMPERATURE (F)   47        67      1966
                                             1905
 MINIMUM TEMPERATURE (F)   25         9      1956


SUNRISE AND SUNSET
NOVEMBER 21 2017......SUNRISE   704 AM MST   SUNSET   456 PM MST
NOVEMBER 22 2017......SUNRISE   705 AM MST   SUNSET   455 PM MST


-  INDICATES NEGATIVE NUMBERS.
R  INDICATES RECORD WAS SET OR TIED.
MM INDICATES DATA IS MISSING.
T  INDICATES TRACE AMOUNT.




$$
