000
CDUS45 KGJT 232348
CLIGJT


CLIMATE REPORT
NATIONAL WEATHER SERVICE GRAND JUNCTION CO
444 PM MST FRI FEB 23 2018


...................................

...THE GRAND JUNCTION CO CLIMATE SUMMARY FOR FEBRUARY 23 2018...
VALID TODAY AS OF 0400 PM LOCAL TIME.

CLIMATE NORMAL PERIOD 1981 TO 2010
CLIMATE RECORD PERIOD 1893 TO 2018


WEATHER ITEM   OBSERVED TIME   RECORD YEAR NORMAL DEPARTURE LAST
                VALUE   (LST)  VALUE       VALUE  FROM      YEAR
                                                  NORMAL
..................................................................
TEMPERATURE (F)
 TODAY
  MAXIMUM         37   1245 PM  67    1995  49    -12       52
  MINIMUM         25    247 AM   4    1974  27     -2       24
  AVERAGE         31                        38     -7       38

PRECIPITATION (IN)
  TODAY            T             0.32 1906   0.02  -0.02      T
  MONTH TO DATE    0.72                      0.43   0.29     0.34
  SINCE DEC 1      1.52                      1.60  -0.08     2.08
  SINCE JAN 1      1.48                      1.01   0.47     1.35

SNOWFALL (IN)
  TODAY            T             4.2  1979   0.1   -0.1       T
  MONTH TO DATE    4.4                       2.7    1.7       T
  SINCE DEC 1      8.8                      12.5   -3.7     11.2
  SINCE JUL 1      8.8                      15.0   -6.2     11.7
  SNOW DEPTH       T

DEGREE DAYS
 HEATING
  TODAY           34                        27      7       27
  MONTH TO DATE  646                       722    -76      479
  SINCE DEC 1   2707                      3020   -313     2610
  SINCE JUL 1   3821                      4248   -427     3480

 COOLING
  TODAY            0                         0      0        0
  MONTH TO DATE    0                         0      0        0
  SINCE DEC 1      0                         0      0        0
  SINCE JAN 1      0                         0      0        0
..................................................................


WIND (MPH)
  HIGHEST WIND SPEED    24   HIGHEST WIND DIRECTION    SE (140)
  HIGHEST GUST SPEED    29   HIGHEST GUST DIRECTION    SE (140)
  AVERAGE WIND SPEED    13.3


SKY COVER
  POSSIBLE SUNSHINE  MM
  AVERAGE SKY COVER 0.7


WEATHER CONDITIONS
 THE FOLLOWING WEATHER WAS RECORDED TODAY.
  LIGHT SNOW


RELATIVE HUMIDITY (PERCENT)
 HIGHEST    92          1200 AM
 LOWEST     56           100 PM
 AVERAGE    74

..........................................................


THE GRAND JUNCTION CO CLIMATE NORMALS FOR TOMORROW
                         NORMAL    RECORD    YEAR
 MAXIMUM TEMPERATURE (F)   49        70      1904
 MINIMUM TEMPERATURE (F)   27         4      1974


SUNRISE AND SUNSET
FEBRUARY 23 2018......SUNRISE   655 AM MST   SUNSET   600 PM MST
FEBRUARY 24 2018......SUNRISE   654 AM MST   SUNSET   601 PM MST


-  INDICATES NEGATIVE NUMBERS.
R  INDICATES RECORD WAS SET OR TIED.
MM INDICATES DATA IS MISSING.
T  INDICATES TRACE AMOUNT.




$$
