000
CDUS45 KGJT 280733
CLIGJT

CLIMATE REPORT
NATIONAL WEATHER SERVICE GRAND JUNCTION CO
528 PM MDT MON SEP 26 2016


...................................

...THE GRAND JUNCTION CO CLIMATE SUMMARY FOR SEPTEMBER 26 2016...
VALID TODAY AS OF 0500 PM LOCAL TIME.

CLIMATE NORMAL PERIOD 1981 TO 2010
CLIMATE RECORD PERIOD 1893 TO 2016


WEATHER ITEM   OBSERVED TIME   RECORD YEAR NORMAL DEPARTURE LAST
                VALUE   (LST)  VALUE       VALUE  FROM      YEAR
                                                  NORMAL
..................................................................
TEMPERATURE (F)
 TODAY
  MAXIMUM         76    356 PM  89    1966  75      1       86
                                      1947
  MINIMUM         46    548 AM  34    1970  48     -2       51
  AVERAGE         61                        62     -1       69

PRECIPITATION (IN)
  TODAY            T             0.43 1926   0.04  -0.04     0.00
  MONTH TO DATE    0.52                      1.04  -0.52     0.79
  SINCE SEP 1      0.52                      1.04  -0.52     0.79
  SINCE JAN 1      6.77                      6.89  -0.12     9.03

SNOWFALL (IN)
  TODAY            0.0           0.0  2002   0.0    0.0      0.0
  MONTH TO DATE    0.0                       0.0    0.0       T
  SINCE SEP 1      0.0                       0.0    0.0       T
  SINCE JUL 1      0.0                       0.0    0.0       T
  SNOW DEPTH       0

DEGREE DAYS
 HEATING
  TODAY            4                         5     -1        0
  MONTH TO DATE   45                        50     -5        7
  SINCE SEP 1     45                        50     -5        7
  SINCE JUL 1     45                        53     -8        7

 COOLING
  TODAY            0                         1     -1        4
  MONTH TO DATE  119                        99     20      102
  SINCE SEP 1    119                        99     20      102
  SINCE JAN 1   1233                      1118    115      998
..................................................................


WIND (MPH)
  HIGHEST WIND SPEED    15   HIGHEST WIND DIRECTION    SE (140)
  HIGHEST GUST SPEED    17   HIGHEST GUST DIRECTION    SE (120)
  AVERAGE WIND SPEED     8.0


SKY COVER
  POSSIBLE SUNSHINE  MM
  AVERAGE SKY COVER 0.0


WEATHER CONDITIONS
 THE FOLLOWING WEATHER WAS RECORDED TODAY.
  NO SIGNIFICANT WEATHER WAS OBSERVED.


RELATIVE HUMIDITY (PERCENT)
 HIGHEST    71           500 AM
 LOWEST     23           300 PM
 AVERAGE    47

..........................................................


THE GRAND JUNCTION CO CLIMATE NORMALS FOR TOMORROW
                         NORMAL    RECORD    YEAR
 MAXIMUM TEMPERATURE (F)   75        90      2010
                                             1963
 MINIMUM TEMPERATURE (F)   47        28      1908


SUNRISE AND SUNSET
SEPTEMBER 26 2016.....SUNRISE   706 AM MDT   SUNSET   704 PM MDT
SEPTEMBER 27 2016.....SUNRISE   707 AM MDT   SUNSET   702 PM MDT


-  INDICATES NEGATIVE NUMBERS.
R  INDICATES RECORD WAS SET OR TIED.
MM INDICATES DATA IS MISSING.
T  INDICATES TRACE AMOUNT.




$$
