000
CDUS45 KGJT 130746
CLIGJT


CLIMATE REPORT
NATIONAL WEATHER SERVICE GRAND JUNCTION CO
144 AM MDT SUN JUL 13 2014


...................................

...THE GRAND JUNCTION CO CLIMATE SUMMARY FOR JULY 12 2014...

CLIMATE NORMAL PERIOD 1981 TO 2010
CLIMATE RECORD PERIOD 1893 TO 2014


WEATHER ITEM   OBSERVED TIME   RECORD YEAR NORMAL DEPARTURE LAST
                VALUE   (LST)  VALUE       VALUE  FROM      YEAR
                                                  NORMAL
..................................................................
TEMPERATURE (F)
 YESTERDAY
  MAXIMUM         96    315 PM 105    2003  94      2       91
  MINIMUM         65    517 AM  53    1895  63      2       63
  AVERAGE         81                        78      3       77

PRECIPITATION (IN)
  YESTERDAY        0.00          0.40 1894   0.02  -0.02      T
  MONTH TO DATE    0.02                      0.19  -0.17     0.13
  SINCE JUN 1      0.15                      0.65  -0.50     0.14
  SINCE JAN 1      3.93                      4.48  -0.55     3.55

SNOWFALL (IN)
  YESTERDAY        0.0           0.0  2013   0.0    0.0      0.0
  MONTH TO DATE    0.0                       0.0    0.0      0.0
  SINCE JUN 1      0.0                       0.0    0.0      0.0
  SINCE JUL 1      0.0                       0.0    0.0      0.0
  SNOW DEPTH       0

DEGREE DAYS
 HEATING
  YESTERDAY        0                         0      0        0
  MONTH TO DATE    0                         0      0        0
  SINCE JUN 1     19                        22     -3        5
  SINCE JUL 1      0                         0      0        0

 COOLING
  YESTERDAY       16                        13      3       12
  MONTH TO DATE  187                       152     35      193
  SINCE JUN 1    385                       383      2      507
  SINCE JAN 1    444                       434     10      562
..................................................................


WIND (MPH)
  HIGHEST WIND SPEED    26   HIGHEST WIND DIRECTION    NE (40)
  HIGHEST GUST SPEED    32   HIGHEST GUST DIRECTION    NE (50)
  AVERAGE WIND SPEED     8.1


SKY COVER
  POSSIBLE SUNSHINE  MM
  AVERAGE SKY COVER 0.1


WEATHER CONDITIONS
 THE FOLLOWING WEATHER WAS RECORDED YESTERDAY.
  THUNDERSTORM


RELATIVE HUMIDITY (PERCENT)
 HIGHEST    63           500 AM
 LOWEST     20           200 PM
 AVERAGE    42

..........................................................


THE GRAND JUNCTION CO CLIMATE NORMALS FOR TODAY
                         NORMAL    RECORD    YEAR
 MAXIMUM TEMPERATURE (F)   94       105      2003
                                             2002
                                             1971
 MINIMUM TEMPERATURE (F)   63        55      2006
                                             1997


SUNRISE AND SUNSET
JULY 13 2014..........SUNRISE   559 AM MDT   SUNSET   840 PM MDT
JULY 14 2014..........SUNRISE   600 AM MDT   SUNSET   840 PM MDT


-  INDICATES NEGATIVE NUMBERS.
R  INDICATES RECORD WAS SET OR TIED.
MM INDICATES DATA IS MISSING.
T  INDICATES TRACE AMOUNT.




$$
