724
CDUS45 KGJT 250729
CLIGJT


CLIMATE REPORT
NATIONAL WEATHER SERVICE GRAND JUNCTION CO
127 AM MDT THU AUG 25 2016


...................................

...THE GRAND JUNCTION CO CLIMATE SUMMARY FOR AUGUST 24 2016...

CLIMATE NORMAL PERIOD 1981 TO 2010
CLIMATE RECORD PERIOD 1893 TO 2016


WEATHER ITEM   OBSERVED TIME   RECORD YEAR NORMAL DEPARTURE LAST
                VALUE   (LST)  VALUE       VALUE  FROM      YEAR
                                                  NORMAL
..................................................................
TEMPERATURE (F)
 YESTERDAY
  MAXIMUM         86    354 PM 101    2011  88     -2       94
  MINIMUM         58    421 AM  45    1968  60     -2       58
  AVERAGE         72                        74     -2       76

PRECIPITATION (IN)
  YESTERDAY        0.03          1.43 1921   0.04  -0.01     0.00
  MONTH TO DATE    0.33                      0.72  -0.39     0.07
  SINCE JUN 1      1.06                      1.79  -0.73     2.51
  SINCE JAN 1      6.03                      5.62   0.41     7.61

SNOWFALL (IN)
  YESTERDAY        0.0           0.0  2015   0.0    0.0      0.0
  MONTH TO DATE    0.0                       0.0    0.0       T
  SINCE JUN 1      0.0                       0.0    0.0       T
  SINCE JUL 1      0.0                       0.0    0.0       T
  SNOW DEPTH       0

DEGREE DAYS
 HEATING
  YESTERDAY        0                         0      0        0
  MONTH TO DATE    0                         0      0        0
  SINCE JUN 1      1                        23    -22       12
  SINCE JUL 1      0                         1     -1        0

 COOLING
  YESTERDAY        7                         9     -2       11
  MONTH TO DATE  272                       270      2      261
  SINCE JUN 1   1066                       911    155      828
  SINCE JAN 1   1079                       962    117      836
..................................................................


WIND (MPH)
  HIGHEST WIND SPEED    30   HIGHEST WIND DIRECTION    NW (320)
  HIGHEST GUST SPEED    39   HIGHEST GUST DIRECTION    NW (320)
  AVERAGE WIND SPEED    10.4


SKY COVER
  POSSIBLE SUNSHINE  MM
  AVERAGE SKY COVER 0.2


WEATHER CONDITIONS
 THE FOLLOWING WEATHER WAS RECORDED YESTERDAY.
  THUNDERSTORM
  LIGHT RAIN


RELATIVE HUMIDITY (PERCENT)
 HIGHEST    72           600 AM
 LOWEST     18           400 PM
 AVERAGE    45

..........................................................


THE GRAND JUNCTION CO CLIMATE NORMALS FOR TODAY
                         NORMAL    RECORD    YEAR
 MAXIMUM TEMPERATURE (F)   88        99      1969
 MINIMUM TEMPERATURE (F)   60        48      1975


SUNRISE AND SUNSET
AUGUST 25 2016........SUNRISE   637 AM MDT   SUNSET   754 PM MDT
AUGUST 26 2016........SUNRISE   638 AM MDT   SUNSET   753 PM MDT


-  INDICATES NEGATIVE NUMBERS.
R  INDICATES RECORD WAS SET OR TIED.
MM INDICATES DATA IS MISSING.
T  INDICATES TRACE AMOUNT.




$$
