000
CDUS45 KGJT 090805
CLIGJT


CLIMATE REPORT
NATIONAL WEATHER SERVICE GRAND JUNCTION CO
103 AM MST TUE FEB 9 2016


...................................

...THE GRAND JUNCTION CO CLIMATE SUMMARY FOR FEBRUARY 8 2016...

CLIMATE NORMAL PERIOD 1981 TO 2010
CLIMATE RECORD PERIOD 1893 TO 2016


WEATHER ITEM   OBSERVED TIME   RECORD YEAR NORMAL DEPARTURE LAST
                VALUE   (LST)  VALUE       VALUE  FROM      YEAR
                                                  NORMAL
..................................................................
TEMPERATURE (F)
 YESTERDAY
  MAXIMUM         40    233 PM  62    2015  43     -3       62
  MINIMUM         12    709 AM -21    1933  22    -10       29
  AVERAGE         26                        32     -6       46

PRECIPITATION (IN)
  YESTERDAY        0.00          0.56 1913   0.02  -0.02     0.00
  MONTH TO DATE    0.42                      0.14   0.28     0.00
  SINCE DEC 1      2.03                      1.31   0.72     1.79
  SINCE JAN 1      1.34                      0.72   0.62     0.73

SNOWFALL (IN)
  YESTERDAY        0.0           4.7  1904   0.1   -0.1      0.0
  MONTH TO DATE    4.7                       1.0    3.7      0.0
  SINCE DEC 1     24.0                      10.8   13.2      6.9
  SINCE JUL 1     27.4                      13.3   14.1      6.9
  SNOW DEPTH       3

DEGREE DAYS
 HEATING
  YESTERDAY       39                        33      6       19
  MONTH TO DATE  382                       273    109      177
  SINCE DEC 1   2870                      2571    299     2223
  SINCE JUL 1   3919                      3799    120     3447

 COOLING
  YESTERDAY        0                         0      0        0
  MONTH TO DATE    0                         0      0        0
  SINCE DEC 1      0                         0      0        0
  SINCE JAN 1      0                         0      0        0
..................................................................


WIND (MPH)
  HIGHEST WIND SPEED    14   HIGHEST WIND DIRECTION    SE (120)
  HIGHEST GUST SPEED    14   HIGHEST GUST DIRECTION    SE (120)
  AVERAGE WIND SPEED     3.8


SKY COVER
  POSSIBLE SUNSHINE  MM
  AVERAGE SKY COVER 0.0


WEATHER CONDITIONS
 THE FOLLOWING WEATHER WAS RECORDED YESTERDAY.
  NO SIGNIFICANT WEATHER WAS OBSERVED.


RELATIVE HUMIDITY (PERCENT)
 HIGHEST    96           200 AM
 LOWEST     59           200 PM
 AVERAGE    78

..........................................................


THE GRAND JUNCTION CO CLIMATE NORMALS FOR TODAY
                         NORMAL    RECORD    YEAR
 MAXIMUM TEMPERATURE (F)   43        64      1999
 MINIMUM TEMPERATURE (F)   22        -7      1949


SUNRISE AND SUNSET
FEBRUARY  9 2016......SUNRISE   713 AM MST   SUNSET   544 PM MST
FEBRUARY 10 2016......SUNRISE   712 AM MST   SUNSET   545 PM MST


-  INDICATES NEGATIVE NUMBERS.
R  INDICATES RECORD WAS SET OR TIED.
MM INDICATES DATA IS MISSING.
T  INDICATES TRACE AMOUNT.




$$
