000
CDUS43 KGLD 290753
CLIGLD

CLIMATE REPORT
NATIONAL WEATHER SERVICE GOODLAND
153 AM MDT FRI MAY 29 2015

...................................

...THE GOODLAND KS CLIMATE SUMMARY FOR MAY 28 2015...

CLIMATE NORMAL PERIOD 1981 TO 2010
CLIMATE RECORD PERIOD 1895 TO 2015

WEATHER ITEM   OBSERVED TIME   RECORD YEAR NORMAL DEPARTURE LAST
                VALUE   (LST)  VALUE       VALUE  FROM      YEAR
                                                  NORMAL
..................................................................
TEMPERATURE (F)
 YESTERDAY
  MAXIMUM         76   1251 PM  98    1998  77     -1       88
                                      1934
  MINIMUM         52   1159 PM  33    1947  50      2       56
  AVERAGE         64                        63      1       72

PRECIPITATION (IN)
  YESTERDAY        0.09          2.36 1975   0.11  -0.02     0.00
  MONTH TO DATE    5.76                      2.59   3.17     1.29
  SINCE MAR 1     10.71                      5.25   5.46     2.14
  SINCE JAN 1     11.79                      6.12   5.67     3.08

SNOWFALL (IN)
  YESTERDAY        0.0                       0.0    0.0      0.0
  MONTH TO DATE    0.0                       0.5   -0.5       T
  SINCE MAR 1      2.6                      11.5   -8.9      3.9
  SINCE JUL 1     24.7                      35.5  -10.8     29.1
  SNOW DEPTH       0

DEGREE DAYS
 HEATING
  YESTERDAY        1                         4     -3        0
  MONTH TO DATE  236                       201     35      209
  SINCE MAR 1   1197                      1439   -242     1414
  SINCE JUL 1   5412                      5856   -444     5958

 COOLING
  YESTERDAY        0                         2     -2        7
  MONTH TO DATE    6                        33    -27       18
  SINCE MAR 1      6                        37    -31       23
  SINCE JAN 1      6                        37    -31       23
..................................................................

WIND (MPH)
  HIGHEST WIND SPEED    32   HIGHEST WIND DIRECTION     W (280)
  HIGHEST GUST SPEED    43   HIGHEST GUST DIRECTION     W (280)
  AVERAGE WIND SPEED    10.0

SKY COVER
  AVERAGE SKY COVER 0.5

WEATHER CONDITIONS
 THE FOLLOWING WEATHER WAS RECORDED YESTERDAY.
  THUNDERSTORM
  RAIN
  LIGHT RAIN

RELATIVE HUMIDITY (PERCENT)
 HIGHEST   100
 LOWEST     58
 AVERAGE    79

..........................................................

THE GOODLAND KS CLIMATE NORMALS FOR TODAY
                         NORMAL    RECORD    YEAR
 MAXIMUM TEMPERATURE (F)   77       104      2003
 MINIMUM TEMPERATURE (F)   50        30      1947


SUNRISE AND SUNSET
MAY 29 2015...........SUNRISE   523 AM MDT   SUNSET   805 PM MDT
MAY 30 2015...........SUNRISE   523 AM MDT   SUNSET   806 PM MDT

-  INDICATES NEGATIVE NUMBERS.
R  INDICATES RECORD WAS SET OR TIED.
MM INDICATES DATA IS MISSING.
T  INDICATES TRACE AMOUNT.

&&

THE AVERAGE SOIL TEMPERATURE AT THE FOUR INCH DEPTH... 63

$$
