000
CDUS43 KGLD 040739
CLIGLD

CLIMATE REPORT
NATIONAL WEATHER SERVICE GOODLAND
1236 AM MST WED MAR 4 2015

...................................

...THE GOODLAND KS CLIMATE SUMMARY FOR MARCH 3 2015...

CLIMATE NORMAL PERIOD 1981 TO 2010
CLIMATE RECORD PERIOD 1895 TO 2015

WEATHER ITEM   OBSERVED TIME   RECORD YEAR NORMAL DEPARTURE LAST
                VALUE   (LST)  VALUE       VALUE  FROM      YEAR
                                                  NORMAL
..................................................................
TEMPERATURE (F)
 YESTERDAY
  MAXIMUM         40   1230 AM  74    1936  50    -10       48
  MINIMUM         17   1159 PM -20    1960  23     -6        2
  AVERAGE         29                        37     -8       25

PRECIPITATION (IN)
  YESTERDAY        T             0.96 1981   0.02  -0.02     0.00
  MONTH TO DATE    T                         0.07  -0.07     0.01
  SINCE MAR 1      T                         0.07  -0.07     0.01
  SINCE JAN 1      1.08                      0.94   0.14     0.95

SNOWFALL (IN)
  YESTERDAY        T                         0.2   -0.2      0.0
  MONTH TO DATE    T                         0.5   -0.5      0.3
  SINCE MAR 1      T                         0.5   -0.5      0.3
  SINCE JUL 1     22.1                      24.5   -2.4     25.5
  SNOW DEPTH       T

DEGREE DAYS
 HEATING
  YESTERDAY       36                        28      8       40
  MONTH TO DATE  112                        85     27      155
  SINCE MAR 1    112                        85     27      155
  SINCE JUL 1   4327                      4502   -175     4699

 COOLING
  YESTERDAY        0                         0      0        0
  MONTH TO DATE    0                         0      0        0
  SINCE MAR 1      0                         0      0        0
  SINCE JAN 1      0                         0      0        0
..................................................................

WIND (MPH)
  HIGHEST WIND SPEED    31   HIGHEST WIND DIRECTION     N (360)
  HIGHEST GUST SPEED    37   HIGHEST GUST DIRECTION     N (360)
  AVERAGE WIND SPEED    15.7


SKY COVER
  AVERAGE SKY COVER 0.7


WEATHER CONDITIONS
 THE FOLLOWING WEATHER WAS RECORDED YESTERDAY.
  LIGHT SNOW
  FOG
  HAZE


RELATIVE HUMIDITY (PERCENT)
 HIGHEST   100
 LOWEST     49
 AVERAGE    75

..........................................................


THE GOODLAND KS CLIMATE NORMALS FOR TODAY
                         NORMAL    RECORD    YEAR
 MAXIMUM TEMPERATURE (F)   51        80      1921
 MINIMUM TEMPERATURE (F)   24       -15      1960


SUNRISE AND SUNSET
MARCH  4 2015.........SUNRISE   615 AM MST   SUNSET   542 PM MST
MARCH  5 2015.........SUNRISE   614 AM MST   SUNSET   543 PM MST


-  INDICATES NEGATIVE NUMBERS.
R  INDICATES RECORD WAS SET OR TIED.
MM INDICATES DATA IS MISSING.
T  INDICATES TRACE AMOUNT.

&&

THE AVERAGE SOIL TEMPERATURE AT THE FOUR INCH DEPTH... 32
THE CURRENT DEPTH OF FROST... 10 INCHES

$$
