000
CDUS44 KJAN 240644
CLIGLH


CLIMATE REPORT
NATIONAL WEATHER SERVICE JACKSON MS
1243 AM CST TUE JAN 24 2017


...................................

...THE GREENVILLE CLIMATE SUMMARY FOR JANUARY 23 2017...

CLIMATE NORMAL PERIOD 1981 TO 2010
CLIMATE RECORD PERIOD 1920 TO 2017


WEATHER ITEM   OBSERVED TIME   RECORD YEAR NORMAL DEPARTURE LAST
                VALUE   (LST)  VALUE       VALUE  FROM      YEAR
                                                  NORMAL
..................................................................
TEMPERATURE (F)
 YESTERDAY
  MAXIMUM         53    113 AM  82    1943  52      1       38
  MINIMUM         40   1144 PM  13    1948  32      8       26
  AVERAGE         47                        42      5       32

PRECIPITATION (IN)
  YESTERDAY        0.00          1.60 1984   0.17  -0.17     0.00
  MONTH TO DATE    5.11                      3.55   1.56     2.44
  SINCE DEC 1      7.97                      9.17  -1.20     6.25
  SINCE JAN 1      5.11                      3.55   1.56     2.44

SNOWFALL (IN)
  YESTERDAY        0.0

DEGREE DAYS
 HEATING
  YESTERDAY       18                        23     -5       33
  MONTH TO DATE  303                       526   -223      546
  SINCE DEC 1    857                      1148   -291      880
  SINCE JUL 1   1126                      1610   -484     1130

 COOLING
  YESTERDAY        0                         0      0        0
  MONTH TO DATE   11                         0     11        0
  SINCE DEC 1     23                         3     20       35
  SINCE JAN 1     11                         0     11        0
..................................................................


WIND (MPH)
  HIGHEST WIND SPEED    25   HIGHEST WIND DIRECTION    NW (330)
  HIGHEST GUST SPEED    32   HIGHEST GUST DIRECTION    NW (320)
  AVERAGE WIND SPEED     9.8


SKY COVER
  POSSIBLE SUNSHINE  MM
  AVERAGE SKY COVER 0.4


WEATHER CONDITIONS
 THE FOLLOWING WEATHER WAS RECORDED YESTERDAY.
  NO SIGNIFICANT WEATHER WAS OBSERVED.


RELATIVE HUMIDITY (PERCENT)
 HIGHEST    89           900 PM
 LOWEST     63           400 PM
 AVERAGE    76

..........................................................


THE GREENVILLE CLIMATE NORMALS FOR TODAY
                         NORMAL    RECORD    YEAR
 MAXIMUM TEMPERATURE (F)   52        82      1950
                                             1943
 MINIMUM TEMPERATURE (F)   32         3      1963


SUNRISE AND SUNSET
JANUARY 24 2017.......SUNRISE   705 AM CST   SUNSET   528 PM CST
JANUARY 25 2017.......SUNRISE   704 AM CST   SUNSET   529 PM CST


-  INDICATES NEGATIVE NUMBERS.
R  INDICATES RECORD WAS SET OR TIED.
MM INDICATES DATA IS MISSING.
T  INDICATES TRACE AMOUNT.




$$
