000
CDUS44 KJAN 072218
CLIGLH


CLIMATE REPORT
NATIONAL WEATHER SERVICE JACKSON MS
417 PM CST WED DEC 7 2016


...................................

...THE GREENVILLE CLIMATE SUMMARY FOR DECEMBER 7 2016...
VALID TODAY AS OF 0400 PM LOCAL TIME.

CLIMATE NORMAL PERIOD 1981 TO 2010
CLIMATE RECORD PERIOD 1920 TO 2016


WEATHER ITEM   OBSERVED TIME   RECORD YEAR NORMAL DEPARTURE LAST
                VALUE   (LST)  VALUE       VALUE  FROM      YEAR
                                                  NORMAL
..................................................................
TEMPERATURE (F)
 TODAY
  MAXIMUM         49    210 PM  82    1951  56     -7       65
  MINIMUM         43   1204 AM  15    1950  37      6       35
  AVERAGE         46                        47     -1       50

PRECIPITATION (IN)
  TODAY            0.00          2.26 1936   0.21  -0.21     0.00
  MONTH TO DATE    1.50                      1.43   0.07     0.02
  SINCE DEC 1      1.50                      1.43   0.07     0.02
  SINCE JAN 1     48.76                     48.45   0.31    40.35

SNOWFALL (IN)
  TODAY            0.0

DEGREE DAYS
 HEATING
  TODAY           19                        19      0       15
  MONTH TO DATE  124                       125     -1      116
  SINCE DEC 1    124                       125     -1      116
  SINCE JUL 1    393                       587   -194      366

 COOLING
  TODAY            0                         0      0        0
  MONTH TO DATE    0                         0      0        0
  SINCE DEC 1      0                         0      0        0
  SINCE JAN 1   2672                      2186    486     2504
..................................................................


WIND (MPH)
  HIGHEST WIND SPEED    10   HIGHEST WIND DIRECTION    NE (30)
  HIGHEST GUST SPEED    13   HIGHEST GUST DIRECTION     N (20)
  AVERAGE WIND SPEED     6.4


SKY COVER
  POSSIBLE SUNSHINE  MM
  AVERAGE SKY COVER 1.0


WEATHER CONDITIONS
 THE FOLLOWING WEATHER WAS RECORDED TODAY.
  FOG
  HAZE


RELATIVE HUMIDITY (PERCENT)
 HIGHEST    92           100 AM
 LOWEST     71          1200 PM
 AVERAGE    82

..........................................................


THE GREENVILLE CLIMATE NORMALS FOR TOMORROW
                         NORMAL    RECORD    YEAR
 MAXIMUM TEMPERATURE (F)   56        82      1922
 MINIMUM TEMPERATURE (F)   37        16      2006


SUNRISE AND SUNSET
DECEMBER  7 2016......SUNRISE   655 AM CST   SUNSET   456 PM CST
DECEMBER  8 2016......SUNRISE   656 AM CST   SUNSET   456 PM CST


-  INDICATES NEGATIVE NUMBERS.
R  INDICATES RECORD WAS SET OR TIED.
MM INDICATES DATA IS MISSING.
T  INDICATES TRACE AMOUNT.




$$
