000
CDUS44 KJAN 010640
CLIGLH


CLIMATE REPORT
NATIONAL WEATHER SERVICE JACKSON MS
130 AM CDT WED JUL 1 2015


...................................

...THE GREENVILLE CLIMATE SUMMARY FOR JUNE 30 2015...

CLIMATE NORMAL PERIOD 1981 TO 2010
CLIMATE RECORD PERIOD 1920 TO 2015


WEATHER ITEM   OBSERVED TIME   RECORD YEAR NORMAL DEPARTURE LAST
                VALUE   (LST)  VALUE       VALUE  FROM      YEAR
                                                  NORMAL
..................................................................
TEMPERATURE (F)
 YESTERDAY
  MAXIMUM         92    406 PM 103    1931  91      1       92
  MINIMUM         69    657 AM  53    1923  71     -2       77
  AVERAGE         81                        81      0       85

PRECIPITATION (IN)
  YESTERDAY        1.16          1.80 1994   0.19   0.97     0.00
                                      1987
  MONTH TO DATE    1.52                      4.04  -2.52     6.37
  SINCE JUN 1      1.52                      4.04  -2.52     6.37
  SINCE JAN 1     21.49                     28.30  -6.81    30.50

SNOWFALL (IN)
  YESTERDAY        0.0

DEGREE DAYS
 HEATING
  YESTERDAY        0                         0      0        0
  MONTH TO DATE    0                         0      0        0
  SINCE JUN 1      0                         0      0        0
  SINCE JUL 1   2869                      2774     95     3207

 COOLING
  YESTERDAY       16                        16      0       20
  MONTH TO DATE  476                       420     56      462
  SINCE JUN 1    476                       420     56      462
  SINCE JAN 1    857                       742    115      777
..................................................................


WIND (MPH)
  HIGHEST WIND SPEED    28   HIGHEST WIND DIRECTION     W (270)
  HIGHEST GUST SPEED    34   HIGHEST GUST DIRECTION     W (280)
  AVERAGE WIND SPEED    10.4


SKY COVER
  POSSIBLE SUNSHINE  MM
  AVERAGE SKY COVER 0.3


WEATHER CONDITIONS
 THE FOLLOWING WEATHER WAS RECORDED YESTERDAY.
  THUNDERSTORM
  HEAVY RAIN
  RAIN
  LIGHT RAIN


RELATIVE HUMIDITY (PERCENT)
 HIGHEST    90           700 AM
 LOWEST     60           300 PM
 AVERAGE    75

..........................................................


THE GREENVILLE CLIMATE NORMALS FOR TODAY
                         NORMAL    RECORD    YEAR
 MAXIMUM TEMPERATURE (F)   91       102      1931
 MINIMUM TEMPERATURE (F)   71        58      1937


SUNRISE AND SUNSET
JULY  1 2015..........SUNRISE   558 AM CDT   SUNSET   818 PM CDT
JULY  2 2015..........SUNRISE   558 AM CDT   SUNSET   818 PM CDT


-  INDICATES NEGATIVE NUMBERS.
R  INDICATES RECORD WAS SET OR TIED.
MM INDICATES DATA IS MISSING.
T  INDICATES TRACE AMOUNT.




$$
