000
CDUS44 KJAN 272115
CLIGLH


CLIMATE REPORT
NATIONAL WEATHER SERVICE JACKSON MS
414 PM CDT SAT MAY 27 2017


...................................

...THE GREENVILLE CLIMATE SUMMARY FOR MAY 27 2017...
VALID TODAY AS OF 0400 PM LOCAL TIME.

CLIMATE NORMAL PERIOD 1981 TO 2010
CLIMATE RECORD PERIOD 1903 TO 2017


WEATHER ITEM   OBSERVED TIME   RECORD YEAR NORMAL DEPARTURE LAST
                VALUE   (LST)  VALUE       VALUE  FROM      YEAR
                                                  NORMAL
..................................................................
TEMPERATURE (F)
 TODAY
  MAXIMUM         90    258 PM  98    1911  85      5       86
  MINIMUM         72    519 AM  43    1961  65      7       69
  AVERAGE         81                        75      6       78

PRECIPITATION (IN)
  TODAY            0.00          2.29 1924   0.13  -0.13     0.95
  MONTH TO DATE    1.12                      4.45  -3.33     1.21
  SINCE MAR 1      7.78                     13.81  -6.03    21.50
  SINCE JAN 1     15.81                     23.80  -7.99    28.01

SNOWFALL (IN)
  TODAY            0.0

DEGREE DAYS
 HEATING
  TODAY            0                         0      0        0
  MONTH TO DATE   20                        10     10        7
  SINCE MAR 1    297                       462   -165      245
  SINCE JUL 1   1830                      2771   -941     1925

 COOLING
  TODAY           16                        10      6       13
  MONTH TO DATE  164                       195    -31      164
  SINCE MAR 1    330                       276     54      286
  SINCE JAN 1    359                       281     78      290
..................................................................


WIND (MPH)
  HIGHEST WIND SPEED    23   HIGHEST WIND DIRECTION     S (200)
  HIGHEST GUST SPEED    29   HIGHEST GUST DIRECTION     S (200)
  AVERAGE WIND SPEED    12.7


SKY COVER
  POSSIBLE SUNSHINE  MM
  AVERAGE SKY COVER 0.7


WEATHER CONDITIONS
 THE FOLLOWING WEATHER WAS RECORDED TODAY.
  NO SIGNIFICANT WEATHER WAS OBSERVED.


RELATIVE HUMIDITY (PERCENT)
 HIGHEST    93           500 AM
 LOWEST     59           200 PM
 AVERAGE    76

..........................................................


THE GREENVILLE CLIMATE NORMALS FOR TOMORROW
                         NORMAL    RECORD    YEAR
 MAXIMUM TEMPERATURE (F)   85        98      1911
 MINIMUM TEMPERATURE (F)   65        45      1961


SUNRISE AND SUNSET
MAY 27 2017...........SUNRISE   557 AM CDT   SUNSET   806 PM CDT
MAY 28 2017...........SUNRISE   556 AM CDT   SUNSET   807 PM CDT


-  INDICATES NEGATIVE NUMBERS.
R  INDICATES RECORD WAS SET OR TIED.
MM INDICATES DATA IS MISSING.
T  INDICATES TRACE AMOUNT.




$$
