000
CDUS44 KJAN 202206
CLIGLH


CLIMATE REPORT
NATIONAL WEATHER SERVICE JACKSON MS
404 PM CST MON NOV 20 2017


...................................

...THE GREENVILLE CLIMATE SUMMARY FOR NOVEMBER 20 2017...
VALID TODAY AS OF 0400 PM LOCAL TIME.

CLIMATE NORMAL PERIOD 1981 TO 2010
CLIMATE RECORD PERIOD 1903 TO 2017


WEATHER ITEM   OBSERVED TIME   RECORD YEAR NORMAL DEPARTURE LAST
                VALUE   (LST)  VALUE       VALUE  FROM      YEAR
                                                  NORMAL
..................................................................
TEMPERATURE (F)
 TODAY
  MAXIMUM         55    259 PM  81    1933  63     -8       56
                                      1913
  MINIMUM         27    441 AM  20    1914  41    -14       31
  AVERAGE         41                        52    -11       44

PRECIPITATION (IN)
  TODAY            0.00          3.39 1956   0.18  -0.18     0.00
  MONTH TO DATE    1.43                      2.99  -1.56     0.60
  SINCE SEP 1      4.38                     10.39  -6.01     1.48
  SINCE JAN 1     33.57                     44.95 -11.38    43.37

SNOWFALL (IN)
  TODAY            0.0

DEGREE DAYS
 HEATING
  TODAY           24                        13     11       21
  MONTH TO DATE  158                       198    -40      116
  SINCE SEP 1    276                       312    -36      138
  SINCE JUL 1    276                       312    -36      138

 COOLING
  TODAY            0                         0      0        0
  MONTH TO DATE   47                         9     38       27
  SINCE SEP 1    501                       404     97      660
  SINCE JAN 1   2244                      2183     61     2672
..................................................................


WIND (MPH)
  HIGHEST WIND SPEED    10   HIGHEST WIND DIRECTION     S (170)
  HIGHEST GUST SPEED    14   HIGHEST GUST DIRECTION     S (160)
  AVERAGE WIND SPEED     2.8


SKY COVER
  POSSIBLE SUNSHINE  MM
  AVERAGE SKY COVER 0.0


WEATHER CONDITIONS
 THE FOLLOWING WEATHER WAS RECORDED TODAY.
  NO SIGNIFICANT WEATHER WAS OBSERVED.


RELATIVE HUMIDITY (PERCENT)
 HIGHEST    89           800 AM
 LOWEST     28           200 PM
 AVERAGE    59

..........................................................


THE GREENVILLE CLIMATE NORMALS FOR TOMORROW
                         NORMAL    RECORD    YEAR
 MAXIMUM TEMPERATURE (F)   62        82      1913
 MINIMUM TEMPERATURE (F)   41        21      2008
                                             1937


SUNRISE AND SUNSET
NOVEMBER 20 2017......SUNRISE   640 AM CST   SUNSET   459 PM CST
NOVEMBER 21 2017......SUNRISE   641 AM CST   SUNSET   458 PM CST


-  INDICATES NEGATIVE NUMBERS.
R  INDICATES RECORD WAS SET OR TIED.
MM INDICATES DATA IS MISSING.
T  INDICATES TRACE AMOUNT.




$$
