000
CDUS44 KJAN 170737
CLIGLH


CLIMATE REPORT
NATIONAL WEATHER SERVICE JACKSON MS
235 AM CDT THU APR 17 2014


...................................

...THE GREENVILLE CLIMATE SUMMARY FOR APRIL 16 2014...

CLIMATE NORMAL PERIOD 1981 TO 2010
CLIMATE RECORD PERIOD 1920 TO 2014


WEATHER ITEM   OBSERVED TIME   RECORD YEAR NORMAL DEPARTURE LAST
                VALUE   (LST)  VALUE       VALUE  FROM      YEAR
                                                  NORMAL
..................................................................
TEMPERATURE (F)
 YESTERDAY
  MAXIMUM         60    519 PM  90    1924  75    -15       82
  MINIMUM         37    536 AM  32    1926  52    -15       71
  AVERAGE         49                        63    -14       77

PRECIPITATION (IN)
  YESTERDAY        0.00          8.12 1927   0.15  -0.15     0.00
  MONTH TO DATE    6.12                      2.73   3.39     2.36
  SINCE MAR 1     11.63                      7.28   4.35     7.11
  SINCE JAN 1     15.93                     17.27  -1.34    19.57

SNOWFALL (IN)
  YESTERDAY        0.0

DEGREE DAYS
 HEATING
  YESTERDAY       16                         4     12        0
  MONTH TO DATE  113                        87     26      104
  SINCE MAR 1    547                       423    124      579
  SINCE JUL 1   3154                      2732    422     2582

 COOLING
  YESTERDAY        0                         2     -2       12
  MONTH TO DATE   29                        23      6       42
  SINCE MAR 1     34                        40     -6       44
  SINCE JAN 1     34                        45    -11       54
..................................................................


WIND (MPH)
  HIGHEST WIND SPEED    16   HIGHEST WIND DIRECTION    SE (120)
  HIGHEST GUST SPEED    21   HIGHEST GUST DIRECTION    SE (130)
  AVERAGE WIND SPEED     5.5


SKY COVER
  POSSIBLE SUNSHINE  MM
  AVERAGE SKY COVER 0.0


WEATHER CONDITIONS
 THE FOLLOWING WEATHER WAS RECORDED YESTERDAY.
  NO SIGNIFICANT WEATHER WAS OBSERVED.


RELATIVE HUMIDITY (PERCENT)
 HIGHEST    86          1000 PM
 LOWEST     37           400 PM
 AVERAGE    62

..........................................................


THE GREENVILLE CLIMATE NORMALS FOR TODAY
                         NORMAL    RECORD    YEAR
 MAXIMUM TEMPERATURE (F)   75        91      1925
 MINIMUM TEMPERATURE (F)   53        36      1951


SUNRISE AND SUNSET
APRIL 17 2014.........SUNRISE   631 AM CDT   SUNSET   736 PM CDT
APRIL 18 2014.........SUNRISE   630 AM CDT   SUNSET   737 PM CDT


-  INDICATES NEGATIVE NUMBERS.
R  INDICATES RECORD WAS SET OR TIED.
MM INDICATES DATA IS MISSING.
T  INDICATES TRACE AMOUNT.




$$
