000
CDUS44 KJAN 290738
CLIGLH


CLIMATE REPORT
NATIONAL WEATHER SERVICE JACKSON MS
234 AM CDT WED MAR 29 2017


...................................

...THE GREENVILLE CLIMATE SUMMARY FOR MARCH 28 2017...

CLIMATE NORMAL PERIOD 1981 TO 2010
CLIMATE RECORD PERIOD 1920 TO 2017


WEATHER ITEM   OBSERVED TIME   RECORD YEAR NORMAL DEPARTURE LAST
                VALUE   (LST)  VALUE       VALUE  FROM      YEAR
                                                  NORMAL
..................................................................
TEMPERATURE (F)
 YESTERDAY
  MAXIMUM         81    438 PM  84    2007  69     12       68
                                      1928
                                      1922
  MINIMUM         58    624 AM  26    1955  47     11       44
  AVERAGE         70                        58     12       56

PRECIPITATION (IN)
  YESTERDAY        0.00          2.71 2014   0.18  -0.18     0.00
  MONTH TO DATE    1.36                      3.98  -2.62    14.89
  SINCE MAR 1      1.36                      3.98  -2.62    14.89
  SINCE JAN 1      9.39                     13.97  -4.58    21.40

SNOWFALL (IN)
  YESTERDAY        0.0

DEGREE DAYS
 HEATING
  YESTERDAY        0                         8     -8        9
  MONTH TO DATE  231                       313    -82      181
  SINCE MAR 1    231                       313    -82      181
  SINCE JUL 1   1764                      2622   -858     1861

 COOLING
  YESTERDAY        5                         1      4        0
  MONTH TO DATE   38                        14     24       22
  SINCE MAR 1     38                        14     24       22
  SINCE JAN 1     67                        19     48       26
..................................................................


WIND (MPH)
  HIGHEST WIND SPEED    13   HIGHEST WIND DIRECTION     S (190)
  HIGHEST GUST SPEED    15   HIGHEST GUST DIRECTION     S (190)
  AVERAGE WIND SPEED     4.9


SKY COVER
  POSSIBLE SUNSHINE  MM
  AVERAGE SKY COVER 0.2


WEATHER CONDITIONS
 THE FOLLOWING WEATHER WAS RECORDED YESTERDAY.
  FOG
  HAZE


RELATIVE HUMIDITY (PERCENT)
 HIGHEST    93           600 AM
 LOWEST     56           600 PM
 AVERAGE    75

..........................................................


THE GREENVILLE CLIMATE NORMALS FOR TODAY
                         NORMAL    RECORD    YEAR
 MAXIMUM TEMPERATURE (F)   69        85      2007
                                             1998
                                             1933
 MINIMUM TEMPERATURE (F)   47        29      1955


SUNRISE AND SUNSET
MARCH 29 2017.........SUNRISE   655 AM CDT   SUNSET   722 PM CDT
MARCH 30 2017.........SUNRISE   654 AM CDT   SUNSET   723 PM CDT


-  INDICATES NEGATIVE NUMBERS.
R  INDICATES RECORD WAS SET OR TIED.
MM INDICATES DATA IS MISSING.
T  INDICATES TRACE AMOUNT.




$$
