000
CDUS44 KJAN 272125
CLIGLH


CLIMATE REPORT
NATIONAL WEATHER SERVICE JACKSON MS
418 PM CDT WED AUG 27 2014


...................................

...THE GREENVILLE CLIMATE SUMMARY FOR AUGUST 27 2014...
VALID TODAY AS OF 0400 PM LOCAL TIME.

CLIMATE NORMAL PERIOD 1981 TO 2010
CLIMATE RECORD PERIOD 1920 TO 2014


WEATHER ITEM   OBSERVED TIME   RECORD YEAR NORMAL DEPARTURE LAST
                VALUE   (LST)  VALUE       VALUE  FROM      YEAR
                                                  NORMAL
..................................................................
TEMPERATURE (F)
 TODAY
  MAXIMUM         95    244 PM 103    1943  92      3       92
  MINIMUM         67    603 AM  58    1958  69     -2       64
                                      1945
                                      1927
  AVERAGE         81                        81      0       78

PRECIPITATION (IN)
  TODAY            0.00          1.79 1992   0.09  -0.09     0.00
  MONTH TO DATE    2.71                      2.05   0.66     0.78
  SINCE JUN 1     14.40                      9.89   4.51     4.02
  SINCE JAN 1     38.53                     34.15   4.38    28.98

SNOWFALL (IN)
  TODAY            0.0

DEGREE DAYS
 HEATING
  TODAY            0                         0      0        0
  MONTH TO DATE    0                         0      0        0
  SINCE JUN 1      0                         0      0        0
  SINCE JUL 1      0                         0      0        0

 COOLING
  TODAY           16                        15      1       13
  MONTH TO DATE  427                       450    -23      440
  SINCE JUN 1   1291                      1397   -106     1376
  SINCE JAN 1   1606                      1719   -113     1659
..................................................................


WIND (MPH)
  HIGHEST WIND SPEED     8   HIGHEST WIND DIRECTION    NE (30)
  HIGHEST GUST SPEED    10   HIGHEST GUST DIRECTION    NE (50)
  AVERAGE WIND SPEED     0.8


SKY COVER
  POSSIBLE SUNSHINE  MM
  AVERAGE SKY COVER 0.1


WEATHER CONDITIONS
 THE FOLLOWING WEATHER WAS RECORDED TODAY.
  FOG


RELATIVE HUMIDITY (PERCENT)
 HIGHEST    93           600 AM
 LOWEST     33           300 PM
 AVERAGE    63

..........................................................


THE GREENVILLE CLIMATE NORMALS FOR TOMORROW
                         NORMAL    RECORD    YEAR
 MAXIMUM TEMPERATURE (F)   91       102      1936
                                             1924
 MINIMUM TEMPERATURE (F)   69        54      1986


SUNRISE AND SUNSET
AUGUST 27 2014........SUNRISE   635 AM CDT   SUNSET   736 PM CDT
AUGUST 28 2014........SUNRISE   635 AM CDT   SUNSET   734 PM CDT


-  INDICATES NEGATIVE NUMBERS.
R  INDICATES RECORD WAS SET OR TIED.
MM INDICATES DATA IS MISSING.
T  INDICATES TRACE AMOUNT.




$$
