068
CDUS44 KJAN 230638
CLIGLH


CLIMATE REPORT
NATIONAL WEATHER SERVICE JACKSON MS
135 AM CDT SAT SEP 23 2017


...................................

...THE GREENVILLE CLIMATE SUMMARY FOR SEPTEMBER 22 2017...

CLIMATE NORMAL PERIOD 1981 TO 2010
CLIMATE RECORD PERIOD 1903 TO 2017


WEATHER ITEM   OBSERVED TIME   RECORD YEAR NORMAL DEPARTURE LAST
                VALUE   (LST)  VALUE       VALUE  FROM      YEAR
                                                  NORMAL
..................................................................
TEMPERATURE (F)
 YESTERDAY
  MAXIMUM         94    314 PM  98    1925  85      9       94
  MINIMUM         68    605 AM  42    1983  61      7       67
  AVERAGE         81                        73      8       81

PRECIPITATION (IN)
  YESTERDAY        T             3.30 1934   0.09  -0.09     0.00
  MONTH TO DATE    1.72                      2.23  -0.51     0.20
  SINCE SEP 1      1.72                      2.23  -0.51     0.20
  SINCE JAN 1     30.91                     36.79  -5.88    42.09

SNOWFALL (IN)
  YESTERDAY        0.0

DEGREE DAYS
 HEATING
  YESTERDAY        0                         0      0        0
  MONTH TO DATE    3                         0      3        0
  SINCE SEP 1      3                         0      3        0
  SINCE JUL 1      3                         0      3        0

 COOLING
  YESTERDAY       16                         8      8       16
  MONTH TO DATE  211                       249    -38      375
  SINCE SEP 1    211                       249    -38      375
  SINCE JAN 1   1954                      2028    -74     2387
..................................................................


WIND (MPH)
  HIGHEST WIND SPEED    24   HIGHEST WIND DIRECTION     N (350)
  HIGHEST GUST SPEED    29   HIGHEST GUST DIRECTION     N (360)
  AVERAGE WIND SPEED     2.8


SKY COVER
  POSSIBLE SUNSHINE  MM
  AVERAGE SKY COVER 0.2


WEATHER CONDITIONS
 THE FOLLOWING WEATHER WAS RECORDED YESTERDAY.
  LIGHT RAIN


RELATIVE HUMIDITY (PERCENT)
 HIGHEST    97           100 AM
 LOWEST     41           200 PM
 AVERAGE    69

..........................................................


THE GREENVILLE CLIMATE NORMALS FOR TODAY
                         NORMAL    RECORD    YEAR
 MAXIMUM TEMPERATURE (F)   84        99      1931
 MINIMUM TEMPERATURE (F)   60        42      1983
                                             1918


SUNRISE AND SUNSET
SEPTEMBER 23 2017.....SUNRISE   653 AM CDT   SUNSET   659 PM CDT
SEPTEMBER 24 2017.....SUNRISE   654 AM CDT   SUNSET   657 PM CDT


-  INDICATES NEGATIVE NUMBERS.
R  INDICATES RECORD WAS SET OR TIED.
MM INDICATES DATA IS MISSING.
T  INDICATES TRACE AMOUNT.




$$
