000
CDUS44 KJAN 262313
CLIGLH


CLIMATE REPORT
NATIONAL WEATHER SERVICE JACKSON MS
504 PM CST THU FEB 26 2015


...................................

...THE GREENVILLE CLIMATE SUMMARY FOR FEBRUARY 26 2015...
VALID TODAY AS OF 0500 PM LOCAL TIME.

CLIMATE NORMAL PERIOD 1981 TO 2010
CLIMATE RECORD PERIOD 1920 TO 2015


WEATHER ITEM   OBSERVED TIME   RECORD YEAR NORMAL DEPARTURE LAST
                VALUE   (LST)  VALUE       VALUE  FROM      YEAR
                                                  NORMAL
..................................................................
TEMPERATURE (F)
 TODAY
  MAXIMUM         35    359 PM  82    1977  60    -25       40
  MINIMUM         29    830 AM  19    1965  40    -11       25
  AVERAGE         32                        50    -18       33

PRECIPITATION (IN)
  TODAY            0.00          1.74 1923   0.14  -0.14     0.23
  MONTH TO DATE    3.08                      4.74  -1.66     3.45
  SINCE DEC 1     10.56                     15.33  -4.77     8.82
  SINCE JAN 1      6.45                      9.71  -3.26     4.29

SNOWFALL (IN)
  TODAY           MM

DEGREE DAYS
 HEATING
  TODAY           33                        15     18       32
  MONTH TO DATE  660                       491    169      560
  SINCE DEC 1   1889                      1818     71     2022
  SINCE JUL 1   2429                      2280    149     2556

 COOLING
  TODAY            0                         0      0        0
  MONTH TO DATE    0                         0      0        0
  SINCE DEC 1      0                         4     -4        9
  SINCE JAN 1      0                         1     -1        0
..................................................................


WIND (MPH)
  HIGHEST WIND SPEED    17   HIGHEST WIND DIRECTION     N (360)
  HIGHEST GUST SPEED    21   HIGHEST GUST DIRECTION     N (10)
  AVERAGE WIND SPEED     7.6


SKY COVER
  POSSIBLE SUNSHINE  MM
  AVERAGE SKY COVER 1.0


WEATHER CONDITIONS
 THE FOLLOWING WEATHER WAS RECORDED TODAY.
  FOG
  FOG W/VISIBILITY <= 1/4 MILE
  HAZE


RELATIVE HUMIDITY (PERCENT)
 HIGHEST   100           800 AM
 LOWEST     75           400 PM
 AVERAGE    88

..........................................................


THE GREENVILLE CLIMATE NORMALS FOR TOMORROW
                         NORMAL    RECORD    YEAR
 MAXIMUM TEMPERATURE (F)   60        83      1962
 MINIMUM TEMPERATURE (F)   40        20      1934


SUNRISE AND SUNSET
FEBRUARY 26 2015......SUNRISE   636 AM CST   SUNSET   558 PM CST
FEBRUARY 27 2015......SUNRISE   635 AM CST   SUNSET   559 PM CST


-  INDICATES NEGATIVE NUMBERS.
R  INDICATES RECORD WAS SET OR TIED.
MM INDICATES DATA IS MISSING.
T  INDICATES TRACE AMOUNT.




$$
