000
CDUS44 KHGX 030724
CLIGLS


CLIMATE REPORT
NATIONAL WEATHER SERVICE HOUSTON/GALVESTON TX
123 AM CST SAT DEC 3 2016


...................................

...THE GALVESTON CLIMATE SUMMARY FOR DECEMBER 2 2016...

CLIMATE NORMAL PERIOD 1981 TO 2010
CLIMATE RECORD PERIOD 1875 TO 2016


WEATHER ITEM   OBSERVED TIME   RECORD YEAR NORMAL DEPARTURE LAST
                VALUE   (LST)  VALUE       VALUE  FROM      YEAR
                                                  NORMAL
..................................................................
TEMPERATURE (F)
 YESTERDAY
  MAXIMUM         69    111 PM  79    2012  67      2       59
                                      2007
  MINIMUM         62    836 PM  34    1929  54      8       53
  AVERAGE         66                        60      6       56

PRECIPITATION (IN)
  YESTERDAY        0.15          2.17 1923   0.16  -0.01     0.12
  MONTH TO DATE    0.15                      0.33  -0.18     0.29
  SINCE DEC 1      0.15                      0.33  -0.18     0.29
  SINCE JAN 1     45.57                     47.57  -2.00    58.33

SNOWFALL (IN)
  YESTERDAY        0.0           0.0  2002  MM     MM        0.0
                                      2001
  MONTH TO DATE    0.0                      MM     MM        0.0
  SINCE DEC 1      0.0                      MM     MM        0.0
  SINCE JUL 1      0.0                      MM     MM        0.0
  SNOW DEPTH       0

DEGREE DAYS
 HEATING
  YESTERDAY        0                         6     -6        9
  MONTH TO DATE    3                        12     -9       17
  SINCE DEC 1      3                        12     -9       17
  SINCE JUL 1     15                       115   -100       70

 COOLING
  YESTERDAY        1                         1      0        0
  MONTH TO DATE    1                         2     -1        0
  SINCE DEC 1      1                         2     -1        0
  SINCE JAN 1   3679                      3291    388     3565
..................................................................


WIND (MPH)
  RESULTANT WIND SPEED  15   RESULTANT WIND DIRECTION   E (70)
  HIGHEST WIND SPEED    30   HIGHEST WIND DIRECTION     E (70)
  HIGHEST GUST SPEED    38   HIGHEST GUST DIRECTION    NE (60)
  AVERAGE WIND SPEED    17.2


SKY COVER
  AVERAGE SKY COVER 0.9


WEATHER CONDITIONS
 THE FOLLOWING WEATHER WAS RECORDED YESTERDAY.
  HEAVY RAIN
  LIGHT RAIN
  FOG
  HAZE


RELATIVE HUMIDITY (PERCENT)
 HIGHEST    93
 LOWEST     58
 AVERAGE    76

..........................................................


THE GALVESTON CLIMATE NORMALS FOR TODAY
                         NORMAL    RECORD    YEAR
 MAXIMUM TEMPERATURE (F)   66        79      1983
 MINIMUM TEMPERATURE (F)   53        29      1929


SUNRISE AND SUNSET
DECEMBER  3 2016......SUNRISE   658 AM CST   SUNSET   521 PM CST
DECEMBER  4 2016......SUNRISE   659 AM CST   SUNSET   521 PM CST


-  INDICATES NEGATIVE NUMBERS.
R  INDICATES RECORD WAS SET OR TIED.
MM INDICATES DATA IS MISSING.
T  INDICATES TRACE AMOUNT.




$$
