000
CDUS44 KHGX 302129
CLIGLS


CLIMATE REPORT
NATIONAL WEATHER SERVICE HOUSTON/GALVESTON TX
424 PM CDT SAT MAY 30 2015


...................................

...THE GALVESTON CLIMATE SUMMARY FOR MAY 30 2015...
VALID TODAY AS OF 400 PM LOCAL TIME.

CLIMATE NORMAL PERIOD 1981 TO 2010
CLIMATE RECORD PERIOD 1875 TO 2015


WEATHER ITEM   OBSERVED TIME   RECORD YEAR NORMAL DEPARTURE LAST
                VALUE   (LST)  VALUE       VALUE  FROM      YEAR
                                                  NORMAL
..................................................................
TEMPERATURE (F)
 TODAY
  MAXIMUM         87    238 PM  91    2011  86      1       86
                                      1911
  MINIMUM         77    507 AM  57    1889  75      2       75
  AVERAGE         82                        81      1       81

PRECIPITATION (IN)
  TODAY            0.00          7.14 1975   0.20  -0.20      T
  MONTH TO DATE    3.01                      4.12  -1.11     3.29
  SINCE MAR 1     16.00                     10.33   5.67     5.21
  SINCE JAN 1     22.14                     17.10   5.04     8.26

SNOWFALL (IN)
  TODAY            0.0          MM      MM  MM     MM       MM
  MONTH TO DATE    0.0                      MM     MM        0.0
  SINCE MAR 1      0.0                      MM     MM        0.0
  SINCE JUL 1      0.0                      MM     MM         T
  SNOW DEPTH       0

DEGREE DAYS
 HEATING
  TODAY            0                         0      0        0
  MONTH TO DATE    0                         0      0        0
  SINCE MAR 1    120                       121     -1      186
  SINCE JUL 1   1182                      1009    173     1425

 COOLING
  TODAY           17                        16      1       16
  MONTH TO DATE  407                       378     29      306
  SINCE MAR 1    684                       604     80      487
  SINCE JAN 1    690                       621     69      494
..................................................................


WIND (MPH)
  RESULTANT WIND SPEED   8   RESULTANT WIND DIRECTION   S (170)
  HIGHEST WIND SPEED    14   HIGHEST WIND DIRECTION     S (170)
  HIGHEST GUST SPEED    19   HIGHEST GUST DIRECTION    SE (140)
  AVERAGE WIND SPEED     8.5


SKY COVER
  AVERAGE SKY COVER 0.3


WEATHER CONDITIONS
 THE FOLLOWING WEATHER WAS RECORDED TODAY.
  THUNDERSTORM


RELATIVE HUMIDITY (PERCENT)
 HIGHEST    94           500 AM
 LOWEST     70           300 PM
 AVERAGE    82

..........................................................


THE GALVESTON CLIMATE NORMALS FOR TOMORROW
                         NORMAL    RECORD    YEAR
 MAXIMUM TEMPERATURE (F)   86        93      1911
 MINIMUM TEMPERATURE (F)   76        61      1889


SUNRISE AND SUNSET
MAY 30 2015...........SUNRISE   621 AM CDT   SUNSET   813 PM CDT
MAY 31 2015...........SUNRISE   621 AM CDT   SUNSET   814 PM CDT


-  INDICATES NEGATIVE NUMBERS.
R  INDICATES RECORD WAS SET OR TIED.
MM INDICATES DATA IS MISSING.
T  INDICATES TRACE AMOUNT.

$$
