000
CDUS44 KHGX 302122
CLIGLS


CLIMATE REPORT
NATIONAL WEATHER SERVICE HOUSTON/GALVESTON TX
421 PM CDT THU JUL 30 2015


...................................

...THE GALVESTON CLIMATE SUMMARY FOR JULY 30 2015...
VALID TODAY AS OF 400 PM LOCAL TIME.

CLIMATE NORMAL PERIOD 1981 TO 2010
CLIMATE RECORD PERIOD 1875 TO 2015


WEATHER ITEM   OBSERVED TIME   RECORD YEAR NORMAL DEPARTURE LAST
                VALUE   (LST)  VALUE       VALUE  FROM      YEAR
                                                  NORMAL
..................................................................
TEMPERATURE (F)
 TODAY
  MAXIMUM         97R  1217 PM  95    1991  90      7       91
                                      1876
                                      1875
  MINIMUM         82    625 AM  70    1879  80      2       81
  AVERAGE         90                        85      5       86

PRECIPITATION (IN)
  TODAY            0.00          1.94 1894   0.06  -0.06     0.00
  MONTH TO DATE    0.23                      3.74  -3.51     1.08
  SINCE JUN 1      2.98                      9.43  -6.45     2.61
  SINCE JAN 1     25.16                     26.73  -1.57    11.30

SNOWFALL (IN)
  TODAY            0.0          MM      MM  MM     MM        0.0
  MONTH TO DATE    0.0                      MM     MM        0.0
  SINCE JUN 1      0.0                      MM     MM        0.0
  SINCE JUL 1      0.0                      MM     MM        0.0
  SNOW DEPTH       0

DEGREE DAYS
 HEATING
  TODAY            0                         0      0        0
  MONTH TO DATE    0                         0      0        0
  SINCE JUN 1      0                         0      0        0
  SINCE JUL 1      0                         0      0        0

 COOLING
  TODAY           25                        20      5       21
  MONTH TO DATE  651                       584     67      600
  SINCE JUN 1   1202                      1119     83     1158
  SINCE JAN 1   1904                      1754    150     1666
..................................................................


WIND (MPH)
  RESULTANT WIND SPEED   4   RESULTANT WIND DIRECTION   W (280)
  HIGHEST WIND SPEED    13   HIGHEST WIND DIRECTION     W (280)
  HIGHEST GUST SPEED    17   HIGHEST GUST DIRECTION     W (280)
  AVERAGE WIND SPEED     7.6


SKY COVER
  AVERAGE SKY COVER 0.3


WEATHER CONDITIONS
 THE FOLLOWING WEATHER WAS RECORDED TODAY.
  FOG
  HAZE


RELATIVE HUMIDITY (PERCENT)
 HIGHEST    88           200 AM
 LOWEST     49          1200 PM
 AVERAGE    69

..........................................................


THE GALVESTON CLIMATE NORMALS FOR TOMORROW
                         NORMAL    RECORD    YEAR
 MAXIMUM TEMPERATURE (F)   90        95      2010
                                             1930
                                             1875
 MINIMUM TEMPERATURE (F)   80        70      1951


SUNRISE AND SUNSET
JULY 30 2015..........SUNRISE   639 AM CDT   SUNSET   813 PM CDT
JULY 31 2015..........SUNRISE   639 AM CDT   SUNSET   812 PM CDT


-  INDICATES NEGATIVE NUMBERS.
R  INDICATES RECORD WAS SET OR TIED.
MM INDICATES DATA IS MISSING.
T  INDICATES TRACE AMOUNT.




$$
