000
CDUS44 KHGX 280829
CLIGLS


CLIMATE REPORT
NATIONAL WEATHER SERVICE HOUSTON/GALVESTON TX
229 AM CST SUN DEC 28 2014


...................................

...THE GALVESTON CLIMATE SUMMARY FOR DECEMBER 27 2014...

CLIMATE NORMAL PERIOD 1981 TO 2010
CLIMATE RECORD PERIOD 1875 TO 2014


WEATHER ITEM   OBSERVED TIME   RECORD YEAR NORMAL DEPARTURE LAST
                VALUE   (LST)  VALUE       VALUE  FROM      YEAR
                                                  NORMAL
..................................................................
TEMPERATURE (F)
 YESTERDAY
  MAXIMUM         71    358 PM  74    1971  62      9       56
  MINIMUM         51   1159 PM  25    1892  49      2       50
  AVERAGE         61                        56      5       53

PRECIPITATION (IN)
  YESTERDAY        0.04          2.21 1884   0.10  -0.06     0.01
  MONTH TO DATE    3.49                      3.17   0.32     0.63
  SINCE DEC 1      3.49                      3.17   0.32     0.63
  SINCE JAN 1     31.51                     50.41 -18.90    39.22

SNOWFALL (IN)
  YESTERDAY        0.0           0.0  2001  MM     MM        0.0
  MONTH TO DATE    0.0                      MM     MM        0.0
  SINCE DEC 1      0.0                      MM     MM        0.0
  SINCE JUL 1      0.0                      MM     MM        0.0
  SNOW DEPTH       0

DEGREE DAYS
 HEATING
  YESTERDAY        4                         9     -5       12
  MONTH TO DATE  125                       218    -93      306
  SINCE DEC 1    125                       218    -93      306
  SINCE JUL 1    276                       321    -45      484

 COOLING
  YESTERDAY        0                         0      0        0
  MONTH TO DATE   21                        14      7       13
  SINCE DEC 1     21                        14      7       13
  SINCE JAN 1   3259                      3303    -44     3324
..................................................................


WIND (MPH)
  RESULTANT WIND SPEED   2   RESULTANT WIND DIRECTION  SE (130)
  HIGHEST WIND SPEED    28   HIGHEST WIND DIRECTION     N (340)
  HIGHEST GUST SPEED    34   HIGHEST GUST DIRECTION     N (340)
  AVERAGE WIND SPEED    15.0


SKY COVER
  AVERAGE SKY COVER 1.0


WEATHER CONDITIONS
 THE FOLLOWING WEATHER WAS RECORDED YESTERDAY.
  FOG


RELATIVE HUMIDITY (PERCENT)
 HIGHEST   100
 LOWEST     89
 AVERAGE    95

..........................................................


THE GALVESTON CLIMATE NORMALS FOR TODAY
                         NORMAL    RECORD    YEAR
 MAXIMUM TEMPERATURE (F)   62        73      2005
 MINIMUM TEMPERATURE (F)   49        21      1894


SUNRISE AND SUNSET
DECEMBER 28 2014......SUNRISE   712 AM CST   SUNSET   530 PM CST
DECEMBER 29 2014......SUNRISE   713 AM CST   SUNSET   530 PM CST


-  INDICATES NEGATIVE NUMBERS.
R  INDICATES RECORD WAS SET OR TIED.
MM INDICATES DATA IS MISSING.
T  INDICATES TRACE AMOUNT.




$$
