000
CDUS44 KHGX 280734
CLIGLS


CLIMATE REPORT
NATIONAL WEATHER SERVICE HOUSTON/GALVESTON TX
223 AM CDT SAT MAY 28 2016


...................................

...THE GALVESTON CLIMATE SUMMARY FOR MAY 27 2016...

CLIMATE NORMAL PERIOD 1981 TO 2010
CLIMATE RECORD PERIOD 1875 TO 2016


WEATHER ITEM   OBSERVED TIME   RECORD YEAR NORMAL DEPARTURE LAST
                VALUE   (LST)  VALUE       VALUE  FROM      YEAR
                                                  NORMAL
..................................................................
TEMPERATURE (F)
 YESTERDAY
  MAXIMUM         84    215 PM  90    1922  86     -2       82
  MINIMUM         66    816 PM  57    1961  75     -9       68
  AVERAGE         75                        80     -5       75

PRECIPITATION (IN)
  YESTERDAY        1.69          5.24 1874   0.24   1.45     0.59
  MONTH TO DATE    7.66                      3.50   4.16     2.87
  SINCE MAR 1     16.57                      9.71   6.86    15.86
  SINCE JAN 1     20.53                     16.48   4.05    22.00

SNOWFALL (IN)
  YESTERDAY        0.0          MM      MM  MM     MM        0.0
  MONTH TO DATE    0.0                      MM     MM        0.0
  SINCE MAR 1      0.0                      MM     MM        0.0
  SINCE JUL 1      0.0                       0.0    0.0      0.0
  SNOW DEPTH       0

DEGREE DAYS
 HEATING
  YESTERDAY        0                         0      0        0
  MONTH TO DATE    0                         0      0        0
  SINCE MAR 1     41                       121    -80      120
  SINCE JUL 1    745                      1009   -264     1182

 COOLING
  YESTERDAY       10                        15     -5       10
  MONTH TO DATE  305                       331    -26      361
  SINCE MAR 1    597                       557     40      638
  SINCE JAN 1    609                       574     35      644
..................................................................


WIND (MPH)
  RESULTANT WIND SPEED  16   RESULTANT WIND DIRECTION   S (160)
  HIGHEST WIND SPEED    36   HIGHEST WIND DIRECTION    NW (320)
  HIGHEST GUST SPEED    47   HIGHEST GUST DIRECTION    NW (320)
  AVERAGE WIND SPEED    18.9


SKY COVER
  AVERAGE SKY COVER 0.8


WEATHER CONDITIONS
 THE FOLLOWING WEATHER WAS RECORDED YESTERDAY.
  THUNDERSTORM
  HEAVY RAIN
  RAIN
  LIGHT RAIN
  FOG


RELATIVE HUMIDITY (PERCENT)
 HIGHEST   100
 LOWEST     79
 AVERAGE    90

..........................................................


THE GALVESTON CLIMATE NORMALS FOR TODAY
                         NORMAL    RECORD    YEAR
 MAXIMUM TEMPERATURE (F)   86        90      2010
                                             1958
 MINIMUM TEMPERATURE (F)   75        62      1901


SUNRISE AND SUNSET
MAY 28 2016...........SUNRISE   621 AM CDT   SUNSET   812 PM CDT
MAY 29 2016...........SUNRISE   621 AM CDT   SUNSET   813 PM CDT


-  INDICATES NEGATIVE NUMBERS.
R  INDICATES RECORD WAS SET OR TIED.
MM INDICATES DATA IS MISSING.
T  INDICATES TRACE AMOUNT.




$$
