000
CDUS42 KJAX 250529
CLIGNV


CLIMATE REPORT
NATIONAL WEATHER SERVICE JACKSONVILLE FL
1228 AM EST SUN FEB 25 2018


...................................

...THE GAINESVILLE CLIMATE SUMMARY FOR FEBRUARY 24 2018...

CLIMATE NORMAL PERIOD 1981 TO 2010
CLIMATE RECORD PERIOD 1890 TO 2018


WEATHER ITEM   OBSERVED TIME   RECORD YEAR NORMAL DEPARTURE LAST
                VALUE   (LST)  VALUE       VALUE  FROM      YEAR
                                                  NORMAL
..................................................................
TEMPERATURE (F)
 YESTERDAY
  MAXIMUM         84    344 PM  88    1962  71     13       83
  MINIMUM         60    527 AM  25    1989  47     13       61
                                      1901
  AVERAGE         72                        59     13       72

PRECIPITATION (IN)
  YESTERDAY        T             1.86 1901   0.13  -0.13     0.00
  MONTH TO DATE    1.55                      2.72  -1.17     0.39
  SINCE DEC 1      8.52                      8.51   0.01     4.53
  SINCE JAN 1      5.87                      6.03  -0.16     1.84

SNOWFALL (IN)
  YESTERDAY        0.0           0.0    MM   0.0    0.0      0.0
  MONTH TO DATE    0.0                       0.0    0.0      0.0
  SINCE DEC 1      0.0                       0.0    0.0      0.0
  SINCE JUL 1      0.0                       0.0    0.0      0.0
  SNOW DEPTH       0

DEGREE DAYS
 HEATING
  YESTERDAY        0                         7     -7        0
  MONTH TO DATE   58                       205   -147       78
  SINCE DEC 1    769                       846    -77      391
  SINCE JUL 1    903                      1007   -104      497

 COOLING
  YESTERDAY        7                         1      6        7
  MONTH TO DATE  100                        20     80       27
  SINCE DEC 1    141                        54     87      149
  SINCE JAN 1    108                        32     76       73
..................................................................


WIND (MPH)
  HIGHEST WIND SPEED    14   HIGHEST WIND DIRECTION    SW (220)
  HIGHEST GUST SPEED    19   HIGHEST GUST DIRECTION    SW (210)
  AVERAGE WIND SPEED     3.2


SKY COVER
  POSSIBLE SUNSHINE  MM
  AVERAGE SKY COVER 0.5


WEATHER CONDITIONS
 THE FOLLOWING WEATHER WAS RECORDED YESTERDAY.
  FOG
  FOG W/VISIBILITY <= 1/4 MILE


RELATIVE HUMIDITY (PERCENT)
 HIGHEST   100           300 AM
 LOWEST     43           300 PM
 AVERAGE    72

..........................................................


THE GAINESVILLE CLIMATE NORMALS FOR TODAY
                         NORMAL    RECORD    YEAR
 MAXIMUM TEMPERATURE (F)   71        85      1962
                                             1922
 MINIMUM TEMPERATURE (F)   47        23      1989


SUNRISE AND SUNSET
FEBRUARY 25 2018......SUNRISE   659 AM EST   SUNSET   626 PM EST
FEBRUARY 26 2018......SUNRISE   658 AM EST   SUNSET   626 PM EST


-  INDICATES NEGATIVE NUMBERS.
R  INDICATES RECORD WAS SET OR TIED.
MM INDICATES DATA IS MISSING.
T  INDICATES TRACE AMOUNT.




$$
