000
CDUS42 KJAX 250526
CLIGNV


CLIMATE REPORT
NATIONAL WEATHER SERVICE JACKSONVILLE FL
126 AM EDT SUN JUN 25 2017


...................................

...THE GAINESVILLE CLIMATE SUMMARY FOR JUNE 24 2017...

CLIMATE NORMAL PERIOD 1981 TO 2010
CLIMATE RECORD PERIOD 1890 TO 2017


WEATHER ITEM   OBSERVED TIME   RECORD YEAR NORMAL DEPARTURE LAST
                VALUE   (LST)  VALUE       VALUE  FROM      YEAR
                                                  NORMAL
..................................................................
TEMPERATURE (F)
 YESTERDAY
  MAXIMUM         93    248 PM 101    1950  90      3       94
                                      1944
  MINIMUM         71    557 AM  62    1947  71      0       73
  AVERAGE         82                        80      2       84

PRECIPITATION (IN)
  YESTERDAY        0.00          6.95 2012   0.27  -0.27     0.00
  MONTH TO DATE   14.38                      5.49   8.89     8.06
  SINCE JUN 1     14.38                      5.49   8.89     8.06
  SINCE JAN 1     24.08                     21.48   2.60    23.00

SNOWFALL (IN)
  YESTERDAY        0.0           0.0    MM   0.0    0.0      0.0
  MONTH TO DATE    0.0                       0.0    0.0      0.0
  SINCE JUN 1      0.0                       0.0    0.0      0.0
  SINCE JUL 1      0.0                       0.0    0.0      0.0
  SNOW DEPTH       0

DEGREE DAYS
 HEATING
  YESTERDAY        0                         0      0        0
  MONTH TO DATE    0                         0      0        0
  SINCE JUN 1      0                         0      0        0
  SINCE JUL 1    646                      1218   -572      852

 COOLING
  YESTERDAY       17                        15      2       19
  MONTH TO DATE  331                       344    -13      397
  SINCE JUN 1    331                       344    -13      397
  SINCE JAN 1   1014                       854    160     1002
..................................................................


WIND (MPH)
  HIGHEST WIND SPEED    16   HIGHEST WIND DIRECTION     W (250)
  HIGHEST GUST SPEED    19   HIGHEST GUST DIRECTION    SW (240)
  AVERAGE WIND SPEED     5.6


SKY COVER
  POSSIBLE SUNSHINE  MM
  AVERAGE SKY COVER 0.2


WEATHER CONDITIONS
 THE FOLLOWING WEATHER WAS RECORDED YESTERDAY.
  FOG


RELATIVE HUMIDITY (PERCENT)
 HIGHEST    93           100 AM
 LOWEST     52           300 PM
 AVERAGE    73

..........................................................


THE GAINESVILLE CLIMATE NORMALS FOR TODAY
                         NORMAL    RECORD    YEAR
 MAXIMUM TEMPERATURE (F)   90       102      1950
                                             1897
 MINIMUM TEMPERATURE (F)   71        60      1985


SUNRISE AND SUNSET
JUNE 25 2017..........SUNRISE   630 AM EDT   SUNSET   833 PM EDT
JUNE 26 2017..........SUNRISE   631 AM EDT   SUNSET   833 PM EDT


-  INDICATES NEGATIVE NUMBERS.
R  INDICATES RECORD WAS SET OR TIED.
MM INDICATES DATA IS MISSING.
T  INDICATES TRACE AMOUNT.




$$
