000
CDUS42 KJAX 290527
CLIGNV


CLIMATE REPORT
NATIONAL WEATHER SERVICE JACKSONVILLE FL
127 AM EDT SAT APR 29 2017


...................................

...THE GAINESVILLE CLIMATE SUMMARY FOR APRIL 28 2017...

CLIMATE NORMAL PERIOD 1981 TO 2010
CLIMATE RECORD PERIOD 1890 TO 2017


WEATHER ITEM   OBSERVED TIME   RECORD YEAR NORMAL DEPARTURE LAST
                VALUE   (LST)  VALUE       VALUE  FROM      YEAR
                                                  NORMAL
..................................................................
TEMPERATURE (F)
 YESTERDAY
  MAXIMUM         95R   355 PM  95    1991  83     12       88
  MINIMUM         62    552 AM  41    1978  57      5       64
  AVERAGE         79                        70      9       76

PRECIPITATION (IN)
  YESTERDAY        0.00          2.81 1964   0.07  -0.07     0.00
  MONTH TO DATE    2.74                      2.52   0.22     1.66
  SINCE MAR 1      3.41                      6.85  -3.44     4.01
  SINCE JAN 1      5.25                     13.36  -8.11    10.86

SNOWFALL (IN)
  YESTERDAY        0.0           0.0    MM   0.0    0.0      0.0
  MONTH TO DATE    0.0                       0.0    0.0      0.0
  SINCE MAR 1      0.0                       0.0    0.0      0.0
  SINCE JUL 1      0.0                       0.0    0.0      0.0
  SNOW DEPTH       0

DEGREE DAYS
 HEATING
  YESTERDAY        0                         1     -1        0
  MONTH TO DATE   18                        43    -25        9
  SINCE MAR 1    143                       180    -37       83
  SINCE JUL 1    646                      1214   -568      848

 COOLING
  YESTERDAY       14                         6      8       11
  MONTH TO DATE  147                       109     38      114
  SINCE MAR 1    220                       163     57      243
  SINCE JAN 1    304                       195    109      268
..................................................................


WIND (MPH)
  HIGHEST WIND SPEED    18   HIGHEST WIND DIRECTION    SE (140)
  HIGHEST GUST SPEED    24   HIGHEST GUST DIRECTION    SE (140)
  AVERAGE WIND SPEED     6.9


SKY COVER
  POSSIBLE SUNSHINE  MM
  AVERAGE SKY COVER 0.1


WEATHER CONDITIONS
 THE FOLLOWING WEATHER WAS RECORDED YESTERDAY.
  FOG


RELATIVE HUMIDITY (PERCENT)
 HIGHEST    93           500 AM
 LOWEST     34           400 PM
 AVERAGE    64

..........................................................


THE GAINESVILLE CLIMATE NORMALS FOR TODAY
                         NORMAL    RECORD    YEAR
 MAXIMUM TEMPERATURE (F)   83        95      1914
 MINIMUM TEMPERATURE (F)   58        39      1928


SUNRISE AND SUNSET
APRIL 29 2017.........SUNRISE   648 AM EDT   SUNSET   805 PM EDT
APRIL 30 2017.........SUNRISE   647 AM EDT   SUNSET   806 PM EDT


-  INDICATES NEGATIVE NUMBERS.
R  INDICATES RECORD WAS SET OR TIED.
MM INDICATES DATA IS MISSING.
T  INDICATES TRACE AMOUNT.




$$
