000
CDUS42 KJAX 292144
CLIGNV


CLIMATE REPORT
NATIONAL WEATHER SERVICE JACKSONVILLE FL
544 PM EDT FRI AUG 29 2014


...................................

...THE GAINESVILLE CLIMATE SUMMARY FOR AUGUST 29 2014...
VALID TODAY AS OF 0500 PM LOCAL TIME.

CLIMATE NORMAL PERIOD 1981 TO 2010
CLIMATE RECORD PERIOD 1890 TO 2014


WEATHER ITEM   OBSERVED TIME   RECORD YEAR NORMAL DEPARTURE LAST
                VALUE   (LST)  VALUE       VALUE  FROM      YEAR
                                                  NORMAL
..................................................................
TEMPERATURE (F)
 TODAY
  MAXIMUM         95    250 PM  99    1954  90      5       92
  MINIMUM         71    431 AM  62    1984  71      0       71
  AVERAGE         83                        80      3       82

PRECIPITATION (IN)
  TODAY            T             4.32 1954   0.20  -0.20     0.00
  MONTH TO DATE    2.98                      5.99  -3.01     2.79
  SINCE JUN 1     14.29                     19.18  -4.89    25.69
  SINCE JAN 1     34.83                     35.17  -0.34    36.69

SNOWFALL (IN)
  TODAY            0.0           0.0    MM   0.0    0.0      0.0
  MONTH TO DATE    0.0                       0.0    0.0      0.0
  SINCE JUN 1      0.0                       0.0    0.0      0.0
  SINCE JUL 1      0.0                       0.0    0.0      0.0
  SNOW DEPTH       0

DEGREE DAYS
 HEATING
  TODAY            0                         0      0        0
  MONTH TO DATE    0                         0      0        0
  SINCE JUN 1      0                         0      0        0
  SINCE JUL 1      0                         0      0        0

 COOLING
  TODAY           18                        15      3       17
  MONTH TO DATE  491                       461     30      507
  SINCE JUN 1   1411                      1402      9     1494
  SINCE JAN 1   1912                      1912      0     2026
..................................................................


WIND (MPH)
  HIGHEST WIND SPEED    13   HIGHEST WIND DIRECTION     S (170)
  HIGHEST GUST SPEED    17   HIGHEST GUST DIRECTION     S (180)
  AVERAGE WIND SPEED     3.3


SKY COVER
  POSSIBLE SUNSHINE  MM
  AVERAGE SKY COVER 0.4


WEATHER CONDITIONS
 THE FOLLOWING WEATHER WAS RECORDED TODAY.
  LIGHT RAIN


RELATIVE HUMIDITY (PERCENT)
 HIGHEST   100           300 AM
 LOWEST     49           300 PM
 AVERAGE    75

..........................................................


THE GAINESVILLE CLIMATE NORMALS FOR TOMORROW
                         NORMAL    RECORD    YEAR
 MAXIMUM TEMPERATURE (F)   89        97      1903
 MINIMUM TEMPERATURE (F)   71        63      1896


SUNRISE AND SUNSET
AUGUST 29 2014........SUNRISE   705 AM EDT   SUNSET   755 PM EDT
AUGUST 30 2014........SUNRISE   705 AM EDT   SUNSET   754 PM EDT


-  INDICATES NEGATIVE NUMBERS.
R  INDICATES RECORD WAS SET OR TIED.
MM INDICATES DATA IS MISSING.
T  INDICATES TRACE AMOUNT.




$$
