000
CDUS42 KJAX 060532
CLIGNV


CLIMATE REPORT
NATIONAL WEATHER SERVICE JACKSONVILLE FL
1232 AM EST FRI MAR 6 2015


...................................

...THE GAINESVILLE CLIMATE SUMMARY FOR MARCH 5 2015...

CLIMATE NORMAL PERIOD 1981 TO 2010
CLIMATE RECORD PERIOD 1890 TO 2015


WEATHER ITEM   OBSERVED TIME   RECORD YEAR NORMAL DEPARTURE LAST
                VALUE   (LST)  VALUE       VALUE  FROM      YEAR
                                                  NORMAL
..................................................................
TEMPERATURE (F)
 YESTERDAY
  MAXIMUM         83    249 PM  87    1997  73     10       54
                                      1985
                                      1976
  MINIMUM         61    718 AM  28    2002  48     13       46
  AVERAGE         72                        60     12       50

PRECIPITATION (IN)
  YESTERDAY        T             1.80 1957   0.16  -0.16     0.10
  MONTH TO DATE    0.11                      0.76  -0.65     0.10
  SINCE MAR 1      0.11                      0.76  -0.65     0.10
  SINCE JAN 1      5.37                      7.27  -1.90     9.67

SNOWFALL (IN)
  YESTERDAY        0.0           0.0    MM   0.0    0.0      0.0
  MONTH TO DATE    0.0                       0.0    0.0      0.0
  SINCE MAR 1      0.0                       0.0    0.0      0.0
  SINCE JUL 1      0.0                       0.0    0.0      0.0
  SNOW DEPTH       0

DEGREE DAYS
 HEATING
  YESTERDAY        0                         6     -6       15
  MONTH TO DATE    1                        30    -29       34
  SINCE MAR 1      1                        30    -29       34
  SINCE JUL 1   1152                      1064     88      944

 COOLING
  YESTERDAY        7                         1      6        0
  MONTH TO DATE   26                         5     21        0
  SINCE MAR 1     26                         5     21        0
  SINCE JAN 1     41                        37      4       37
..................................................................


WIND (MPH)
  HIGHEST WIND SPEED    22   HIGHEST WIND DIRECTION     W (250)
  HIGHEST GUST SPEED    28   HIGHEST GUST DIRECTION     W (250)
  AVERAGE WIND SPEED     7.7


SKY COVER
  POSSIBLE SUNSHINE  MM
  AVERAGE SKY COVER 0.7


WEATHER CONDITIONS
 THE FOLLOWING WEATHER WAS RECORDED YESTERDAY.
  LIGHT RAIN
  FOG


RELATIVE HUMIDITY (PERCENT)
 HIGHEST   100           100 AM
 LOWEST     51           200 PM
 AVERAGE    76

..........................................................


THE GAINESVILLE CLIMATE NORMALS FOR TODAY
                         NORMAL    RECORD    YEAR
 MAXIMUM TEMPERATURE (F)   73        87      1977
                                             1967
 MINIMUM TEMPERATURE (F)   48        28      2010
                                             1962
                                             1960


SUNRISE AND SUNSET
MARCH  6 2015.........SUNRISE   650 AM EST   SUNSET   632 PM EST
MARCH  7 2015.........SUNRISE   648 AM EST   SUNSET   632 PM EST


-  INDICATES NEGATIVE NUMBERS.
R  INDICATES RECORD WAS SET OR TIED.
MM INDICATES DATA IS MISSING.
T  INDICATES TRACE AMOUNT.




$$
