000
CDUS42 KJAX 020531
CLIGNV


CLIMATE REPORT
NATIONAL WEATHER SERVICE JACKSONVILLE FL
130 AM EDT WED SEP 2 2015


...................................

...THE GAINESVILLE CLIMATE SUMMARY FOR SEPTEMBER 1 2015...

CLIMATE NORMAL PERIOD 1981 TO 2010
CLIMATE RECORD PERIOD 1890 TO 2015


WEATHER ITEM   OBSERVED TIME   RECORD YEAR NORMAL DEPARTURE LAST
                VALUE   (LST)  VALUE       VALUE  FROM      YEAR
                                                  NORMAL
..................................................................
TEMPERATURE (F)
 YESTERDAY
  MAXIMUM         87    129 PM  96    1970  89     -2       93
                                      1955
                                      1914
  MINIMUM         74    656 AM  62    1999  71      3       72
  AVERAGE         81                        80      1       83

PRECIPITATION (IN)
  YESTERDAY        0.12          1.60 1969   0.17  -0.05     0.43
  MONTH TO DATE    0.12                      0.17  -0.05     0.43
  SINCE SEP 1      0.12                      0.17  -0.05     0.43
  SINCE JAN 1     35.49                     35.74  -0.25    37.49

SNOWFALL (IN)
  YESTERDAY        0.0           0.0    MM   0.0    0.0      0.0
  MONTH TO DATE    0.0                       0.0    0.0      0.0
  SINCE SEP 1      0.0                       0.0    0.0      0.0
  SINCE JUL 1      0.0                       0.0    0.0      0.0
  SNOW DEPTH       0

DEGREE DAYS
 HEATING
  YESTERDAY        0                         0      0        0
  MONTH TO DATE    0                         0      0        0
  SINCE SEP 1      0                         0      0        0
  SINCE JUL 1      0                         0      0        0

 COOLING
  YESTERDAY       16                        15      1       18
  MONTH TO DATE   16                        15      1       18
  SINCE SEP 1     16                        15      1       18
  SINCE JAN 1   2292                      1959    333     1964
..................................................................


WIND (MPH)
  HIGHEST WIND SPEED    23   HIGHEST WIND DIRECTION    SW (240)
  HIGHEST GUST SPEED    28   HIGHEST GUST DIRECTION    SW (240)
  AVERAGE WIND SPEED     2.0


SKY COVER
  POSSIBLE SUNSHINE  MM
  AVERAGE SKY COVER 0.4


WEATHER CONDITIONS
 THE FOLLOWING WEATHER WAS RECORDED YESTERDAY.
  THUNDERSTORM
  HEAVY RAIN
  LIGHT RAIN
  FOG
  FOG W/VISIBILITY <= 1/4 MILE
  HAZE


RELATIVE HUMIDITY (PERCENT)
 HIGHEST   100           200 AM
 LOWEST     63           100 PM
 AVERAGE    82

..........................................................


THE GAINESVILLE CLIMATE NORMALS FOR TODAY
                         NORMAL    RECORD    YEAR
 MAXIMUM TEMPERATURE (F)   89        99      1907
 MINIMUM TEMPERATURE (F)   71        62      1891


SUNRISE AND SUNSET
SEPTEMBER  2 2015.....SUNRISE   707 AM EDT   SUNSET   750 PM EDT
SEPTEMBER  3 2015.....SUNRISE   707 AM EDT   SUNSET   749 PM EDT


-  INDICATES NEGATIVE NUMBERS.
R  INDICATES RECORD WAS SET OR TIED.
MM INDICATES DATA IS MISSING.
T  INDICATES TRACE AMOUNT.




$$
