000
CDUS45 KMSO 270737
CLIGPI


CLIMATE REPORT
NATIONAL WEATHER SERVICE MISSOULA, MT
137 AM MDT TUE JUN 27 2017


...................................

...THE KALISPELL MT CLIMATE SUMMARY FOR JUNE 26 2017...

CLIMATE NORMAL PERIOD 1981 TO 2010
CLIMATE RECORD PERIOD 1894 TO 2017


WEATHER ITEM   OBSERVED TIME   RECORD YEAR NORMAL DEPARTURE LAST
                VALUE   (LST)  VALUE       VALUE  FROM      YEAR
                                                  NORMAL
..................................................................
TEMPERATURE (F)
 YESTERDAY
  MAXIMUM         85    113 PM  95    1926  75     10       78
  MINIMUM         49    310 AM  31    2007  46      3       40
  AVERAGE         67                        60      7       59

PRECIPITATION (IN)
  YESTERDAY        0.10          0.50 1969   0.08   0.02     0.00
  MONTH TO DATE    1.46                      2.27  -0.81     1.34
  SINCE OCT 1     18.31                     12.88   5.43    13.68
  SINCE JAN 1     11.08                      8.88   2.20     9.63

SNOWFALL (IN)
  YESTERDAY        0.0
  MONTH TO DATE    0.0
  SINCE JAN 1     54.5
  SINCE JUL 1     89.8
  SNOW DEPTH       0

DEGREE DAYS
 HEATING
  YESTERDAY        0                         6     -6        6
  MONTH TO DATE  150                       196    -46      179
  SINCE JUN 1    150                       196    -46      179
  SINCE JUL 1   8273                      8019    254     7129

 COOLING
  YESTERDAY        2                         1      1        0
  MONTH TO DATE   15                         7      8       21
  SINCE JUN 1     15                         7      8       21
  SINCE JAN 1     20                        10     10       21
..................................................................


WIND (MPH)
  HIGHEST WIND SPEED    15   HIGHEST WIND DIRECTION    NW (330)
  HIGHEST GUST SPEED    29   HIGHEST GUST DIRECTION     N (350)
  AVERAGE WIND SPEED     4.5


SKY COVER
  POSSIBLE SUNSHINE  MM
  AVERAGE SKY COVER 0.1


WEATHER CONDITIONS
 THE FOLLOWING WEATHER WAS RECORDED YESTERDAY.
  THUNDERSTORM
  HEAVY RAIN
  LIGHT RAIN
  FOG


RELATIVE HUMIDITY (PERCENT)
 HIGHEST    93           300 AM
 LOWEST     31          1200 PM
 AVERAGE    62

..........................................................


THE KALISPELL MT CLIMATE NORMALS FOR TODAY
                         NORMAL    RECORD    YEAR
 MAXIMUM TEMPERATURE (F)   75        97      2015
 MINIMUM TEMPERATURE (F)   46        34      1997


SUNRISE AND SUNSET
JUNE 27 2017..........SUNRISE   538 AM MDT   SUNSET   942 PM MDT
JUNE 28 2017..........SUNRISE   539 AM MDT   SUNSET   942 PM MDT


-  INDICATES NEGATIVE NUMBERS.
R  INDICATES RECORD WAS SET OR TIED.
MM INDICATES DATA IS MISSING.
T  INDICATES TRACE AMOUNT.




$$
