000
CDUS45 KMSO 280738
CLIGPI


CLIMATE REPORT
NATIONAL WEATHER SERVICE MISSOULA, MT
137 AM MDT THU AUG 28 2014


...................................

...THE KALISPELL MT CLIMATE SUMMARY FOR AUGUST 27 2014...

CLIMATE NORMAL PERIOD 1981 TO 2010
CLIMATE RECORD PERIOD 1894 TO 2014


WEATHER ITEM   OBSERVED TIME   RECORD YEAR NORMAL DEPARTURE LAST
                VALUE   (LST)  VALUE       VALUE  FROM      YEAR
                                                  NORMAL
..................................................................
TEMPERATURE (F)
 YESTERDAY
  MAXIMUM         84    426 PM  95    1971  78      6       84
  MINIMUM         43    605 AM  33    1995  44     -1       44
  AVERAGE         64                        61      3       64

PRECIPITATION (IN)
  YESTERDAY        0.00          0.49 1946   0.04  -0.04     0.00
  MONTH TO DATE    1.15                      0.84   0.31     0.95
  SINCE OCT 1     18.48                     15.46   3.02    15.65
  SINCE JAN 1     14.03                     11.46   2.57    10.27

SNOWFALL (IN)
  YESTERDAY        0.0
  MONTH TO DATE    0.0
  SINCE JAN 1     38.2
  SINCE JUL 1      0.0
  SNOW DEPTH       0

DEGREE DAYS
 HEATING
  YESTERDAY        1                         5     -4        1
  MONTH TO DATE   49                        75    -26       18
  SINCE JUN 1    316                       368    -52      223
  SINCE JUL 1     63                       152    -89       37

 COOLING
  YESTERDAY        0                         1     -1        0
  MONTH TO DATE   85                        58     27       91
  SINCE JUN 1    215                       138     77      232
  SINCE JAN 1    215                       141     74      232
..................................................................


WIND (MPH)
  HIGHEST WIND SPEED    14   HIGHEST WIND DIRECTION     S (160)
  HIGHEST GUST SPEED    22   HIGHEST GUST DIRECTION     S (160)
  AVERAGE WIND SPEED     3.8


SKY COVER
  POSSIBLE SUNSHINE  MM
  AVERAGE SKY COVER 0.0


WEATHER CONDITIONS
 THE FOLLOWING WEATHER WAS RECORDED YESTERDAY.
  FOG


RELATIVE HUMIDITY (PERCENT)
 HIGHEST    93           200 AM
 LOWEST     28           500 PM
 AVERAGE    61

..........................................................


THE KALISPELL MT CLIMATE NORMALS FOR TODAY
                         NORMAL    RECORD    YEAR
 MAXIMUM TEMPERATURE (F)   78        93      1986
 MINIMUM TEMPERATURE (F)   44        30      2000


SUNRISE AND SUNSET
AUGUST 28 2014........SUNRISE   649 AM MDT   SUNSET   826 PM MDT
AUGUST 29 2014........SUNRISE   651 AM MDT   SUNSET   824 PM MDT


-  INDICATES NEGATIVE NUMBERS.
R  INDICATES RECORD WAS SET OR TIED.
MM INDICATES DATA IS MISSING.
T  INDICATES TRACE AMOUNT.




$$
