000
CDUS45 KMSO 020740
CLIGPI


CLIMATE REPORT
NATIONAL WEATHER SERVICE MISSOULA, MT
139 AM MDT TUE JUN 2 2015


...................................

...THE KALISPELL MT CLIMATE SUMMARY FOR JUNE 1 2015...

CLIMATE NORMAL PERIOD 1981 TO 2010
CLIMATE RECORD PERIOD 1894 TO 2015


WEATHER ITEM   OBSERVED TIME   RECORD YEAR NORMAL DEPARTURE LAST
                VALUE   (LST)  VALUE       VALUE  FROM      YEAR
                                                  NORMAL
..................................................................
TEMPERATURE (F)
 YESTERDAY
  MAXIMUM         84    343 PM  90    1986  69     15       73
  MINIMUM         47    402 AM  28    1951  43      4       42
  AVERAGE         66                        56     10       58

PRECIPITATION (IN)
  YESTERDAY        0.20          0.91 2005   0.09   0.11      T
  MONTH TO DATE    0.20                      0.09   0.11      T
  SINCE OCT 1     12.04                     10.70   1.34    11.70
  SINCE JAN 1      5.96                      6.70  -0.74     7.25

SNOWFALL (IN)
  YESTERDAY       MM
  MONTH TO DATE   MM
  SINCE JAN 1     32.9
  SINCE JUL 1     59.4
  SNOW DEPTH      MM

DEGREE DAYS
 HEATING
  YESTERDAY        0                        10    -10        7
  MONTH TO DATE    0                        10    -10        7
  SINCE JUN 1      0                        10    -10        7
  SINCE JUL 1   7213                      7833   -620     7952

 COOLING
  YESTERDAY        1                         0      1        0
  MONTH TO DATE    1                         0      1        0
  SINCE JUN 1      1                         0      1        0
  SINCE JAN 1      1                         3     -2        0
..................................................................


WIND (MPH)
  HIGHEST WIND SPEED    25   HIGHEST WIND DIRECTION     E (80)
  HIGHEST GUST SPEED    35   HIGHEST GUST DIRECTION     E (80)
  AVERAGE WIND SPEED     4.1


SKY COVER
  POSSIBLE SUNSHINE  MM
  AVERAGE SKY COVER 0.4


WEATHER CONDITIONS
 THE FOLLOWING WEATHER WAS RECORDED YESTERDAY.
  RAIN
  LIGHT RAIN
  FOG


RELATIVE HUMIDITY (PERCENT)
 HIGHEST    93           400 AM
 LOWEST     24           200 PM
 AVERAGE    59

..........................................................


THE KALISPELL MT CLIMATE NORMALS FOR TODAY
                         NORMAL    RECORD    YEAR
 MAXIMUM TEMPERATURE (F)   69        87      2007
                                             1986
 MINIMUM TEMPERATURE (F)   43        30      1951


SUNRISE AND SUNSET
JUNE  2 2015..........SUNRISE   540 AM MDT   SUNSET   931 PM MDT
JUNE  3 2015..........SUNRISE   539 AM MDT   SUNSET   932 PM MDT


-  INDICATES NEGATIVE NUMBERS.
R  INDICATES RECORD WAS SET OR TIED.
MM INDICATES DATA IS MISSING.
T  INDICATES TRACE AMOUNT.




$$
