000
CDUS45 KMSO 010737
CLIGPI


CLIMATE REPORT
NATIONAL WEATHER SERVICE MISSOULA, MT
137 AM MDT FRI AUG 1 2014


...................................

...THE KALISPELL MT CLIMATE SUMMARY FOR JULY 31 2014...

CLIMATE NORMAL PERIOD 1981 TO 2010
CLIMATE RECORD PERIOD 1894 TO 2014


WEATHER ITEM   OBSERVED TIME   RECORD YEAR NORMAL DEPARTURE LAST
                VALUE   (LST)  VALUE       VALUE  FROM      YEAR
                                                  NORMAL
..................................................................
TEMPERATURE (F)
 YESTERDAY
  MAXIMUM         93    521 PM  98    1989  84      9       88
  MINIMUM         52    524 AM  34    2008  49      3       48
  AVERAGE         73                        67      6       68

PRECIPITATION (IN)
  YESTERDAY        T             0.60 2001   0.03  -0.03      T
  MONTH TO DATE    0.39                      1.45  -1.06     0.31
  SINCE OCT 1     17.33                     14.62   2.71    14.70
  SINCE JAN 1     12.88                     10.62   2.26     9.32

SNOWFALL (IN)
  YESTERDAY        0.0
  MONTH TO DATE    0.0
  SINCE JAN 1     38.2
  SINCE JUL 1      0.0
  SNOW DEPTH       0

DEGREE DAYS
 HEATING
  YESTERDAY        0                         1     -1        0
  MONTH TO DATE   14                        77    -63       19
  SINCE JUN 1    267                       293    -26      205
  SINCE JUL 1     14                        77    -63       19

 COOLING
  YESTERDAY        8                         3      5        3
  MONTH TO DATE  130                        67     63      122
  SINCE JUN 1    130                        80     50      141
  SINCE JAN 1    130                        83     47      141
..................................................................


WIND (MPH)
  HIGHEST WIND SPEED    13   HIGHEST WIND DIRECTION     N (20)
  HIGHEST GUST SPEED    15   HIGHEST GUST DIRECTION    NE (30)
  AVERAGE WIND SPEED     4.6


SKY COVER
  POSSIBLE SUNSHINE  MM
  AVERAGE SKY COVER 0.0


WEATHER CONDITIONS
 THE FOLLOWING WEATHER WAS RECORDED YESTERDAY.
  NO SIGNIFICANT WEATHER WAS OBSERVED.


RELATIVE HUMIDITY (PERCENT)
 HIGHEST    83           500 AM
 LOWEST     20           400 PM
 AVERAGE    52

..........................................................


THE KALISPELL MT CLIMATE NORMALS FOR TODAY
                         NORMAL    RECORD    YEAR
 MAXIMUM TEMPERATURE (F)   84        98      1971
 MINIMUM TEMPERATURE (F)   49        37      1953


SUNRISE AND SUNSET
AUGUST  1 2014........SUNRISE   612 AM MDT   SUNSET   914 PM MDT
AUGUST  2 2014........SUNRISE   614 AM MDT   SUNSET   912 PM MDT


-  INDICATES NEGATIVE NUMBERS.
R  INDICATES RECORD WAS SET OR TIED.
MM INDICATES DATA IS MISSING.
T  INDICATES TRACE AMOUNT.




$$
