000
CDUS45 KMSO 302230
CLIGPI


CLIMATE REPORT
NATIONAL WEATHER SERVICE MISSOULA, MT
430 PM MDT SAT APR 30 2016


...................................

...THE KALISPELL MT CLIMATE SUMMARY FOR APRIL 30 2016...
VALID TODAY AS OF 0400 PM LOCAL TIME.

CLIMATE NORMAL PERIOD 1981 TO 2010
CLIMATE RECORD PERIOD 1894 TO 2016


WEATHER ITEM   OBSERVED TIME   RECORD YEAR NORMAL DEPARTURE LAST
                VALUE   (LST)  VALUE       VALUE  FROM      YEAR
                                                  NORMAL
..................................................................
TEMPERATURE (F)
 TODAY
  MAXIMUM         63    259 PM  81    1968  61      2       64
  MINIMUM         32    601 AM  20    2013  34     -2       34
                                      1982
  AVERAGE         48                        47      1       49

PRECIPITATION (IN)
  TODAY            0.00          0.66 1961   0.04  -0.04     0.00
  MONTH TO DATE    1.58                      1.24   0.34     0.35
  SINCE OCT 1      9.22                      8.63   0.59    11.62
  SINCE JAN 1      5.17                      4.63   0.54     5.54

SNOWFALL (IN)
  TODAY            0.0
  MONTH TO DATE    0.0
  SINCE JAN 1     14.6
  SINCE JUL 1     41.4
  SNOW DEPTH       0

DEGREE DAYS
 HEATING
  TODAY           17                        18     -1       16
  MONTH TO DATE  463                       640   -177      629
  SINCE MAR 1   1293                      1559   -266     1424
  SINCE JUL 1   6595                      7411   -816     6874

 COOLING
  TODAY            0                         0      0        0
  MONTH TO DATE    0                         0      0        0
  SINCE MAR 1      0                         0      0        0
  SINCE JAN 1      0                         0      0        0
..................................................................


WIND (MPH)
  HIGHEST WIND SPEED    13   HIGHEST WIND DIRECTION    NE (40)
  HIGHEST GUST SPEED    16   HIGHEST GUST DIRECTION    NE (40)
  AVERAGE WIND SPEED     4.0


SKY COVER
  POSSIBLE SUNSHINE  MM
  AVERAGE SKY COVER 0.4


WEATHER CONDITIONS
 THE FOLLOWING WEATHER WAS RECORDED TODAY.
  NO SIGNIFICANT WEATHER WAS OBSERVED.


RELATIVE HUMIDITY (PERCENT)
 HIGHEST   100           100 AM
 LOWEST     32          1200 PM
 AVERAGE    66

..........................................................


THE KALISPELL MT CLIMATE NORMALS FOR TOMORROW
                         NORMAL    RECORD    YEAR
 MAXIMUM TEMPERATURE (F)   61        78      1985
 MINIMUM TEMPERATURE (F)   34        17      1899


SUNRISE AND SUNSET
APRIL 30 2016.........SUNRISE   619 AM MDT   SUNSET   850 PM MDT
MAY  1 2016...........SUNRISE   617 AM MDT   SUNSET   852 PM MDT


-  INDICATES NEGATIVE NUMBERS.
R  INDICATES RECORD WAS SET OR TIED.
MM INDICATES DATA IS MISSING.
T  INDICATES TRACE AMOUNT.




$$
