000
CDUS45 KMSO 122234
CLIGPI


CLIMATE REPORT
NATIONAL WEATHER SERVICE MISSOULA, MT
433 PM MDT SAT JUL 12 2014


...................................

...THE KALISPELL MT CLIMATE SUMMARY FOR JULY 12 2014...
VALID TODAY AS OF 0400 PM LOCAL TIME.

CLIMATE NORMAL PERIOD 1981 TO 2010
CLIMATE RECORD PERIOD 1894 TO 2014


WEATHER ITEM   OBSERVED TIME   RECORD YEAR NORMAL DEPARTURE LAST
                VALUE   (LST)  VALUE       VALUE  FROM      YEAR
                                                  NORMAL
..................................................................
TEMPERATURE (F)
 TODAY
  MAXIMUM         90    259 PM 100    1940  81      9       78
  MINIMUM         50    515 AM  37    2008  48      2       39
                                      2004
                                      1973
  AVERAGE         70                        64      6       59

PRECIPITATION (IN)
  TODAY            0.00          0.84 1976   0.05  -0.05     0.00
  MONTH TO DATE    0.10                      0.73  -0.63     0.30
  SINCE OCT 1     17.04                     13.90   3.14    14.69
  SINCE JAN 1     12.59                      9.90   2.69     9.31

SNOWFALL (IN)
  TODAY            0.0
  MONTH TO DATE    0.0
  SINCE JAN 1     38.2
  SINCE JUL 1      0.0
  SNOW DEPTH       0

DEGREE DAYS
 HEATING
  TODAY            0                         3     -3        6
  MONTH TO DATE    0                        43    -43       13
  SINCE JUN 1    253                       259     -6      199
  SINCE JUL 1      0                        43    -43       13

 COOLING
  TODAY            5                         2      3        0
  MONTH TO DATE   47                        16     31       46
  SINCE JUN 1     47                        29     18       65
  SINCE JAN 1     47                        32     15       65
..................................................................


WIND (MPH)
  HIGHEST WIND SPEED     9   HIGHEST WIND DIRECTION     N (360)
  HIGHEST GUST SPEED    14   HIGHEST GUST DIRECTION     N (20)
  AVERAGE WIND SPEED     3.5


SKY COVER
  POSSIBLE SUNSHINE  MM
  AVERAGE SKY COVER 0.0


WEATHER CONDITIONS
 THE FOLLOWING WEATHER WAS RECORDED TODAY.
  NO SIGNIFICANT WEATHER WAS OBSERVED.


RELATIVE HUMIDITY (PERCENT)
 HIGHEST    93           100 AM
 LOWEST     21           300 PM
 AVERAGE    57

..........................................................


THE KALISPELL MT CLIMATE NORMALS FOR TOMORROW
                         NORMAL    RECORD    YEAR
 MAXIMUM TEMPERATURE (F)   81        99      2002
 MINIMUM TEMPERATURE (F)   48        37      1969


SUNRISE AND SUNSET
JULY 12 2014..........SUNRISE   549 AM MDT   SUNSET   936 PM MDT
JULY 13 2014..........SUNRISE   550 AM MDT   SUNSET   935 PM MDT


-  INDICATES NEGATIVE NUMBERS.
R  INDICATES RECORD WAS SET OR TIED.
MM INDICATES DATA IS MISSING.
T  INDICATES TRACE AMOUNT.




$$
