000
CDUS43 KGRB 260640
CLIGRB


CLIMATE REPORT
NATIONAL WEATHER SERVICE GREEN BAY
140 AM CDT SUN OCT 26 2014


...................................

...THE GREEN BAY WI CLIMATE SUMMARY FOR OCTOBER 25 2014...

CLIMATE NORMAL PERIOD 1981 TO 2010
CLIMATE RECORD PERIOD 1886 TO 2014


WEATHER ITEM   OBSERVED TIME   RECORD YEAR NORMAL DEPARTURE LAST
                VALUE   (LST)  VALUE       VALUE  FROM      YEAR
                                                  NORMAL
..................................................................
TEMPERATURE (F)
 YESTERDAY
  MAXIMUM         66    239 PM  78    1989  53     13       50
  MINIMUM         46   1159 PM   8    1887  35     11       26
  AVERAGE         56                        44     12       38

PRECIPITATION (IN)
  YESTERDAY        0.00          1.02 1898   0.08  -0.08     0.00
  MONTH TO DATE    2.48                      1.99   0.49     1.75
  SINCE SEP 1      7.17                      5.03   2.14     4.64
  SINCE JAN 1     27.89                     25.43   2.46    28.63

SNOWFALL (IN)
  YESTERDAY        0.0           3.0  1898   0.0    0.0      0.0
  MONTH TO DATE    0.0                       0.1   -0.1       T
  SINCE SEP 1      0.0                       0.1   -0.1       T
  SINCE JUL 1      0.0                       0.1   -0.1       T
  SNOW DEPTH       0

DEGREE DAYS
 HEATING
  YESTERDAY        9                        21    -12       27
  MONTH TO DATE  409                       423    -14      351
  SINCE SEP 1    606                       630    -24      522
  SINCE JUL 1    635                       693    -58      562

 COOLING
  YESTERDAY        0                         0      0        0
  MONTH TO DATE    0                         0      0        2
  SINCE SEP 1     19                        33    -14       57
  SINCE JAN 1    362                       395    -33      535
..................................................................


WIND (MPH)
  HIGHEST WIND SPEED    24   HIGHEST WIND DIRECTION     W (280)
  HIGHEST GUST SPEED    32   HIGHEST GUST DIRECTION     W (290)
  AVERAGE WIND SPEED    12.5


SKY COVER
  POSSIBLE SUNSHINE  MM
  AVERAGE SKY COVER 0.1


WEATHER CONDITIONS
 THE FOLLOWING WEATHER WAS RECORDED YESTERDAY.
  FOG


RELATIVE HUMIDITY (PERCENT)
 HIGHEST    96          1200 AM
 LOWEST     26           200 PM
 AVERAGE    61

..........................................................


THE GREEN BAY WI CLIMATE NORMALS FOR TODAY
                         NORMAL    RECORD    YEAR
 MAXIMUM TEMPERATURE (F)   52        77      1989
 MINIMUM TEMPERATURE (F)   35        10      1887


SUNRISE AND SUNSET
OCTOBER 26 2014.......SUNRISE   722 AM CDT   SUNSET   550 PM CDT
OCTOBER 27 2014.......SUNRISE   723 AM CDT   SUNSET   549 PM CDT


-  INDICATES NEGATIVE NUMBERS.
R  INDICATES RECORD WAS SET OR TIED.
MM INDICATES DATA IS MISSING.
T  INDICATES TRACE AMOUNT.




$$
