000
CDUS43 KGRB 250709
CLIGRB


CLIMATE REPORT
NATIONAL WEATHER SERVICE GREEN BAY
107 AM CST SAT FEB 25 2017


...................................

...THE GREEN BAY WI CLIMATE SUMMARY FOR FEBRUARY 24 2017...

CLIMATE NORMAL PERIOD 1981 TO 2010
CLIMATE RECORD PERIOD 1886 TO 2017


WEATHER ITEM   OBSERVED TIME   RECORD YEAR NORMAL DEPARTURE LAST
                VALUE   (LST)  VALUE       VALUE  FROM      YEAR
                                                  NORMAL
..................................................................
TEMPERATURE (F)
 YESTERDAY
  MAXIMUM         34   1226 AM  53    1930  31      3       36
  MINIMUM         23   1159 PM -21    1889  15      8       31
  AVERAGE         29                        23      6       34

PRECIPITATION (IN)
  YESTERDAY        0.40          0.60 1948   0.05   0.35     0.00
  MONTH TO DATE    0.63                      0.91  -0.28     1.04
  SINCE DEC 1      5.31                      3.55   1.76     8.08
  SINCE JAN 1      3.06                      2.04   1.02     2.37

SNOWFALL (IN)
  YESTERDAY        3.9 R         3.5  1922   0.3    3.6      0.0
  MONTH TO DATE    3.9                       8.5   -4.6     11.9
  SINCE DEC 1     41.6                      34.6    7.0     33.3
  SINCE JUL 1     42.5                      38.8    3.7     33.5
  SNOW DEPTH       3

DEGREE DAYS
 HEATING
  YESTERDAY       36                        42     -6       31
  MONTH TO DATE  840                      1087   -247     1025
  SINCE DEC 1   3371                      3936   -565     3373
  SINCE JUL 1   4433                      5676  -1243     4645

 COOLING
  YESTERDAY        0                         0      0        0
  MONTH TO DATE    0                         0      0        0
  SINCE DEC 1      0                         0      0        0
  SINCE JAN 1      0                         0      0        0
..................................................................


WIND (MPH)
  HIGHEST WIND SPEED    38   HIGHEST WIND DIRECTION    NE (40)
  HIGHEST GUST SPEED    46   HIGHEST GUST DIRECTION    NE (40)
  AVERAGE WIND SPEED    21.5


SKY COVER
  POSSIBLE SUNSHINE  MM
  AVERAGE SKY COVER 0.9


WEATHER CONDITIONS
 THE FOLLOWING WEATHER WAS RECORDED YESTERDAY.
  THUNDERSTORM
  LT FREEZING RAIN
  HEAVY SNOW
  SNOW
  LIGHT SNOW
  FOG
  FOG W/VISIBILITY <= 1/4 MILE


RELATIVE HUMIDITY (PERCENT)
 HIGHEST   100           200 AM
 LOWEST     92           800 AM
 AVERAGE    96

..........................................................


THE GREEN BAY WI CLIMATE NORMALS FOR TODAY
                         NORMAL    RECORD    YEAR
 MAXIMUM TEMPERATURE (F)   31        49      2000
 MINIMUM TEMPERATURE (F)   15       -23      1928


SUNRISE AND SUNSET
FEBRUARY 25 2017......SUNRISE   636 AM CST   SUNSET   535 PM CST
FEBRUARY 26 2017......SUNRISE   635 AM CST   SUNSET   537 PM CST


-  INDICATES NEGATIVE NUMBERS.
R  INDICATES RECORD WAS SET OR TIED.
MM INDICATES DATA IS MISSING.
T  INDICATES TRACE AMOUNT.




$$
