069
CDUS43 KGRB 280647
CLIGRB


CLIMATE REPORT
NATIONAL WEATHER SERVICE GREEN BAY
146 AM CDT FRI JUL 28 2017


...................................

...THE GREEN BAY WI CLIMATE SUMMARY FOR JULY 27 2017...

CLIMATE NORMAL PERIOD 1981 TO 2010
CLIMATE RECORD PERIOD 1886 TO 2017


WEATHER ITEM   OBSERVED TIME   RECORD YEAR NORMAL DEPARTURE LAST
                VALUE   (LST)  VALUE       VALUE  FROM      YEAR
                                                  NORMAL
..................................................................
TEMPERATURE (F)
 YESTERDAY
  MAXIMUM         80    351 PM  98    1931  80      0       82
                                      1916
  MINIMUM         63   1104 PM  47    1991  58      5       66
  AVERAGE         72                        69      3       74

PRECIPITATION (IN)
  YESTERDAY        0.00          1.79 1914   0.10  -0.10     0.45
  MONTH TO DATE    4.56                      3.07   1.49     3.03
  SINCE JUN 1      8.34                      6.95   1.39     7.47
  SINCE JAN 1     21.34                     16.60   4.74    18.65

SNOWFALL (IN)
  YESTERDAY        0.0           0.0    MM   0.0    0.0      0.0
  MONTH TO DATE    0.0                       0.0    0.0      0.0
  SINCE JUN 1      0.0                       0.0    0.0      0.0
  SINCE JUL 1      0.0                       0.0    0.0      0.0
  SNOW DEPTH       0

DEGREE DAYS
 HEATING
  YESTERDAY        0                         1     -1        0
  MONTH TO DATE    1                        27    -26        6
  SINCE JUN 1     28                       119    -91       31
  SINCE JUL 1      1                        27    -26        6

 COOLING
  YESTERDAY        7                         5      2        9
  MONTH TO DATE  166                       135     31      189
  SINCE JUN 1    281                       218     63      289
  SINCE JAN 1    289                       236     53      322
..................................................................


WIND (MPH)
  HIGHEST WIND SPEED    20   HIGHEST WIND DIRECTION    NE (40)
  HIGHEST GUST SPEED    25   HIGHEST GUST DIRECTION    NE (40)
  AVERAGE WIND SPEED     8.1


SKY COVER
  POSSIBLE SUNSHINE  MM
  AVERAGE SKY COVER 0.1


WEATHER CONDITIONS
 THE FOLLOWING WEATHER WAS RECORDED YESTERDAY.
  FOG


RELATIVE HUMIDITY (PERCENT)
 HIGHEST   100          1200 AM
 LOWEST     48           200 PM
 AVERAGE    74

..........................................................


THE GREEN BAY WI CLIMATE NORMALS FOR TODAY
                         NORMAL    RECORD    YEAR
 MAXIMUM TEMPERATURE (F)   80       101      1916
 MINIMUM TEMPERATURE (F)   58        50      2005
                                             1989
                                             1967


SUNRISE AND SUNSET
JULY 28 2017..........SUNRISE   535 AM CDT   SUNSET   822 PM CDT
JULY 29 2017..........SUNRISE   536 AM CDT   SUNSET   821 PM CDT


-  INDICATES NEGATIVE NUMBERS.
R  INDICATES RECORD WAS SET OR TIED.
MM INDICATES DATA IS MISSING.
T  INDICATES TRACE AMOUNT.




$$
