000
CDUS43 KGRB 290624
CLIGRB


CLIMATE REPORT
NATIONAL WEATHER SERVICE GREEN BAY
124 AM CDT FRI JUL 29 2016


...................................

...THE GREEN BAY WI CLIMATE SUMMARY FOR JULY 28 2016...

CLIMATE NORMAL PERIOD 1981 TO 2010
CLIMATE RECORD PERIOD 1886 TO 2016


WEATHER ITEM   OBSERVED TIME   RECORD YEAR NORMAL DEPARTURE LAST
                VALUE   (LST)  VALUE       VALUE  FROM      YEAR
                                                  NORMAL
..................................................................
TEMPERATURE (F)
 YESTERDAY
  MAXIMUM         69   1139 AM 101    1916  80    -11       88
  MINIMUM         61   1159 PM  50    2005  58      3       59
                                      1989
                                      1967
  AVERAGE         65                        69     -4       74

PRECIPITATION (IN)
  YESTERDAY        0.18          2.25 2011   0.11   0.07     0.00
  MONTH TO DATE    3.21                      3.18   0.03     1.79
  SINCE JUN 1      7.65                      7.06   0.59     5.03
  SINCE JAN 1     18.83                     16.71   2.12    11.97

SNOWFALL (IN)
  YESTERDAY        0.0           0.0    MM   0.0    0.0      0.0
  MONTH TO DATE    0.0                       0.0    0.0      0.0
  SINCE JUN 1      0.0                       0.0    0.0      0.0
  SINCE JUL 1      0.0                       0.0    0.0      0.0
  SNOW DEPTH       0

DEGREE DAYS
 HEATING
  YESTERDAY        0                         1     -1        0
  MONTH TO DATE    6                        28    -22       19
  SINCE JUN 1     31                       120    -89       72
  SINCE JUL 1      6                        28    -22       19

 COOLING
  YESTERDAY        0                         5     -5        9
  MONTH TO DATE  189                       140     49      147
  SINCE JUN 1    289                       223     66      214
  SINCE JAN 1    322                       241     81      242
..................................................................


WIND (MPH)
  HIGHEST WIND SPEED    20   HIGHEST WIND DIRECTION    NE (50)
  HIGHEST GUST SPEED    24   HIGHEST GUST DIRECTION    NE (50)
  AVERAGE WIND SPEED    10.9


SKY COVER
  POSSIBLE SUNSHINE  MM
  AVERAGE SKY COVER 0.9


WEATHER CONDITIONS
 THE FOLLOWING WEATHER WAS RECORDED YESTERDAY.
  HEAVY RAIN
  RAIN
  LIGHT RAIN
  FOG


RELATIVE HUMIDITY (PERCENT)
 HIGHEST   100          1200 AM
 LOWEST     78          1100 PM
 AVERAGE    89

..........................................................


THE GREEN BAY WI CLIMATE NORMALS FOR TODAY
                         NORMAL    RECORD    YEAR
 MAXIMUM TEMPERATURE (F)   80       101      1916
 MINIMUM TEMPERATURE (F)   58        44      1952


SUNRISE AND SUNSET
JULY 29 2016..........SUNRISE   537 AM CDT   SUNSET   821 PM CDT
JULY 30 2016..........SUNRISE   538 AM CDT   SUNSET   819 PM CDT


-  INDICATES NEGATIVE NUMBERS.
R  INDICATES RECORD WAS SET OR TIED.
MM INDICATES DATA IS MISSING.
T  INDICATES TRACE AMOUNT.




$$
