000
CDUS43 KGRB 242237
CLIGRB


CLIMATE REPORT
NATIONAL WEATHER SERVICE GREEN BAY
436 PM CST FRI NOV 24 2017


...................................

...THE GREEN BAY WI CLIMATE SUMMARY FOR NOVEMBER 24 2017...
VALID TODAY AS OF 0400 PM LOCAL TIME.

CLIMATE NORMAL PERIOD 1981 TO 2010
CLIMATE RECORD PERIOD 1886 TO 2017


WEATHER ITEM   OBSERVED TIME   RECORD YEAR NORMAL DEPARTURE LAST
                VALUE   (LST)  VALUE       VALUE  FROM      YEAR
                                                  NORMAL
..................................................................
TEMPERATURE (F)
 TODAY
  MAXIMUM         62    242 PM  65    1931  38     24       42
  MINIMUM         36    234 AM  -7    1950  23     13       37
  AVERAGE         49                        30     19       40

PRECIPITATION (IN)
  TODAY            0.00          0.64 1887   0.06  -0.06     0.03
  MONTH TO DATE    1.07                      1.72  -0.65     0.57
  SINCE SEP 1      5.20                      7.20  -2.00     7.52
  SINCE JAN 1     30.59                     27.60   2.99    29.14

SNOWFALL (IN)
  TODAY            0.0           6.4  1887   0.2   -0.2      0.0
  MONTH TO DATE    0.6                       2.5   -1.9      0.9
  SINCE SEP 1      0.6                       2.7   -2.1      0.9
  SINCE JUL 1      0.6                       2.7   -2.1      0.9
  SNOW DEPTH       0

DEGREE DAYS
 HEATING
  TODAY           16                        35    -19       25
  MONTH TO DATE  718                       698     20      455
  SINCE SEP 1   1214                      1461   -247      896
  SINCE JUL 1   1255                      1524   -269      909

 COOLING
  TODAY            0                         0      0        0
  MONTH TO DATE    0                         0      0        0
  SINCE SEP 1    100                        36     64       55
  SINCE JAN 1    477                       398     79      577
..................................................................


WIND (MPH)
  HIGHEST WIND SPEED    24   HIGHEST WIND DIRECTION     S (200)
  HIGHEST GUST SPEED    32   HIGHEST GUST DIRECTION     S (200)
  AVERAGE WIND SPEED    12.7


SKY COVER
  POSSIBLE SUNSHINE  MM
  AVERAGE SKY COVER 0.1


WEATHER CONDITIONS
 THE FOLLOWING WEATHER WAS RECORDED TODAY.
  NO SIGNIFICANT WEATHER WAS OBSERVED.


RELATIVE HUMIDITY (PERCENT)
 HIGHEST    75          1200 AM
 LOWEST     46           200 PM
 AVERAGE    61

..........................................................


THE GREEN BAY WI CLIMATE NORMALS FOR TOMORROW
                         NORMAL    RECORD    YEAR
 MAXIMUM TEMPERATURE (F)   37        59      1908
 MINIMUM TEMPERATURE (F)   23        -7      1950


SUNRISE AND SUNSET
NOVEMBER 24 2017......SUNRISE   701 AM CST   SUNSET   418 PM CST
NOVEMBER 25 2017......SUNRISE   702 AM CST   SUNSET   417 PM CST


-  INDICATES NEGATIVE NUMBERS.
R  INDICATES RECORD WAS SET OR TIED.
MM INDICATES DATA IS MISSING.
T  INDICATES TRACE AMOUNT.




$$
