000
CDUS43 KGRB 200729
CLIGRB


CLIMATE REPORT
NATIONAL WEATHER SERVICE GREEN BAY
228 AM CDT WED SEP 20 2017


...................................

...THE GREEN BAY WI CLIMATE SUMMARY FOR SEPTEMBER 19 2017...

CLIMATE NORMAL PERIOD 1981 TO 2010
CLIMATE RECORD PERIOD 1886 TO 2017


WEATHER ITEM   OBSERVED TIME   RECORD YEAR NORMAL DEPARTURE LAST
                VALUE   (LST)  VALUE       VALUE  FROM      YEAR
                                                  NORMAL
..................................................................
TEMPERATURE (F)
 YESTERDAY
  MAXIMUM         77    154 PM  92    1895  69      8       77
  MINIMUM         56   1159 PM  28    1956  47      9       56
  AVERAGE         67                        58      9       67

PRECIPITATION (IN)
  YESTERDAY        0.01          1.00 1971   0.10  -0.09     0.09
  MONTH TO DATE    0.53                      1.93  -1.40     2.50
  SINCE SEP 1      0.53                      1.93  -1.40     2.50
  SINCE JAN 1     25.92                     22.33   3.59    24.12

SNOWFALL (IN)
  YESTERDAY        0.0           0.0    MM   0.0    0.0      0.0
  MONTH TO DATE    0.0                       0.0    0.0      0.0
  SINCE SEP 1      0.0                       0.0    0.0      0.0
  SINCE JUL 1      0.0                       0.0    0.0      0.0
  SNOW DEPTH       0

DEGREE DAYS
 HEATING
  YESTERDAY        0                         8     -8        0
  MONTH TO DATE   83                        96    -13       24
  SINCE SEP 1     83                        96    -13       24
  SINCE JUL 1    124                       159    -35       37

 COOLING
  YESTERDAY        2                         1      1        2
  MONTH TO DATE   24                        29     -5       45
  SINCE SEP 1     24                        29     -5       45
  SINCE JAN 1    401                       391     10      567
..................................................................


WIND (MPH)
  HIGHEST WIND SPEED    14   HIGHEST WIND DIRECTION     E (90)
  HIGHEST GUST SPEED    18   HIGHEST GUST DIRECTION     E (90)
  AVERAGE WIND SPEED     6.5


SKY COVER
  POSSIBLE SUNSHINE  MM
  AVERAGE SKY COVER 0.4


WEATHER CONDITIONS
 THE FOLLOWING WEATHER WAS RECORDED YESTERDAY.
  NO SIGNIFICANT WEATHER WAS OBSERVED.


RELATIVE HUMIDITY (PERCENT)
 HIGHEST   100           100 AM
 LOWEST     56           200 PM
 AVERAGE    78

..........................................................


THE GREEN BAY WI CLIMATE NORMALS FOR TODAY
                         NORMAL    RECORD    YEAR
 MAXIMUM TEMPERATURE (F)   68        92      1908
                                             1895
 MINIMUM TEMPERATURE (F)   47        27      1956


SUNRISE AND SUNSET
SEPTEMBER 20 2017.....SUNRISE   638 AM CDT   SUNSET   653 PM CDT
SEPTEMBER 21 2017.....SUNRISE   639 AM CDT   SUNSET   651 PM CDT


-  INDICATES NEGATIVE NUMBERS.
R  INDICATES RECORD WAS SET OR TIED.
MM INDICATES DATA IS MISSING.
T  INDICATES TRACE AMOUNT.




$$
