000
CDUS43 KGID 070626
CLIGRI


CLIMATE REPORT
NATIONAL WEATHER SERVICE HASTINGS NE
1225 AM CST SUN FEB 7 2016


...................................

...THE GRAND ISLAND NE CLIMATE SUMMARY FOR FEBRUARY 6 2016...

CLIMATE NORMAL PERIOD 1981 TO 2010
CLIMATE RECORD PERIOD 1895 TO 2016


WEATHER ITEM   OBSERVED TIME   RECORD YEAR NORMAL DEPARTURE LAST
                VALUE   (LST)  VALUE       VALUE  FROM      YEAR
                                                  NORMAL
..................................................................
TEMPERATURE (F)
 YESTERDAY
  MAXIMUM         37    306 PM  63    2009  38     -1       54
  MINIMUM         16    610 AM -22    1905  16      0       32
  AVERAGE         27                        27      0       43

PRECIPITATION (IN)
  YESTERDAY        0.00          0.35 1905   0.02  -0.02     0.00
  MONTH TO DATE    1.85                      0.12   1.73     0.56
  SINCE DEC 1      4.05                      1.28   2.77     1.79
  SINCE JAN 1      2.17                      0.65   1.52     1.03

SNOWFALL (IN)
  YESTERDAY        0.0           3.5  1905   0.3   -0.3      0.0
  MONTH TO DATE   18.6                       1.5   17.1      8.0
  SINCE DEC 1     25.6                      13.1   12.5     17.6
  SINCE JUL 1     31.2                      17.3   13.9     19.8
  SNOW DEPTH      12

DEGREE DAYS
 HEATING
  YESTERDAY       38                        38      0       22
  MONTH TO DATE  238                       232      6      275
  SINCE DEC 1   2416                      2658   -242     2534
  SINCE JUL 1   3382                      3988   -606     3867

 COOLING
  YESTERDAY        0                         0      0        0
  MONTH TO DATE    0                         0      0        0
  SINCE DEC 1      0                         0      0        0
  SINCE JAN 1      0                         0      0        0
..................................................................


WIND (MPH)
  HIGHEST WIND SPEED    25   HIGHEST WIND DIRECTION    SW (210)
  HIGHEST GUST SPEED    29   HIGHEST GUST DIRECTION    SW (230)
  AVERAGE WIND SPEED    14.0


SKY COVER
  AVERAGE SKY COVER 0.0


WEATHER CONDITIONS
 THE FOLLOWING WEATHER WAS RECORDED YESTERDAY.
  FOG
  HAZE


RELATIVE HUMIDITY (PERCENT)
 HIGHEST    92           300 AM
 LOWEST     59           200 PM
 AVERAGE    76

..........................................................


THE GRAND ISLAND NE CLIMATE NORMALS FOR TODAY
                         NORMAL    RECORD    YEAR
 MAXIMUM TEMPERATURE (F)   38        69      1987
 MINIMUM TEMPERATURE (F)   16       -21      1936


SUNRISE AND SUNSET
FEBRUARY  7 2016......SUNRISE   738 AM CST   SUNSET   557 PM CST
FEBRUARY  8 2016......SUNRISE   737 AM CST   SUNSET   559 PM CST


-  INDICATES NEGATIVE NUMBERS.
R  INDICATES RECORD WAS SET OR TIED.
MM INDICATES DATA IS MISSING.
T  INDICATES TRACE AMOUNT.




$$
