191
CDUS43 KGID 230629
CLIGRI


CLIMATE REPORT
NATIONAL WEATHER SERVICE HASTINGS NE
128 AM CDT SAT JUL 23 2016


...................................

...THE GRAND ISLAND NE CLIMATE SUMMARY FOR JULY 22 2016...

CLIMATE NORMAL PERIOD 1981 TO 2010
CLIMATE RECORD PERIOD 1895 TO 2016


WEATHER ITEM   OBSERVED TIME   RECORD YEAR NORMAL DEPARTURE LAST
                VALUE   (LST)  VALUE       VALUE  FROM      YEAR
                                                  NORMAL
..................................................................
TEMPERATURE (F)
 YESTERDAY
  MAXIMUM         98    232 PM 107    1934  88     10       83
  MINIMUM         72    550 AM  53    2009  65      7       65
                                      1970
                                      1953
  AVERAGE         85                        76      9       74

PRECIPITATION (IN)
  YESTERDAY        0.00          1.60 2001   0.10  -0.10     0.00
                                      1911
  MONTH TO DATE    2.20                      2.46  -0.26     1.41
  SINCE JUN 1      2.25                      6.76  -4.51     7.08
  SINCE JAN 1     16.93                     16.71   0.22    14.24

SNOWFALL (IN)
  YESTERDAY        0.0                       0.0    0.0      0.0
  MONTH TO DATE    0.0                       0.0    0.0      0.0
  SINCE JUN 1      0.0                       0.0    0.0      0.0
  SINCE JUL 1      0.0                       0.0    0.0      0.0
  SNOW DEPTH       0

DEGREE DAYS
 HEATING
  YESTERDAY        0                         0      0        0
  MONTH TO DATE    6                         0      6        5
  SINCE JUN 1      6                        24    -18       10
  SINCE JUL 1      6                         0      6        5

 COOLING
  YESTERDAY       20                        11      9        9
  MONTH TO DATE  257                       251      6      233
  SINCE JUN 1    606                       464    142      442
  SINCE JAN 1    640                       529    111      469
..................................................................


WIND (MPH)
  HIGHEST WIND SPEED    20   HIGHEST WIND DIRECTION     S (190)
  HIGHEST GUST SPEED    23   HIGHEST GUST DIRECTION     S (190)
  AVERAGE WIND SPEED     6.3


SKY COVER
  AVERAGE SKY COVER 0.0


WEATHER CONDITIONS
 THE FOLLOWING WEATHER WAS RECORDED YESTERDAY.
  NO SIGNIFICANT WEATHER WAS OBSERVED.


RELATIVE HUMIDITY (PERCENT)
 HIGHEST    85          1100 PM
 LOWEST     49           400 PM
 AVERAGE    67

..........................................................


THE GRAND ISLAND NE CLIMATE NORMALS FOR TODAY
                         NORMAL    RECORD    YEAR
 MAXIMUM TEMPERATURE (F)   88       106      1940
                                             1934
 MINIMUM TEMPERATURE (F)   65        48      1948


SUNRISE AND SUNSET
JULY 23 2016..........SUNRISE   621 AM CDT   SUNSET   858 PM CDT
JULY 24 2016..........SUNRISE   622 AM CDT   SUNSET   857 PM CDT


-  INDICATES NEGATIVE NUMBERS.
R  INDICATES RECORD WAS SET OR TIED.
MM INDICATES DATA IS MISSING.
T  INDICATES TRACE AMOUNT.




$$
