000
CDUS43 KGID 290644
CLIGRI


CLIMATE REPORT
NATIONAL WEATHER SERVICE HASTINGS NE
1243 AM CST MON DEC 29 2014


...................................

...THE GRAND ISLAND NE CLIMATE SUMMARY FOR DECEMBER 28 2014...

CLIMATE NORMAL PERIOD 1981 TO 2010
CLIMATE RECORD PERIOD 1895 TO 2014


WEATHER ITEM   OBSERVED TIME   RECORD YEAR NORMAL DEPARTURE LAST
                VALUE   (LST)  VALUE       VALUE  FROM      YEAR
                                                  NORMAL
..................................................................
TEMPERATURE (F)
 YESTERDAY
  MAXIMUM         28    326 PM  64    2002  35     -7       62
  MINIMUM          3    718 AM -18    1924  15    -12       13
  AVERAGE         16                        25     -9       38

PRECIPITATION (IN)
  YESTERDAY        0.00          0.42 1972   0.01  -0.01     0.00
  MONTH TO DATE    0.67                      0.58   0.09     0.11
  SINCE DEC 1      0.67                      0.58   0.09     0.11
  SINCE JAN 1     27.47                     26.61   0.86    26.92

SNOWFALL (IN)
  YESTERDAY        0.0           3.8  1979   0.2   -0.2      0.0
  MONTH TO DATE    4.5                       4.6   -0.1      2.2
  SINCE DEC 1      4.5                       4.6   -0.1      2.2
  SINCE JUL 1      6.7                       8.8   -2.1      2.4
  SNOW DEPTH       2

DEGREE DAYS
 HEATING
  YESTERDAY       49                        40      9       27
  MONTH TO DATE  924                      1069   -145     1114
  SINCE DEC 1    924                      1069   -145     1114
  SINCE JUL 1   2257                      2399   -142     2342

 COOLING
  YESTERDAY        0                         0      0        0
  MONTH TO DATE    0                         0      0        0
  SINCE DEC 1      0                         0      0        0
  SINCE JAN 1   1031                      1034     -3     1265
..................................................................


WIND (MPH)
  HIGHEST WIND SPEED    14   HIGHEST WIND DIRECTION     W (250)
  HIGHEST GUST SPEED    16   HIGHEST GUST DIRECTION     W (250)
  AVERAGE WIND SPEED     5.7


SKY COVER
  AVERAGE SKY COVER 0.4


WEATHER CONDITIONS
 THE FOLLOWING WEATHER WAS RECORDED YESTERDAY.
  NO SIGNIFICANT WEATHER WAS OBSERVED.


RELATIVE HUMIDITY (PERCENT)
 HIGHEST    84           800 PM
 LOWEST     57           100 PM
 AVERAGE    71

..........................................................


THE GRAND ISLAND NE CLIMATE NORMALS FOR TODAY
                         NORMAL    RECORD    YEAR
 MAXIMUM TEMPERATURE (F)   35        68      1999
 MINIMUM TEMPERATURE (F)   15       -14      1917


SUNRISE AND SUNSET
DECEMBER 29 2014......SUNRISE   758 AM CST   SUNSET   513 PM CST
DECEMBER 30 2014......SUNRISE   758 AM CST   SUNSET   514 PM CST


-  INDICATES NEGATIVE NUMBERS.
R  INDICATES RECORD WAS SET OR TIED.
MM INDICATES DATA IS MISSING.
T  INDICATES TRACE AMOUNT.




$$
