000
CDUS43 KGID 230647
CLIGRI


CLIMATE REPORT
NATIONAL WEATHER SERVICE HASTINGS NE
145 AM CDT TUE MAY 23 2017


...................................

...THE GRAND ISLAND NE CLIMATE SUMMARY FOR MAY 22 2017...

CLIMATE NORMAL PERIOD 1981 TO 2010
CLIMATE RECORD PERIOD 1895 TO 2017


WEATHER ITEM   OBSERVED TIME   RECORD YEAR NORMAL DEPARTURE LAST
                VALUE   (LST)  VALUE       VALUE  FROM      YEAR
                                                  NORMAL
..................................................................
TEMPERATURE (F)
 YESTERDAY
  MAXIMUM         75    154 PM  97    1964  75      0       80
  MINIMUM         52    626 AM  29    1963  52      0       60
  AVERAGE         64                        63      1       70

PRECIPITATION (IN)
  YESTERDAY        T             1.57 1922   0.15  -0.15     0.00
  MONTH TO DATE    5.19                      3.04   2.15     2.71
  SINCE MAR 1      8.64                      7.37   1.27     8.37
  SINCE JAN 1      9.96                      8.58   1.38    10.55

SNOWFALL (IN)
  YESTERDAY        0.0           T    1949   0.0    0.0      0.0
  MONTH TO DATE    0.3                       0.1    0.2      0.0
  SINCE MAR 1      1.5                       7.0   -5.5      2.6
  SINCE JUL 1      9.2                      29.1  -19.9     33.8
  SNOW DEPTH       0

DEGREE DAYS
 HEATING
  YESTERDAY        1                         4     -3        0
  MONTH TO DATE  150                       145      5      175
  SINCE MAR 1   1260                      1386   -126     1132
  SINCE JUL 1   5326                      6147   -821     5130

 COOLING
  YESTERDAY        0                         2     -2        5
  MONTH TO DATE   40                        29     11       10
  SINCE MAR 1     45                        40      5       10
  SINCE JAN 1     45                        40      5       10
..................................................................


WIND (MPH)
  HIGHEST WIND SPEED    28   HIGHEST WIND DIRECTION     N (340)
  HIGHEST GUST SPEED    33   HIGHEST GUST DIRECTION     N (340)
  AVERAGE WIND SPEED    12.3


SKY COVER
  AVERAGE SKY COVER 0.3


WEATHER CONDITIONS
 THE FOLLOWING WEATHER WAS RECORDED YESTERDAY.
  THUNDERSTORM
  LIGHT RAIN


RELATIVE HUMIDITY (PERCENT)
 HIGHEST    89           500 AM
 LOWEST     36           200 PM
 AVERAGE    63

..........................................................


THE GRAND ISLAND NE CLIMATE NORMALS FOR TODAY
                         NORMAL    RECORD    YEAR
 MAXIMUM TEMPERATURE (F)   75        97      1926
 MINIMUM TEMPERATURE (F)   52        38      1947


SUNRISE AND SUNSET
MAY 23 2017...........SUNRISE   609 AM CDT   SUNSET   852 PM CDT
MAY 24 2017...........SUNRISE   608 AM CDT   SUNSET   853 PM CDT


-  INDICATES NEGATIVE NUMBERS.
R  INDICATES RECORD WAS SET OR TIED.
MM INDICATES DATA IS MISSING.
T  INDICATES TRACE AMOUNT.




$$
