009
CDUS43 KGID 102347
CLIGRI


CLIMATE REPORT
NATIONAL WEATHER SERVICE HASTINGS NE
537 PM CST SUN DEC 10 2017


...................................

...THE GRAND ISLAND NE CLIMATE SUMMARY FOR DECEMBER 10 2017...
VALID TODAY AS OF 0500 PM LOCAL TIME.

CLIMATE NORMAL PERIOD 1981 TO 2010
CLIMATE RECORD PERIOD 1895 TO 2017


WEATHER ITEM   OBSERVED TIME   RECORD YEAR NORMAL DEPARTURE LAST
                VALUE   (LST)  VALUE       VALUE  FROM      YEAR
                                                  NORMAL
..................................................................
TEMPERATURE (F)
 TODAY
  MAXIMUM         63    331 PM  66    1990  38     25       32
  MINIMUM         35    244 AM  -7    2009  17     18       15
                                      1937
  AVERAGE         49                        27     22       24

PRECIPITATION (IN)
  TODAY            0.00          0.48 1911   0.02  -0.02     0.02
  MONTH TO DATE    T                         0.24  -0.24     0.11
  SINCE DEC 1      T                         0.24  -0.24     0.11
  SINCE JAN 1     29.94                     26.27   3.67    23.53

SNOWFALL (IN)
  TODAY            0.0           1.1  1955   0.1   -0.1      0.5
  MONTH TO DATE    T                         1.5   -1.5      0.8
  SINCE DEC 1      T                         1.5   -1.5      0.8
  SINCE JUL 1      1.1                       5.7   -4.6      1.2
  SNOW DEPTH       0

DEGREE DAYS
 HEATING
  TODAY           16                        38    -22       41
  MONTH TO DATE  291                       362    -71      386
  SINCE DEC 1    291                       362    -71      386
  SINCE JUL 1   1440                      1692   -252     1306

 COOLING
  TODAY            0                         0      0        0
  MONTH TO DATE    0                         0      0        0
  SINCE DEC 1      0                         0      0        0
  SINCE JAN 1   1062                      1034     28     1146
..................................................................


WIND (MPH)
  HIGHEST WIND SPEED    26   HIGHEST WIND DIRECTION    NW (320)
  HIGHEST GUST SPEED    31   HIGHEST GUST DIRECTION    NW (320)
  AVERAGE WIND SPEED    14.9


SKY COVER
  POSSIBLE SUNSHINE  MM
  AVERAGE SKY COVER 0.0


WEATHER CONDITIONS
 THE FOLLOWING WEATHER WAS RECORDED TODAY.
  NO SIGNIFICANT WEATHER WAS OBSERVED.


RELATIVE HUMIDITY (PERCENT)
 HIGHEST    44          1200 AM
 LOWEST     14           200 PM
 AVERAGE    29

..........................................................


THE GRAND ISLAND NE CLIMATE NORMALS FOR TOMORROW
                         NORMAL    RECORD    YEAR
 MAXIMUM TEMPERATURE (F)   37        70      1990
 MINIMUM TEMPERATURE (F)   17       -10      2000


SUNRISE AND SUNSET
DECEMBER 10 2017......SUNRISE   747 AM CST   SUNSET   505 PM CST
DECEMBER 11 2017......SUNRISE   748 AM CST   SUNSET   505 PM CST


-  INDICATES NEGATIVE NUMBERS.
R  INDICATES RECORD WAS SET OR TIED.
MM INDICATES DATA IS MISSING.
T  INDICATES TRACE AMOUNT.




$$
