000
CDUS43 KGID 300636
CLIGRI


CLIMATE REPORT
NATIONAL WEATHER SERVICE HASTINGS NE
136 AM CDT TUE SEP 30 2014


...................................

...THE GRAND ISLAND NE CLIMATE SUMMARY FOR SEPTEMBER 29 2014...

CLIMATE NORMAL PERIOD 1981 TO 2010
CLIMATE RECORD PERIOD 1895 TO 2014


WEATHER ITEM   OBSERVED TIME   RECORD YEAR NORMAL DEPARTURE LAST
                VALUE   (LST)  VALUE       VALUE  FROM      YEAR
                                                  NORMAL
..................................................................
TEMPERATURE (F)
 YESTERDAY
  MAXIMUM         83    319 PM  92    1994  72     11       79
                                      1952
  MINIMUM         57    703 AM  23    1984  46     11       49
  AVERAGE         70                        59     11       64

PRECIPITATION (IN)
  YESTERDAY        0.00          2.89 1965   0.07  -0.07     0.00
  MONTH TO DATE    3.01                      2.17   0.84     2.38
  SINCE SEP 1      3.01                      2.17   0.84     2.38
  SINCE JAN 1     25.21                     22.94   2.27    21.79

SNOWFALL (IN)
  YESTERDAY        0.0           3.8  1985   0.0    0.0      0.0
  MONTH TO DATE    0.0                       0.1   -0.1      0.0
  SINCE SEP 1      0.0                       0.1   -0.1      0.0
  SINCE JUL 1      0.0                       0.1   -0.1      0.0
  SNOW DEPTH       0

DEGREE DAYS
 HEATING
  YESTERDAY        0                         7     -7        1
  MONTH TO DATE  102                        98      4       21
  SINCE SEP 1    102                        98      4       21
  SINCE JUL 1    106                       108     -2       24

 COOLING
  YESTERDAY        5                         1      4        0
  MONTH TO DATE   93                       108    -15      182
  SINCE SEP 1     93                       108    -15      182
  SINCE JAN 1   1023                      1022      1     1245
..................................................................


WIND (MPH)
  HIGHEST WIND SPEED    17   HIGHEST WIND DIRECTION    SE (150)
  HIGHEST GUST SPEED    23   HIGHEST GUST DIRECTION    SE (150)
  AVERAGE WIND SPEED     8.6


SKY COVER
  AVERAGE SKY COVER 0.1


WEATHER CONDITIONS
 THE FOLLOWING WEATHER WAS RECORDED YESTERDAY.
  NO SIGNIFICANT WEATHER WAS OBSERVED.


RELATIVE HUMIDITY (PERCENT)
 HIGHEST    86           700 AM
 LOWEST     34           300 PM
 AVERAGE    60

..........................................................


THE GRAND ISLAND NE CLIMATE NORMALS FOR TODAY
                         NORMAL    RECORD    YEAR
 MAXIMUM TEMPERATURE (F)   72        94      1952
 MINIMUM TEMPERATURE (F)   46        20      1920


SUNRISE AND SUNSET
SEPTEMBER 30 2014.....SUNRISE   729 AM CDT   SUNSET   717 PM CDT
OCTOBER  1 2014.......SUNRISE   730 AM CDT   SUNSET   715 PM CDT


-  INDICATES NEGATIVE NUMBERS.
R  INDICATES RECORD WAS SET OR TIED.
MM INDICATES DATA IS MISSING.
T  INDICATES TRACE AMOUNT.




$$
