000
CDUS43 KGID 310642
CLIGRI


CLIMATE REPORT
NATIONAL WEATHER SERVICE HASTINGS NE
141 AM CDT THU JUL 31 2014


...................................

...THE GRAND ISLAND NE CLIMATE SUMMARY FOR JULY 30 2014...

CLIMATE NORMAL PERIOD 1981 TO 2010
CLIMATE RECORD PERIOD 1895 TO 2014


WEATHER ITEM   OBSERVED TIME   RECORD YEAR NORMAL DEPARTURE LAST
                VALUE   (LST)  VALUE       VALUE  FROM      YEAR
                                                  NORMAL
..................................................................
TEMPERATURE (F)
 YESTERDAY
  MAXIMUM         81    309 PM 108    1917  87     -6       76
  MINIMUM         57    559 AM  42    1971  65     -8       64
  AVERAGE         69                        76     -7       70

PRECIPITATION (IN)
  YESTERDAY        0.00          1.90 1896   0.11  -0.11     0.00
  MONTH TO DATE    2.19                      3.29  -1.10     1.39
  SINCE JUN 1     11.84                      7.59   4.25     3.02
  SINCE JAN 1     16.33                     17.54  -1.21    16.39

SNOWFALL (IN)
  YESTERDAY        0.0                       0.0    0.0      0.0
  MONTH TO DATE    0.0                       0.0    0.0      0.0
  SINCE JUN 1      0.0                       0.0    0.0      0.0
  SINCE JUL 1      0.0                       0.0    0.0      0.0
  SNOW DEPTH       0

DEGREE DAYS
 HEATING
  YESTERDAY        0                         0      0        0
  MONTH TO DATE    4                         0      4        3
  SINCE JUN 1     14                        24    -10       24
  SINCE JUL 1      4                         0      4        3

 COOLING
  YESTERDAY        4                        11     -7        5
  MONTH TO DATE  262                       339    -77      352
  SINCE JUN 1    512                       552    -40      611
  SINCE JAN 1    631                       617     14      706
..................................................................


WIND (MPH)
  HIGHEST WIND SPEED    10   HIGHEST WIND DIRECTION     E (100)
  HIGHEST GUST SPEED    15   HIGHEST GUST DIRECTION    NE (40)
  AVERAGE WIND SPEED     4.0


SKY COVER
  AVERAGE SKY COVER 0.1


WEATHER CONDITIONS
 THE FOLLOWING WEATHER WAS RECORDED YESTERDAY.
  NO SIGNIFICANT WEATHER WAS OBSERVED.


RELATIVE HUMIDITY (PERCENT)
 HIGHEST    87          1200 AM
 LOWEST     39           400 PM
 AVERAGE    63

..........................................................


THE GRAND ISLAND NE CLIMATE NORMALS FOR TODAY
                         NORMAL    RECORD    YEAR
 MAXIMUM TEMPERATURE (F)   87       108      1935
                                             1934
 MINIMUM TEMPERATURE (F)   65        47      1925


SUNRISE AND SUNSET
JULY 31 2014..........SUNRISE   628 AM CDT   SUNSET   850 PM CDT
AUGUST  1 2014........SUNRISE   629 AM CDT   SUNSET   849 PM CDT


-  INDICATES NEGATIVE NUMBERS.
R  INDICATES RECORD WAS SET OR TIED.
MM INDICATES DATA IS MISSING.
T  INDICATES TRACE AMOUNT.




$$

BRYANT
