000
CDUS43 KGID 280627
CLIGRI


CLIMATE REPORT
NATIONAL WEATHER SERVICE HASTINGS NE
127 AM CDT SAT MAY 28 2016


...................................

...THE GRAND ISLAND NE CLIMATE SUMMARY FOR MAY 27 2016...

CLIMATE NORMAL PERIOD 1981 TO 2010
CLIMATE RECORD PERIOD 1895 TO 2016


WEATHER ITEM   OBSERVED TIME   RECORD YEAR NORMAL DEPARTURE LAST
                VALUE   (LST)  VALUE       VALUE  FROM      YEAR
                                                  NORMAL
..................................................................
TEMPERATURE (F)
 YESTERDAY
  MAXIMUM         70    348 PM  97    1912  76     -6       83
  MINIMUM         57   1159 PM  37    1918  53      4       49
                                      1906
  AVERAGE         64                        65     -1       66

PRECIPITATION (IN)
  YESTERDAY        1.09          2.70 1899   0.15   0.94     0.00
  MONTH TO DATE    6.58                      3.81   2.77     3.43
  SINCE MAR 1     12.24                      8.14   4.10     5.73
  SINCE JAN 1     14.42                      9.35   5.07     6.90

SNOWFALL (IN)
  YESTERDAY        0.0           T    1953   0.0    0.0      0.0
  MONTH TO DATE    0.0                       0.1   -0.1      0.0
  SINCE MAR 1      2.6                       7.0   -4.4      1.4
  SINCE JUL 1     33.8                      29.1    4.7     24.3
  SNOW DEPTH       0

DEGREE DAYS
 HEATING
  YESTERDAY        1                         3     -2        0
  MONTH TO DATE  176                       162     14      184
  SINCE MAR 1   1133                      1403   -270     1210
  SINCE JUL 1   5131                      6164  -1033     5947

 COOLING
  YESTERDAY        0                         3     -3        1
  MONTH TO DATE   21                        42    -21       18
  SINCE MAR 1     21                        53    -32       22
  SINCE JAN 1     21                        53    -32       22
..................................................................


WIND (MPH)
  HIGHEST WIND SPEED    31   HIGHEST WIND DIRECTION     E (100)
  HIGHEST GUST SPEED    43   HIGHEST GUST DIRECTION     E (100)
  AVERAGE WIND SPEED     9.7


SKY COVER
  AVERAGE SKY COVER 0.8


WEATHER CONDITIONS
 THE FOLLOWING WEATHER WAS RECORDED YESTERDAY.
  THUNDERSTORM
  HEAVY RAIN
  RAIN
  LIGHT RAIN
  FOG


RELATIVE HUMIDITY (PERCENT)
 HIGHEST   100           600 AM
 LOWEST     66           300 PM
 AVERAGE    83

..........................................................


THE GRAND ISLAND NE CLIMATE NORMALS FOR TODAY
                         NORMAL    RECORD    YEAR
 MAXIMUM TEMPERATURE (F)   77        98      2006
 MINIMUM TEMPERATURE (F)   54        31      1947


SUNRISE AND SUNSET
MAY 28 2016...........SUNRISE   605 AM CDT   SUNSET   856 PM CDT
MAY 29 2016...........SUNRISE   605 AM CDT   SUNSET   857 PM CDT


-  INDICATES NEGATIVE NUMBERS.
R  INDICATES RECORD WAS SET OR TIED.
MM INDICATES DATA IS MISSING.
T  INDICATES TRACE AMOUNT.




$$
