000
CDUS43 KGID 060629
CLIGRI


CLIMATE REPORT
NATIONAL WEATHER SERVICE HASTINGS NE
1228 AM CST FRI MAR 6 2015


...................................

...THE GRAND ISLAND NE CLIMATE SUMMARY FOR MARCH 5 2015...

CLIMATE NORMAL PERIOD 1981 TO 2010
CLIMATE RECORD PERIOD 1895 TO 2015


WEATHER ITEM   OBSERVED TIME   RECORD YEAR NORMAL DEPARTURE LAST
                VALUE   (LST)  VALUE       VALUE  FROM      YEAR
                                                  NORMAL
..................................................................
TEMPERATURE (F)
 YESTERDAY
  MAXIMUM         40    408 PM  78    1921  46     -6       35
  MINIMUM          2    610 AM  -1    1989  24    -22       20
                                      1960
  AVERAGE         21                        35    -14       28

PRECIPITATION (IN)
  YESTERDAY        0.00          0.42 1961   0.05  -0.05     0.00
  MONTH TO DATE    0.06                      0.20  -0.14     0.01
  SINCE MAR 1      0.06                      0.20  -0.14     0.01
  SINCE JAN 1      1.23                      1.41  -0.18     0.66

SNOWFALL (IN)
  YESTERDAY        0.0           3.7  1961   0.1   -0.1      0.0
  MONTH TO DATE    0.6                       0.9   -0.3      0.1
  SINCE MAR 1      0.6                       0.9   -0.3      0.1
  SINCE JUL 1     23.5                      23.0    0.5     13.6
  SNOW DEPTH       0

DEGREE DAYS
 HEATING
  YESTERDAY       44                        30     14       37
  MONTH TO DATE  201                       153     48      245
  SINCE MAR 1    201                       153     48      245
  SINCE JUL 1   4938                      4914     24     5080

 COOLING
  YESTERDAY        0                         0      0        0
  MONTH TO DATE    0                         0      0        0
  SINCE MAR 1      0                         0      0        0
  SINCE JAN 1      0                         0      0        0
..................................................................


WIND (MPH)
  HIGHEST WIND SPEED    20   HIGHEST WIND DIRECTION     S (190)
  HIGHEST GUST SPEED    24   HIGHEST GUST DIRECTION     S (200)
  AVERAGE WIND SPEED     9.7


SKY COVER
  AVERAGE SKY COVER 0.0


WEATHER CONDITIONS
 THE FOLLOWING WEATHER WAS RECORDED YESTERDAY.
  NO SIGNIFICANT WEATHER WAS OBSERVED.


RELATIVE HUMIDITY (PERCENT)
 HIGHEST    79           400 AM
 LOWEST     25           500 PM
 AVERAGE    52

..........................................................


THE GRAND ISLAND NE CLIMATE NORMALS FOR TODAY
                         NORMAL    RECORD    YEAR
 MAXIMUM TEMPERATURE (F)   47        84      1972
 MINIMUM TEMPERATURE (F)   25       -10      1989


SUNRISE AND SUNSET
MARCH  6 2015.........SUNRISE   700 AM CST   SUNSET   630 PM CST
MARCH  7 2015.........SUNRISE   658 AM CST   SUNSET   631 PM CST


-  INDICATES NEGATIVE NUMBERS.
R  INDICATES RECORD WAS SET OR TIED.
MM INDICATES DATA IS MISSING.
T  INDICATES TRACE AMOUNT.




$$
