000
CDUS43 KGID 200624
CLIGRI


CLIMATE REPORT
NATIONAL WEATHER SERVICE HASTINGS NE
124 AM CDT SUN AUG 20 2017


...................................

...THE GRAND ISLAND NE CLIMATE SUMMARY FOR AUGUST 19 2017...

CLIMATE NORMAL PERIOD 1981 TO 2010
CLIMATE RECORD PERIOD 1895 TO 2017


WEATHER ITEM   OBSERVED TIME   RECORD YEAR NORMAL DEPARTURE LAST
                VALUE   (LST)  VALUE       VALUE  FROM      YEAR
                                                  NORMAL
..................................................................
TEMPERATURE (F)
 YESTERDAY
  MAXIMUM         87    419 PM 102    1938  85      2       75
  MINIMUM         57    553 AM  44    1950  62     -5       61
  AVERAGE         72                        74     -2       68

PRECIPITATION (IN)
  YESTERDAY        0.13          2.97 1908   0.10   0.03     0.31
  MONTH TO DATE    5.21                      2.03   3.18     0.44
  SINCE JUN 1     10.36                      9.73   0.63     4.59
  SINCE JAN 1     20.41                     19.68   0.73    19.27

SNOWFALL (IN)
  YESTERDAY        0.0                       0.0    0.0      0.0
  MONTH TO DATE    0.0                       0.0    0.0      0.0
  SINCE JUN 1      0.0                       0.0    0.0      0.0
  SINCE JUL 1      0.0                       0.0    0.0      0.0
  SNOW DEPTH       0

DEGREE DAYS
 HEATING
  YESTERDAY        0                         0      0        0
  MONTH TO DATE    4                         0      4        0
  SINCE JUN 1      7                        26    -19        6
  SINCE JUL 1      4                         2      2        6

 COOLING
  YESTERDAY        7                         9     -2        3
  MONTH TO DATE   89                       191   -102      200
  SINCE JUN 1    783                       753     30      906
  SINCE JAN 1    833                       818     15      940
..................................................................


WIND (MPH)
  HIGHEST WIND SPEED    30   HIGHEST WIND DIRECTION    SE (140)
  HIGHEST GUST SPEED    38   HIGHEST GUST DIRECTION    SE (130)
  AVERAGE WIND SPEED    10.3


SKY COVER
  AVERAGE SKY COVER 0.1


WEATHER CONDITIONS
 THE FOLLOWING WEATHER WAS RECORDED YESTERDAY.
  THUNDERSTORM
  LIGHT RAIN


RELATIVE HUMIDITY (PERCENT)
 HIGHEST   100           400 AM
 LOWEST     61           100 PM
 AVERAGE    81

..........................................................


THE GRAND ISLAND NE CLIMATE NORMALS FOR TODAY
                         NORMAL    RECORD    YEAR
 MAXIMUM TEMPERATURE (F)   85       102      1936
                                             1900
                                             1898
 MINIMUM TEMPERATURE (F)   62        40      1950


SUNRISE AND SUNSET
AUGUST 20 2017........SUNRISE   648 AM CDT   SUNSET   824 PM CDT
AUGUST 21 2017........SUNRISE   649 AM CDT   SUNSET   822 PM CDT


-  INDICATES NEGATIVE NUMBERS.
R  INDICATES RECORD WAS SET OR TIED.
MM INDICATES DATA IS MISSING.
T  INDICATES TRACE AMOUNT.




$$
