000
CDUS43 KGID 310629
CLIGRI


CLIMATE REPORT
NATIONAL WEATHER SERVICE HASTINGS NE
1228 AM CST SAT JAN 31 2015


...................................

...THE GRAND ISLAND NE CLIMATE SUMMARY FOR JANUARY 30 2015...

CLIMATE NORMAL PERIOD 1981 TO 2010
CLIMATE RECORD PERIOD 1895 TO 2015


WEATHER ITEM   OBSERVED TIME   RECORD YEAR NORMAL DEPARTURE LAST
                VALUE   (LST)  VALUE       VALUE  FROM      YEAR
                                                  NORMAL
..................................................................
TEMPERATURE (F)
 YESTERDAY
  MAXIMUM         45    347 PM  69    2012  37      8       44
                                      1920
  MINIMUM         18    443 AM -18    1902  15      3       21
  AVERAGE         32                        26      6       33

PRECIPITATION (IN)
  YESTERDAY        0.00          0.31 1946   0.02  -0.02     0.01
  MONTH TO DATE    0.03                      0.51  -0.48     0.15
  SINCE DEC 1      0.79                      1.14  -0.35     0.26
  SINCE JAN 1      0.03                      0.51  -0.48     0.15

SNOWFALL (IN)
  YESTERDAY        0.0           7.2  1946   0.3   -0.3      0.1
  MONTH TO DATE    0.9                       6.3   -5.4      2.5
  SINCE DEC 1      6.8                      11.4   -4.6      4.7
  SINCE JUL 1      9.0                      15.6   -6.6      4.9
  SNOW DEPTH       0

DEGREE DAYS
 HEATING
  YESTERDAY       33                        39     -6       32
  MONTH TO DATE 1123                      1197    -74     1168
  SINCE DEC 1   2228                      2386   -158     2404
  SINCE JUL 1   3561                      3716   -155     3632

 COOLING
  YESTERDAY        0                         0      0        0
  MONTH TO DATE    0                         0      0        0
  SINCE DEC 1      0                         0      0        0
  SINCE JAN 1      0                         0      0        0
..................................................................


WIND (MPH)
  HIGHEST WIND SPEED    25   HIGHEST WIND DIRECTION    SW (230)
  HIGHEST GUST SPEED    30   HIGHEST GUST DIRECTION    SW (230)
  AVERAGE WIND SPEED    11.5


SKY COVER
  AVERAGE SKY COVER 0.3


WEATHER CONDITIONS
 THE FOLLOWING WEATHER WAS RECORDED YESTERDAY.
  FOG


RELATIVE HUMIDITY (PERCENT)
 HIGHEST    92           100 AM
 LOWEST     45           300 PM
 AVERAGE    69

..........................................................


THE GRAND ISLAND NE CLIMATE NORMALS FOR TODAY
                         NORMAL    RECORD    YEAR
 MAXIMUM TEMPERATURE (F)   37        72      1989
 MINIMUM TEMPERATURE (F)   15       -18      1980
                                             1979


SUNRISE AND SUNSET
JANUARY 31 2015.......SUNRISE   745 AM CST   SUNSET   549 PM CST
FEBRUARY  1 2015......SUNRISE   744 AM CST   SUNSET   550 PM CST


-  INDICATES NEGATIVE NUMBERS.
R  INDICATES RECORD WAS SET OR TIED.
MM INDICATES DATA IS MISSING.
T  INDICATES TRACE AMOUNT.




$$
