000
CDUS43 KGID 032226
CLIGRI


CLIMATE REPORT
NATIONAL WEATHER SERVICE HASTINGS NE
525 PM CDT THU SEP 3 2015


...................................

...THE GRAND ISLAND NE CLIMATE SUMMARY FOR SEPTEMBER 3 2015...
VALID TODAY AS OF 0500 PM LOCAL TIME.

CLIMATE NORMAL PERIOD 1981 TO 2010
CLIMATE RECORD PERIOD 1895 TO 2015


WEATHER ITEM   OBSERVED TIME   RECORD YEAR NORMAL DEPARTURE LAST
                VALUE   (LST)  VALUE       VALUE  FROM      YEAR
                                                  NORMAL
..................................................................
TEMPERATURE (F)
 TODAY
  MAXIMUM         96    144 PM 101    1947  83     13       88
  MINIMUM         70    622 AM  34    1974  58     12       66
  AVERAGE         83                        70     13       77

PRECIPITATION (IN)
  TODAY            0.00          2.33 1941   0.08  -0.08      T
  MONTH TO DATE    0.00                      0.25  -0.25      T
  SINCE SEP 1      0.00                      0.25  -0.25      T
  SINCE JAN 1     16.65                     21.02  -4.37    22.20

SNOWFALL (IN)
  TODAY            0.0                       0.0    0.0      0.0
  MONTH TO DATE    0.0                       0.0    0.0      0.0
  SINCE SEP 1      0.0                       0.0    0.0      0.0
  SINCE JUL 1      0.0                       0.0    0.0      0.0
  SNOW DEPTH       0

DEGREE DAYS
 HEATING
  TODAY            0                         1     -1        0
  MONTH TO DATE    0                         3     -3        0
  SINCE SEP 1      0                         3     -3        0
  SINCE JUL 1     13                        13      0        4

 COOLING
  TODAY           18                         6     12       12
  MONTH TO DATE   49                        19     30       18
  SINCE SEP 1     49                        19     30       18
  SINCE JAN 1    871                       933    -62      948
..................................................................


WIND (MPH)
  HIGHEST WIND SPEED    22   HIGHEST WIND DIRECTION     S (170)
  HIGHEST GUST SPEED    28   HIGHEST GUST DIRECTION     S (180)
  AVERAGE WIND SPEED    12.0


SKY COVER
  POSSIBLE SUNSHINE  MM
  AVERAGE SKY COVER 0.0


WEATHER CONDITIONS
 THE FOLLOWING WEATHER WAS RECORDED TODAY.
  NO SIGNIFICANT WEATHER WAS OBSERVED.


RELATIVE HUMIDITY (PERCENT)
 HIGHEST    79           200 AM
 LOWEST     36           100 PM
 AVERAGE    58

..........................................................


THE GRAND ISLAND NE CLIMATE NORMALS FOR TOMORROW
                         NORMAL    RECORD    YEAR
 MAXIMUM TEMPERATURE (F)   82       103      2012
                                             1945
 MINIMUM TEMPERATURE (F)   58        38      1902


SUNRISE AND SUNSET
SEPTEMBER  3 2015.....SUNRISE   702 AM CDT   SUNSET   803 PM CDT
SEPTEMBER  4 2015.....SUNRISE   703 AM CDT   SUNSET   801 PM CDT


-  INDICATES NEGATIVE NUMBERS.
R  INDICATES RECORD WAS SET OR TIED.
MM INDICATES DATA IS MISSING.
T  INDICATES TRACE AMOUNT.




$$
