000
CDUS43 KGRR 032127
CLIGRR


CLIMATE REPORT
NATIONAL WEATHER SERVICE GRAND RAPIDS, MI
527 PM EDT WED JUN 3 2015


...................................

...THE GRAND RAPIDS MI CLIMATE SUMMARY FOR JUNE 3 2015...
VALID TODAY AS OF 0500 PM LOCAL TIME.

CLIMATE NORMAL PERIOD 1981 TO 2010
CLIMATE RECORD PERIOD 1892 TO 2015


WEATHER ITEM   OBSERVED TIME   RECORD YEAR NORMAL DEPARTURE LAST
                VALUE   (LST)  VALUE       VALUE  FROM      YEAR
                                                  NORMAL
..................................................................
TEMPERATURE (F)
 TODAY
  MAXIMUM         76    359 PM  96    1934  75      1       73
  MINIMUM         46    525 AM  38    1986  54     -8       60
                                      1977
                                      1947
  AVERAGE         61                        65     -4       67

PRECIPITATION (IN)
  TODAY            0.00          1.76 1892   0.13  -0.13     0.04
  MONTH TO DATE    0.00                      0.39  -0.39     0.08
  SINCE JUN 1      0.00                      0.39  -0.39     0.08
  SINCE JAN 1     11.63                     13.97  -2.34    13.35

SNOWFALL (IN)
  TODAY            0.0           0.0  2007   0.0    0.0      0.0
                                      2006
                                      2005
  MONTH TO DATE    0.0                       0.0    0.0      0.0
  SINCE JUN 1      0.0                       0.0    0.0      0.0
  SINCE JUL 1     78.1                      74.9    3.2    116.0
  SNOW DEPTH       0

DEGREE DAYS
 HEATING
  TODAY            4                         3      1        0
  MONTH TO DATE   23                        10     13        0
  SINCE JUN 1     23                        10     13        0
  SINCE JUL 1   7012                      6450    562     7200

 COOLING
  TODAY            0                         3     -3        2
  MONTH TO DATE    0                         9     -9       21
  SINCE JUN 1      0                         9     -9       21
  SINCE JAN 1     52                        56     -4       74
..................................................................


WIND (MPH)
  RESULTANT WIND SPEED   5   RESULTANT WIND DIRECTION  SE (140)
  HIGHEST WIND SPEED    16   HIGHEST WIND DIRECTION     S (170)
  HIGHEST GUST SPEED    27   HIGHEST GUST DIRECTION    NE (40)
  AVERAGE WIND SPEED     6.0


SKY COVER
  AVERAGE SKY COVER 0.4


WEATHER CONDITIONS
 THE FOLLOWING WEATHER WAS RECORDED TODAY.
  NO SIGNIFICANT WEATHER WAS OBSERVED.


RELATIVE HUMIDITY (PERCENT)
 HIGHEST    93           400 AM
 LOWEST     46           200 PM
 AVERAGE    70

..........................................................


THE GRAND RAPIDS MI CLIMATE NORMALS FOR TOMORROW
                         NORMAL    RECORD    YEAR
 MAXIMUM TEMPERATURE (F)   76        93      1925
                                             1898
 MINIMUM TEMPERATURE (F)   54        32      1945


SUNRISE AND SUNSET
JUNE  3 2015..........SUNRISE   605 AM EDT   SUNSET   915 PM EDT
JUNE  4 2015..........SUNRISE   605 AM EDT   SUNSET   916 PM EDT


-  INDICATES NEGATIVE NUMBERS.
R  INDICATES RECORD WAS SET OR TIED.
MM INDICATES DATA IS MISSING.
T  INDICATES TRACE AMOUNT.




$$
