000
CDUS43 KGRR 010523
CLIGRR


CLIMATE REPORT
NATIONAL WEATHER SERVICE GRAND RAPIDS, MI
119 AM EDT FRI AUG 1 2014


...................................

...THE GRAND RAPIDS MI CLIMATE SUMMARY FOR JULY 31 2014...

CLIMATE NORMAL PERIOD 1981 TO 2010
CLIMATE RECORD PERIOD 1892 TO 2014


WEATHER ITEM   OBSERVED TIME   RECORD YEAR NORMAL DEPARTURE LAST
                VALUE   (LST)  VALUE       VALUE  FROM      YEAR
                                                  NORMAL
..................................................................
TEMPERATURE (F)
 YESTERDAY
  MAXIMUM         81    331 PM  98    1917  82     -1       72
  MINIMUM         55    518 AM  46    1971  62     -7       64
  AVERAGE         68                        72     -4       68

PRECIPITATION (IN)
  YESTERDAY        0.00          1.59 1925   0.12  -0.12     0.16
  MONTH TO DATE    4.42                      3.78   0.64     3.21
  SINCE JUN 1      9.57                      7.55   2.02     7.73
  SINCE JAN 1     22.84                     21.13   1.71    30.42

SNOWFALL (IN)
  YESTERDAY        0.0           0.0  2006   0.0    0.0      0.0
                                      2005
                                      2004
  MONTH TO DATE    0.0                       0.0    0.0      0.0
  SINCE JUN 1      0.0                       0.0    0.0      0.0
  SINCE JUL 1      0.0                       0.0    0.0      0.0
  SNOW DEPTH       0

DEGREE DAYS
 HEATING
  YESTERDAY        0                         0      0        0
  MONTH TO DATE    9                         0      9       11
  SINCE JUN 1     22                        51    -29       51
  SINCE JUL 1      9                         6      3       11

 COOLING
  YESTERDAY        3                         7     -4        3
  MONTH TO DATE  124                       239   -115      258
  SINCE JUN 1    303                       384    -81      407
  SINCE JAN 1    356                       431    -75      489
..................................................................


WIND (MPH)
  RESULTANT WIND SPEED   8   RESULTANT WIND DIRECTION  SW (240)
  HIGHEST WIND SPEED    17   HIGHEST WIND DIRECTION     W (260)
  HIGHEST GUST SPEED    23   HIGHEST GUST DIRECTION    SW (240)
  AVERAGE WIND SPEED     8.5


SKY COVER
  POSSIBLE SUNSHINE  93 PERCENT
  AVERAGE SKY COVER 0.3


WEATHER CONDITIONS
 THE FOLLOWING WEATHER WAS RECORDED YESTERDAY.
  NO SIGNIFICANT WEATHER WAS OBSERVED.


RELATIVE HUMIDITY (PERCENT)
 HIGHEST    87           700 AM
 LOWEST     48           200 PM
 AVERAGE    68

..........................................................


THE GRAND RAPIDS MI CLIMATE NORMALS FOR TODAY
                         NORMAL    RECORD    YEAR
 MAXIMUM TEMPERATURE (F)   82        98      1988
 MINIMUM TEMPERATURE (F)   62        48      1947


SUNRISE AND SUNSET
AUGUST  1 2014........SUNRISE   633 AM EDT   SUNSET   903 PM EDT
AUGUST  2 2014........SUNRISE   634 AM EDT   SUNSET   902 PM EDT


-  INDICATES NEGATIVE NUMBERS.
R  INDICATES RECORD WAS SET OR TIED.
MM INDICATES DATA IS MISSING.
T  INDICATES TRACE AMOUNT.




$$
