516
CDUS42 KRAH 082152
CLIGSO


CLIMATE REPORT
NATIONAL WEATHER SERVICE RALEIGH NC
450 PM EST THU DEC 8 2016


...................................

...THE PIEDMONT TRIAD INTL AIRPORT NC CLIMATE SUMMARY FOR DECEMBER 8 2016...
VALID TODAY AS OF 0450 PM LOCAL TIME.

CLIMATE NORMAL PERIOD 1981 TO 2010
CLIMATE RECORD PERIOD 1903 TO 2016


WEATHER ITEM   OBSERVED TIME   RECORD YEAR NORMAL DEPARTURE LAST
                VALUE   (LST)  VALUE       VALUE  FROM      YEAR
                                                  NORMAL
..................................................................
TEMPERATURE (F)
 TODAY
  MAXIMUM         49    245 PM  76    1998  53     -4       60
  MINIMUM         44    107 AM  13    1977  33     11       34
  AVERAGE         47                        43      4       47

PRECIPITATION (IN)
  TODAY            0.00          1.15 1989   0.10  -0.10     0.00
  MONTH TO DATE    1.17                      0.81   0.36     0.63
  SINCE DEC 1      1.17                      0.81   0.36     0.63
  SINCE JAN 1     39.12                     40.03  -0.91    42.47

SNOWFALL (IN)
  TODAY            0.0           1.2  1976   0.0    0.0      0.0
  MONTH TO DATE    0.0                       0.1   -0.1      0.0
  SINCE DEC 1      0.0                       0.1   -0.1      0.0
  SINCE JUL 1      0.0                       0.2   -0.2      0.0
  SNOW DEPTH       0

DEGREE DAYS
 HEATING
  TODAY           18                        22     -4       18
  MONTH TO DATE  151                       169    -18      149
  SINCE DEC 1    151                       169    -18      149
  SINCE JUL 1    601                       849   -248      663

 COOLING
  TODAY            0                         0      0        0
  MONTH TO DATE    0                         0      0        0
  SINCE DEC 1      0                         0      0        0
  SINCE JAN 1   1974                      1483    491     1766
..................................................................


WIND (MPH)
  HIGHEST WIND SPEED    25   HIGHEST WIND DIRECTION    NW (320)
  HIGHEST GUST SPEED    32   HIGHEST GUST DIRECTION    NW (300)
  AVERAGE WIND SPEED     7.6


SKY COVER
  POSSIBLE SUNSHINE  MM
  AVERAGE SKY COVER 0.9


WEATHER CONDITIONS
 THE FOLLOWING WEATHER WAS RECORDED TODAY.
  NO SIGNIFICANT WEATHER WAS OBSERVED.


RELATIVE HUMIDITY (PERCENT)
 HIGHEST    89           100 AM
 LOWEST     31          1200 PM
 AVERAGE    60

..........................................................


THE PIEDMONT TRIAD INTL AIRPORT NC CLIMATE NORMALS FOR TOMORROW
                         NORMAL    RECORD    YEAR
 MAXIMUM TEMPERATURE (F)   52        75      1916
 MINIMUM TEMPERATURE (F)   33        15      1917


SUNRISE AND SUNSET
DECEMBER  8 2016......SUNRISE   718 AM EST   SUNSET   505 PM EST
DECEMBER  9 2016......SUNRISE   719 AM EST   SUNSET   505 PM EST


-  INDICATES NEGATIVE NUMBERS.
R  INDICATES RECORD WAS SET OR TIED.
MM INDICATES DATA IS MISSING.
T  INDICATES TRACE AMOUNT.




$$
