000
CDUS42 KRAH 262041
CLIGSO


CLIMATE REPORT
NATIONAL WEATHER SERVICE RALEIGH NC
439 PM EDT SUN MAR 26 2017


...................................

...THE PIEDMONT TRIAD INTL AIRPORT NC CLIMATE SUMMARY FOR MARCH 26 2017...
VALID TODAY AS OF 0439 PM LOCAL TIME.

CLIMATE NORMAL PERIOD 1981 TO 2010
CLIMATE RECORD PERIOD 1903 TO 2017


WEATHER ITEM   OBSERVED TIME   RECORD YEAR NORMAL DEPARTURE LAST
                VALUE   (LST)  VALUE       VALUE  FROM      YEAR
                                                  NORMAL
..................................................................
TEMPERATURE (F)
 TODAY
  MAXIMUM         72    228 PM  86    1929  64      8       64
                                      1921
  MINIMUM         53    621 AM  12    1972  42     11       50
  AVERAGE         63                        53     10       57

PRECIPITATION (IN)
  TODAY            0.00          0.88 1978   0.13  -0.13     0.03
  MONTH TO DATE    1.55                      3.11  -1.56     0.57
  SINCE MAR 1      1.55                      3.11  -1.56     0.57
  SINCE JAN 1      7.16                      9.13  -1.97     6.71

SNOWFALL (IN)
  TODAY            0.0           2.8  1971   0.1   -0.1      0.0
  MONTH TO DATE    T                         0.8   -0.8      0.0
  SINCE MAR 1      T                         0.8   -0.8      0.0
  SINCE JUL 1      8.0                       7.5    0.5      4.5
  SNOW DEPTH       0

DEGREE DAYS
 HEATING
  TODAY            2                        12    -10        8
  MONTH TO DATE  429                       412     17      230
  SINCE MAR 1    429                       412     17      230
  SINCE JUL 1   2599                      3267   -668     2616

 COOLING
  TODAY            0                         0      0        0
  MONTH TO DATE    3                         0      3       26
  SINCE MAR 1      3                         0      3       26
  SINCE JAN 1      7                         0      7       26
..................................................................


WIND (MPH)
  HIGHEST WIND SPEED    20   HIGHEST WIND DIRECTION     S (160)
  HIGHEST GUST SPEED    26   HIGHEST GUST DIRECTION     S (180)
  AVERAGE WIND SPEED     9.3


SKY COVER
  POSSIBLE SUNSHINE  MM
  AVERAGE SKY COVER 0.7


WEATHER CONDITIONS
 THE FOLLOWING WEATHER WAS RECORDED TODAY.
  NO SIGNIFICANT WEATHER WAS OBSERVED.


RELATIVE HUMIDITY (PERCENT)
 HIGHEST    93           300 AM
 LOWEST     53           100 PM
 AVERAGE    73

..........................................................


THE PIEDMONT TRIAD INTL AIRPORT NC CLIMATE NORMALS FOR TOMORROW
                         NORMAL    RECORD    YEAR
 MAXIMUM TEMPERATURE (F)   64        86      1921
 MINIMUM TEMPERATURE (F)   42        17      1955


SUNRISE AND SUNSET
MARCH 26 2017.........SUNRISE   714 AM EDT   SUNSET   737 PM EDT
MARCH 27 2017.........SUNRISE   713 AM EDT   SUNSET   738 PM EDT


-  INDICATES NEGATIVE NUMBERS.
R  INDICATES RECORD WAS SET OR TIED.
MM INDICATES DATA IS MISSING.
T  INDICATES TRACE AMOUNT.




$$
