000
CDUS42 KRAH 260548
CLIGSO

CLIMATE REPORT
NATIONAL WEATHER SERVICE RALEIGH NC
147 AM EDT FRI MAY 26 2017
...................................

...THE PIEDMONT TRIAD INTL AIRPORT NC CLIMATE SUMMARY FOR MAY 25 2017...

CLIMATE NORMAL PERIOD 1981 TO 2010
CLIMATE RECORD PERIOD 1903 TO 2017


WEATHER ITEM   OBSERVED TIME   RECORD YEAR NORMAL DEPARTURE LAST
                VALUE   (LST)  VALUE       VALUE  FROM      YEAR
                                                  NORMAL
..................................................................
TEMPERATURE (F)
 YESTERDAY
  MAXIMUM         72    211 PM  96    1926  80     -8       86
  MINIMUM         57    351 AM  43    2013  59     -2       56
                                      1956
                                      1935
  AVERAGE         65                        69     -4       71

PRECIPITATION (IN)
  YESTERDAY        0.07          1.38 2003   0.12  -0.05     0.00
  MONTH TO DATE    6.59                      2.65   3.94     8.49
  SINCE MAR 1     14.89                      9.95   4.94    12.65
  SINCE JAN 1     20.50                     15.97   4.53    18.79

DEGREE DAYS
 HEATING
  YESTERDAY        0                         1     -1        0
  MONTH TO DATE   51                        61    -10       67
  SINCE MAR 1    603                       752   -149      520
  SINCE JUL 1   2773                      3607   -834     2906

 COOLING
  YESTERDAY        0                         5     -5        6
  MONTH TO DATE   89                        84      5       68
  SINCE MAR 1    185                       122     63      145
  SINCE JAN 1    189                       122     67      145
..................................................................


WIND (MPH)
  HIGHEST WIND SPEED    28   HIGHEST WIND DIRECTION     W (270)
  HIGHEST GUST SPEED    38   HIGHEST GUST DIRECTION     W (280)
  AVERAGE WIND SPEED    11.2


SKY COVER
  POSSIBLE SUNSHINE  MM
  AVERAGE SKY COVER 0.7


WEATHER CONDITIONS
 THE FOLLOWING WEATHER WAS RECORDED YESTERDAY.
  THUNDERSTORM
  LIGHT RAIN
  FOG


RELATIVE HUMIDITY (PERCENT)
 HIGHEST   100           100 AM
 LOWEST     49           500 PM
 AVERAGE    75

..........................................................


THE PIEDMONT TRIAD INTL AIRPORT NC CLIMATE NORMALS FOR TODAY
                         NORMAL    RECORD    YEAR
 MAXIMUM TEMPERATURE (F)   80        95      1926
                                             1914
                                             1911
 MINIMUM TEMPERATURE (F)   59        42      1930
                                             1925


SUNRISE AND SUNSET
MAY 26 2017...........SUNRISE   607 AM EDT   SUNSET   828 PM EDT
MAY 27 2017...........SUNRISE   606 AM EDT   SUNSET   828 PM EDT


-  INDICATES NEGATIVE NUMBERS.
R  INDICATES RECORD WAS SET OR TIED.
MM INDICATES DATA IS MISSING.
T  INDICATES TRACE AMOUNT.


$$
