000
CDUS42 KRAH 192200
CLIGSO


CLIMATE REPORT
NATIONAL WEATHER SERVICE RALEIGH NC
459 PM EST FRI JAN 19 2018


...................................

...THE PIEDMONT TRIAD INTL AIRPORT NC CLIMATE SUMMARY FOR JANUARY 19 2018...
VALID TODAY AS OF 0455 PM LOCAL TIME.

CLIMATE NORMAL PERIOD 1981 TO 2010
CLIMATE RECORD PERIOD 1903 TO 2018


WEATHER ITEM   OBSERVED TIME   RECORD YEAR NORMAL DEPARTURE LAST
                VALUE   (LST)  VALUE       VALUE  FROM      YEAR
                                                  NORMAL
..................................................................
TEMPERATURE (F)
 TODAY
  MAXIMUM         50    355 PM  69    1907  48      2       62
  MINIMUM         17    704 AM  -1    1994  29    -12       36
  AVERAGE         34                        39     -5       49

PRECIPITATION (IN)
  TODAY            T             2.02 1936   0.10  -0.10     0.00
  MONTH TO DATE    1.98                      1.91   0.07     2.26
  SINCE DEC 1      3.58                      4.89  -1.31     3.96
  SINCE JAN 1      1.98                      1.91   0.07     2.26

SNOWFALL (IN)
  TODAY            0.0           7.3  1955   0.1   -0.1      0.0
  MONTH TO DATE    7.0                       2.1    4.9      8.0
  SINCE DEC 1      9.2                       2.9    6.3      8.0
  SINCE JUL 1      9.2                       3.0    6.2      8.0
  SNOW DEPTH       4

DEGREE DAYS
 HEATING
  TODAY           31                        26      5       16
  MONTH TO DATE  651                       494    157      424
  SINCE DEC 1   1381                      1228    153     1109
  SINCE JUL 1   2008                      1908    100     1559

 COOLING
  TODAY            0                         0      0        0
  MONTH TO DATE    0                         0      0        0
  SINCE DEC 1      0                         1     -1        0
  SINCE JAN 1      0                         0      0        0
..................................................................


WIND (MPH)
  HIGHEST WIND SPEED    10   HIGHEST WIND DIRECTION     W (270)
  HIGHEST GUST SPEED    12   HIGHEST GUST DIRECTION     W (270)
  AVERAGE WIND SPEED     4.4


SKY COVER
  POSSIBLE SUNSHINE  MM
  AVERAGE SKY COVER 0.0


WEATHER CONDITIONS
 THE FOLLOWING WEATHER WAS RECORDED TODAY.
  HAZE


RELATIVE HUMIDITY (PERCENT)
 HIGHEST    92           500 AM
 LOWEST     12           100 PM
 AVERAGE    52

..........................................................


THE PIEDMONT TRIAD INTL AIRPORT NC CLIMATE NORMALS FOR TOMORROW
                         NORMAL    RECORD    YEAR
 MAXIMUM TEMPERATURE (F)   48        71      1907
 MINIMUM TEMPERATURE (F)   29        -6      1985


SUNRISE AND SUNSET
JANUARY 19 2018.......SUNRISE   728 AM EST   SUNSET   533 PM EST
JANUARY 20 2018.......SUNRISE   728 AM EST   SUNSET   534 PM EST


-  INDICATES NEGATIVE NUMBERS.
R  INDICATES RECORD WAS SET OR TIED.
MM INDICATES DATA IS MISSING.
T  INDICATES TRACE AMOUNT.




$$
