000
CDUS42 KRAH 130525
CLIGSO


CLIMATE REPORT
NATIONAL WEATHER SERVICE RALEIGH NC
124 AM EDT SUN JUL 13 2014


...................................

...THE PIEDMONT TRIAD INTL AIRPORT NC CLIMATE SUMMARY FOR JULY 12 2014...

CLIMATE NORMAL PERIOD 1981 TO 2010
CLIMATE RECORD PERIOD 1903 TO 2014


WEATHER ITEM   OBSERVED TIME   RECORD YEAR NORMAL DEPARTURE LAST
                VALUE   (LST)  VALUE       VALUE  FROM      YEAR
                                                  NORMAL
..................................................................
TEMPERATURE (F)
 YESTERDAY
  MAXIMUM         91    409 PM  98    1930  88      3       77
  MINIMUM         68    542 AM  53    1963  69     -1       68
  AVERAGE         80                        79      1       73

PRECIPITATION (IN)
  YESTERDAY        0.00          1.47 1905   0.15  -0.15      T
  MONTH TO DATE    0.14                      1.59  -1.45     4.22
  SINCE JUN 1      3.14                      5.32  -2.18    12.59
  SINCE JAN 1     20.63                     22.02  -1.39    30.94

DEGREE DAYS
 HEATING
  YESTERDAY        0                         0      0        0
  MONTH TO DATE    0                         0      0        0
  SINCE JUN 1      0                         6     -6        0
  SINCE JUL 1      0                         0      0        0

 COOLING
  YESTERDAY       15                        14      1        8
  MONTH TO DATE  170                       162      8      150
  SINCE JUN 1    527                       469     58      449
  SINCE JAN 1    724                       628     96      599
..................................................................


WIND (MPH)
  HIGHEST WIND SPEED    13   HIGHEST WIND DIRECTION    SW (220)
  HIGHEST GUST SPEED    17   HIGHEST GUST DIRECTION     S (190)
  AVERAGE WIND SPEED     4.5


SKY COVER
  POSSIBLE SUNSHINE  MM
  AVERAGE SKY COVER 0.5


WEATHER CONDITIONS
 THE FOLLOWING WEATHER WAS RECORDED YESTERDAY.
  FOG
  HAZE


RELATIVE HUMIDITY (PERCENT)
 HIGHEST    90           300 AM
 LOWEST     37           500 PM
 AVERAGE    64

..........................................................


THE PIEDMONT TRIAD INTL AIRPORT NC CLIMATE NORMALS FOR TODAY
                         NORMAL    RECORD    YEAR
 MAXIMUM TEMPERATURE (F)   88        99      1914
 MINIMUM TEMPERATURE (F)   69        53      1963


SUNRISE AND SUNSET
JULY 13 2014..........SUNRISE   613 AM EDT   SUNSET   838 PM EDT
JULY 14 2014..........SUNRISE   614 AM EDT   SUNSET   837 PM EDT


-  INDICATES NEGATIVE NUMBERS.
R  INDICATES RECORD WAS SET OR TIED.
MM INDICATES DATA IS MISSING.
T  INDICATES TRACE AMOUNT.




$$
