000
CDUS42 KRAH 240635
CLIGSO


CLIMATE REPORT
NATIONAL WEATHER SERVICE RALEIGH NC
232 AM EDT SUN SEP 24 2017


...................................

...THE PIEDMONT TRIAD INTL AIRPORT NC CLIMATE SUMMARY FOR SEPTEMBER 23 2017...

CLIMATE NORMAL PERIOD 1981 TO 2010
CLIMATE RECORD PERIOD 1903 TO 2017


WEATHER ITEM   OBSERVED TIME   RECORD YEAR NORMAL DEPARTURE LAST
                VALUE   (LST)  VALUE       VALUE  FROM      YEAR
                                                  NORMAL
..................................................................
TEMPERATURE (F)
 YESTERDAY
  MAXIMUM         86    321 PM  97    1931  77      9       86
  MINIMUM         64    605 AM  38    1983  58      6       69
  AVERAGE         75                        68      7       78

PRECIPITATION (IN)
  YESTERDAY        0.00          2.97 2011   0.12  -0.12     0.01
  MONTH TO DATE    2.80                      3.35  -0.55     0.52
  SINCE SEP 1      2.80                      3.35  -0.55     0.52
  SINCE JAN 1     37.25                     32.14   5.11    31.32

DEGREE DAYS
 HEATING
  YESTERDAY        0                         2     -2        0
  MONTH TO DATE   22                        13      9        0
  SINCE SEP 1     22                        13      9        0
  SINCE JUL 1     22                        14      8        0

 COOLING
  YESTERDAY       10                         4      6       13
  MONTH TO DATE  126                       161    -35      278
  SINCE SEP 1    126                       161    -35      278
  SINCE JAN 1   1480                      1423     57     1845
..................................................................


WIND (MPH)
  HIGHEST WIND SPEED    15   HIGHEST WIND DIRECTION    NE (60)
  HIGHEST GUST SPEED    18   HIGHEST GUST DIRECTION    NE (60)
  AVERAGE WIND SPEED     4.7


SKY COVER
  POSSIBLE SUNSHINE  MM
  AVERAGE SKY COVER 0.3


WEATHER CONDITIONS
 THE FOLLOWING WEATHER WAS RECORDED YESTERDAY.
  NO SIGNIFICANT WEATHER WAS OBSERVED.


RELATIVE HUMIDITY (PERCENT)
 HIGHEST   100           300 AM
 LOWEST     43           300 PM
 AVERAGE    72

..........................................................


THE PIEDMONT TRIAD INTL AIRPORT NC CLIMATE NORMALS FOR TODAY
                         NORMAL    RECORD    YEAR
 MAXIMUM TEMPERATURE (F)   77        93      2010
                                             1926
                                             1914
 MINIMUM TEMPERATURE (F)   57        38      1963


SUNRISE AND SUNSET
SEPTEMBER 24 2017.....SUNRISE   709 AM EDT   SUNSET   713 PM EDT
SEPTEMBER 25 2017.....SUNRISE   710 AM EDT   SUNSET   712 PM EDT


-  INDICATES NEGATIVE NUMBERS.
R  INDICATES RECORD WAS SET OR TIED.
MM INDICATES DATA IS MISSING.
T  INDICATES TRACE AMOUNT.

$$
