000
CDUS42 KRAH 220751
CLIGSO


CLIMATE REPORT
NATIONAL WEATHER SERVICE RALEIGH NC
350 AM EDT FRI AUG 22 2014


...................................

...THE PIEDMONT TRIAD INTL AIRPORT NC CLIMATE SUMMARY FOR AUGUST 21 2014...

CLIMATE NORMAL PERIOD 1981 TO 2010
CLIMATE RECORD PERIOD 1903 TO 2014


WEATHER ITEM   OBSERVED TIME   RECORD YEAR NORMAL DEPARTURE LAST
                VALUE   (LST)  VALUE       VALUE  FROM      YEAR
                                                  NORMAL
..................................................................
TEMPERATURE (F)
 YESTERDAY
  MAXIMUM         90    314 PM 100    2007  86      4       83
                                      1983
  MINIMUM         71    150 AM  52    1918  68      3       70
  AVERAGE         81                        77      4       77

PRECIPITATION (IN)
  YESTERDAY        0.00          2.81 1965   0.13  -0.13     0.32
  MONTH TO DATE    2.66                      2.58   0.08     5.32
  SINCE JUN 1      8.39                     10.79  -2.40    19.71
  SINCE JAN 1     25.88                     27.49  -1.61    38.06

DEGREE DAYS
 HEATING
  YESTERDAY        0                         0      0        0
  MONTH TO DATE    0                         0      0        2
  SINCE JUN 1      0                         6     -6        2
  SINCE JUL 1      0                         0      0        2

 COOLING
  YESTERDAY       16                        12      4       12
  MONTH TO DATE  197                       267    -70      208
  SINCE JUN 1    938                       993    -55      907
  SINCE JAN 1   1135                      1152    -17     1057
..................................................................


WIND (MPH)
  HIGHEST WIND SPEED    12   HIGHEST WIND DIRECTION     N (20)
  HIGHEST GUST SPEED    15   HIGHEST GUST DIRECTION    NE (30)
  AVERAGE WIND SPEED     4.4


SKY COVER
  POSSIBLE SUNSHINE  MM
  AVERAGE SKY COVER 0.8


WEATHER CONDITIONS
 THE FOLLOWING WEATHER WAS RECORDED YESTERDAY.
  NO SIGNIFICANT WEATHER WAS OBSERVED.


RELATIVE HUMIDITY (PERCENT)
 HIGHEST    93           100 AM
 LOWEST     41           300 PM
 AVERAGE    67

..........................................................


THE PIEDMONT TRIAD INTL AIRPORT NC CLIMATE NORMALS FOR TODAY
                         NORMAL    RECORD    YEAR
 MAXIMUM TEMPERATURE (F)   86       100      1983
 MINIMUM TEMPERATURE (F)   68        50      1922


SUNRISE AND SUNSET
AUGUST 22 2014........SUNRISE   644 AM EDT   SUNSET   801 PM EDT
AUGUST 23 2014........SUNRISE   644 AM EDT   SUNSET   800 PM EDT


-  INDICATES NEGATIVE NUMBERS.
R  INDICATES RECORD WAS SET OR TIED.
MM INDICATES DATA IS MISSING.
T  INDICATES TRACE AMOUNT.




$$
