000
CDUS42 KRAH 260739
CLIGSO


CLIMATE REPORT
NATIONAL WEATHER SERVICE RALEIGH NC
237 AM EST SUN FEB 26 2017


...................................

...THE PIEDMONT TRIAD INTL AIRPORT NC CLIMATE SUMMARY FOR FEBRUARY 25 2017...

CLIMATE NORMAL PERIOD 1981 TO 2010
CLIMATE RECORD PERIOD 1903 TO 2017


WEATHER ITEM   OBSERVED TIME   RECORD YEAR NORMAL DEPARTURE LAST
                VALUE   (LST)  VALUE       VALUE  FROM      YEAR
                                                  NORMAL
..................................................................
TEMPERATURE (F)
 YESTERDAY
  MAXIMUM         76    113 PM  81    1930  55     21       51
  MINIMUM         43   1159 PM   6    1967  34      9       39
  AVERAGE         60                        45     15       45

PRECIPITATION (IN)
  YESTERDAY        0.04          2.46 1934   0.12  -0.08      T
  MONTH TO DATE    0.49                      2.62  -2.13     4.23
  SINCE DEC 1      7.31                      8.66  -1.35    12.79
  SINCE JAN 1      5.61                      5.68  -0.07     6.14

SNOWFALL (IN)
  YESTERDAY        0.0           3.0  2015   0.1   -0.1      0.0
  MONTH TO DATE    T                         2.2   -2.2      2.0
  SINCE DEC 1      8.0                       6.4    1.6      4.5
  SINCE JUL 1      8.0                       6.5    1.5      4.5
  SNOW DEPTH       0

DEGREE DAYS
 HEATING
  YESTERDAY        5                        20    -15       20
  MONTH TO DATE  342                       573   -231      574
  SINCE DEC 1   1675                      2116   -441     1799
  SINCE JUL 1   2125                      2796   -671     2313

 COOLING
  YESTERDAY        0                         0      0        0
  MONTH TO DATE    4                         0      4        0
  SINCE DEC 1      4                         1      3       15
  SINCE JAN 1      4                         0      4        0
..................................................................


WIND (MPH)
  HIGHEST WIND SPEED    28   HIGHEST WIND DIRECTION    NW (310)
  HIGHEST GUST SPEED    37   HIGHEST GUST DIRECTION    NW (310)
  AVERAGE WIND SPEED    14.8


SKY COVER
  POSSIBLE SUNSHINE  MM
  AVERAGE SKY COVER 0.5


WEATHER CONDITIONS
 THE FOLLOWING WEATHER WAS RECORDED YESTERDAY.
  THUNDERSTORM
  LIGHT RAIN


RELATIVE HUMIDITY (PERCENT)
 HIGHEST    93           600 AM
 LOWEST     17           600 PM
 AVERAGE    55

..........................................................


THE PIEDMONT TRIAD INTL AIRPORT NC CLIMATE NORMALS FOR TODAY
                         NORMAL    RECORD    YEAR
 MAXIMUM TEMPERATURE (F)   55        81      1977
 MINIMUM TEMPERATURE (F)   35        10      1967


SUNRISE AND SUNSET
FEBRUARY 26 2017......SUNRISE   654 AM EST   SUNSET   612 PM EST
FEBRUARY 27 2017......SUNRISE   652 AM EST   SUNSET   613 PM EST


-  INDICATES NEGATIVE NUMBERS.
R  INDICATES RECORD WAS SET OR TIED.
MM INDICATES DATA IS MISSING.
T  INDICATES TRACE AMOUNT.

$$
