779
CDUS42 KGSP 260631
CLIGSP

CLIMATE REPORT
NATIONAL WEATHER SERVICE GREENVILLE-SPARTANBURG SC
231 AM EDT THU MAY 26 2016


...................................

...THE GREENVILLE-SPARTANBURG SC CLIMATE SUMMARY FOR MAY 25 2016...

CLIMATE NORMAL PERIOD 1981 TO 2010
CLIMATE RECORD PERIOD 1884 TO 2016


WEATHER ITEM   OBSERVED TIME   RECORD YEAR NORMAL DEPARTURE LAST
                VALUE   (LST)  VALUE       VALUE  FROM      YEAR
                                                  NORMAL
..................................................................
TEMPERATURE (F)
 YESTERDAY
  MAXIMUM         85    425 PM  96    1962  83      2       81
                                      1953
  MINIMUM         57    601 AM  46    2005  60     -3       58
  AVERAGE         71                        71      0       70

PRECIPITATION (IN)
  YESTERDAY        0.00          1.51 1959   0.12  -0.12     0.00
  MONTH TO DATE    4.77                      3.02   1.75     2.46
  SINCE MAR 1      8.78                     10.90  -2.12    10.73
  SINCE JAN 1     17.04                     18.69  -1.65    18.05

SNOWFALL (IN)
  YESTERDAY        0.0           0.0    MM   0.0    0.0      0.0
  MONTH TO DATE    0.0                       0.0    0.0      0.0
  SINCE MAR 1      T                         0.9   -0.9      0.0
  SINCE JUL 1      2.6                       4.7   -2.1      3.7
  SNOW DEPTH       0

DEGREE DAYS
 HEATING
  YESTERDAY        0                         1     -1        0
  MONTH TO DATE   34                        38     -4        8
  SINCE MAR 1    401                       595   -194      403
  SINCE JUL 1   2498                      3044   -546     3017

 COOLING
  YESTERDAY        6                         7     -1        5
  MONTH TO DATE  100                       108     -8      162
  SINCE MAR 1    185                       156     29      218
  SINCE JAN 1    185                       156     29      218
..................................................................


WIND (MPH)
  HIGHEST WIND SPEED    16   HIGHEST WIND DIRECTION    SW (220)
  HIGHEST GUST SPEED    23   HIGHEST GUST DIRECTION    SW (220)
  AVERAGE WIND SPEED     4.9


SKY COVER
  POSSIBLE SUNSHINE  MM
  AVERAGE SKY COVER 0.0


WEATHER CONDITIONS
 THE FOLLOWING WEATHER WAS RECORDED YESTERDAY.
  NO SIGNIFICANT WEATHER WAS OBSERVED.


RELATIVE HUMIDITY (PERCENT)
 HIGHEST    93           600 AM
 LOWEST     37           200 PM
 AVERAGE    65

..........................................................


THE GREENVILLE-SPARTANBURG SC CLIMATE NORMALS FOR TODAY
                         NORMAL    RECORD    YEAR
 MAXIMUM TEMPERATURE (F)   83        96      1953
                                             1926
                                             1912
 MINIMUM TEMPERATURE (F)   60        45      1979


SUNRISE AND SUNSET
MAY 26 2016...........SUNRISE   619 AM EDT   SUNSET   834 PM EDT
MAY 27 2016...........SUNRISE   618 AM EDT   SUNSET   834 PM EDT


-  INDICATES NEGATIVE NUMBERS.
R  INDICATES RECORD WAS SET OR TIED.
MM INDICATES DATA IS MISSING.
T  INDICATES TRACE AMOUNT.

$$
