000
CDUS42 KGSP 242133
CLIGSP

CLIMATE REPORT
NATIONAL WEATHER SERVICE GREENVILLE-SPARTANBURG SC
432 PM EST WED DEC 24 2014


...................................

...THE GREENVILLE-SPARTANBURG SC CLIMATE SUMMARY FOR DECEMBER 24 2014...
VALID TODAY AS OF 430 PM LOCAL TIME.

CLIMATE NORMAL PERIOD 1981 TO 2010
CLIMATE RECORD PERIOD 1884 TO 2014


WEATHER ITEM   OBSERVED TIME   RECORD YEAR NORMAL DEPARTURE LAST
                VALUE   (LST)  VALUE       VALUE  FROM      YEAR
                                                  NORMAL
..................................................................
TEMPERATURE (F)
 TODAY
  MAXIMUM         51    428 PM  71    1964  52     -1       47
  MINIMUM         45    132 AM   8    1983  33     12       29
  AVERAGE         48                        42      6       38

PRECIPITATION (IN)
  TODAY            1.74R         1.54 2002   0.14   1.60     0.00
  MONTH TO DATE    3.21                      3.26  -0.05     5.29
  SINCE DEC 1      3.21                      3.26  -0.05     5.29
  SINCE JAN 1     49.78                     46.34   3.44    68.18

SNOWFALL (IN)
  TODAY            0.0           0.4  1945   0.0    0.0      0.0
                                      1962
  MONTH TO DATE    0.0                       0.2   -0.2      0.0
  SINCE DEC 1      0.0                       0.2   -0.2      0.0
  SINCE JUL 1      T                         0.3   -0.3      0.1
  SNOW DEPTH       0

DEGREE DAYS
 HEATING
  TODAY           17                        23     -6       27
  MONTH TO DATE  408                       492    -84      395
  SINCE DEC 1    408                       492    -84      395
  SINCE JUL 1   1045                      1045      0      999

 COOLING
  TODAY            0                         0      0        0
  MONTH TO DATE    0                         0      0        6
  SINCE DEC 1      0                         0      0        6
  SINCE JAN 1   1693                      1715    -22     1533
..................................................................


WIND (MPH)
  HIGHEST WIND SPEED    14   HIGHEST WIND DIRECTION    NE (50)
  HIGHEST GUST SPEED    19   HIGHEST GUST DIRECTION    NW (300)
  AVERAGE WIND SPEED     7.7


SKY COVER
  POSSIBLE SUNSHINE  MM
  AVERAGE SKY COVER 1.0


WEATHER CONDITIONS
 THE FOLLOWING WEATHER WAS RECORDED TODAY.
  HEAVY RAIN
  RAIN
  LIGHT RAIN
  FOG


RELATIVE HUMIDITY (PERCENT)
 HIGHEST   100          1200 AM
 LOWEST     93           200 AM
 AVERAGE    97

..........................................................


THE GREENVILLE-SPARTANBURG SC CLIMATE NORMALS FOR TOMORROW
                         NORMAL    RECORD    YEAR
 MAXIMUM TEMPERATURE (F)   52        78      1955
 MINIMUM TEMPERATURE (F)   33         6      1983


SUNRISE AND SUNSET
DECEMBER 24 2014......SUNRISE   734 AM EST   SUNSET   523 PM EST
DECEMBER 25 2014......SUNRISE   734 AM EST   SUNSET   524 PM EST


-  INDICATES NEGATIVE NUMBERS.
R  INDICATES RECORD WAS SET OR TIED.
MM INDICATES DATA IS MISSING.
T  INDICATES TRACE AMOUNT.




$$
