000
CDUS42 KGSP 180633 RRA
CLIGSP

CLIMATE REPORT
NATIONAL WEATHER SERVICE GREENVILLE-SPARTANBURG SC
232 AM EDT WED OCT 18 2017


...................................

...THE GREENVILLE-SPARTANBURG SC CLIMATE SUMMARY FOR OCTOBER 17 2017...

CLIMATE NORMAL PERIOD 1981 TO 2010
CLIMATE RECORD PERIOD 1884 TO 2017


WEATHER ITEM   OBSERVED TIME   RECORD YEAR NORMAL DEPARTURE LAST
                VALUE   (LST)  VALUE       VALUE  FROM      YEAR
                                                  NORMAL
..................................................................
TEMPERATURE (F)
 YESTERDAY
  MAXIMUM         66    421 PM  86    1916  72     -6       83
  MINIMUM         46   1159 PM  32    1893  50     -4       56
  AVERAGE         56                        61     -5       70

PRECIPITATION (IN)
  YESTERDAY        0.00          3.95 1975   0.11  -0.11     0.00
  MONTH TO DATE    2.91                      1.96   0.95     0.44
  SINCE SEP 1      7.13                      5.39   1.74     1.43
  SINCE JAN 1     45.10                     37.90   7.20    29.66

SNOWFALL (IN)
  YESTERDAY        0.0           0.0    MM   0.0    0.0      0.0
  MONTH TO DATE    0.0                       0.0    0.0      0.0
  SINCE SEP 1      0.0                       0.0    0.0      0.0
  SINCE JUL 1      0.0                       0.0    0.0      0.0
  SNOW DEPTH       0

DEGREE DAYS
 HEATING
  YESTERDAY        9                         5      4        0
  MONTH TO DATE   17                        58    -41       12
  SINCE SEP 1     28                        75    -47       12
  SINCE JUL 1     28                        75    -47       12

 COOLING
  YESTERDAY        0                         1     -1        5
  MONTH TO DATE   96                        36     60       41
  SINCE SEP 1    328                       263     65      413
  SINCE JAN 1   1794                      1698     96     2132
..................................................................


WIND (MPH)
  HIGHEST WIND SPEED    15   HIGHEST WIND DIRECTION    NE (60)
  HIGHEST GUST SPEED    19   HIGHEST GUST DIRECTION    NE (60)
  AVERAGE WIND SPEED     4.7


SKY COVER
  POSSIBLE SUNSHINE  MM
  AVERAGE SKY COVER 0.0


WEATHER CONDITIONS
 THE FOLLOWING WEATHER WAS RECORDED YESTERDAY.
  NO SIGNIFICANT WEATHER WAS OBSERVED.


RELATIVE HUMIDITY (PERCENT)
 HIGHEST    93          1100 PM
 LOWEST     34           300 PM
 AVERAGE    64

..........................................................


THE GREENVILLE-SPARTANBURG SC CLIMATE NORMALS FOR TODAY
                         NORMAL    RECORD    YEAR
 MAXIMUM TEMPERATURE (F)   72        86      2016
                                             1938
 MINIMUM TEMPERATURE (F)   50        31      1893


SUNRISE AND SUNSET
OCTOBER 18 2017.......SUNRISE   737 AM EDT   SUNSET   650 PM EDT
OCTOBER 19 2017.......SUNRISE   738 AM EDT   SUNSET   649 PM EDT


-  INDICATES NEGATIVE NUMBERS.
R  INDICATES RECORD WAS SET OR TIED.
MM INDICATES DATA IS MISSING.
T  INDICATES TRACE AMOUNT.




$$
