542
CDUS42 KGSP 220637
CLIGSP

CLIMATE REPORT
NATIONAL WEATHER SERVICE GREENVILLE-SPARTANBURG SC
137 AM EST SUN JAN 22 2017


...................................

...THE GREENVILLE-SPARTANBURG SC CLIMATE SUMMARY FOR JANUARY 21 2017...

CLIMATE NORMAL PERIOD 1981 TO 2010
CLIMATE RECORD PERIOD 1884 TO 2017


WEATHER ITEM   OBSERVED TIME   RECORD YEAR NORMAL DEPARTURE LAST
                VALUE   (LST)  VALUE       VALUE  FROM      YEAR
                                                  NORMAL
..................................................................
TEMPERATURE (F)
 YESTERDAY
  MAXIMUM         56    618 PM  73    1927  53      3       48
  MINIMUM         53    910 AM  -4    1985  32     21       28
  AVERAGE         55                        42     13       38

PRECIPITATION (IN)
  YESTERDAY        1.06          1.86 1993   0.12   0.94     0.04
  MONTH TO DATE    3.88                      2.60   1.28     2.04
  SINCE DEC 1      6.57                      6.71  -0.14    12.12
  SINCE JAN 1      3.88                      2.60   1.28     2.04

SNOWFALL (IN)
  YESTERDAY        0.0           2.9  1983   0.1   -0.1      0.0
  MONTH TO DATE    3.1                       1.6    1.5       T
  SINCE DEC 1      3.1                       2.0    1.1       T
  SINCE JUL 1      3.1                       2.1    1.0       T
  SNOW DEPTH       0

DEGREE DAYS
 HEATING
  YESTERDAY       10                        23    -13       27
  MONTH TO DATE  338                       483   -145      526
  SINCE DEC 1    934                      1133   -199      835
  SINCE JUL 1   1260                      1686   -426     1280

 COOLING
  YESTERDAY        0                         0      0        0
  MONTH TO DATE    0                         0      0        0
  SINCE DEC 1      0                         1     -1       11
  SINCE JAN 1      0                         0      0        0
..................................................................


WIND (MPH)
  HIGHEST WIND SPEED    31   HIGHEST WIND DIRECTION     E (80)
  HIGHEST GUST SPEED    31   HIGHEST GUST DIRECTION     E (80)
  AVERAGE WIND SPEED     5.7


SKY COVER
  POSSIBLE SUNSHINE  MM
  AVERAGE SKY COVER 1.0


WEATHER CONDITIONS
 THE FOLLOWING WEATHER WAS RECORDED YESTERDAY.
  HEAVY RAIN
  RAIN
  LIGHT RAIN
  FOG
  FOG W/VISIBILITY <= 1/4 MILE


RELATIVE HUMIDITY (PERCENT)
 HIGHEST   100           200 AM
 LOWEST     93          1200 AM
 AVERAGE    97

..........................................................


THE GREENVILLE-SPARTANBURG SC CLIMATE NORMALS FOR TODAY
                         NORMAL    RECORD    YEAR
 MAXIMUM TEMPERATURE (F)   53        72      1938
                                             1921
 MINIMUM TEMPERATURE (F)   32         3      1893


SUNRISE AND SUNSET
JANUARY 22 2017.......SUNRISE   733 AM EST   SUNSET   548 PM EST
JANUARY 23 2017.......SUNRISE   733 AM EST   SUNSET   549 PM EST


-  INDICATES NEGATIVE NUMBERS.
R  INDICATES RECORD WAS SET OR TIED.
MM INDICATES DATA IS MISSING.
T  INDICATES TRACE AMOUNT.

$$

OUTLAW
