000
CDUS42 KGSP 200634
CLIGSP

CLIMATE REPORT
NATIONAL WEATHER SERVICE GREENVILLE-SPARTANBURG SC
234 AM EDT MON OCT 20 2014


...................................

...THE GREENVILLE-SPARTANBURG SC CLIMATE SUMMARY FOR OCTOBER 19 2014...

CLIMATE NORMAL PERIOD 1981 TO 2010
CLIMATE RECORD PERIOD 1884 TO 2014


WEATHER ITEM   OBSERVED TIME   RECORD YEAR NORMAL DEPARTURE LAST
                VALUE   (LST)  VALUE       VALUE  FROM      YEAR
                                                  NORMAL
..................................................................
TEMPERATURE (F)
 YESTERDAY
  MAXIMUM         70    359 PM  87    1941  72     -2       64
                                      1938
  MINIMUM         48    724 AM  32    2009  49     -1       51
  AVERAGE         59                        61     -2       58

PRECIPITATION (IN)
  YESTERDAY        0.00          5.40 1937   0.11  -0.11     0.02
  MONTH TO DATE    3.57                      2.18   1.39     1.87
  SINCE SEP 1      7.25                      5.61   1.64     4.37
  SINCE JAN 1     42.21                     38.12   4.09    58.72

SNOWFALL (IN)
  YESTERDAY        0.0           0.0    MM   0.0    0.0      0.0
  MONTH TO DATE    0.0                       0.0    0.0      0.0
  SINCE SEP 1      0.0                       0.0    0.0      0.0
  SINCE JUL 1      0.0                       0.0    0.0      0.0
  SNOW DEPTH       0

DEGREE DAYS
 HEATING
  YESTERDAY        6                         5      1        7
  MONTH TO DATE   51                        68    -17       15
  SINCE SEP 1     57                        85    -28       16
  SINCE JUL 1     57                        85    -28       16

 COOLING
  YESTERDAY        0                         1     -1        0
  MONTH TO DATE   53                        38     15       53
  SINCE SEP 1    294                       265     29      277
  SINCE JAN 1   1691                      1700     -9     1526
..................................................................


WIND (MPH)
  HIGHEST WIND SPEED    15   HIGHEST WIND DIRECTION     N (360)
  HIGHEST GUST SPEED    21   HIGHEST GUST DIRECTION     N (340)
  AVERAGE WIND SPEED     3.6


SKY COVER
  POSSIBLE SUNSHINE  MM
  AVERAGE SKY COVER 0.0


WEATHER CONDITIONS
 THE FOLLOWING WEATHER WAS RECORDED YESTERDAY.
  NO SIGNIFICANT WEATHER WAS OBSERVED.


RELATIVE HUMIDITY (PERCENT)
 HIGHEST    89           900 PM
 LOWEST     37           200 PM
 AVERAGE    63

..........................................................


THE GREENVILLE-SPARTANBURG SC CLIMATE NORMALS FOR TODAY
                         NORMAL    RECORD    YEAR
 MAXIMUM TEMPERATURE (F)   72        86      1899
 MINIMUM TEMPERATURE (F)   49        29      1972


SUNRISE AND SUNSET
OCTOBER 20 2014.......SUNRISE   739 AM EDT   SUNSET   648 PM EDT
OCTOBER 21 2014.......SUNRISE   740 AM EDT   SUNSET   647 PM EDT


-  INDICATES NEGATIVE NUMBERS.
R  INDICATES RECORD WAS SET OR TIED.
MM INDICATES DATA IS MISSING.
T  INDICATES TRACE AMOUNT.




$$
