000
CDUS42 KGSP 230645
CLIGSP

CLIMATE REPORT
NATIONAL WEATHER SERVICE GREENVILLE-SPARTANBURG SC
245 AM EDT TUE MAY 23 2017


...................................

...THE GREENVILLE-SPARTANBURG SC CLIMATE SUMMARY FOR MAY 22 2017...

CLIMATE NORMAL PERIOD 1981 TO 2010
CLIMATE RECORD PERIOD 1884 TO 2017


WEATHER ITEM   OBSERVED TIME   RECORD YEAR NORMAL DEPARTURE LAST
                VALUE   (LST)  VALUE       VALUE  FROM      YEAR
                                                  NORMAL
..................................................................
TEMPERATURE (F)
 YESTERDAY
  MAXIMUM         81    150 PM  98    1941  82     -1       76
  MINIMUM         62    511 AM  40    1993  59      3       55
  AVERAGE         72                        70      2       66

PRECIPITATION (IN)
  YESTERDAY        0.02          3.24 2003   0.12  -0.10     0.00
  MONTH TO DATE    3.47                      2.67   0.80     4.77
  SINCE MAR 1     18.12                     10.55   7.57     8.78
  SINCE JAN 1     23.84                     18.34   5.50    17.04

SNOWFALL (IN)
  YESTERDAY        0.0           0.0    MM   0.0    0.0      0.0
  MONTH TO DATE    0.0                       0.0    0.0      0.0
  SINCE MAR 1      0.5                       0.9   -0.4       T
  SINCE JUL 1      3.6                       4.7   -1.1      2.6
  SNOW DEPTH       0

DEGREE DAYS
 HEATING
  YESTERDAY        0                         1     -1        0
  MONTH TO DATE   30                        35     -5       34
  SINCE MAR 1    459                       592   -133      401
  SINCE JUL 1   2185                      3041   -856     2498

 COOLING
  YESTERDAY        7                         6      1        1
  MONTH TO DATE  100                        88     12       90
  SINCE MAR 1    205                       136     69      175
  SINCE JAN 1    211                       136     75      175
..................................................................


WIND (MPH)
  HIGHEST WIND SPEED     9   HIGHEST WIND DIRECTION    SW (240)
  HIGHEST GUST SPEED    12   HIGHEST GUST DIRECTION    SW (230)
  AVERAGE WIND SPEED     3.3


SKY COVER
  POSSIBLE SUNSHINE  MM
  AVERAGE SKY COVER 0.7


WEATHER CONDITIONS
 THE FOLLOWING WEATHER WAS RECORDED YESTERDAY.
  THUNDERSTORM
  LIGHT RAIN
  FOG


RELATIVE HUMIDITY (PERCENT)
 HIGHEST    97           800 PM
 LOWEST     62           100 PM
 AVERAGE    80

..........................................................


THE GREENVILLE-SPARTANBURG SC CLIMATE NORMALS FOR TODAY
                         NORMAL    RECORD    YEAR
 MAXIMUM TEMPERATURE (F)   82        97      1941
 MINIMUM TEMPERATURE (F)   59        43      2002
                                             1889


SUNRISE AND SUNSET
MAY 23 2017...........SUNRISE   620 AM EDT   SUNSET   832 PM EDT
MAY 24 2017...........SUNRISE   620 AM EDT   SUNSET   832 PM EDT


-  INDICATES NEGATIVE NUMBERS.
R  INDICATES RECORD WAS SET OR TIED.
MM INDICATES DATA IS MISSING.
T  INDICATES TRACE AMOUNT.

$$

OUTLAW
