000
CDUS42 KGSP 030642
CLIGSP

CLIMATE REPORT
NATIONAL WEATHER SERVICE GREENVILLE-SPARTANBURG SC
142 AM EST SAT DEC 3 2016


...................................

...THE GREENVILLE-SPARTANBURG SC CLIMATE SUMMARY FOR DECEMBER 2 2016...

CLIMATE NORMAL PERIOD 1981 TO 2010
CLIMATE RECORD PERIOD 1884 TO 2016


WEATHER ITEM   OBSERVED TIME   RECORD YEAR NORMAL DEPARTURE LAST
                VALUE   (LST)  VALUE       VALUE  FROM      YEAR
                                                  NORMAL
..................................................................
TEMPERATURE (F)
 YESTERDAY
  MAXIMUM         59    319 PM  78    1933  58      1       63
  MINIMUM         34    752 AM  21    1924  37     -3       47
                                      1910
  AVERAGE         47                        47      0       55

PRECIPITATION (IN)
  YESTERDAY        0.00          3.11 2009   0.15  -0.15     0.41
  MONTH TO DATE    0.00                      0.29  -0.29     0.49
  SINCE DEC 1      0.00                      0.29  -0.29     0.49
  SINCE JAN 1     31.74                     43.37 -11.63    50.16

SNOWFALL (IN)
  YESTERDAY        0.0          10.5  1896   0.0    0.0      0.0
  MONTH TO DATE    0.0                       0.0    0.0      0.0
  SINCE DEC 1      0.0                       0.0    0.0      0.0
  SINCE JUL 1      0.0                       0.1   -0.1      0.0
  SNOW DEPTH       0

DEGREE DAYS
 HEATING
  YESTERDAY       18                        18      0       10
  MONTH TO DATE   32                        36     -4       25
  SINCE DEC 1     32                        36     -4       25
  SINCE JUL 1    358                       589   -231      470

 COOLING
  YESTERDAY        0                         0      0        0
  MONTH TO DATE    0                         0      0        0
  SINCE DEC 1      0                         0      0        0
  SINCE JAN 1   2188                      1715    473     1935
..................................................................


WIND (MPH)
  HIGHEST WIND SPEED    13   HIGHEST WIND DIRECTION     W (260)
  HIGHEST GUST SPEED    15   HIGHEST GUST DIRECTION     W (260)
  AVERAGE WIND SPEED     2.9


SKY COVER
  POSSIBLE SUNSHINE  MM
  AVERAGE SKY COVER 0.0


WEATHER CONDITIONS
 THE FOLLOWING WEATHER WAS RECORDED YESTERDAY.
  HAZE


RELATIVE HUMIDITY (PERCENT)
 HIGHEST    82           200 AM
 LOWEST     30           200 PM
 AVERAGE    56

..........................................................


THE GREENVILLE-SPARTANBURG SC CLIMATE NORMALS FOR TODAY
                         NORMAL    RECORD    YEAR
 MAXIMUM TEMPERATURE (F)   57        74      1956
 MINIMUM TEMPERATURE (F)   36        16      1903


SUNRISE AND SUNSET
DECEMBER  3 2016......SUNRISE   720 AM EST   SUNSET   517 PM EST
DECEMBER  4 2016......SUNRISE   721 AM EST   SUNSET   517 PM EST


-  INDICATES NEGATIVE NUMBERS.
R  INDICATES RECORD WAS SET OR TIED.
MM INDICATES DATA IS MISSING.
T  INDICATES TRACE AMOUNT.

$$

OUTLAW
