000
CDUS45 KTFX 250727
CLIGTF


CLIMATE REPORT
NATIONAL WEATHER SERVICE GREAT FALLS MT
1226 AM MST SUN FEB 25 2018


...................................

...THE GREAT FALLS MT CLIMATE SUMMARY FOR FEBRUARY 24 2018...

CLIMATE NORMAL PERIOD 1981 TO 2010
CLIMATE RECORD PERIOD 1886 TO 2018


WEATHER ITEM   OBSERVED TIME   RECORD YEAR NORMAL DEPARTURE LAST
                VALUE   (LST)  VALUE       VALUE  FROM      YEAR
                                                  NORMAL
..................................................................
TEMPERATURE (F)
 YESTERDAY
  MAXIMUM         28    306 PM  68    1995  40    -12       33
  MINIMUM         10    855 PM -22    1922  17     -7       19
  AVERAGE         19                        29    -10       26

PRECIPITATION (IN)
  YESTERDAY        0.00          0.32 1917   0.01  -0.01      T
  MONTH TO DATE    1.43                      0.39   1.04     0.38
  SINCE OCT 1      4.64                      2.90   1.74     4.16
  SINCE JAN 1      1.78                      0.90   0.88     1.23

SNOWFALL (IN)
  YESTERDAY        0.0           4.0  1917   0.3   -0.3       T
  MONTH TO DATE   32.6                       7.0   25.6      4.3
  SINCE DEC 1     56.9                      25.1   31.8     32.6
  SINCE JUL 1     72.3                      38.8   33.5     35.3
  SNOW DEPTH       5

DEGREE DAYS
 HEATING
  YESTERDAY       46                        36     10       39
  MONTH TO DATE 1318                       912    406      918
  SINCE DEC 1   3850                      3394    456     3933
  SINCE JUL 1   5725                      5363    362     5518

 COOLING
  YESTERDAY        0                         0      0        0
  MONTH TO DATE    0                         0      0        0
  SINCE DEC 1      0                         0      0        0
  SINCE JAN 1      0                         0      0        0
..................................................................


WIND (MPH)
  HIGHEST WIND SPEED    26   HIGHEST WIND DIRECTION    SW (230)
  HIGHEST GUST SPEED    32   HIGHEST GUST DIRECTION    SW (220)
  AVERAGE WIND SPEED    15.7


SKY COVER
  AVERAGE SKY COVER 0.0


WEATHER CONDITIONS
 THE FOLLOWING WEATHER WAS RECORDED YESTERDAY.
  NO SIGNIFICANT WEATHER WAS OBSERVED.


RELATIVE HUMIDITY (PERCENT)
 HIGHEST    73           900 PM
 LOWEST     55           100 PM
 AVERAGE    64

..........................................................


THE GREAT FALLS MT CLIMATE NORMALS FOR TODAY
                         NORMAL    RECORD    YEAR
 MAXIMUM TEMPERATURE (F)   40        64      1896
 MINIMUM TEMPERATURE (F)   17       -24      2011


SUNRISE AND SUNSET
FEBRUARY 25 2018......SUNRISE   713 AM MST   SUNSET   605 PM MST
FEBRUARY 26 2018......SUNRISE   711 AM MST   SUNSET   606 PM MST


-  INDICATES NEGATIVE NUMBERS.
R  INDICATES RECORD WAS SET OR TIED.
MM INDICATES DATA IS MISSING.
T  INDICATES TRACE AMOUNT.




$$
