117
CDUS45 KTFX 100857
CLIGTF


CLIMATE REPORT
NATIONAL WEATHER SERVICE GREAT FALLS MT
157 AM MST WED FEB 10 2016


...................................

...THE GREAT FALLS MT CLIMATE SUMMARY FOR FEBRUARY 9 2016...

CLIMATE NORMAL PERIOD 1981 TO 2010
CLIMATE RECORD PERIOD 1886 TO 2016


WEATHER ITEM   OBSERVED TIME   RECORD YEAR NORMAL DEPARTURE LAST
                VALUE   (LST)  VALUE       VALUE  FROM      YEAR
                                                  NORMAL
..................................................................
TEMPERATURE (F)
 YESTERDAY
  MAXIMUM         63R   148 PM  62    1970  37     26       53
  MINIMUM         38    243 AM -35    1939  16     22       34
  AVERAGE         51                        26     25       44

PRECIPITATION (IN)
  YESTERDAY        0.00          0.31 1929   0.02  -0.02     0.09
  MONTH TO DATE    0.03                      0.14  -0.11     0.10
  SINCE OCT 1      5.75                      2.65   3.10     4.06
  SINCE JAN 1      0.65                      0.65   0.00     1.11

SNOWFALL (IN)
  YESTERDAY        0.0           5.5  1999   0.3   -0.3      0.0
  MONTH TO DATE    0.1                       2.5   -2.4      0.1
  SINCE DEC 1     22.0                      20.6    1.4     33.2
  SINCE JUL 1     37.9                      34.3    3.6     50.6
  SNOW DEPTH       0

DEGREE DAYS
 HEATING
  YESTERDAY       14                        38    -24       21
  MONTH TO DATE  272                       350    -78      259
  SINCE DEC 1   2615                      2832   -217     2562
  SINCE JUL 1   4436                      4801   -365     4451

 COOLING
  YESTERDAY        0                         0      0        0
  MONTH TO DATE    0                         0      0        0
  SINCE DEC 1      0                         0      0        0
  SINCE JAN 1      0                         0      0        0
..................................................................


WIND (MPH)
  HIGHEST WIND SPEED    26   HIGHEST WIND DIRECTION    SW (220)
  HIGHEST GUST SPEED    33   HIGHEST GUST DIRECTION    SW (220)
  AVERAGE WIND SPEED    16.6


SKY COVER
  AVERAGE SKY COVER 0.0


WEATHER CONDITIONS
 THE FOLLOWING WEATHER WAS RECORDED YESTERDAY.
  NO SIGNIFICANT WEATHER WAS OBSERVED.


RELATIVE HUMIDITY (PERCENT)
 HIGHEST    65          1200 AM
 LOWEST     25           200 PM
 AVERAGE    45

..........................................................


THE GREAT FALLS MT CLIMATE NORMALS FOR TODAY
                         NORMAL    RECORD    YEAR
 MAXIMUM TEMPERATURE (F)   37        64      1951
 MINIMUM TEMPERATURE (F)   16       -30      1939


SUNRISE AND SUNSET
FEBRUARY 10 2016......SUNRISE   739 AM MST   SUNSET   541 PM MST
FEBRUARY 11 2016......SUNRISE   738 AM MST   SUNSET   542 PM MST


-  INDICATES NEGATIVE NUMBERS.
R  INDICATES RECORD WAS SET OR TIED.
MM INDICATES DATA IS MISSING.
T  INDICATES TRACE AMOUNT.




$$
