000
CDUS45 KTFX 241046
CLIGTF


CLIMATE REPORT
NATIONAL WEATHER SERVICE GREAT FALLS MT
446 AM MDT THU JUL 24 2014


...................................

...THE GREAT FALLS MT CLIMATE SUMMARY FOR JULY 23 2014...

CLIMATE NORMAL PERIOD 1981 TO 2010
CLIMATE RECORD PERIOD 1886 TO 2014


WEATHER ITEM   OBSERVED TIME   RECORD YEAR NORMAL DEPARTURE LAST
                VALUE   (LST)  VALUE       VALUE  FROM      YEAR
                                                  NORMAL
..................................................................
TEMPERATURE (F)
 YESTERDAY
  MAXIMUM         93    306 PM 103    2003  85      8       88
                                      1931
  MINIMUM         56    428 AM  40    1914  53      3       48
  AVERAGE         75                        69      6       68

PRECIPITATION (IN)
  YESTERDAY        0.08          0.54 1918   0.04   0.04     0.00
  MONTH TO DATE    0.78                      1.20  -0.42     0.22
  SINCE OCT 1     14.12                     11.46   2.66    11.00
  SINCE JAN 1     12.07                      9.46   2.61     7.66

SNOWFALL (IN)
  YESTERDAY        0.0           0.0  2002   0.0    0.0      0.0
  MONTH TO DATE    0.0                       0.0    0.0      0.0
  SINCE JUN 1      0.0                       0.3   -0.3      0.0
  SINCE JUL 1      0.0                       0.0    0.0      0.0
  SNOW DEPTH       0

DEGREE DAYS
 HEATING
  YESTERDAY        0                         1     -1        0
  MONTH TO DATE    3                        42    -39        9
  SINCE JUN 1    226                       233     -7      181
  SINCE JUL 1      3                        42    -39        9

 COOLING
  YESTERDAY       10                         5      5        3
  MONTH TO DATE  131                        85     46      142
  SINCE JUN 1    131                       117     14      169
  SINCE JAN 1    131                       124      7      172
..................................................................


WIND (MPH)
  HIGHEST WIND SPEED    41   HIGHEST WIND DIRECTION     S (200)
  HIGHEST GUST SPEED    52   HIGHEST GUST DIRECTION     S (200)
  AVERAGE WIND SPEED     6.5


SKY COVER
  AVERAGE SKY COVER 0.0


WEATHER CONDITIONS
 THE FOLLOWING WEATHER WAS RECORDED YESTERDAY.
  THUNDERSTORM
  RAIN
  LIGHT RAIN
  FOG


RELATIVE HUMIDITY (PERCENT)
 HIGHEST    93           400 AM
 LOWEST     20           300 PM
 AVERAGE    57

..........................................................


THE GREAT FALLS MT CLIMATE NORMALS FOR TODAY
                         NORMAL    RECORD    YEAR
 MAXIMUM TEMPERATURE (F)   86       102      1929
 MINIMUM TEMPERATURE (F)   53        36      1918


SUNRISE AND SUNSET
JULY 24 2014..........SUNRISE   554 AM MDT   SUNSET   910 PM MDT
JULY 25 2014..........SUNRISE   555 AM MDT   SUNSET   908 PM MDT


-  INDICATES NEGATIVE NUMBERS.
R  INDICATES RECORD WAS SET OR TIED.
MM INDICATES DATA IS MISSING.
T  INDICATES TRACE AMOUNT.




$$
