847
CDUS45 KTFX 012230
CLIGTF


CLIMATE REPORT
NATIONAL WEATHER SERVICE GREAT FALLS MT
430 PM MDT SAT OCT 1 2016


...................................

...THE GREAT FALLS MT CLIMATE SUMMARY FOR OCTOBER 1 2016...
VALID TODAY AS OF 0400 PM LOCAL TIME.

CLIMATE NORMAL PERIOD 1981 TO 2010
CLIMATE RECORD PERIOD 1886 TO 2016


WEATHER ITEM   OBSERVED TIME   RECORD YEAR NORMAL DEPARTURE LAST
                VALUE   (LST)  VALUE       VALUE  FROM      YEAR
                                                  NORMAL
..................................................................
TEMPERATURE (F)
 TODAY
  MAXIMUM         74    215 PM  91    1992  64     10       63
  MINIMUM         53    119 AM  22    1959  37     16       44
                                      1950
  AVERAGE         64                        50     14       54

PRECIPITATION (IN)
  TODAY            0.00          0.45 1914   0.04  -0.04      T
  MONTH TO DATE    0.00                      0.04  -0.04      T
  SINCE OCT 1      0.00                      0.04  -0.04      T
  SINCE JAN 1     11.52                     12.79  -1.27    10.59

SNOWFALL (IN)
  TODAY            0.0           1.5  1898   0.1   -0.1      0.0
  MONTH TO DATE    0.0                       0.1   -0.1      0.0
  SINCE SEP 1      0.0                       1.3   -1.3      0.0
  SINCE JUL 1      T                         1.6   -1.6      0.0

DEGREE DAYS
 HEATING
  TODAY            1                        15    -14       11
  MONTH TO DATE    1                        15    -14       11
  SINCE SEP 1    284                       301    -17      234
  SINCE JUL 1    385                       422    -37      330

 COOLING
  TODAY            0                         0      0        0
  MONTH TO DATE    0                         0      0        0
  SINCE SEP 1     10                        21    -11       15
  SINCE JAN 1    252                       297    -45      406
..................................................................


WIND (MPH)
  HIGHEST WIND SPEED    31   HIGHEST WIND DIRECTION     W (250)
  HIGHEST GUST SPEED    37   HIGHEST GUST DIRECTION     W (260)
  AVERAGE WIND SPEED    12.2


SKY COVER
  AVERAGE SKY COVER 0.2


WEATHER CONDITIONS
 THE FOLLOWING WEATHER WAS RECORDED TODAY.
  NO SIGNIFICANT WEATHER WAS OBSERVED.


RELATIVE HUMIDITY (PERCENT)
 HIGHEST    61           100 AM
 LOWEST     32           300 PM
 AVERAGE    47

..........................................................


THE GREAT FALLS MT CLIMATE NORMALS FOR TOMORROW
                         NORMAL    RECORD    YEAR
 MAXIMUM TEMPERATURE (F)   64        86      1943
 MINIMUM TEMPERATURE (F)   37        18      1999


SUNRISE AND SUNSET
OCTOBER  1 2016.......SUNRISE   725 AM MDT   SUNSET   704 PM MDT
OCTOBER  2 2016.......SUNRISE   727 AM MDT   SUNSET   702 PM MDT


-  INDICATES NEGATIVE NUMBERS.
R  INDICATES RECORD WAS SET OR TIED.
MM INDICATES DATA IS MISSING.
T  INDICATES TRACE AMOUNT.




$$
