000
CDUS45 KTFX 050900
CLIGTF


CLIMATE REPORT
NATIONAL WEATHER SERVICE GREAT FALLS MT
158 AM MST THU MAR 5 2015


...................................

...THE GREAT FALLS MT CLIMATE SUMMARY FOR MARCH 4 2015...

CLIMATE NORMAL PERIOD 1981 TO 2010
CLIMATE RECORD PERIOD 1886 TO 2015


WEATHER ITEM   OBSERVED TIME   RECORD YEAR NORMAL DEPARTURE LAST
                VALUE   (LST)  VALUE       VALUE  FROM      YEAR
                                                  NORMAL
..................................................................
TEMPERATURE (F)
 YESTERDAY
  MAXIMUM         36    430 PM  72    1987  42     -6       42
  MINIMUM          0    719 AM -19    1962  19    -19        5
  AVERAGE         18                        31    -13       24

PRECIPITATION (IN)
  YESTERDAY        0.00          0.32 1918   0.03  -0.03     0.00
  MONTH TO DATE    0.01                      0.09  -0.08     0.06
  SINCE OCT 1      4.36                      3.07   1.29     4.53
  SINCE JAN 1      1.41                      1.07   0.34     2.48

SNOWFALL (IN)
  YESTERDAY        0.0           4.0  1918   0.3   -0.3      0.0
  MONTH TO DATE    0.1                       1.3   -1.2      2.3
  SINCE MAR 1      0.1                       1.3   -1.2      2.3
  SINCE JUL 1     56.4                      41.3   15.1     59.8
  SNOW DEPTH       T

DEGREE DAYS
 HEATING
  YESTERDAY       47                        34     13       41
  MONTH TO DATE  189                       139     50      255
  SINCE MAR 1    189                       139     50      255
  SINCE JUL 1   5327                      5644   -317     5909

 COOLING
  YESTERDAY        0                         0      0        0
  MONTH TO DATE    0                         0      0        0
  SINCE MAR 1      0                         0      0        0
  SINCE JAN 1      0                         0      0        0
..................................................................


WIND (MPH)
  HIGHEST WIND SPEED    24   HIGHEST WIND DIRECTION    SW (220)
  HIGHEST GUST SPEED    29   HIGHEST GUST DIRECTION    SW (220)
  AVERAGE WIND SPEED    12.7


SKY COVER
  AVERAGE SKY COVER 0.2


WEATHER CONDITIONS
 THE FOLLOWING WEATHER WAS RECORDED YESTERDAY.
  NO SIGNIFICANT WEATHER WAS OBSERVED.


RELATIVE HUMIDITY (PERCENT)
 HIGHEST    80           300 AM
 LOWEST     32           400 PM
 AVERAGE    56

..........................................................


THE GREAT FALLS MT CLIMATE NORMALS FOR TODAY
                         NORMAL    RECORD    YEAR
 MAXIMUM TEMPERATURE (F)   43        74      1987
 MINIMUM TEMPERATURE (F)   19       -22      1947


SUNRISE AND SUNSET
MARCH  5 2015.........SUNRISE   659 AM MST   SUNSET   616 PM MST
MARCH  6 2015.........SUNRISE   657 AM MST   SUNSET   618 PM MST


-  INDICATES NEGATIVE NUMBERS.
R  INDICATES RECORD WAS SET OR TIED.
MM INDICATES DATA IS MISSING.
T  INDICATES TRACE AMOUNT.




$$
