000
CDUS45 KTFX 040740
CLIGTF


CLIMATE REPORT
NATIONAL WEATHER SERVICE GREAT FALLS MT
139 AM MDT WED MAY 4 2016


...................................

...THE GREAT FALLS MT CLIMATE SUMMARY FOR MAY 3 2016...

CLIMATE NORMAL PERIOD 1981 TO 2010
CLIMATE RECORD PERIOD 1886 TO 2016


WEATHER ITEM   OBSERVED TIME   RECORD YEAR NORMAL DEPARTURE LAST
                VALUE   (LST)  VALUE       VALUE  FROM      YEAR
                                                  NORMAL
..................................................................
TEMPERATURE (F)
 YESTERDAY
  MAXIMUM         79    424 PM  86    1918  61     18       65
                                      1897
  MINIMUM         36    519 AM  19    1967  35      1       30
  AVERAGE         58                        48     10       48

PRECIPITATION (IN)
  YESTERDAY        0.00          1.11 1964   0.05  -0.05     0.00
  MONTH TO DATE    0.00                      0.16  -0.16     0.00
  SINCE OCT 1      9.08                      5.47   3.61     5.33
  SINCE JAN 1      3.98                      3.47   0.51     2.38

SNOWFALL (IN)
  YESTERDAY        0.0           3.3  1991   0.1   -0.1      0.0
  MONTH TO DATE    0.0                       0.4   -0.4      0.0
  SINCE MAR 1      9.0                      20.9  -11.9      1.6
  SINCE JUL 1     46.9                      60.9  -14.0     57.9
  SNOW DEPTH       0

DEGREE DAYS
 HEATING
  YESTERDAY        7                        17    -10       17
  MONTH TO DATE   37                        52    -15       33
  SINCE MAR 1   1368                      1664   -296     1306
  SINCE JUL 1   6306                      7169   -863     6444

 COOLING
  YESTERDAY        0                         0      0        0
  MONTH TO DATE    0                         0      0        0
  SINCE MAR 1      0                         1     -1        0
  SINCE JAN 1      0                         1     -1        0
..................................................................


WIND (MPH)
  HIGHEST WIND SPEED    13   HIGHEST WIND DIRECTION     S (190)
  HIGHEST GUST SPEED    14   HIGHEST GUST DIRECTION    SW (220)
  AVERAGE WIND SPEED     6.9


SKY COVER
  AVERAGE SKY COVER 0.0


WEATHER CONDITIONS
 THE FOLLOWING WEATHER WAS RECORDED YESTERDAY.
  NO SIGNIFICANT WEATHER WAS OBSERVED.


RELATIVE HUMIDITY (PERCENT)
 HIGHEST    79           200 AM
 LOWEST     17           300 PM
 AVERAGE    48

..........................................................


THE GREAT FALLS MT CLIMATE NORMALS FOR TODAY
                         NORMAL    RECORD    YEAR
 MAXIMUM TEMPERATURE (F)   62        87      1936
                                             1897
 MINIMUM TEMPERATURE (F)   35        23      1996


SUNRISE AND SUNSET
MAY  4 2016...........SUNRISE   603 AM MDT   SUNSET   842 PM MDT
MAY  5 2016...........SUNRISE   602 AM MDT   SUNSET   844 PM MDT


-  INDICATES NEGATIVE NUMBERS.
R  INDICATES RECORD WAS SET OR TIED.
MM INDICATES DATA IS MISSING.
T  INDICATES TRACE AMOUNT.




$$
