000
CDUS45 KTFX 311014
CLIGTF


CLIMATE REPORT
NATIONAL WEATHER SERVICE GREAT FALLS MT
411 AM MDT WED AUG 31 2016


...................................

...THE GREAT FALLS MT CLIMATE SUMMARY FOR AUGUST 30 2016...

CLIMATE NORMAL PERIOD 1981 TO 2010
CLIMATE RECORD PERIOD 1886 TO 2016


WEATHER ITEM   OBSERVED TIME   RECORD YEAR NORMAL DEPARTURE LAST
                VALUE   (LST)  VALUE       VALUE  FROM      YEAR
                                                  NORMAL
..................................................................
TEMPERATURE (F)
 YESTERDAY
  MAXIMUM         90    242 PM  97    1999  78     12       81
                                      1929
  MINIMUM         53    543 AM  35    1993  47      6       54
                                      1924
  AVERAGE         72                        62     10       68

PRECIPITATION (IN)
  YESTERDAY        0.00          0.61 1926   0.06  -0.06      T
  MONTH TO DATE    1.12                      1.52  -0.40     0.38
  SINCE OCT 1     14.40                     13.28   1.12    11.00
  SINCE JAN 1      9.30                     11.28  -1.98     8.05

SNOWFALL (IN)
  YESTERDAY        0.0           0.0  2002   0.0    0.0      0.0
  MONTH TO DATE    T                         0.3   -0.3      0.0
  SINCE JUN 1      T                         0.6   -0.6      0.0
  SINCE JUL 1      T                         0.3   -0.3      0.0
  SNOW DEPTH       0

DEGREE DAYS
 HEATING
  YESTERDAY        0                         5     -5        0
  MONTH TO DATE   57                        67    -10       48
  SINCE JUN 1    209                       308    -99      177
  SINCE JUL 1    101                       117    -16       95

 COOLING
  YESTERDAY        7                         2      5        3
  MONTH TO DATE   69                       111    -42      167
  SINCE JUN 1    233                       267    -34      391
  SINCE JAN 1    233                       274    -41      391
..................................................................


WIND (MPH)
  HIGHEST WIND SPEED    14   HIGHEST WIND DIRECTION     E (110)
  HIGHEST GUST SPEED    19   HIGHEST GUST DIRECTION     E (110)
  AVERAGE WIND SPEED     7.1


SKY COVER
  AVERAGE SKY COVER 0.0


WEATHER CONDITIONS
 THE FOLLOWING WEATHER WAS RECORDED YESTERDAY.
  NO SIGNIFICANT WEATHER WAS OBSERVED.


RELATIVE HUMIDITY (PERCENT)
 HIGHEST    71           600 AM
 LOWEST     17           400 PM
 AVERAGE    44

..........................................................


THE GREAT FALLS MT CLIMATE NORMALS FOR TODAY
                         NORMAL    RECORD    YEAR
 MAXIMUM TEMPERATURE (F)   77        98      1991
                                             1940
 MINIMUM TEMPERATURE (F)   47        34      1930


SUNRISE AND SUNSET
AUGUST 31 2016........SUNRISE   644 AM MDT   SUNSET   807 PM MDT
SEPTEMBER  1 2016.....SUNRISE   645 AM MDT   SUNSET   805 PM MDT


-  INDICATES NEGATIVE NUMBERS.
R  INDICATES RECORD WAS SET OR TIED.
MM INDICATES DATA IS MISSING.
T  INDICATES TRACE AMOUNT.




$$
