000
CDUS44 KAMA 062130
CLIGUY


CLIMATE REPORT
NATIONAL WEATHER SERVICE AMARILLO TX
429 PM CDT FRI MAY 6 2016


...................................

...THE GUYMON CLIMATE SUMMARY FOR MAY 6 2016...
VALID TODAY AS OF 0429 PM LOCAL TIME.

CLIMATE NORMAL PERIOD 1981 TO 2010
CLIMATE RECORD PERIOD 1998 TO 2016


WEATHER ITEM   OBSERVED TIME   RECORD YEAR NORMAL DEPARTURE LAST
                VALUE   (LST)  VALUE       VALUE  FROM      YEAR
                                                  NORMAL
..................................................................
TEMPERATURE (F)
 TODAY
  MAXIMUM         85    259 PM  MM      MM  77      8       81
  MINIMUM         50    613 AM  MM      MM  47      3       51
  AVERAGE         68                        62      6       66

PRECIPITATION (IN)
  TODAY            0.00         MM      MM   0.07  -0.07     0.00
  MONTH TO DATE    0.19                      0.33  -0.14     1.79
  SINCE MAR 1      5.71                      3.27   2.44     4.26
  SINCE JAN 1      6.14                      4.14   2.00     6.21

SNOWFALL (IN)
  TODAY            0.0          MM      MM  MM     MM        0.0
  MONTH TO DATE    0.0                      MM     MM        0.0
  SINCE MAR 1      T                        MM     MM        2.0
  SINCE JUL 1      T                        MM     MM       23.3
  SNOW DEPTH       0

DEGREE DAYS
 HEATING
  TODAY            0                         5     -5        0
  MONTH TO DATE   50                        32     18        4
  SINCE MAR 1    733                       918   -185      670
  SINCE JUL 1   3700                      4385   -685     3887

 COOLING
  TODAY            3                         2      1        1
  MONTH TO DATE    4                         8     -4       18
  SINCE MAR 1     21                        23     -2       35
  SINCE JAN 1     24                        23      1       35
..................................................................


WIND (MPH)
  RESULTANT WIND SPEED  12   RESULTANT WIND DIRECTION   S (180)
  HIGHEST WIND SPEED    24   HIGHEST WIND DIRECTION     S (180)
  HIGHEST GUST SPEED    33   HIGHEST GUST DIRECTION     S (200)
  AVERAGE WIND SPEED    12.2


SKY COVER
  AVERAGE SKY COVER 0.0


WEATHER CONDITIONS
 THE FOLLOWING WEATHER WAS RECORDED TODAY.
  NO SIGNIFICANT WEATHER WAS OBSERVED.


RELATIVE HUMIDITY (PERCENT)
 HIGHEST    83           500 AM
 LOWEST     23           200 PM
 AVERAGE    53

..........................................................


THE GUYMON CLIMATE NORMALS FOR TOMORROW
                         NORMAL    RECORD    YEAR
 MAXIMUM TEMPERATURE (F)   77        MM        MM
 MINIMUM TEMPERATURE (F)   47        MM        MM


SUNRISE AND SUNSET
MAY  6 2016...........SUNRISE   646 AM CDT   SUNSET   839 PM CDT
MAY  7 2016...........SUNRISE   645 AM CDT   SUNSET   840 PM CDT


-  INDICATES NEGATIVE NUMBERS.
R  INDICATES RECORD WAS SET OR TIED.
MM INDICATES DATA IS MISSING.
T  INDICATES TRACE AMOUNT.




$$
