000
CDUS44 KAMA 171507
CLIGUY


CLIMATE REPORT
NATIONAL WEATHER SERVICE AMARILLO TX
907 AM CST WED DEC 17 2014


...................................

...THE GUYMON CLIMATE SUMMARY FOR DECEMBER 17 2014...
VALID AS OF 0900 AM LOCAL TIME.

CLIMATE NORMAL PERIOD 1981 TO 2010
CLIMATE RECORD PERIOD 1998 TO 2014


WEATHER ITEM   OBSERVED TIME   RECORD YEAR NORMAL DEPARTURE LAST
                VALUE   (LST)  VALUE       VALUE  FROM      YEAR
                                                  NORMAL
..................................................................
TEMPERATURE (F)
 TODAY
  MINIMUM         34    759 AM  11    2008  21     13       26

PRECIPITATION (IN)
  TODAY            0.00         MM      MM   0.01  -0.01     0.00
  MONTH TO DATE    0.75                      0.39   0.36     0.02
  SINCE DEC 1      0.75                      0.39   0.36     0.02
  SINCE JAN 1     13.06                     19.05  -5.99    15.02

SNOWFALL (IN)
  TODAY            0.0          MM      MM  MM     MM        0.0
  MONTH TO DATE    0.0                      MM     MM        0.5
  SINCE DEC 1      0.0                      MM     MM        0.5
  SINCE JUL 1      3.0                      MM     MM        4.2
  SNOW DEPTH       0

..................................................................


WIND (MPH)
  RESULTANT WIND SPEED  11   RESULTANT WIND DIRECTION   S (180)
  HIGHEST WIND SPEED    20   HIGHEST WIND DIRECTION     S (180)
  HIGHEST GUST SPEED    25   HIGHEST GUST DIRECTION     S (180)
  AVERAGE WIND SPEED    11.5


SKY COVER
  AVERAGE SKY COVER 0.0


WEATHER CONDITIONS
 THE FOLLOWING WEATHER WAS RECORDED TODAY.
  NO SIGNIFICANT WEATHER WAS OBSERVED.


RELATIVE HUMIDITY (PERCENT)
 HIGHEST    69           800 AM
 LOWEST     45           100 AM
 AVERAGE    57

..........................................................


THE GUYMON CLIMATE NORMALS FOR TOMORROW
                         NORMAL    RECORD    YEAR
 MAXIMUM TEMPERATURE (F)   47        68      2008
 MINIMUM TEMPERATURE (F)   21        19      2005


SUNRISE AND SUNSET
DECEMBER 17 2014......SUNRISE   752 AM CST   SUNSET   532 PM CST
DECEMBER 18 2014......SUNRISE   753 AM CST   SUNSET   532 PM CST


-  INDICATES NEGATIVE NUMBERS.
R  INDICATES RECORD WAS SET OR TIED.
MM INDICATES DATA IS MISSING.
T  INDICATES TRACE AMOUNT.




$$
