000
CDUS44 KJAN 120754
CLIGWO


CLIMATE REPORT
NATIONAL WEATHER SERVICE JACKSON MS
151 AM CST FRI FEB 12 2016


...................................

...THE GREENWOOD CLIMATE SUMMARY FOR FEBRUARY 11 2016...

CLIMATE NORMAL PERIOD 1981 TO 2010
CLIMATE RECORD PERIOD 1948 TO 2016


WEATHER ITEM   OBSERVED TIME   RECORD YEAR NORMAL DEPARTURE LAST
                VALUE   (LST)  VALUE       VALUE  FROM      YEAR
                                                  NORMAL
..................................................................
TEMPERATURE (F)
 YESTERDAY
  MAXIMUM         65    345 PM  75    1965  57      8       61
  MINIMUM         30    514 AM   8    2011  36     -6       28
  AVERAGE         48                        47      1       45

PRECIPITATION (IN)
  YESTERDAY        0.00          1.25 1965   0.15  -0.15     0.00
  MONTH TO DATE    0.43                      1.72  -1.29     0.22
  SINCE DEC 1      8.71                     11.89  -3.18    10.18
  SINCE JAN 1      3.61                      6.24  -2.63     4.66

SNOWFALL (IN)
  YESTERDAY        0.0

DEGREE DAYS
 HEATING
  YESTERDAY       17                        19     -2       20
  MONTH TO DATE  213                       217     -4      230
  SINCE DEC 1   1208                      1488   -280     1443
  SINCE JUL 1   1436                      1956   -520     2031

 COOLING
  YESTERDAY        0                         0      0        0
  MONTH TO DATE    4                         0      4        0
  SINCE DEC 1     70                         7     63        1
  SINCE JAN 1      5                         2      3        0
..................................................................


WIND (MPH)
  HIGHEST WIND SPEED    13   HIGHEST WIND DIRECTION    SW (220)
  HIGHEST GUST SPEED    17   HIGHEST GUST DIRECTION    SW (210)
  AVERAGE WIND SPEED     5.0


SKY COVER
  POSSIBLE SUNSHINE  MM
  AVERAGE SKY COVER 0.0


WEATHER CONDITIONS
 THE FOLLOWING WEATHER WAS RECORDED YESTERDAY.
  NO SIGNIFICANT WEATHER WAS OBSERVED.


RELATIVE HUMIDITY (PERCENT)
 HIGHEST    82           500 AM
 LOWEST     40           200 PM
 AVERAGE    61

..........................................................


THE GREENWOOD CLIMATE NORMALS FOR TODAY
                         NORMAL    RECORD    YEAR
 MAXIMUM TEMPERATURE (F)   58        77      1950
 MINIMUM TEMPERATURE (F)   36        12      1988


SUNRISE AND SUNSET
FEBRUARY 12 2016......SUNRISE   648 AM CST   SUNSET   542 PM CST
FEBRUARY 13 2016......SUNRISE   647 AM CST   SUNSET   543 PM CST


-  INDICATES NEGATIVE NUMBERS.
R  INDICATES RECORD WAS SET OR TIED.
MM INDICATES DATA IS MISSING.
T  INDICATES TRACE AMOUNT.




$$
