653
CDUS44 KJAN 200850
CLIGWO


CLIMATE REPORT
NATIONAL WEATHER SERVICE JACKSON MS
342 AM CDT THU JUL 20 2017


...................................

...THE GREENWOOD CLIMATE SUMMARY FOR JULY 19 2017...

CLIMATE NORMAL PERIOD 1981 TO 2010
CLIMATE RECORD PERIOD 1948 TO 2017


WEATHER ITEM   OBSERVED TIME   RECORD YEAR NORMAL DEPARTURE LAST
                VALUE   (LST)  VALUE       VALUE  FROM      YEAR
                                                  NORMAL
..................................................................
TEMPERATURE (F)
 YESTERDAY
  MAXIMUM         95    358 PM 101    2006  92      3       95
  MINIMUM         74    459 AM  59    2009  71      3       75
  AVERAGE         85                        81      4       85

PRECIPITATION (IN)
  YESTERDAY        0.00          1.00 1956   0.11  -0.11     0.00
  MONTH TO DATE    1.94                      2.36  -0.42     1.56
  SINCE JUN 1      7.67                      6.67   1.00     4.93
  SINCE JAN 1     29.11                     30.00  -0.89    30.72

SNOWFALL (IN)
  YESTERDAY        0.0

DEGREE DAYS
 HEATING
  YESTERDAY        0                         0      0        0
  MONTH TO DATE    0                         0      0        0
  SINCE JUN 1      0                         0      0        0
  SINCE JUL 1      0                         0      0        0

 COOLING
  YESTERDAY       20                        16      4       20
  MONTH TO DATE  327                       304     23      346
  SINCE JUN 1    709                       717     -8      819
  SINCE JAN 1   1153                      1047    106     1148
..................................................................


WIND (MPH)
  HIGHEST WIND SPEED     7   HIGHEST WIND DIRECTION    SW (220)
  HIGHEST GUST SPEED     9   HIGHEST GUST DIRECTION     W (290)
  AVERAGE WIND SPEED     0.9


SKY COVER
  POSSIBLE SUNSHINE  MM
  AVERAGE SKY COVER 0.1


WEATHER CONDITIONS
 THE FOLLOWING WEATHER WAS RECORDED YESTERDAY.
  FOG


RELATIVE HUMIDITY (PERCENT)
 HIGHEST   100           400 AM
 LOWEST     46           400 PM
 AVERAGE    73

..........................................................


THE GREENWOOD CLIMATE NORMALS FOR TODAY
                         NORMAL    RECORD    YEAR
 MAXIMUM TEMPERATURE (F)   92       100      1993
 MINIMUM TEMPERATURE (F)   71        63      1976


SUNRISE AND SUNSET
JULY 20 2017..........SUNRISE   605 AM CDT   SUNSET   808 PM CDT
JULY 21 2017..........SUNRISE   605 AM CDT   SUNSET   808 PM CDT


-  INDICATES NEGATIVE NUMBERS.
R  INDICATES RECORD WAS SET OR TIED.
MM INDICATES DATA IS MISSING.
T  INDICATES TRACE AMOUNT.




$$
