016
CDUS44 KJAN 180747
CLIGWO


CLIMATE REPORT
NATIONAL WEATHER SERVICE JACKSON MS
144 AM CST THU JAN 18 2018


...................................

...THE GREENWOOD CLIMATE SUMMARY FOR JANUARY 17 2018...

CLIMATE NORMAL PERIOD 1981 TO 2010
CLIMATE RECORD PERIOD 1948 TO 2018


WEATHER ITEM   OBSERVED TIME   RECORD YEAR NORMAL DEPARTURE LAST
                VALUE   (LST)  VALUE       VALUE  FROM      YEAR
                                                  NORMAL
..................................................................
TEMPERATURE (F)
 YESTERDAY
  MAXIMUM         26    353 PM  75    1973  53    -27       69
  MINIMUM          5R   510 AM   5    1977  33    -28       53
  AVERAGE         16                        43    -27       61

PRECIPITATION (IN)
  YESTERDAY        0.00          1.40 2006   0.14  -0.14     0.97
  MONTH TO DATE    2.10                      2.45  -0.35     1.82
  SINCE DEC 1      7.38                      8.10  -0.72     6.51
  SINCE JAN 1      2.10                      2.45  -0.35     1.82

SNOWFALL (IN)
  YESTERDAY        0.0

DEGREE DAYS
 HEATING
  YESTERDAY       49                        22     27        4
  MONTH TO DATE  499                       374    125      226
  SINCE DEC 1   1089                       972    117      759
  SINCE JUL 1   1503                      1440     63     1051

 COOLING
  YESTERDAY        0                         0      0        0
  MONTH TO DATE    0                         0      0       10
  SINCE DEC 1      5                         5      0       23
  SINCE JAN 1      0                         0      0       10
..................................................................


WIND (MPH)
  HIGHEST WIND SPEED    13   HIGHEST WIND DIRECTION     N (360)
  HIGHEST GUST SPEED    15   HIGHEST GUST DIRECTION     N (360)
  AVERAGE WIND SPEED     4.6


SKY COVER
  POSSIBLE SUNSHINE  MM
  AVERAGE SKY COVER 0.0


WEATHER CONDITIONS
 THE FOLLOWING WEATHER WAS RECORDED YESTERDAY.
  NO SIGNIFICANT WEATHER WAS OBSERVED.


RELATIVE HUMIDITY (PERCENT)
 HIGHEST    88          1100 PM
 LOWEST     55           300 PM
 AVERAGE    72

..........................................................


THE GREENWOOD CLIMATE NORMALS FOR TODAY
                         NORMAL    RECORD    YEAR
 MAXIMUM TEMPERATURE (F)   53        75      1974
 MINIMUM TEMPERATURE (F)   33         9      1948


SUNRISE AND SUNSET
JANUARY 18 2018.......SUNRISE   704 AM CST   SUNSET   518 PM CST
JANUARY 19 2018.......SUNRISE   703 AM CST   SUNSET   519 PM CST


-  INDICATES NEGATIVE NUMBERS.
R  INDICATES RECORD WAS SET OR TIED.
MM INDICATES DATA IS MISSING.
T  INDICATES TRACE AMOUNT.




$$
