000
CDUS44 KJAN 270643
CLIGWO


CLIMATE REPORT
NATIONAL WEATHER SERVICE JACKSON MS
140 AM CDT WED AUG 27 2014


...................................

...THE GREENWOOD CLIMATE SUMMARY FOR AUGUST 26 2014...

CLIMATE NORMAL PERIOD 1981 TO 2010
CLIMATE RECORD PERIOD 1948 TO 2014


WEATHER ITEM   OBSERVED TIME   RECORD YEAR NORMAL DEPARTURE LAST
                VALUE   (LST)  VALUE       VALUE  FROM      YEAR
                                                  NORMAL
..................................................................
TEMPERATURE (F)
 YESTERDAY
  MAXIMUM         92    206 PM 100    2000  92      0       91
  MINIMUM         70   1125 PM  57    1966  69      1       65
  AVERAGE         81                        80      1       78

PRECIPITATION (IN)
  YESTERDAY        0.00          2.27 1992   0.09  -0.09     0.00
  MONTH TO DATE    2.26                      2.33  -0.07     2.53
  SINCE JUN 1     16.88                     10.24   6.64     7.84
  SINCE JAN 1     40.00                     33.57   6.43    38.25

SNOWFALL (IN)
  YESTERDAY        0.0

DEGREE DAYS
 HEATING
  YESTERDAY        0                         0      0        0
  MONTH TO DATE    0                         0      0        0
  SINCE JUN 1      0                         0      0        0
  SINCE JUL 1      0                         0      0        0

 COOLING
  YESTERDAY       16                        15      1       13
  MONTH TO DATE  389                       414    -25      418
  SINCE JUN 1   1185                      1332   -147     1276
  SINCE JAN 1   1479                      1662   -183     1552
..................................................................


WIND (MPH)
  HIGHEST WIND SPEED    13   HIGHEST WIND DIRECTION    NE (40)
  HIGHEST GUST SPEED    16   HIGHEST GUST DIRECTION    NE (30)
  AVERAGE WIND SPEED     5.9


SKY COVER
  POSSIBLE SUNSHINE  MM
  AVERAGE SKY COVER 0.2


WEATHER CONDITIONS
 THE FOLLOWING WEATHER WAS RECORDED YESTERDAY.
  FOG


RELATIVE HUMIDITY (PERCENT)
 HIGHEST    94          1200 AM
 LOWEST     41           100 PM
 AVERAGE    68

..........................................................


THE GREENWOOD CLIMATE NORMALS FOR TODAY
                         NORMAL    RECORD    YEAR
 MAXIMUM TEMPERATURE (F)   92       101      1990
 MINIMUM TEMPERATURE (F)   69        59      1958


SUNRISE AND SUNSET
AUGUST 27 2014........SUNRISE   631 AM CDT   SUNSET   732 PM CDT
AUGUST 28 2014........SUNRISE   632 AM CDT   SUNSET   731 PM CDT


-  INDICATES NEGATIVE NUMBERS.
R  INDICATES RECORD WAS SET OR TIED.
MM INDICATES DATA IS MISSING.
T  INDICATES TRACE AMOUNT.




$$
