000
CDUS44 KJAN 020712
CLIGWO


CLIMATE REPORT
NATIONAL WEATHER SERVICE JACKSON MS
210 AM CDT SAT AUG 2 2014


...................................

...THE GREENWOOD CLIMATE SUMMARY FOR AUGUST 1 2014...

CLIMATE NORMAL PERIOD 1981 TO 2010
CLIMATE RECORD PERIOD 1948 TO 2014


WEATHER ITEM   OBSERVED TIME   RECORD YEAR NORMAL DEPARTURE LAST
                VALUE   (LST)  VALUE       VALUE  FROM      YEAR
                                                  NORMAL
..................................................................
TEMPERATURE (F)
 YESTERDAY
  MAXIMUM         81    557 PM 101    2010  92    -11       94
  MINIMUM         68    257 AM  65    1949  71     -3       71
                                      1948
  AVERAGE         75                        82     -7       83

PRECIPITATION (IN)
  YESTERDAY        0.03          2.39 1975   0.08  -0.05     0.00
  MONTH TO DATE    0.03                      0.08  -0.05     0.00
  SINCE JUN 1     14.65                      7.99   6.66     5.31
  SINCE JAN 1     37.77                     31.32   6.45    35.72

SNOWFALL (IN)
  YESTERDAY        0.0

DEGREE DAYS
 HEATING
  YESTERDAY        0                         0      0        0
  MONTH TO DATE    0                         0      0        0
  SINCE JUN 1      0                         0      0        0
  SINCE JUL 1      0                         0      0        0

 COOLING
  YESTERDAY       10                        16     -6       18
  MONTH TO DATE   10                        16     -6       18
  SINCE JUN 1    806                       934   -128      876
  SINCE JAN 1   1100                      1264   -164     1152
..................................................................


WIND (MPH)
  HIGHEST WIND SPEED    12   HIGHEST WIND DIRECTION    NE (40)
  HIGHEST GUST SPEED    13   HIGHEST GUST DIRECTION    NE (40)
  AVERAGE WIND SPEED     1.7


SKY COVER
  POSSIBLE SUNSHINE  MM
  AVERAGE SKY COVER 0.5


WEATHER CONDITIONS
 THE FOLLOWING WEATHER WAS RECORDED YESTERDAY.
  LIGHT RAIN
  FOG
  HAZE


RELATIVE HUMIDITY (PERCENT)
 HIGHEST    97           600 AM
 LOWEST     58          1000 AM
 AVERAGE    78

..........................................................


THE GREENWOOD CLIMATE NORMALS FOR TODAY
                         NORMAL    RECORD    YEAR
 MAXIMUM TEMPERATURE (F)   92       103      2010
 MINIMUM TEMPERATURE (F)   71        62      1973


SUNRISE AND SUNSET
AUGUST  2 2014........SUNRISE   613 AM CDT   SUNSET   759 PM CDT
AUGUST  3 2014........SUNRISE   614 AM CDT   SUNSET   758 PM CDT


-  INDICATES NEGATIVE NUMBERS.
R  INDICATES RECORD WAS SET OR TIED.
MM INDICATES DATA IS MISSING.
T  INDICATES TRACE AMOUNT.




$$
