000
CDUS44 KJAN 280821
CLIGWO


CLIMATE REPORT
NATIONAL WEATHER SERVICE JACKSON MS
319 AM CDT SAT MAR 28 2015


...................................

...THE GREENWOOD CLIMATE SUMMARY FOR MARCH 27 2015...

CLIMATE NORMAL PERIOD 1981 TO 2010
CLIMATE RECORD PERIOD 1948 TO 2015


WEATHER ITEM   OBSERVED TIME   RECORD YEAR NORMAL DEPARTURE LAST
                VALUE   (LST)  VALUE       VALUE  FROM      YEAR
                                                  NORMAL
..................................................................
TEMPERATURE (F)
 YESTERDAY
  MAXIMUM         57    226 PM  84    1991  70    -13       75
  MINIMUM         36    556 AM  24    1955  46    -10       49
  AVERAGE         47                        58    -11       62

PRECIPITATION (IN)
  YESTERDAY        T             2.35 1980   0.15  -0.15     0.56
  MONTH TO DATE    5.14                      3.71   1.43     2.47
  SINCE MAR 1      5.14                      3.71   1.43     2.47
  SINCE JAN 1     14.53                     12.65   1.88     8.75

SNOWFALL (IN)
  YESTERDAY        0.0

DEGREE DAYS
 HEATING
  YESTERDAY       18                         8     10        3
  MONTH TO DATE  243                       288    -45      408
  SINCE MAR 1    243                       288    -45      408
  SINCE JUL 1   2764                      2519    245     3062

 COOLING
  YESTERDAY        0                         1     -1        0
  MONTH TO DATE    5                        21    -16        0
  SINCE MAR 1      5                        21    -16        0
  SINCE JAN 1      5                        26    -21        0
..................................................................


WIND (MPH)
  HIGHEST WIND SPEED    20   HIGHEST WIND DIRECTION     N (350)
  HIGHEST GUST SPEED    29   HIGHEST GUST DIRECTION     N (350)
  AVERAGE WIND SPEED     6.3


SKY COVER
  POSSIBLE SUNSHINE  MM
  AVERAGE SKY COVER 0.2


WEATHER CONDITIONS
 THE FOLLOWING WEATHER WAS RECORDED YESTERDAY.
  LIGHT RAIN


RELATIVE HUMIDITY (PERCENT)
 HIGHEST    85           500 AM
 LOWEST     38          1200 PM
 AVERAGE    62

..........................................................


THE GREENWOOD CLIMATE NORMALS FOR TODAY
                         NORMAL    RECORD    YEAR
 MAXIMUM TEMPERATURE (F)   71        84      1989
 MINIMUM TEMPERATURE (F)   47        32      2013


SUNRISE AND SUNSET
MARCH 28 2015.........SUNRISE   654 AM CDT   SUNSET   718 PM CDT
MARCH 29 2015.........SUNRISE   652 AM CDT   SUNSET   718 PM CDT


-  INDICATES NEGATIVE NUMBERS.
R  INDICATES RECORD WAS SET OR TIED.
MM INDICATES DATA IS MISSING.
T  INDICATES TRACE AMOUNT.




$$
