000
CDUS44 KJAN 310704
CLIGWO


CLIMATE REPORT
NATIONAL WEATHER SERVICE JACKSON MS
202 AM CDT FRI JUL 31 2015


...................................

...THE GREENWOOD CLIMATE SUMMARY FOR JULY 30 2015...

CLIMATE NORMAL PERIOD 1981 TO 2010
CLIMATE RECORD PERIOD 1948 TO 2015


WEATHER ITEM   OBSERVED TIME   RECORD YEAR NORMAL DEPARTURE LAST
                VALUE   (LST)  VALUE       VALUE  FROM      YEAR
                                                  NORMAL
..................................................................
TEMPERATURE (F)
 YESTERDAY
  MAXIMUM         95    333 PM 105    1986  92      3       84
  MINIMUM         69   1159 PM  58    2014  71     -2       58
  AVERAGE         82                        81      1       71

PRECIPITATION (IN)
  YESTERDAY        0.00          1.50 1963   0.10  -0.10     0.00
  MONTH TO DATE    2.08                      3.51  -1.43     5.57
  SINCE JUN 1      4.37                      7.82  -3.45    14.60
  SINCE JAN 1     32.30                     31.15   1.15    37.72

SNOWFALL (IN)
  YESTERDAY        0.0

DEGREE DAYS
 HEATING
  YESTERDAY        0                         0      0        0
  MONTH TO DATE    0                         0      0        0
  SINCE JUN 1      0                         0      0        0
  SINCE JUL 1      0                         0      0        0

 COOLING
  YESTERDAY       17                        16      1        6
  MONTH TO DATE  550                       480     70      360
  SINCE JUN 1    988                       893     95      784
  SINCE JAN 1   1352                      1223    129     1078
..................................................................


WIND (MPH)
  HIGHEST WIND SPEED    16   HIGHEST WIND DIRECTION     N (350)
  HIGHEST GUST SPEED    22   HIGHEST GUST DIRECTION     N (350)
  AVERAGE WIND SPEED     6.7


SKY COVER
  POSSIBLE SUNSHINE  MM
  AVERAGE SKY COVER 0.1


WEATHER CONDITIONS
 THE FOLLOWING WEATHER WAS RECORDED YESTERDAY.
  FOG


RELATIVE HUMIDITY (PERCENT)
 HIGHEST    94           200 AM
 LOWEST     52           300 PM
 AVERAGE    73

..........................................................


THE GREENWOOD CLIMATE NORMALS FOR TODAY
                         NORMAL    RECORD    YEAR
 MAXIMUM TEMPERATURE (F)   92       103      1986
 MINIMUM TEMPERATURE (F)   71        61      1971


SUNRISE AND SUNSET
JULY 31 2015..........SUNRISE   612 AM CDT   SUNSET   801 PM CDT
AUGUST  1 2015........SUNRISE   613 AM CDT   SUNSET   800 PM CDT


-  INDICATES NEGATIVE NUMBERS.
R  INDICATES RECORD WAS SET OR TIED.
MM INDICATES DATA IS MISSING.
T  INDICATES TRACE AMOUNT.




$$
