000
CDUS44 KJAN 250658
CLIGWO


CLIMATE REPORT
NATIONAL WEATHER SERVICE JACKSON MS
152 AM CDT MON SEP 25 2017


...................................

...THE GREENWOOD CLIMATE SUMMARY FOR SEPTEMBER 24 2017...

CLIMATE NORMAL PERIOD 1981 TO 2010
CLIMATE RECORD PERIOD 1948 TO 2017


WEATHER ITEM   OBSERVED TIME   RECORD YEAR NORMAL DEPARTURE LAST
                VALUE   (LST)  VALUE       VALUE  FROM      YEAR
                                                  NORMAL
..................................................................
TEMPERATURE (F)
 YESTERDAY
  MAXIMUM         91    211 PM  97    2016  84      7       97
  MINIMUM         67    539 AM  45    1990  59      8       68
  AVERAGE         79                        72      7       83

PRECIPITATION (IN)
  YESTERDAY        0.00          3.95 2013   0.13  -0.13     0.00
  MONTH TO DATE    2.31                      2.86  -0.55     1.88
  SINCE SEP 1      2.31                      2.86  -0.55     1.88
  SINCE JAN 1     38.17                     36.93   1.24    38.38

SNOWFALL (IN)
  YESTERDAY        0.0

DEGREE DAYS
 HEATING
  YESTERDAY        0                         1     -1        0
  MONTH TO DATE    2                         5     -3        0
  SINCE SEP 1      2                         5     -3        0
  SINCE JUL 1      2                         5     -3        0

 COOLING
  YESTERDAY       14                         8      6       18
  MONTH TO DATE  239                       265    -26      387
  SINCE SEP 1    239                       265    -26      387
  SINCE JAN 1   2074                      2007     67     2334
..................................................................


WIND (MPH)
  HIGHEST WIND SPEED    13   HIGHEST WIND DIRECTION     E (90)
  HIGHEST GUST SPEED    15   HIGHEST GUST DIRECTION     E (70)
  AVERAGE WIND SPEED     4.1


SKY COVER
  POSSIBLE SUNSHINE  MM
  AVERAGE SKY COVER 0.0


WEATHER CONDITIONS
 THE FOLLOWING WEATHER WAS RECORDED YESTERDAY.
  NO SIGNIFICANT WEATHER WAS OBSERVED.


RELATIVE HUMIDITY (PERCENT)
 HIGHEST    97           100 AM
 LOWEST     44           300 PM
 AVERAGE    71

..........................................................


THE GREENWOOD CLIMATE NORMALS FOR TODAY
                         NORMAL    RECORD    YEAR
 MAXIMUM TEMPERATURE (F)   84        99      2016
 MINIMUM TEMPERATURE (F)   59        41      1975


SUNRISE AND SUNSET
SEPTEMBER 25 2017.....SUNRISE   651 AM CDT   SUNSET   652 PM CDT
SEPTEMBER 26 2017.....SUNRISE   651 AM CDT   SUNSET   651 PM CDT


-  INDICATES NEGATIVE NUMBERS.
R  INDICATES RECORD WAS SET OR TIED.
MM INDICATES DATA IS MISSING.
T  INDICATES TRACE AMOUNT.




$$
