000
CDUS44 KJAN 250628
CLIGWO


CLIMATE REPORT
NATIONAL WEATHER SERVICE JACKSON MS
126 AM CDT THU MAY 25 2017


...................................

...THE GREENWOOD CLIMATE SUMMARY FOR MAY 24 2017...

CLIMATE NORMAL PERIOD 1981 TO 2010
CLIMATE RECORD PERIOD 1948 TO 2017


WEATHER ITEM   OBSERVED TIME   RECORD YEAR NORMAL DEPARTURE LAST
                VALUE   (LST)  VALUE       VALUE  FROM      YEAR
                                                  NORMAL
..................................................................
TEMPERATURE (F)
 YESTERDAY
  MAXIMUM         72   1144 AM  95    1996  85    -13       88
                                      1970
  MINIMUM         54   1124 PM  49    1951  63     -9       60
  AVERAGE         63                        74    -11       74

PRECIPITATION (IN)
  YESTERDAY        0.91          1.30 2015   0.15   0.76     0.00
  MONTH TO DATE    2.91                      3.93  -1.02     1.34
  SINCE MAR 1     12.84                     13.37  -0.53    18.19
  SINCE JAN 1     21.12                     22.31  -1.19    25.64

SNOWFALL (IN)
  YESTERDAY        0.0

DEGREE DAYS
 HEATING
  YESTERDAY        2                         0      2        0
  MONTH TO DATE   22                        15      7       16
  SINCE MAR 1    297                       455   -158      268
  SINCE JUL 1   1780                      2686   -906     1929

 COOLING
  YESTERDAY        0                         9     -9        9
  MONTH TO DATE  146                       157    -11      103
  SINCE MAR 1    346                       254     92      226
  SINCE JAN 1    380                       259    121      234
..................................................................


WIND (MPH)
  HIGHEST WIND SPEED    16   HIGHEST WIND DIRECTION     N (340)
  HIGHEST GUST SPEED    24   HIGHEST GUST DIRECTION     N (340)
  AVERAGE WIND SPEED     6.7


SKY COVER
  POSSIBLE SUNSHINE  MM
  AVERAGE SKY COVER 0.8


WEATHER CONDITIONS
 THE FOLLOWING WEATHER WAS RECORDED YESTERDAY.
  THUNDERSTORM
  HEAVY RAIN
  RAIN
  LIGHT RAIN
  FOG


RELATIVE HUMIDITY (PERCENT)
 HIGHEST    97           400 AM
 LOWEST     57           400 PM
 AVERAGE    77

..........................................................


THE GREENWOOD CLIMATE NORMALS FOR TODAY
                         NORMAL    RECORD    YEAR
 MAXIMUM TEMPERATURE (F)   85        97      1996
 MINIMUM TEMPERATURE (F)   63        50      1979


SUNRISE AND SUNSET
MAY 25 2017...........SUNRISE   554 AM CDT   SUNSET   801 PM CDT
MAY 26 2017...........SUNRISE   553 AM CDT   SUNSET   802 PM CDT


-  INDICATES NEGATIVE NUMBERS.
R  INDICATES RECORD WAS SET OR TIED.
MM INDICATES DATA IS MISSING.
T  INDICATES TRACE AMOUNT.




$$
