440
CDUS41 KGYX 240803
CLIGYX


CLIMATE REPORT
NATIONAL WEATHER SERVICE GRAY ME
403 AM EDT TUE MAY 24 2016


...................................

...THE GRAY ME CLIMATE SUMMARY FOR MAY 23 2016...

CLIMATE NORMAL PERIOD 1981 TO 2010
CLIMATE RECORD PERIOD 1995 TO 2016


WEATHER ITEM   OBSERVED TIME   RECORD YEAR NORMAL DEPARTURE LAST
                VALUE   (LST)  VALUE       VALUE  FROM      YEAR
                                                  NORMAL
..................................................................
TEMPERATURE (F)
 YESTERDAY
  MAXIMUM         79        MM  MM      MM  67     12       61
  MINIMUM         50        MM  MM      MM  47      3       35
  AVERAGE         65                        57      8       48

PRECIPITATION (IN)
  YESTERDAY        0.00         MM      MM   0.13  -0.13      T
  MONTH TO DATE    1.74                      2.84  -1.10     0.73
  SINCE MAR 1      9.09                     11.39  -2.30     5.74
  SINCE JAN 1     17.35                     18.23  -0.88    11.71

SNOWFALL (IN)
  YESTERDAY        0.0          MM      MM   0.0    0.0      0.0
  MONTH TO DATE    0.0                       0.2   -0.2      0.0
  SINCE MAR 1     14.5                      24.9  -10.4      8.2
  SINCE JUL 1     51.8                      84.0  -32.2    107.3
  SNOW DEPTH       0

DEGREE DAYS
 HEATING
  YESTERDAY        0                         9     -9       17
  MONTH TO DATE  265                       264      1      208
  SINCE MAR 1   1828                      1881    -53     1986
  SINCE JUL 1   6348                      7039   -691     7462

 COOLING
  YESTERDAY        0                         0      0        0
  MONTH TO DATE    5                         0      5        8
  SINCE MAR 1      5                         1      4        8
  SINCE JAN 1      5                         1      4        8
..................................................................







THE GRAY ME CLIMATE NORMALS FOR TODAY
                         NORMAL
 MAXIMUM TEMPERATURE (F)   68
 MINIMUM TEMPERATURE (F)   47


SUNRISE AND SUNSET
MAY 24 2016...........SUNRISE   506 AM EDT   SUNSET   810 PM EDT
MAY 25 2016...........SUNRISE   506 AM EDT   SUNSET   811 PM EDT


-  INDICATES NEGATIVE NUMBERS.
R  INDICATES RECORD WAS SET OR TIED.
MM INDICATES DATA IS MISSING.
T  INDICATES TRACE AMOUNT.




$$
