000
CDUS41 KGYX 250902
CLIGYX


CLIMATE REPORT
NATIONAL WEATHER SERVICE GRAY ME
402 AM EST THU DEC 25 2014


...................................

...THE GRAY ME CLIMATE SUMMARY FOR DECEMBER 24 2014...

CLIMATE NORMAL PERIOD 1981 TO 2010
CLIMATE RECORD PERIOD 1995 TO 2014


WEATHER ITEM   OBSERVED TIME   RECORD YEAR NORMAL DEPARTURE LAST
                VALUE   (LST)  VALUE       VALUE  FROM      YEAR
                                                  NORMAL
..................................................................
TEMPERATURE (F)
 YESTERDAY
  MAXIMUM         34        MM  MM      MM  32      2       32
  MINIMUM         33        MM  MM      MM  17     16       11
  AVERAGE         34                        25      9       22

PRECIPITATION (IN)
  YESTERDAY        0.77         MM      MM   0.12   0.65     0.00
  MONTH TO DATE    5.57                      3.23   2.34     2.89
  SINCE DEC 1      5.57                      3.23   2.34     2.89
  SINCE JAN 1     52.20                     49.39   2.81    43.47

SNOWFALL (IN)
  YESTERDAY        0.0          MM      MM   0.6   -0.6      0.0
  MONTH TO DATE    6.5                      13.4   -6.9     19.8
  SINCE DEC 1      6.5                      13.4   -6.9     19.8
  SINCE JUL 1     21.5                      16.5    5.0     20.9
  SNOW DEPTH       T

DEGREE DAYS
 HEATING
  YESTERDAY       31                        40     -9       43
  MONTH TO DATE  856                       880    -24      996
  SINCE DEC 1    856                       880    -24      996
  SINCE JUL 1   2306                      2377    -71     2467

 COOLING
  YESTERDAY        0                         0      0        0
  MONTH TO DATE    0                         0      0        0
  SINCE DEC 1      0                         0      0        0
  SINCE JAN 1    369                       389    -20      486
..................................................................







THE GRAY ME CLIMATE NORMALS FOR TODAY
                         NORMAL
 MAXIMUM TEMPERATURE (F)   32
 MINIMUM TEMPERATURE (F)   17


SUNRISE AND SUNSET
DECEMBER 25 2014......SUNRISE   714 AM EST   SUNSET   408 PM EST
DECEMBER 26 2014......SUNRISE   714 AM EST   SUNSET   409 PM EST


-  INDICATES NEGATIVE NUMBERS.
R  INDICATES RECORD WAS SET OR TIED.
MM INDICATES DATA IS MISSING.
T  INDICATES TRACE AMOUNT.




$$
