000
CDUS41 KGYX 030803
CLIGYX


CLIMATE REPORT
NATIONAL WEATHER SERVICE GRAY ME
403 AM EDT WED JUN 3 2015


...................................

...THE GRAY ME CLIMATE SUMMARY FOR JUNE 2 2015...

CLIMATE NORMAL PERIOD 1981 TO 2010
CLIMATE RECORD PERIOD 1995 TO 2015


WEATHER ITEM   OBSERVED TIME   RECORD YEAR NORMAL DEPARTURE LAST
                VALUE   (LST)  VALUE       VALUE  FROM      YEAR
                                                  NORMAL
..................................................................
TEMPERATURE (F)
 YESTERDAY
  MAXIMUM         48        MM  94    2013  70    -22       77
  MINIMUM         43        MM  MM      MM  50     -7       47
  AVERAGE         46                        60    -14       62

PRECIPITATION (IN)
  YESTERDAY        0.68         MM      MM   0.14   0.54     0.00
  MONTH TO DATE    2.04                      0.29   1.75     0.00
  SINCE JUN 1      2.04                      0.29   1.75     0.00
  SINCE JAN 1     15.09                     19.58  -4.49    18.35

SNOWFALL (IN)
  YESTERDAY        0.0          MM      MM   0.0    0.0      0.0
  MONTH TO DATE    0.0                       0.0    0.0      0.0
  SINCE JUN 1      0.0                       0.0    0.0      0.0
  SINCE JUL 1    107.3                      83.8   23.5     83.0
  SNOW DEPTH       0

DEGREE DAYS
 HEATING
  YESTERDAY       19                         6     13        3
  MONTH TO DATE   38                        12     26        8
  SINCE JUN 1     38                        12     26        8
  SINCE JUL 1   7472                      7110    362     7626

 COOLING
  YESTERDAY        0                         1     -1        0
  MONTH TO DATE    0                         2     -2        0
  SINCE JUN 1      0                         2     -2        0
  SINCE JAN 1     40                        13     27        1
..................................................................







THE GRAY ME CLIMATE NORMALS FOR TODAY
                         NORMAL
 MAXIMUM TEMPERATURE (F)   71
 MINIMUM TEMPERATURE (F)   50


SUNRISE AND SUNSET
JUNE  3 2015..........SUNRISE   501 AM EDT   SUNSET   818 PM EDT
JUNE  4 2015..........SUNRISE   500 AM EDT   SUNSET   819 PM EDT


-  INDICATES NEGATIVE NUMBERS.
R  INDICATES RECORD WAS SET OR TIED.
MM INDICATES DATA IS MISSING.
T  INDICATES TRACE AMOUNT.




$$
