000
CDUS41 KGYX 100802
CLIGYX


CLIMATE REPORT
NATIONAL WEATHER SERVICE GRAY ME
401 AM EDT THU JUL 10 2014


...................................

...THE GRAY ME CLIMATE SUMMARY FOR JULY 9 2014...

CLIMATE NORMAL PERIOD 1981 TO 2010
CLIMATE RECORD PERIOD 1995 TO 2014


WEATHER ITEM   OBSERVED NORMAL DEPARTURE LAST
                VALUE   VALUE  FROM      YEAR
                               NORMAL
...............................................
TEMPERATURE (F)
 YESTERDAY
  MAXIMUM         84     79      5       73
  MINIMUM         63     60      3       62
  AVERAGE         74     69      5       68

PRECIPITATION (IN)
  YESTERDAY        0.07   0.15  -0.08     0.19
  MONTH TO DATE    2.91   1.31   1.60     1.45
  SINCE JUN 1      5.91   5.61   0.30     7.45
  SINCE JAN 1     24.26  24.90  -0.64    21.74

SNOWFALL (IN)
  YESTERDAY        0.0    0.0    0.0      0.0
  MONTH TO DATE    0.0    0.0    0.0      0.0
  SINCE JUN 1      0.0    0.0    0.0      0.0
  SINCE JUL 1      0.0    0.0    0.0      0.0
  SNOW DEPTH       0

DEGREE DAYS
 HEATING
  YESTERDAY        0      0      0        0
  MONTH TO DATE    0      7     -7        3
  SINCE JUN 1     74    101    -27       74
  SINCE JUL 1      0      7     -7        3

 COOLING
  YESTERDAY        9      5      4        3
  MONTH TO DATE   73     38     35       74
  SINCE JUN 1    138    103     35      169
  SINCE JAN 1    139    114     25      186
...............................................





WEATHER CONDITIONS
 THE FOLLOWING WEATHER WAS RECORDED YESTERDAY.
  NO SIGNIFICANT WEATHER WAS OBSERVED.


..........................................................


THE GRAY ME CLIMATE NORMALS FOR TODAY
                         NORMAL
 MAXIMUM TEMPERATURE (F)   79
 MINIMUM TEMPERATURE (F)   60


SUNRISE AND SUNSET
JULY 10 2014..........SUNRISE   508 AM EDT   SUNSET   824 PM EDT
JULY 11 2014..........SUNRISE   509 AM EDT   SUNSET   824 PM EDT


-  INDICATES NEGATIVE NUMBERS.
R  INDICATES RECORD WAS SET OR TIED.
MM INDICATES DATA IS MISSING.
T  INDICATES TRACE AMOUNT.




$$
