000
CDUS41 KGYX 280802
CLIGYX


CLIMATE REPORT
NATIONAL WEATHER SERVICE GRAY ME
402 AM EDT SUN MAY 28 2017


...................................

...THE GRAY ME CLIMATE SUMMARY FOR MAY 27 2017...

CLIMATE NORMAL PERIOD 1981 TO 2010
CLIMATE RECORD PERIOD 1995 TO 2017


WEATHER ITEM   OBSERVED TIME   RECORD YEAR NORMAL DEPARTURE LAST
                VALUE   (LST)  VALUE       VALUE  FROM      YEAR
                                                  NORMAL
..................................................................
TEMPERATURE (F)
 YESTERDAY
  MAXIMUM         68        MM  MM      MM  68      0       67
  MINIMUM         46        MM  MM      MM  48     -2       51
  AVERAGE         57                        58     -1       59

PRECIPITATION (IN)
  YESTERDAY        0.01         MM      MM   0.13  -0.12      T
  MONTH TO DATE    5.12                      3.36   1.76     1.95
  SINCE MAR 1     12.94                     11.91   1.03     9.30
  SINCE JAN 1     19.62                     18.75   0.87    17.56

SNOWFALL (IN)
  YESTERDAY        0.0          MM      MM   0.0    0.0      0.0
  MONTH TO DATE    0.0                       0.2   -0.2      0.0
  SINCE MAR 1     34.1                      24.9    9.2     14.5
  SINCE JUL 1    123.9                      84.0   39.9     51.8
  SNOW DEPTH       0

DEGREE DAYS
 HEATING
  YESTERDAY        8                         8      0        6
  MONTH TO DATE  323                       296     27      286
  SINCE MAR 1   2029                      1913    116     1849
  SINCE JUL 1   6723                      7071   -348     6369

 COOLING
  YESTERDAY        0                         1     -1        0
  MONTH TO DATE   19                         3     16        5
  SINCE MAR 1     21                         4     17        5
  SINCE JAN 1     21                         4     17        5
..................................................................







THE GRAY ME CLIMATE NORMALS FOR TODAY
                         NORMAL
 MAXIMUM TEMPERATURE (F)   69
 MINIMUM TEMPERATURE (F)   48


SUNRISE AND SUNSET
MAY 28 2017...........SUNRISE   504 AM EDT   SUNSET   813 PM EDT
MAY 29 2017...........SUNRISE   503 AM EDT   SUNSET   814 PM EDT


-  INDICATES NEGATIVE NUMBERS.
R  INDICATES RECORD WAS SET OR TIED.
MM INDICATES DATA IS MISSING.
T  INDICATES TRACE AMOUNT.




$$
