000
CDUS41 KGYX 190802
CLIGYX


CLIMATE REPORT
NATIONAL WEATHER SERVICE GRAY ME
402 AM EDT FRI SEP 19 2014


...................................

...THE GRAY ME CLIMATE SUMMARY FOR SEPTEMBER 18 2014...

CLIMATE NORMAL PERIOD 1981 TO 2010
CLIMATE RECORD PERIOD 1995 TO 2014


WEATHER ITEM   OBSERVED NORMAL DEPARTURE LAST
                VALUE   VALUE  FROM      YEAR
                               NORMAL
...............................................
TEMPERATURE (F)
 YESTERDAY
  MAXIMUM         69     69      0       71
  MINIMUM         42     50     -8       44
  AVERAGE         56     59     -3       58

PRECIPITATION (IN)
  YESTERDAY        0.00   0.15  -0.15     0.00
  MONTH TO DATE    0.69   2.40  -1.71     7.07
  SINCE SEP 1      0.69   2.40  -1.71     7.07
  SINCE JAN 1     36.10  33.88   2.22    34.36

SNOWFALL (IN)
  YESTERDAY        0.0    0.0    0.0      0.0
  MONTH TO DATE    0.0    0.0    0.0      0.0
  SINCE SEP 1      0.0    0.0    0.0      0.0
  SINCE JUL 1      0.0    0.0    0.0      0.0
  SNOW DEPTH       0

DEGREE DAYS
 HEATING
  YESTERDAY        9      6      3        7
  MONTH TO DATE   54     66    -12       90
  SINCE SEP 1     54     66    -12       90
  SINCE JUL 1     68    102    -34      102

 COOLING
  YESTERDAY        0      0      0        0
  MONTH TO DATE   45     25     20       36
  SINCE SEP 1     45     25     20       36
  SINCE JAN 1    357    384    -27      484
...............................................





WEATHER CONDITIONS
 THE FOLLOWING WEATHER WAS RECORDED YESTERDAY.
  NO SIGNIFICANT WEATHER WAS OBSERVED.


..........................................................


THE GRAY ME CLIMATE NORMALS FOR TODAY
                         NORMAL
 MAXIMUM TEMPERATURE (F)   69
 MINIMUM TEMPERATURE (F)   49


SUNRISE AND SUNSET
SEPTEMBER 19 2014.....SUNRISE   625 AM EDT   SUNSET   644 PM EDT
SEPTEMBER 20 2014.....SUNRISE   626 AM EDT   SUNSET   642 PM EDT


-  INDICATES NEGATIVE NUMBERS.
R  INDICATES RECORD WAS SET OR TIED.
MM INDICATES DATA IS MISSING.
T  INDICATES TRACE AMOUNT.




$$
