000
CDUS41 KGYX 030910
CLIGYX


CLIMATE REPORT
NATIONAL WEATHER SERVICE GRAY ME
409 AM EST SAT DEC 3 2016


...................................

...THE GRAY ME CLIMATE SUMMARY FOR DECEMBER 2 2016...

CLIMATE NORMAL PERIOD 1981 TO 2010
CLIMATE RECORD PERIOD 1995 TO 2016


WEATHER ITEM   OBSERVED TIME   RECORD YEAR NORMAL DEPARTURE LAST
                VALUE   (LST)  VALUE       VALUE  FROM      YEAR
                                                  NORMAL
..................................................................
TEMPERATURE (F)
 YESTERDAY
  MAXIMUM         48        MM  MM      MM  39      9       42
  MINIMUM         33        MM  MM      MM  25      8       33
  AVERAGE         41                        32      9       38

PRECIPITATION (IN)
  YESTERDAY        0.02         MM      MM   0.14  -0.12     0.16
  MONTH TO DATE    1.14                      0.28   0.86     0.27
  SINCE DEC 1      1.14                      0.28   0.86     0.27
  SINCE JAN 1     43.51                     46.44  -2.93    39.59

SNOWFALL (IN)
  YESTERDAY        0.0          MM      MM   0.3   -0.3      0.0
  MONTH TO DATE    0.0                       0.7   -0.7       T
  SINCE DEC 1      0.0                       0.7   -0.7       T
  SINCE JUL 1      1.3                       3.8   -2.5      0.2
  SNOW DEPTH       0

DEGREE DAYS
 HEATING
  YESTERDAY       24                        33     -9       27
  MONTH TO DATE   45                        66    -21       64
  SINCE DEC 1     45                        66    -21       64
  SINCE JUL 1   1324                      1563   -239     1363

 COOLING
  YESTERDAY        0                         0      0        0
  MONTH TO DATE    0                         0      0        0
  SINCE DEC 1      0                         0      0        0
  SINCE JAN 1    607                       389    218      468
..................................................................







THE GRAY ME CLIMATE NORMALS FOR TODAY
                         NORMAL
 MAXIMUM TEMPERATURE (F)   39
 MINIMUM TEMPERATURE (F)   25


SUNRISE AND SUNSET
DECEMBER  3 2016......SUNRISE   658 AM EST   SUNSET   404 PM EST
DECEMBER  4 2016......SUNRISE   659 AM EST   SUNSET   404 PM EST


-  INDICATES NEGATIVE NUMBERS.
R  INDICATES RECORD WAS SET OR TIED.
MM INDICATES DATA IS MISSING.
T  INDICATES TRACE AMOUNT.




$$
