550
CDUS41 KGYX 230819
CLIGYX


CLIMATE REPORT
NATIONAL WEATHER SERVICE GRAY ME
419 AM EDT SUN APR 23 2017


...................................

...THE GRAY ME CLIMATE SUMMARY FOR APRIL 22 2017...

CLIMATE NORMAL PERIOD 1981 TO 2010
CLIMATE RECORD PERIOD 1995 TO 2017


WEATHER ITEM   OBSERVED TIME   RECORD YEAR NORMAL DEPARTURE LAST
                VALUE   (LST)  VALUE       VALUE  FROM      YEAR
                                                  NORMAL
..................................................................
TEMPERATURE (F)
 YESTERDAY
  MAXIMUM         39        MM  MM      MM  57    -18       71
  MINIMUM         35        MM  MM      MM  38     -3       51
  AVERAGE         37                        47    -10       61

PRECIPITATION (IN)
  YESTERDAY        0.12         MM      MM   0.14  -0.02      T
  MONTH TO DATE    3.42                      3.22   0.20     2.21
  SINCE MAR 1      6.24                      7.39  -1.15     6.75
  SINCE JAN 1     12.92                     14.23  -1.31    15.01

SNOWFALL (IN)
  YESTERDAY        0.0          MM      MM   0.1   -0.1      0.0
  MONTH TO DATE   11.0                       4.4    6.6      1.0
  SINCE MAR 1     34.1                      24.3    9.8     10.3
  SINCE JUL 1    123.9                      83.4   40.5     47.6
  SNOW DEPTH       0

DEGREE DAYS
 HEATING
  YESTERDAY       28                        18     10        4
  MONTH TO DATE  441                       492    -51      498
  SINCE MAR 1   1604                      1485    119     1390
  SINCE JUL 1   6298                      6643   -345     5910

 COOLING
  YESTERDAY        0                         0      0        0
  MONTH TO DATE    2                         0      2        0
  SINCE MAR 1      2                         0      2        0
  SINCE JAN 1      2                         0      2        0
..................................................................







THE GRAY ME CLIMATE NORMALS FOR TODAY
                         NORMAL
 MAXIMUM TEMPERATURE (F)   57
 MINIMUM TEMPERATURE (F)   38


SUNRISE AND SUNSET
APRIL 23 2017.........SUNRISE   545 AM EDT   SUNSET   735 PM EDT
APRIL 24 2017.........SUNRISE   543 AM EDT   SUNSET   736 PM EDT


-  INDICATES NEGATIVE NUMBERS.
R  INDICATES RECORD WAS SET OR TIED.
MM INDICATES DATA IS MISSING.
T  INDICATES TRACE AMOUNT.




$$
