000
CDUS41 KGYX 240801
CLIGYX


CLIMATE REPORT
NATIONAL WEATHER SERVICE GRAY ME
401 AM EDT MON JUL 24 2017


...................................

...THE GRAY ME CLIMATE SUMMARY FOR JULY 23 2017...

CLIMATE NORMAL PERIOD 1981 TO 2010
CLIMATE RECORD PERIOD 1995 TO 2017


WEATHER ITEM   OBSERVED TIME   RECORD YEAR NORMAL DEPARTURE LAST
                VALUE   (LST)  VALUE       VALUE  FROM      YEAR
                                                  NORMAL
..................................................................
TEMPERATURE (F)
 YESTERDAY
  MAXIMUM         75        MM  MM      MM  80     -5       86
  MINIMUM         58        MM  MM      MM  60     -2       64
  AVERAGE         67                        70     -3       75

PRECIPITATION (IN)
  YESTERDAY        0.00         MM      MM   0.13  -0.13     0.49
  MONTH TO DATE    0.92                      3.29  -2.37     3.63
  SINCE JUN 1      4.25                      7.59  -3.34     7.39
  SINCE JAN 1     24.79                     26.88  -2.09    25.02

SNOWFALL (IN)
  YESTERDAY        0.0          MM      MM   0.0    0.0      0.0
  MONTH TO DATE    0.0                       0.0    0.0      0.0
  SINCE JUN 1      0.0                       0.0    0.0      0.0
  SINCE JUL 1      0.0                       0.0    0.0      0.0
  SNOW DEPTH       0

DEGREE DAYS
 HEATING
  YESTERDAY        0                         0      0        0
  MONTH TO DATE    7                         7      0       18
  SINCE JUN 1     84                       101    -17       88
  SINCE JUL 1      7                         7      0       18

 COOLING
  YESTERDAY        2                         5     -3       10
  MONTH TO DATE  150                       108     42      151
  SINCE JUN 1    255                       173     82      203
  SINCE JAN 1    276                       184     92      225
..................................................................







THE GRAY ME CLIMATE NORMALS FOR TODAY
                         NORMAL
 MAXIMUM TEMPERATURE (F)   80
 MINIMUM TEMPERATURE (F)   60


SUNRISE AND SUNSET
JULY 24 2017..........SUNRISE   521 AM EDT   SUNSET   813 PM EDT
JULY 25 2017..........SUNRISE   522 AM EDT   SUNSET   812 PM EDT


-  INDICATES NEGATIVE NUMBERS.
R  INDICATES RECORD WAS SET OR TIED.
MM INDICATES DATA IS MISSING.
T  INDICATES TRACE AMOUNT.




$$
