000
CDUS44 KJAN 112112
CLIHBG


CLIMATE REPORT
NATIONAL WEATHER SERVICE JACKSON MS
410 PM CDT FRI JUL 11 2014


...................................

...THE HATTIESBURG CLIMATE SUMMARY FOR JULY 11 2014...
VALID TODAY AS OF 0400 PM LOCAL TIME.

CLIMATE NORMAL PERIOD 1981 TO 2010
CLIMATE RECORD PERIOD 1948 TO 2014


WEATHER ITEM   OBSERVED TIME   RECORD YEAR NORMAL DEPARTURE LAST
                VALUE   (LST)  VALUE       VALUE  FROM      YEAR
                                                  NORMAL
..................................................................
TEMPERATURE (F)
 TODAY
  MAXIMUM         91   1200 PM 100    1966  92     -1       83
  MINIMUM         71    534 AM  57    1953  72     -1       70
  AVERAGE         81                        82     -1       77

PRECIPITATION (IN)
  TODAY            T             1.78 1977   0.20  -0.20     0.18
  MONTH TO DATE    1.07                      2.16  -1.09     2.70
  SINCE JUN 1      6.01                      7.66  -1.65     7.78
  SINCE JAN 1     34.49                     34.20   0.29    44.99

SNOWFALL (IN)
  TODAY            0.0

DEGREE DAYS
 HEATING
  TODAY            0                         0      0        0
  MONTH TO DATE    0                         0      0        0
  SINCE JUN 1      0                         0      0        0
  SINCE JUL 1      0                         0      0        0

 COOLING
  TODAY           16                        17     -1       12
  MONTH TO DATE  171                       182    -11      149
  SINCE JUN 1    638                       605     33      619
  SINCE JAN 1   1014                      1020     -6      961
..................................................................


WIND (MPH)
  HIGHEST WIND SPEED    21   HIGHEST WIND DIRECTION    NW (320)
  HIGHEST GUST SPEED    27   HIGHEST GUST DIRECTION    NW (300)
  AVERAGE WIND SPEED     1.9


SKY COVER
  POSSIBLE SUNSHINE  MM
  AVERAGE SKY COVER 0.1


WEATHER CONDITIONS
 THE FOLLOWING WEATHER WAS RECORDED TODAY.
  THUNDERSTORM
  LIGHT RAIN
  FOG


RELATIVE HUMIDITY (PERCENT)
 HIGHEST   100           100 AM
 LOWEST     56          1200 PM
 AVERAGE    78

..........................................................


THE HATTIESBURG CLIMATE NORMALS FOR TOMORROW
                         NORMAL    RECORD    YEAR
 MAXIMUM TEMPERATURE (F)   92        99      1962
 MINIMUM TEMPERATURE (F)   72        63      1953


SUNRISE AND SUNSET
JULY 11 2014..........SUNRISE   601 AM CDT   SUNSET   804 PM CDT
JULY 12 2014..........SUNRISE   602 AM CDT   SUNSET   803 PM CDT


-  INDICATES NEGATIVE NUMBERS.
R  INDICATES RECORD WAS SET OR TIED.
MM INDICATES DATA IS MISSING.
T  INDICATES TRACE AMOUNT.




$$
