000
CDUS44 KJAN 270645
CLIHBG


CLIMATE REPORT
NATIONAL WEATHER SERVICE JACKSON MS
144 AM CDT WED JUL 27 2016


...................................

...THE HATTIESBURG CLIMATE SUMMARY FOR JULY 26 2016...

CLIMATE NORMAL PERIOD 1981 TO 2010
CLIMATE RECORD PERIOD 1948 TO 2016


WEATHER ITEM   OBSERVED TIME   RECORD YEAR NORMAL DEPARTURE LAST
                VALUE   (LST)  VALUE       VALUE  FROM      YEAR
                                                  NORMAL
..................................................................
TEMPERATURE (F)
 YESTERDAY
  MAXIMUM         89   1154 AM  98    1998  92     -3       97
                                      1960
  MINIMUM         75    545 AM  64    2000  72      3       73
                                      1970
  AVERAGE         82                        82      0       85

PRECIPITATION (IN)
  YESTERDAY        0.03          1.75 1948   0.14  -0.11     0.26
  MONTH TO DATE    5.76                      4.63   1.13     5.46
  SINCE JUN 1     13.89                     10.13   3.76    10.19
  SINCE JAN 1     45.05                     36.67   8.38    34.01

SNOWFALL (IN)
  YESTERDAY        0.0

DEGREE DAYS
 HEATING
  YESTERDAY        0                         0      0        0
  MONTH TO DATE    0                         0      0        0
  SINCE JUN 1      0                         0      0        0
  SINCE JUL 1      0                         0      0        0

 COOLING
  YESTERDAY       17                        17      0       20
  MONTH TO DATE  483                       437     46      517
  SINCE JUN 1    990                       860    130      996
  SINCE JAN 1   1454                      1275    179     1573
..................................................................


WIND (MPH)
  HIGHEST WIND SPEED    17   HIGHEST WIND DIRECTION    SE (120)
  HIGHEST GUST SPEED    22   HIGHEST GUST DIRECTION    SE (130)
  AVERAGE WIND SPEED     5.9


SKY COVER
  POSSIBLE SUNSHINE  MM
  AVERAGE SKY COVER 0.4


WEATHER CONDITIONS
 THE FOLLOWING WEATHER WAS RECORDED YESTERDAY.
  THUNDERSTORM
  RAIN
  LIGHT RAIN
  FOG


RELATIVE HUMIDITY (PERCENT)
 HIGHEST    94          1200 AM
 LOWEST     64          1200 PM
 AVERAGE    79

..........................................................


THE HATTIESBURG CLIMATE NORMALS FOR TODAY
                         NORMAL    RECORD    YEAR
 MAXIMUM TEMPERATURE (F)   93        98      2008
 MINIMUM TEMPERATURE (F)   72        64      1953


SUNRISE AND SUNSET
JULY 27 2016..........SUNRISE   611 AM CDT   SUNSET   756 PM CDT
JULY 28 2016..........SUNRISE   612 AM CDT   SUNSET   755 PM CDT


-  INDICATES NEGATIVE NUMBERS.
R  INDICATES RECORD WAS SET OR TIED.
MM INDICATES DATA IS MISSING.
T  INDICATES TRACE AMOUNT.




$$
