000
CDUS44 KJAN 250911
CLIHBG


CLIMATE REPORT
NATIONAL WEATHER SERVICE JACKSON MS
308 AM CST SUN JAN 25 2015


...................................

...THE HATTIESBURG CLIMATE SUMMARY FOR JANUARY 24 2015...

CLIMATE NORMAL PERIOD 1981 TO 2010
CLIMATE RECORD PERIOD 1948 TO 2015


WEATHER ITEM   OBSERVED TIME   RECORD YEAR NORMAL DEPARTURE LAST
                VALUE   (LST)  VALUE       VALUE  FROM      YEAR
                                                  NORMAL
..................................................................
TEMPERATURE (F)
 YESTERDAY
  MAXIMUM         56    442 PM  80    1950  60     -4       34
  MINIMUM         33   1144 PM   7    1963  37     -4       25
  AVERAGE         45                        48     -3       30

PRECIPITATION (IN)
  YESTERDAY        0.01          1.51 1979   0.19  -0.18      T
  MONTH TO DATE    5.35                      4.33   1.02     2.30
  SINCE DEC 1     11.55                      9.24   2.31     6.22
  SINCE JAN 1      5.35                      4.33   1.02     2.30

SNOWFALL (IN)
  YESTERDAY        0.0

DEGREE DAYS
 HEATING
  YESTERDAY       20                        17      3       35
  MONTH TO DATE  441                       401     40      531
  SINCE DEC 1    774                       858    -84      985
  SINCE JUL 1   1190                      1186      4     1352

 COOLING
  YESTERDAY        0                         0      0        0
  MONTH TO DATE    6                         0      6        0
  SINCE DEC 1     13                        13      0       34
  SINCE JAN 1      6                         0      6        0
..................................................................


WIND (MPH)
  HIGHEST WIND SPEED    18   HIGHEST WIND DIRECTION    NW (310)
  HIGHEST GUST SPEED    23   HIGHEST GUST DIRECTION    NW (310)
  AVERAGE WIND SPEED     5.3


SKY COVER
  POSSIBLE SUNSHINE  MM
  AVERAGE SKY COVER 0.2


WEATHER CONDITIONS
 THE FOLLOWING WEATHER WAS RECORDED YESTERDAY.
  LIGHT RAIN
  FOG


RELATIVE HUMIDITY (PERCENT)
 HIGHEST    92           200 AM
 LOWEST     38           400 PM
 AVERAGE    65

..........................................................


THE HATTIESBURG CLIMATE NORMALS FOR TODAY
                         NORMAL    RECORD    YEAR
 MAXIMUM TEMPERATURE (F)   60        79      1950
 MINIMUM TEMPERATURE (F)   37        12      1963


SUNRISE AND SUNSET
JANUARY 25 2015.......SUNRISE   653 AM CST   SUNSET   526 PM CST
JANUARY 26 2015.......SUNRISE   653 AM CST   SUNSET   527 PM CST


-  INDICATES NEGATIVE NUMBERS.
R  INDICATES RECORD WAS SET OR TIED.
MM INDICATES DATA IS MISSING.
T  INDICATES TRACE AMOUNT.




$$
