000
CDUS44 KJAN 230704
CLIHBG


CLIMATE REPORT
NATIONAL WEATHER SERVICE JACKSON MS
103 AM CST MON JAN 23 2017


...................................

...THE HATTIESBURG CLIMATE SUMMARY FOR JANUARY 22 2017...

CLIMATE NORMAL PERIOD 1981 TO 2010
CLIMATE RECORD PERIOD 1948 TO 2017


WEATHER ITEM   OBSERVED TIME   RECORD YEAR NORMAL DEPARTURE LAST
                VALUE   (LST)  VALUE       VALUE  FROM      YEAR
                                                  NORMAL
..................................................................
TEMPERATURE (F)
 YESTERDAY
  MAXIMUM         67    352 AM  80    1952  60      7       57
  MINIMUM         54   1159 PM   5    1985  37     17       36
  AVERAGE         61                        48     13       47

PRECIPITATION (IN)
  YESTERDAY        0.11          2.00 1987   0.18  -0.07     0.04
  MONTH TO DATE    8.85                      3.94   4.91     2.47
  SINCE DEC 1     15.91                      8.85   7.06    12.48
  SINCE JAN 1      8.85                      3.94   4.91     2.47

SNOWFALL (IN)
  YESTERDAY        0.0

DEGREE DAYS
 HEATING
  YESTERDAY        4                        17    -13       18
  MONTH TO DATE  170                       367   -197      377
  SINCE DEC 1    508                       824   -316      607
  SINCE JUL 1    704                      1152   -448      785

 COOLING
  YESTERDAY        0                         0      0        0
  MONTH TO DATE   32                         0     32        0
  SINCE DEC 1     71                        13     58       71
  SINCE JAN 1     32                         0     32        0
..................................................................


WIND (MPH)
  HIGHEST WIND SPEED    24   HIGHEST WIND DIRECTION     W (250)
  HIGHEST GUST SPEED    35   HIGHEST GUST DIRECTION     W (280)
  AVERAGE WIND SPEED     8.5


SKY COVER
  POSSIBLE SUNSHINE  MM
  AVERAGE SKY COVER 0.4


WEATHER CONDITIONS
 THE FOLLOWING WEATHER WAS RECORDED YESTERDAY.
  RAIN
  LIGHT RAIN
  FOG
  FOG W/VISIBILITY <= 1/4 MILE


RELATIVE HUMIDITY (PERCENT)
 HIGHEST   100           200 AM
 LOWEST     40           300 PM
 AVERAGE    70

..........................................................


THE HATTIESBURG CLIMATE NORMALS FOR TODAY
                         NORMAL    RECORD    YEAR
 MAXIMUM TEMPERATURE (F)   60        80      1949
 MINIMUM TEMPERATURE (F)   37        17      1985


SUNRISE AND SUNSET
JANUARY 23 2017.......SUNRISE   654 AM CST   SUNSET   524 PM CST
JANUARY 24 2017.......SUNRISE   653 AM CST   SUNSET   525 PM CST


-  INDICATES NEGATIVE NUMBERS.
R  INDICATES RECORD WAS SET OR TIED.
MM INDICATES DATA IS MISSING.
T  INDICATES TRACE AMOUNT.




$$
