000
CDUS44 KJAN 290718
CLIHBG


CLIMATE REPORT
NATIONAL WEATHER SERVICE JACKSON MS
215 AM CDT FRI AUG 29 2014


...................................

...THE HATTIESBURG CLIMATE SUMMARY FOR AUGUST 28 2014...

CLIMATE NORMAL PERIOD 1981 TO 2010
CLIMATE RECORD PERIOD 1948 TO 2014


WEATHER ITEM   OBSERVED TIME   RECORD YEAR NORMAL DEPARTURE LAST
                VALUE   (LST)  VALUE       VALUE  FROM      YEAR
                                                  NORMAL
..................................................................
TEMPERATURE (F)
 YESTERDAY
  MAXIMUM         94    115 PM  99    2000  92      2       89
  MINIMUM         71    610 AM  55    1952  70      1       63
  AVERAGE         83                        81      2       76

PRECIPITATION (IN)
  YESTERDAY        T             1.57 1991   0.15  -0.15     0.00
  MONTH TO DATE    1.03                      4.28  -3.25     4.03
  SINCE JUN 1      8.23                     15.17  -6.94    14.96
  SINCE JAN 1     36.71                     41.71  -5.00    52.17

SNOWFALL (IN)
  YESTERDAY        0.0

DEGREE DAYS
 HEATING
  YESTERDAY        0                         0      0        0
  MONTH TO DATE    0                         0      0        0
  SINCE JUN 1      0                         0      0        0
  SINCE JUL 1      0                         0      0        0

 COOLING
  YESTERDAY       18                        16      2       11
  MONTH TO DATE  502                       466     36      450
  SINCE JUN 1   1448                      1411     37     1388
  SINCE JAN 1   1824                      1826     -2     1730
..................................................................


WIND (MPH)
  HIGHEST WIND SPEED    14   HIGHEST WIND DIRECTION    SE (150)
  HIGHEST GUST SPEED    17   HIGHEST GUST DIRECTION     W (280)
  AVERAGE WIND SPEED     2.6


SKY COVER
  POSSIBLE SUNSHINE  MM
  AVERAGE SKY COVER 0.1


WEATHER CONDITIONS
 THE FOLLOWING WEATHER WAS RECORDED YESTERDAY.
  NO SIGNIFICANT WEATHER WAS OBSERVED.


RELATIVE HUMIDITY (PERCENT)
 HIGHEST    93           100 AM
 LOWEST     39           100 PM
 AVERAGE    66

..........................................................


THE HATTIESBURG CLIMATE NORMALS FOR TODAY
                         NORMAL    RECORD    YEAR
 MAXIMUM TEMPERATURE (F)   91       104      2000
 MINIMUM TEMPERATURE (F)   70        58      1992


SUNRISE AND SUNSET
AUGUST 29 2014........SUNRISE   631 AM CDT   SUNSET   724 PM CDT
AUGUST 30 2014........SUNRISE   632 AM CDT   SUNSET   723 PM CDT


-  INDICATES NEGATIVE NUMBERS.
R  INDICATES RECORD WAS SET OR TIED.
MM INDICATES DATA IS MISSING.
T  INDICATES TRACE AMOUNT.




$$
