000
CDUS44 KJAN 290702
CLIHBG


CLIMATE REPORT
NATIONAL WEATHER SERVICE JACKSON MS
201 AM CDT FRI APR 29 2016


...................................

...THE HATTIESBURG CLIMATE SUMMARY FOR APRIL 28 2016...

CLIMATE NORMAL PERIOD 1981 TO 2010
CLIMATE RECORD PERIOD 1948 TO 2016


WEATHER ITEM   OBSERVED TIME   RECORD YEAR NORMAL DEPARTURE LAST
                VALUE   (LST)  VALUE       VALUE  FROM      YEAR
                                                  NORMAL
..................................................................
TEMPERATURE (F)
 YESTERDAY
  MAXIMUM         85    353 PM  91    2002  81      4       75
  MINIMUM         66   1203 AM  43    1992  56     10       56
  AVERAGE         76                        69      7       66

PRECIPITATION (IN)
  YESTERDAY        0.06          4.73 1962   0.13  -0.07     0.00
  MONTH TO DATE    5.05                      4.69   0.36     3.37
  SINCE MAR 1     18.37                     10.19   8.18     9.08
  SINCE JAN 1     27.74                     21.32   6.42    16.91

SNOWFALL (IN)
  YESTERDAY        0.0

DEGREE DAYS
 HEATING
  YESTERDAY        0                         1     -1        0
  MONTH TO DATE   28                        81    -53       12
  SINCE MAR 1    141                       298   -157      128
  SINCE JUL 1   1379                      1976   -597     1909

 COOLING
  YESTERDAY       11                         5      6        1
  MONTH TO DATE   93                        82     11      181
  SINCE MAR 1    159                       115     44      273
  SINCE JAN 1    184                       130     54      279
..................................................................


WIND (MPH)
  HIGHEST WIND SPEED    20   HIGHEST WIND DIRECTION     S (180)
  HIGHEST GUST SPEED    23   HIGHEST GUST DIRECTION     S (200)
  AVERAGE WIND SPEED     6.4


SKY COVER
  POSSIBLE SUNSHINE  MM
  AVERAGE SKY COVER 0.4


WEATHER CONDITIONS
 THE FOLLOWING WEATHER WAS RECORDED YESTERDAY.
  LIGHT RAIN
  FOG


RELATIVE HUMIDITY (PERCENT)
 HIGHEST    90           200 AM
 LOWEST     51           100 PM
 AVERAGE    71

..........................................................


THE HATTIESBURG CLIMATE NORMALS FOR TODAY
                         NORMAL    RECORD    YEAR
 MAXIMUM TEMPERATURE (F)   82        94      1955
 MINIMUM TEMPERATURE (F)   57        42      1973


SUNRISE AND SUNSET
APRIL 29 2016.........SUNRISE   614 AM CDT   SUNSET   735 PM CDT
APRIL 30 2016.........SUNRISE   613 AM CDT   SUNSET   736 PM CDT


-  INDICATES NEGATIVE NUMBERS.
R  INDICATES RECORD WAS SET OR TIED.
MM INDICATES DATA IS MISSING.
T  INDICATES TRACE AMOUNT.




$$
