865
CDUS41 KLWX 170525
CLIHGR


CLIMATE REPORT
NATIONAL WEATHER SERVICE BALTIMORE MD/WASHINGTON DC
1225 AM EST TUE JAN 17 2017


...................................

...THE HAGERSTOWN MD CLIMATE SUMMARY FOR JANUARY 16 2017...

CLIMATE NORMAL PERIOD 1981 TO 2010
CLIMATE RECORD PERIOD 9999 TO 9999


WEATHER ITEM   OBSERVED TIME   RECORD YEAR NORMAL DEPARTURE LAST
                VALUE   (LST)  VALUE       VALUE  FROM      YEAR
                                                  NORMAL
..................................................................
TEMPERATURE (F)
 YESTERDAY
  MAXIMUM         40    245 PM  MM      MM  38      2       49
  MINIMUM         27    133 AM  MM      MM  23      4       35
  AVERAGE         34                        31      3       42

PRECIPITATION (IN)
  YESTERDAY        T            MM      MM   0.07  -0.07     0.07
  MONTH TO DATE    1.66                      1.44   0.22     1.64
  SINCE DEC 1      3.44                      4.33  -0.89     4.52
  SINCE JAN 1      1.66                      1.44   0.22     1.64

DEGREE DAYS
 HEATING
  YESTERDAY       31                        34     -3       23
  MONTH TO DATE  493                       549    -56      504
  SINCE DEC 1   1357                      1508   -151     1064
  SINCE JUL 1   2065                      2513   -448     1796

 COOLING
  YESTERDAY        0                         0      0        0
  MONTH TO DATE    0                         0      0        0
  SINCE DEC 1      0                         0      0        0
  SINCE JAN 1      0                         0      0        0
..................................................................


WIND (MPH)
  HIGHEST WIND SPEED     8   HIGHEST WIND DIRECTION     N (350)
  HIGHEST GUST SPEED     9   HIGHEST GUST DIRECTION     N (360)
  AVERAGE WIND SPEED     3.5


SKY COVER
  POSSIBLE SUNSHINE  MM
  AVERAGE SKY COVER 0.9


WEATHER CONDITIONS
 THE FOLLOWING WEATHER WAS RECORDED YESTERDAY.
  FOG
  HAZE


RELATIVE HUMIDITY (PERCENT)
 HIGHEST    82           800 PM
 LOWEST     59           300 PM
 AVERAGE    71

..........................................................


THE HAGERSTOWN MD CLIMATE NORMALS FOR TODAY
                         NORMAL    RECORD    YEAR
 MAXIMUM TEMPERATURE (F)   38        MM        MM
 MINIMUM TEMPERATURE (F)   23        MM        MM


SUNRISE AND SUNSET
JANUARY 17 2017.......SUNRISE   729 AM EST   SUNSET   513 PM EST
JANUARY 18 2017.......SUNRISE   729 AM EST   SUNSET   515 PM EST


-  INDICATES NEGATIVE NUMBERS.
R  INDICATES RECORD WAS SET OR TIED.
MM INDICATES DATA IS MISSING.
T  INDICATES TRACE AMOUNT.




$$
