000
CDUS41 KLWX 142122
CLIHGR


CLIMATE REPORT
NATIONAL WEATHER SERVICE BALTIMORE MD/WASHINGTON DC
522 PM EDT SUN SEP 14 2014


...................................

...THE HAGERSTOWN MD CLIMATE SUMMARY FOR SEPTEMBER 14 2014...
VALID TODAY AS OF 0500 PM LOCAL TIME.

CLIMATE NORMAL PERIOD 1981 TO 2010
CLIMATE RECORD PERIOD 9999 TO 9999


WEATHER ITEM   OBSERVED TIME   RECORD YEAR NORMAL DEPARTURE LAST
                VALUE   (LST)  VALUE       VALUE  FROM      YEAR
                                                  NORMAL
..................................................................
TEMPERATURE (F)
 TODAY
  MAXIMUM         67    324 PM  MM      MM  76     -9       66
  MINIMUM         46    622 AM  MM      MM  57    -11       48
  AVERAGE         57                        66     -9       57

PRECIPITATION (IN)
  TODAY            0.00         MM      MM   0.13  -0.13     0.00
  MONTH TO DATE    1.17                      1.45  -0.28     2.19
  SINCE SEP 1      1.17                      1.45  -0.28     2.19
  SINCE JAN 1     28.08                     28.08   0.00    21.34

DEGREE DAYS
 HEATING
  TODAY            8                         2      6        8
  MONTH TO DATE   13                        10      3       12
  SINCE SEP 1     13                        10      3       12
  SINCE JUL 1     15                        15      0       15

 COOLING
  TODAY            0                         3     -3        0
  MONTH TO DATE  102                        63     39      102
  SINCE SEP 1    102                        63     39      102
  SINCE JAN 1    915                       931    -16     1087
..................................................................


WIND (MPH)
  HIGHEST WIND SPEED    10   HIGHEST WIND DIRECTION     N (340)
  HIGHEST GUST SPEED    13   HIGHEST GUST DIRECTION     N (350)
  AVERAGE WIND SPEED     3.3


SKY COVER
  POSSIBLE SUNSHINE  MM
  AVERAGE SKY COVER 0.1


WEATHER CONDITIONS
 THE FOLLOWING WEATHER WAS RECORDED TODAY.
  NO SIGNIFICANT WEATHER WAS OBSERVED.


RELATIVE HUMIDITY (PERCENT)
 HIGHEST    86           400 AM
 LOWEST     48           200 PM
 AVERAGE    67

..........................................................


THE HAGERSTOWN MD CLIMATE NORMALS FOR TOMORROW
                         NORMAL    RECORD    YEAR
 MAXIMUM TEMPERATURE (F)   76        MM        MM
 MINIMUM TEMPERATURE (F)   57        MM        MM


SUNRISE AND SUNSET
SEPTEMBER 14 2014.....SUNRISE   651 AM EDT   SUNSET   721 PM EDT
SEPTEMBER 15 2014.....SUNRISE   652 AM EDT   SUNSET   719 PM EDT


-  INDICATES NEGATIVE NUMBERS.
R  INDICATES RECORD WAS SET OR TIED.
MM INDICATES DATA IS MISSING.
T  INDICATES TRACE AMOUNT.




$$
