000
CDUS46 KPQR 171142
CLIHIO


CLIMATE REPORT
NATIONAL WEATHER SERVICE PORTLAND OREGON
441 AM PDT TUE OCT 17 2017


...................................

...THE HILLSBORO OR CLIMATE SUMMARY FOR OCTOBER 16 2017...

CLIMATE NORMAL PERIOD 1981 TO 2010
CLIMATE RECORD PERIOD 1929 TO 2017


WEATHER ITEM   OBSERVED TIME   RECORD YEAR NORMAL DEPARTURE LAST
                VALUE   (LST)  VALUE       VALUE  FROM      YEAR
                                                  NORMAL
..................................................................
TEMPERATURE (F)
 YESTERDAY
  MAXIMUM         67    433 PM  81    1940  63      4       57
  MINIMUM         35    658 AM  28    1946  40     -5       50
  AVERAGE         51                        51      0       54

PRECIPITATION (IN)
  YESTERDAY        0.00          0.70 1947   0.10  -0.10
  MONTH TO DATE    0.55                      1.29  -0.74
  SINCE OCT 1      0.55                      1.29  -0.74
  SINCE JAN 1     29.63                     24.80   4.83

SNOWFALL (IN)
  YESTERDAY        0.0
  MONTH TO DATE    0.0
  SINCE SEP 1      0.0
  SINCE JUL 1      0.0
  SNOW DEPTH       0

DEGREE DAYS
 HEATING
  YESTERDAY       14                        14      0
  MONTH TO DATE  217                       183     34
  SINCE JUL 1    337                       445   -108

 COOLING
  YESTERDAY        0                         0      0
  MONTH TO DATE    0                         0      0
  SINCE JAN 1    496                       197    299
..................................................................


WIND (MPH)
  HIGHEST WIND SPEED     6   HIGHEST WIND DIRECTION    NE (40)
  HIGHEST GUST SPEED     8   HIGHEST GUST DIRECTION    SE (140)
  AVERAGE WIND SPEED     0.7


SKY COVER
  POSSIBLE SUNSHINE  MM
  AVERAGE SKY COVER 0.3


WEATHER CONDITIONS
 THE FOLLOWING WEATHER WAS RECORDED YESTERDAY.
  FOG
  FOG W/VISIBILITY <= 1/4 MILE
  HAZE


RELATIVE HUMIDITY (PERCENT)
 HIGHEST   100           800 AM
 LOWEST     48           400 PM
 AVERAGE    74

..........................................................


THE HILLSBORO OR CLIMATE NORMALS FOR TODAY
                         NORMAL    RECORD    YEAR
 MAXIMUM TEMPERATURE (F)   62        83      1952
 MINIMUM TEMPERATURE (F)   40        28      1971


SUNRISE AND SUNSET
OCTOBER 17 2017.......SUNRISE   731 AM PDT   SUNSET   622 PM PDT
OCTOBER 18 2017.......SUNRISE   733 AM PDT   SUNSET   620 PM PDT


-  INDICATES NEGATIVE NUMBERS.
R  INDICATES RECORD WAS SET OR TIED.
MM INDICATES DATA IS MISSING.
T  INDICATES TRACE AMOUNT.




$$
