000
CDUS46 KPQR 291141
CLIHIO


CLIMATE REPORT
NATIONAL WEATHER SERVICE PORTLAND OREGON
440 AM PDT MON AUG 29 2016


...................................

...THE HILLSBORO OR CLIMATE SUMMARY FOR AUGUST 28 2016...

CLIMATE NORMAL PERIOD 1981 TO 2010
CLIMATE RECORD PERIOD 1929 TO 2016


WEATHER ITEM   OBSERVED TIME   RECORD YEAR NORMAL DEPARTURE LAST
                VALUE   (LST)  VALUE       VALUE  FROM      YEAR
                                                  NORMAL
..................................................................
TEMPERATURE (F)
 YESTERDAY
  MAXIMUM         85    515 PM 100    1967  80      5       78
  MINIMUM         50    601 AM  38    1980  49      1       60
  AVERAGE         68                        64      4       69

PRECIPITATION (IN)
  YESTERDAY        0.00          0.34 1951   0.03  -0.03
  MONTH TO DATE    0.04                      0.56  -0.52
  SINCE OCT 1     43.20                     38.39   4.81
  SINCE JAN 1     21.18                     22.00  -0.82

SNOWFALL (IN)
  YESTERDAY        0.0
  MONTH TO DATE    0.0
  SINCE JUN 1      0.0
  SINCE JUL 1      0.0
  SNOW DEPTH       0

DEGREE DAYS
 HEATING
  YESTERDAY        0                         2     -2
  MONTH TO DATE   17                        44    -27
  SINCE JUL 1     38                       100    -62

 COOLING
  YESTERDAY        3                         2      1
  MONTH TO DATE  153                        74     79
  SINCE JAN 1    323                       175    148
..................................................................


WIND (MPH)
  HIGHEST WIND SPEED     9   HIGHEST WIND DIRECTION    NW (300)
  HIGHEST GUST SPEED    13   HIGHEST GUST DIRECTION     E (70)
  AVERAGE WIND SPEED     2.7


SKY COVER
  POSSIBLE SUNSHINE  MM
  AVERAGE SKY COVER 0.0


WEATHER CONDITIONS
 THE FOLLOWING WEATHER WAS RECORDED YESTERDAY.
  NO SIGNIFICANT WEATHER WAS OBSERVED.


RELATIVE HUMIDITY (PERCENT)
 HIGHEST    93           400 AM
 LOWEST     22           300 PM
 AVERAGE    58

..........................................................


THE HILLSBORO OR CLIMATE NORMALS FOR TODAY
                         NORMAL    RECORD    YEAR
 MAXIMUM TEMPERATURE (F)   80        98      1967
 MINIMUM TEMPERATURE (F)   49        37      1965


SUNRISE AND SUNSET
AUGUST 29 2016........SUNRISE   630 AM PDT   SUNSET   754 PM PDT
AUGUST 30 2016........SUNRISE   631 AM PDT   SUNSET   752 PM PDT


-  INDICATES NEGATIVE NUMBERS.
R  INDICATES RECORD WAS SET OR TIED.
MM INDICATES DATA IS MISSING.
T  INDICATES TRACE AMOUNT.




$$
