080
CDUS46 KPQR 241144
CLIHIO


CLIMATE REPORT
NATIONAL WEATHER SERVICE PORTLAND OREGON
443 AM PDT SAT JUN 24 2017


...................................

...THE HILLSBORO OR CLIMATE SUMMARY FOR JUNE 23 2017...

CLIMATE NORMAL PERIOD 1981 TO 2010
CLIMATE RECORD PERIOD 1929 TO 2017


WEATHER ITEM   OBSERVED TIME   RECORD YEAR NORMAL DEPARTURE LAST
                VALUE   (LST)  VALUE       VALUE  FROM      YEAR
                                                  NORMAL
..................................................................
TEMPERATURE (F)
 YESTERDAY
  MAXIMUM         90    435 PM  99    1992  74     16       66
  MINIMUM         54    525 AM  35    1935  49      5       52
  AVERAGE         72                        62     10       59

PRECIPITATION (IN)
  YESTERDAY        0.00          0.60 1969   0.03  -0.03
  MONTH TO DATE    1.05                      1.20  -0.15
  SINCE OCT 1     47.24                     37.08  10.16
  SINCE JAN 1     27.56                     20.69   6.87

SNOWFALL (IN)
  YESTERDAY        0.0
  MONTH TO DATE    0.0
  SINCE JUN 1      0.0
  SINCE JUL 1      0.0
  SNOW DEPTH       0

DEGREE DAYS
 HEATING
  YESTERDAY        0                         4     -4
  MONTH TO DATE   95                       129    -34
  SINCE JUL 1   4870                      4979   -109

 COOLING
  YESTERDAY        7                         1      6
  MONTH TO DATE   23                         9     14
  SINCE JAN 1     53                        15     38
..................................................................


WIND (MPH)
  HIGHEST WIND SPEED    13   HIGHEST WIND DIRECTION     N (10)
  HIGHEST GUST SPEED    17   HIGHEST GUST DIRECTION     N (360)
  AVERAGE WIND SPEED     5.2


SKY COVER
  POSSIBLE SUNSHINE  MM
  AVERAGE SKY COVER 0.0


WEATHER CONDITIONS
 THE FOLLOWING WEATHER WAS RECORDED YESTERDAY.
  NO SIGNIFICANT WEATHER WAS OBSERVED.


RELATIVE HUMIDITY (PERCENT)
 HIGHEST    67           200 AM
 LOWEST     19           300 PM
 AVERAGE    43

..........................................................


THE HILLSBORO OR CLIMATE NORMALS FOR TODAY
                         NORMAL    RECORD    YEAR
 MAXIMUM TEMPERATURE (F)   74        96      1992
 MINIMUM TEMPERATURE (F)   49        35      1935


SUNRISE AND SUNSET
JUNE 24 2017..........SUNRISE   524 AM PDT   SUNSET   905 PM PDT
JUNE 25 2017..........SUNRISE   524 AM PDT   SUNSET   905 PM PDT


-  INDICATES NEGATIVE NUMBERS.
R  INDICATES RECORD WAS SET OR TIED.
MM INDICATES DATA IS MISSING.
T  INDICATES TRACE AMOUNT.




$$
