000
CDUS46 KPQR 031141
CLIHIO


CLIMATE REPORT
NATIONAL WEATHER SERVICE PORTLAND OREGON
440 AM PDT MON AUG 3 2015


...................................

...THE HILLSBORO OR CLIMATE SUMMARY FOR AUGUST 2 2015...

CLIMATE NORMAL PERIOD 1981 TO 2010
CLIMATE RECORD PERIOD 1929 TO 2015


WEATHER ITEM   OBSERVED TIME   RECORD YEAR NORMAL DEPARTURE LAST
                VALUE   (LST)  VALUE       VALUE  FROM      YEAR
                                                  NORMAL
..................................................................
TEMPERATURE (F)
 YESTERDAY
  MAXIMUM         81   1253 PM  99    1939  83     -2       90
  MINIMUM         58    517 AM  41    1946  52      6       58
  AVERAGE         70                        67      3       74

PRECIPITATION (IN)
  YESTERDAY        T             0.39 1956   0.01  -0.01
  MONTH TO DATE    T                         0.02  -0.02
  SINCE OCT 1     29.80                     37.85  -8.05
  SINCE JAN 1     14.97                     21.46  -6.49

SNOWFALL (IN)
  YESTERDAY        0.0
  MONTH TO DATE    0.0
  SINCE JUN 1      0.0
  SINCE JUL 1      0.0
  SNOW DEPTH       0

DEGREE DAYS
 HEATING
  YESTERDAY        0                         1     -1
  MONTH TO DATE    0                         2     -2
  SINCE JUL 1     12                        58    -46

 COOLING
  YESTERDAY        5                         3      2
  MONTH TO DATE   16                         6     10
  SINCE JAN 1    357                       107    250
..................................................................


WIND (MPH)
  HIGHEST WIND SPEED    13   HIGHEST WIND DIRECTION     S (170)
  HIGHEST GUST SPEED    18   HIGHEST GUST DIRECTION    SW (220)
  AVERAGE WIND SPEED     4.3


SKY COVER
  POSSIBLE SUNSHINE  MM
  AVERAGE SKY COVER 0.0


WEATHER CONDITIONS
 THE FOLLOWING WEATHER WAS RECORDED YESTERDAY.
  LIGHT RAIN


RELATIVE HUMIDITY (PERCENT)
 HIGHEST    69           500 AM
 LOWEST     36           100 PM
 AVERAGE    53

..........................................................


THE HILLSBORO OR CLIMATE NORMALS FOR TODAY
                         NORMAL    RECORD    YEAR
 MAXIMUM TEMPERATURE (F)   83       104      1952
 MINIMUM TEMPERATURE (F)   51        41      2008


SUNRISE AND SUNSET
AUGUST  3 2015........SUNRISE   558 AM PDT   SUNSET   837 PM PDT
AUGUST  4 2015........SUNRISE   559 AM PDT   SUNSET   836 PM PDT


-  INDICATES NEGATIVE NUMBERS.
R  INDICATES RECORD WAS SET OR TIED.
MM INDICATES DATA IS MISSING.
T  INDICATES TRACE AMOUNT.




$$
