000
CDUS46 KHNX 270027
CLIHJO


CLIMATE REPORT
NATIONAL WEATHER SERVICE SAN JOAQUIN VALLEY, CA
524 PM PDT THU MAY 26 2016


...................................

...THE HANFORD CA CLIMATE SUMMARY FOR MAY 26 2016...
VALID AS OF 0400 PM LOCAL TIME.

CLIMATE NORMAL PERIOD 1981 TO 2010
CLIMATE RECORD PERIOD 1998 TO 2016


WEATHER ITEM   OBSERVED TIME   RECORD YEAR NORMAL DEPARTURE LAST
                VALUE   (LST)  VALUE       VALUE  FROM      YEAR
                                                  NORMAL
..................................................................
TEMPERATURE (F)
 TODAY
  MAXIMUM         84    241 PM  97    2014  87     -3       87
  MINIMUM         54    535 AM  44    2012  55     -1       58
  AVERAGE         69                        71     -2       73

PRECIPITATION (IN)
  TODAY            0.00          0.01 2008   0.01  -0.01     0.00
  MONTH TO DATE    0.17                      0.37  -0.20     0.07
  SINCE OCT 1      8.22                      9.69  -1.47     5.04
  SINCE JAN 1      5.62                      6.56  -0.94     1.92

SNOWFALL (IN)
  TODAY            0.0
  MONTH TO DATE    0.0
  SINCE MAR 1      0.0
  SINCE JUL 1      0.0
  SNOW DEPTH       0

DEGREE DAYS
 HEATING
  TODAY            0                                         0
  MONTH TO DATE   10                                        19
  SINCE MAR 1    276                                       169
  SINCE JUL 1   2166                                      1711

 COOLING
  TODAY            4                                         8
  MONTH TO DATE  131                                        90
  SINCE MAR 1    172                                       243
  SINCE JAN 1    172                                       243
..................................................................


WIND (MPH)
  HIGHEST WIND SPEED    13   HIGHEST WIND DIRECTION    NW (330)
  HIGHEST GUST SPEED    18   HIGHEST GUST DIRECTION    NW (320)
  AVERAGE WIND SPEED     5.8




RELATIVE HUMIDITY (PERCENT)
 HIGHEST    67
 LOWEST     28
 AVERAGE    48

..........................................................


THE HANFORD CA CLIMATE NORMALS FOR TOMORROW
                         NORMAL    RECORD    YEAR
 MAXIMUM TEMPERATURE (F)   87        98      2009
 MINIMUM TEMPERATURE (F)   56        46      1998


SUNRISE AND SUNSET
MAY 26 2016...........SUNRISE   545 AM PDT   SUNSET   807 PM PDT
MAY 27 2016...........SUNRISE   544 AM PDT   SUNSET   808 PM PDT


-  INDICATES NEGATIVE NUMBERS.
R  INDICATES RECORD WAS SET OR TIED.
MM INDICATES DATA IS MISSING.
T  INDICATES TRACE AMOUNT.




$$
