000
CDUS46 KHNX 200023
CLIHJO


CLIMATE REPORT
NATIONAL WEATHER SERVICE SAN JOAQUIN VALLEY, CA
422 PM PST SUN NOV 19 2017


...................................

...THE HANFORD CA CLIMATE SUMMARY FOR NOVEMBER 19 2017...
VALID AS OF 0400 PM LOCAL TIME.

CLIMATE NORMAL PERIOD 1981 TO 2010
CLIMATE RECORD PERIOD 1998 TO 2017


WEATHER ITEM   OBSERVED TIME   RECORD YEAR NORMAL DEPARTURE LAST
                VALUE   (LST)  VALUE       VALUE  FROM      YEAR
                                                  NORMAL
..................................................................
TEMPERATURE (F)
 TODAY
  MAXIMUM         67    312 PM  75    2008  63      4       74
  MINIMUM         37    705 AM  30    2000  38     -1       36
  AVERAGE         52                        50      2       55

PRECIPITATION (IN)
  TODAY            0.00          0.08 1999   0.04  -0.04     0.00
  MONTH TO DATE    0.11                      0.75  -0.64     0.01
  SINCE OCT 1      0.17                      1.25  -1.08     0.65
  SINCE JAN 1      8.51                      8.22   0.29     6.31

SNOWFALL (IN)
  TODAY            0.0
  MONTH TO DATE    0.0
  SINCE SEP 1      0.0
  SINCE JUL 1      0.0
  SNOW DEPTH       0

DEGREE DAYS
 HEATING
  TODAY           13                                        10
  MONTH TO DATE  138                                       101
  SINCE SEP 1    220                                       138
  SINCE JUL 1    220                                       138

 COOLING
  TODAY            0                                         0
  MONTH TO DATE    4                                         4
  SINCE SEP 1    365                                       307
  SINCE JAN 1   2182                                      1966
..................................................................


WIND (MPH)
  HIGHEST WIND SPEED     8   HIGHEST WIND DIRECTION     E (80)
  HIGHEST GUST SPEED    11   HIGHEST GUST DIRECTION     E (80)
  AVERAGE WIND SPEED     2.0




RELATIVE HUMIDITY (PERCENT)
 HIGHEST   100
 LOWEST     48
 AVERAGE    74

..........................................................


THE HANFORD CA CLIMATE NORMALS FOR TOMORROW
                         NORMAL    RECORD    YEAR
 MAXIMUM TEMPERATURE (F)   63        76      2005
 MINIMUM TEMPERATURE (F)   38        29      2000


SUNRISE AND SUNSET
NOVEMBER 19 2017......SUNRISE   640 AM PST   SUNSET   448 PM PST
NOVEMBER 20 2017......SUNRISE   641 AM PST   SUNSET   447 PM PST


-  INDICATES NEGATIVE NUMBERS.
R  INDICATES RECORD WAS SET OR TIED.
MM INDICATES DATA IS MISSING.
T  INDICATES TRACE AMOUNT.




$$
