000
CDUS43 KGLD 200738 RRA
CLIHLC

CLIMATE REPORT
NATIONAL WEATHER SERVICE GOODLAND
1236 AM MST MON NOV 20 2017
...................................

...THE HILL CITY KS CLIMATE SUMMARY FOR NOVEMBER 19 2017...

CLIMATE NORMAL PERIOD 1981 TO 2010
CLIMATE RECORD PERIOD 1896 TO 2017

WEATHER ITEM   OBSERVED TIME   RECORD YEAR NORMAL DEPARTURE LAST
                VALUE   (LST)  VALUE       VALUE  FROM      YEAR
                                                  NORMAL
..................................................................
TEMPERATURE (F)
 YESTERDAY
  MAXIMUM         60    225 PM  85    2007  52      8       48
  MINIMUM         22    712 AM   5    1921  26     -4       15
  AVERAGE         41                        39      2       32

PRECIPITATION (IN)
  YESTERDAY        0.00                      0.03  -0.03     0.00
  MONTH TO DATE    0.10                      0.69  -0.59     0.36
  SINCE SEP 1      6.80                      4.09   2.71     9.19
  SINCE JAN 1     24.63                     21.97   2.66    28.72

..................................................................

THE HILL CITY KS CLIMATE NORMALS FOR TODAY
                         NORMAL    RECORD    YEAR
 MAXIMUM TEMPERATURE (F)   51        73      2003
                                             1955
 MINIMUM TEMPERATURE (F)   26         5      1985

-  INDICATES NEGATIVE NUMBERS.
R  INDICATES RECORD WAS SET OR TIED.
MM INDICATES DATA IS MISSING.
T  INDICATES TRACE AMOUNT.

$$
