000
CDUS43 KGLD 180745 RRA
CLIHLC

CLIMATE REPORT
NATIONAL WEATHER SERVICE GOODLAND
1242 AM MST WED JAN 18 2017

...................................

...THE HILL CITY KS CLIMATE SUMMARY FOR JANUARY 17 2017...

CLIMATE NORMAL PERIOD 1981 TO 2010
CLIMATE RECORD PERIOD 1896 TO 2017


WEATHER ITEM   OBSERVED TIME   RECORD YEAR NORMAL DEPARTURE LAST
                VALUE   (LST)  VALUE       VALUE  FROM      YEAR
                                                  NORMAL
..................................................................
TEMPERATURE (F)
 YESTERDAY
  MAXIMUM         50    420 PM  68    1996  42      8       21
  MINIMUM         27    800 PM -15    1930  17     10       12
  AVERAGE         39                        29     10       17

PRECIPITATION (IN)
  YESTERDAY        0.00                      0.02  -0.02      T
  MONTH TO DATE    1.06                      0.17   0.89     0.16
  SINCE DEC 1      1.48                      0.86   0.62     2.02
  SINCE JAN 1      1.06                      0.17   0.89     0.16

..................................................................

THE HILL CITY KS CLIMATE NORMALS FOR TODAY
                         NORMAL    RECORD    YEAR
 MAXIMUM TEMPERATURE (F)   42        71      1920
 MINIMUM TEMPERATURE (F)   17       -15      1940



-  INDICATES NEGATIVE NUMBERS.
R  INDICATES RECORD WAS SET OR TIED.
MM INDICATES DATA IS MISSING.
T  INDICATES TRACE AMOUNT.




$$
