000
CDUS43 KGLD 060739 RRB
CLIHLC

CLIMATE REPORT
NATIONAL WEATHER SERVICE GOODLAND
136 AM MDT FRI MAY 6 2016

...................................

...THE HILL CITY KS CLIMATE SUMMARY FOR MAY 5 2016...

CLIMATE NORMAL PERIOD 1981 TO 2010
CLIMATE RECORD PERIOD 1896 TO 2016


WEATHER ITEM   OBSERVED TIME   RECORD YEAR NORMAL DEPARTURE LAST
                VALUE   (LST)  VALUE       VALUE  FROM      YEAR
                                                  NORMAL
..................................................................
TEMPERATURE (F)
 YESTERDAY
  MAXIMUM         83    315 PM  99    2004  72     11       68
  MINIMUM         39    525 AM  29    1944  46     -7       57
  AVERAGE         61                        59      2       63

PRECIPITATION (IN)
  YESTERDAY        0.00                      0.11  -0.11     0.26
  MONTH TO DATE    T                         0.56  -0.56     0.59
  SINCE MAR 1      6.92                      4.31   2.61     4.20
  SINCE JAN 1      7.81                      5.28   2.53     4.62

..................................................................


THE HILL CITY KS CLIMATE NORMALS FOR TODAY
                         NORMAL    RECORD    YEAR
 MAXIMUM TEMPERATURE (F)   72        95      1955
 MINIMUM TEMPERATURE (F)   46        29      1944



-  INDICATES NEGATIVE NUMBERS.
R  INDICATES RECORD WAS SET OR TIED.
MM INDICATES DATA IS MISSING.
T  INDICATES TRACE AMOUNT.

$$
