000
CDUS45 KTFX 281011
CLIHLN


CLIMATE REPORT
NATIONAL WEATHER SERVICE GREAT FALLS MT
310 AM MST WED JAN 28 2015


...................................

...THE HELENA MT CLIMATE SUMMARY FOR JANUARY 27 2015...

CLIMATE NORMAL PERIOD 1981 TO 2010
CLIMATE RECORD PERIOD 1866 TO 2015


WEATHER ITEM   OBSERVED TIME   RECORD YEAR NORMAL DEPARTURE LAST
                VALUE   (LST)  VALUE       VALUE  FROM      YEAR
                                                  NORMAL
..................................................................
TEMPERATURE (F)
 YESTERDAY
  MAXIMUM         50    259 PM  56    1983  35     15       28
  MINIMUM         28    754 AM -37    1957  15     13        9
  AVERAGE         39                        25     14       19

PRECIPITATION (IN)
  YESTERDAY        0.00          0.62 1893   0.01  -0.01     0.00
  MONTH TO DATE    0.63                      0.32   0.31     0.43
  SINCE OCT 1      2.91                      1.89   1.02     1.43
  SINCE JAN 1      0.63                      0.32   0.31     0.43

SNOWFALL (IN)
  YESTERDAY        0.0           6.2  1893   0.2   -0.2      0.0
  MONTH TO DATE    7.4                       5.4    2.0      5.0
  SINCE DEC 1     11.8                      12.7   -0.9      6.2
  SINCE JUL 1     22.6                      21.5    1.1      9.7
  SNOW DEPTH       0

DEGREE DAYS
 HEATING
  YESTERDAY       26                        40    -14       46
  MONTH TO DATE 1121                      1137    -16      929
  SINCE DEC 1   2319                      2476   -157     2196
  SINCE JUL 1   4031                      4358   -327     3987

 COOLING
  YESTERDAY        0                         0      0        0
  MONTH TO DATE    0                         0      0        0
  SINCE DEC 1      0                         0      0        0
  SINCE JAN 1      0                         0      0        0
..................................................................


WIND (MPH)
  HIGHEST WIND SPEED     6   HIGHEST WIND DIRECTION     S (200)
  HIGHEST GUST SPEED     8   HIGHEST GUST DIRECTION     W (260)
  AVERAGE WIND SPEED     1.4


SKY COVER
  AVERAGE SKY COVER 0.0


WEATHER CONDITIONS
 THE FOLLOWING WEATHER WAS RECORDED YESTERDAY.
  NO SIGNIFICANT WEATHER WAS OBSERVED.


RELATIVE HUMIDITY (PERCENT)
 HIGHEST    92           900 AM
 LOWEST     54           300 PM
 AVERAGE    73

..........................................................


THE HELENA MT CLIMATE NORMALS FOR TODAY
                         NORMAL    RECORD    YEAR
 MAXIMUM TEMPERATURE (F)   35        56      1931
 MINIMUM TEMPERATURE (F)   15       -32      1929


SUNRISE AND SUNSET
JANUARY 28 2015.......SUNRISE   757 AM MST   SUNSET   526 PM MST
JANUARY 29 2015.......SUNRISE   756 AM MST   SUNSET   527 PM MST


-  INDICATES NEGATIVE NUMBERS.
R  INDICATES RECORD WAS SET OR TIED.
MM INDICATES DATA IS MISSING.
T  INDICATES TRACE AMOUNT.




$$
