000
CDHW40 PHFO 290311
CLIHNL


CLIMATE REPORT
NATIONAL WEATHER SERVICE HONOLULU HI
501 PM HST MON JUL 28 2014


...................................

...THE HONOLULU HI CLIMATE SUMMARY FOR JULY 28 2014...
VALID TODAY AS OF 0500 PM LOCAL TIME.

CLIMATE NORMAL PERIOD 1981 TO 2010
CLIMATE RECORD PERIOD 1946 TO 2014


WEATHER ITEM   OBSERVED TIME   RECORD YEAR NORMAL DEPARTURE LAST
                VALUE   (LST)  VALUE       VALUE  FROM      YEAR
                                                  NORMAL
..................................................................
TEMPERATURE (F)
 TODAY
  MAXIMUM         90   1242 PM  92    1987  88      2       88
  MINIMUM         78    642 AM  69    2010  75      3       73
  AVERAGE         84                        82      2       81

PRECIPITATION (IN)
  TODAY            0.00          0.46 1965   0.02  -0.02      T
  MONTH TO DATE    1.12                      0.45   0.67     0.14
  SINCE JUN 1      1.70                      0.71   0.99     0.31
  SINCE JAN 1     11.67                      8.28   3.39     8.77

SNOWFALL (IN)
  TODAY            0.0
  MONTH TO DATE    0.0
  SINCE JUN 1      0.0
  SINCE JUL 1      0.0
  SNOW DEPTH       0

DEGREE DAYS
 HEATING
  TODAY            0                         0      0        0
  MONTH TO DATE    0                         0      0        0
  SINCE JUN 1      0                         0      0        0
  SINCE JUL 1      0                         0      0        0

 COOLING
  TODAY           19                        17      2       16
  MONTH TO DATE  485                       450     35      434
  SINCE JUN 1    948                       906     42      843
  SINCE JAN 1   2557                      2408    149     2303
..................................................................


WIND (MPH)
  HIGHEST WIND SPEED    21   HIGHEST WIND DIRECTION    NE (60)
  HIGHEST GUST SPEED    26   HIGHEST GUST DIRECTION    NE (60)
  AVERAGE WIND SPEED    12.4


SKY COVER
  POSSIBLE SUNSHINE  MM
  AVERAGE SKY COVER 0.4


WEATHER CONDITIONS
 THE FOLLOWING WEATHER WAS RECORDED TODAY.
  NO SIGNIFICANT WEATHER WAS OBSERVED.


RELATIVE HUMIDITY (PERCENT)
 HIGHEST    71           100 AM
 LOWEST     50          1200 PM
 AVERAGE    61

..........................................................


THE HONOLULU HI CLIMATE NORMALS FOR TOMORROW
                         NORMAL    RECORD    YEAR
 MAXIMUM TEMPERATURE (F)   88        92      1997
                                             1987
 MINIMUM TEMPERATURE (F)   75        70      1974
                                             1965
                                             1958


SUNRISE AND SUNSET
JULY 28 2014..........SUNRISE   604 AM HST   SUNSET   713 PM HST
JULY 29 2014..........SUNRISE   604 AM HST   SUNSET   712 PM HST


-  INDICATES NEGATIVE NUMBERS.
R  INDICATES RECORD WAS SET OR TIED.
MM INDICATES DATA IS MISSING.
T  INDICATES TRACE AMOUNT.




$$
