000
CDHW40 PHFO 091245
CLIHNL


CLIMATE REPORT
NATIONAL WEATHER SERVICE HONOLULU HI
245 AM HST FRI DEC 9 2016


...................................

...THE HONOLULU HI CLIMATE SUMMARY FOR DECEMBER 8 2016...

CLIMATE NORMAL PERIOD 1981 TO 2010
CLIMATE RECORD PERIOD 1946 TO 2016


WEATHER ITEM   OBSERVED TIME   RECORD YEAR NORMAL DEPARTURE LAST
                VALUE   (LST)  VALUE       VALUE  FROM      YEAR
                                                  NORMAL
..................................................................
TEMPERATURE (F)
 YESTERDAY
  MAXIMUM         76    850 PM  89    1983  82     -6       82
  MINIMUM         72    808 AM  56    1982  69      3       72
  AVERAGE         74                        75     -1       77

PRECIPITATION (IN)
  YESTERDAY        0.25          0.84 1968   0.10   0.15     0.01
  MONTH TO DATE    0.58                      0.68  -0.10     0.05
  SINCE DEC 1      0.58                      0.68  -0.10     0.05
  SINCE JAN 1     12.87                     14.54  -1.67    15.23

SNOWFALL (IN)
  YESTERDAY        0.0
  MONTH TO DATE    0.0
  SINCE DEC 1      0.0
  SINCE JUL 1      0.0
  SNOW DEPTH       0

DEGREE DAYS
 HEATING
  YESTERDAY        0                         0      0        0
  MONTH TO DATE    0                         0      0        0
  SINCE DEC 1      0                         0      0        0
  SINCE JUL 1      0                         0      0        0

 COOLING
  YESTERDAY        9                        10     -1       12
  MONTH TO DATE   76                        87    -11      111
  SINCE DEC 1     76                        87    -11      111
  SINCE JAN 1   4509                      4413     96     4548
..................................................................


WIND (MPH)
  HIGHEST WIND SPEED    15   HIGHEST WIND DIRECTION     E (100)
  HIGHEST GUST SPEED    18   HIGHEST GUST DIRECTION     E (100)
  AVERAGE WIND SPEED     3.1


SKY COVER
  POSSIBLE SUNSHINE  MM
  AVERAGE SKY COVER 0.9


WEATHER CONDITIONS
 THE FOLLOWING WEATHER WAS RECORDED YESTERDAY.
  LIGHT RAIN
  FOG


RELATIVE HUMIDITY (PERCENT)
 HIGHEST   100          1200 PM
 LOWEST     79          1000 PM
 AVERAGE    90

..........................................................


THE HONOLULU HI CLIMATE NORMALS FOR TODAY
                         NORMAL    RECORD    YEAR
 MAXIMUM TEMPERATURE (F)   82        89      1995
 MINIMUM TEMPERATURE (F)   69        56      1975


SUNRISE AND SUNSET
DECEMBER  9 2016......SUNRISE   658 AM HST   SUNSET   550 PM HST
DECEMBER 10 2016......SUNRISE   659 AM HST   SUNSET   551 PM HST


-  INDICATES NEGATIVE NUMBERS.
R  INDICATES RECORD WAS SET OR TIED.
MM INDICATES DATA IS MISSING.
T  INDICATES TRACE AMOUNT.




$$
