000
CDHW40 PHFO 251452
CLIHNL


CLIMATE REPORT
NATIONAL WEATHER SERVICE HONOLULU HI
452 AM HST SUN JAN 25 2015


...................................

...THE HONOLULU HI CLIMATE SUMMARY FOR JANUARY 24 2015...

CLIMATE NORMAL PERIOD 1981 TO 2010
CLIMATE RECORD PERIOD 1946 TO 2015


WEATHER ITEM   OBSERVED TIME   RECORD YEAR NORMAL DEPARTURE LAST
                VALUE   (LST)  VALUE       VALUE  FROM      YEAR
                                                  NORMAL
..................................................................
TEMPERATURE (F)
 YESTERDAY
  MAXIMUM         79    241 PM  85    1981  80     -1       78
  MINIMUM         MM        MM  54    2015  66     MM       61
  AVERAGE         MM                        73     MM       70

PRECIPITATION (IN)
  YESTERDAY        T             2.07 1879   0.06  -0.06     0.00
  MONTH TO DATE    0.86                      1.88  -1.02     1.98
  SINCE DEC 1      1.93                      5.12  -3.19     5.62
  SINCE JAN 1      0.86                      1.88  -1.02     1.98

SNOWFALL (IN)
  YESTERDAY        0.0
  MONTH TO DATE    0.0
  SINCE DEC 1      0.0
  SINCE JUL 1      0.0
  SNOW DEPTH       0

DEGREE DAYS
 HEATING
  YESTERDAY       MM                         0     MM        0
  MONTH TO DATE    0                         0      0        0
  SINCE DEC 1      0                         0      0        0
  SINCE JUL 1      0                         0      0        0

 COOLING
  YESTERDAY       MM                         8     MM        5
  MONTH TO DATE  169                       194    -25      188
  SINCE DEC 1    453                       496    -43      523
  SINCE JAN 1    169                       194    -25      188
..................................................................


WIND (MPH)
  HIGHEST WIND SPEED    18   HIGHEST WIND DIRECTION     N (10)
  HIGHEST GUST SPEED    26   HIGHEST GUST DIRECTION     N (10)
  AVERAGE WIND SPEED     8.8


SKY COVER
  POSSIBLE SUNSHINE  MM
  AVERAGE SKY COVER 0.6


WEATHER CONDITIONS
 THE FOLLOWING WEATHER WAS RECORDED YESTERDAY.
  LIGHT RAIN
  FOG


RELATIVE HUMIDITY (PERCENT)
 HIGHEST   100          1200 AM
 LOWEST     62           200 PM
 AVERAGE    81

..........................................................


THE HONOLULU HI CLIMATE NORMALS FOR TODAY
                         NORMAL    RECORD    YEAR
 MAXIMUM TEMPERATURE (F)   80        85      1981
 MINIMUM TEMPERATURE (F)   66        56      1969
                                             1902


SUNRISE AND SUNSET
JANUARY 25 2015.......SUNRISE   711 AM HST   SUNSET   617 PM HST
JANUARY 26 2015.......SUNRISE   711 AM HST   SUNSET   618 PM HST


-  INDICATES NEGATIVE NUMBERS.
R  INDICATES RECORD WAS SET OR TIED.
MM INDICATES DATA IS MISSING.
T  INDICATES TRACE AMOUNT.




$$
