000
CDHW40 PHFO 270235
CLIHNL


CLIMATE REPORT
NATIONAL WEATHER SERVICE HONOLULU HI
435 PM HST TUE MAY 26 2015


...................................

...THE HONOLULU HI CLIMATE SUMMARY FOR MAY 26 2015...
VALID TODAY AS OF 0400 PM LOCAL TIME.

CLIMATE NORMAL PERIOD 1981 TO 2010
CLIMATE RECORD PERIOD 1946 TO 2015


WEATHER ITEM   OBSERVED TIME   RECORD YEAR NORMAL DEPARTURE LAST
                VALUE   (LST)  VALUE       VALUE  FROM      YEAR
                                                  NORMAL
..................................................................
TEMPERATURE (F)
 TODAY
  MAXIMUM         84   1025 AM  90    1992  86     -2       85
  MINIMUM         71    625 AM  65    1972  72     -1       70
  AVERAGE         78                        79     -1       78

PRECIPITATION (IN)
  TODAY            T             0.19 1965   0.02  -0.02      T
  MONTH TO DATE    0.15                      0.55  -0.40     3.34
  SINCE MAR 1      1.14                      3.20  -2.06     6.28
  SINCE JAN 1      2.94                      7.50  -4.56     9.96

SNOWFALL (IN)
  TODAY            0.0
  MONTH TO DATE    0.0
  SINCE MAR 1      0.0
  SINCE JUL 1      0.0
  SNOW DEPTH       0

DEGREE DAYS
 HEATING
  TODAY            0                         0      0        0
  MONTH TO DATE    0                         0      0        0
  SINCE MAR 1      0                         0      0        0
  SINCE JUL 1      0                         0      0        0

 COOLING
  TODAY           13                        14     -1       13
  MONTH TO DATE  285                       326    -41      338
  SINCE MAR 1    901                       951    -50     1013
  SINCE JAN 1   1411                      1433    -22     1532
..................................................................


WIND (MPH)
  HIGHEST WIND SPEED    14   HIGHEST WIND DIRECTION    SW (210)
  HIGHEST GUST SPEED    17   HIGHEST GUST DIRECTION    SW (220)
  AVERAGE WIND SPEED     5.5


SKY COVER
  POSSIBLE SUNSHINE  MM
  AVERAGE SKY COVER 0.7


WEATHER CONDITIONS
 THE FOLLOWING WEATHER WAS RECORDED TODAY.
  LIGHT RAIN


RELATIVE HUMIDITY (PERCENT)
 HIGHEST    73          1200 AM
 LOWEST     45          1000 AM
 AVERAGE    59

..........................................................


THE HONOLULU HI CLIMATE NORMALS FOR TOMORROW
                         NORMAL    RECORD    YEAR
 MAXIMUM TEMPERATURE (F)   86        89      2005
                                             1996
                                             1995
 MINIMUM TEMPERATURE (F)   72        65      1973


SUNRISE AND SUNSET
MAY 26 2015...........SUNRISE   550 AM HST   SUNSET   708 PM HST
MAY 27 2015...........SUNRISE   550 AM HST   SUNSET   708 PM HST


-  INDICATES NEGATIVE NUMBERS.
R  INDICATES RECORD WAS SET OR TIED.
MM INDICATES DATA IS MISSING.
T  INDICATES TRACE AMOUNT.




$$
