000
CDHW40 PHFO 050232
CLIHNL


CLIMATE REPORT
NATIONAL WEATHER SERVICE HONOLULU HI
432 PM HST WED MAY 4 2016


...................................

...THE HONOLULU HI CLIMATE SUMMARY FOR MAY 4 2016...
VALID TODAY AS OF 0400 PM LOCAL TIME.

CLIMATE NORMAL PERIOD 1981 TO 2010
CLIMATE RECORD PERIOD 1946 TO 2016


WEATHER ITEM   OBSERVED TIME   RECORD YEAR NORMAL DEPARTURE LAST
                VALUE   (LST)  VALUE       VALUE  FROM      YEAR
                                                  NORMAL
..................................................................
TEMPERATURE (F)
 TODAY
  MAXIMUM         85   1135 AM  88    2005  84      1       84
                                      1995
                                      1979
  MINIMUM         73    532 AM  64    1981  70      3       71
  AVERAGE         79                        77      2       78

PRECIPITATION (IN)
  TODAY            0.02          1.04 1965   0.02   0.00     0.01
  MONTH TO DATE    0.02                      0.09  -0.07     0.01
  SINCE MAR 1      0.46                      2.74  -2.28     1.00
  SINCE JAN 1      0.89                      7.04  -6.15     2.80

SNOWFALL (IN)
  TODAY            0.0
  MONTH TO DATE    0.0
  SINCE MAR 1      0.0
  SINCE JUL 1      0.0
  SNOW DEPTH       0

DEGREE DAYS
 HEATING
  TODAY            0                         0      0        0
  MONTH TO DATE    0                         0      0        0
  SINCE MAR 1      0                         0      0        0
  SINCE JUL 1      0                         0      0        0

 COOLING
  TODAY           14                        12      2       13
  MONTH TO DATE   59                        48     11       41
  SINCE MAR 1    757                       673     84      657
  SINCE JAN 1   1339                      1155    184     1167
..................................................................


WIND (MPH)
  HIGHEST WIND SPEED    20   HIGHEST WIND DIRECTION     E (90)
  HIGHEST GUST SPEED    24   HIGHEST GUST DIRECTION     E (90)
  AVERAGE WIND SPEED     7.6


SKY COVER
  POSSIBLE SUNSHINE  MM
  AVERAGE SKY COVER 0.6


WEATHER CONDITIONS
 THE FOLLOWING WEATHER WAS RECORDED TODAY.
  LIGHT RAIN
  HAZE


RELATIVE HUMIDITY (PERCENT)
 HIGHEST    79           200 AM
 LOWEST     58          1000 AM
 AVERAGE    69

..........................................................


THE HONOLULU HI CLIMATE NORMALS FOR TOMORROW
                         NORMAL    RECORD    YEAR
 MAXIMUM TEMPERATURE (F)   84        90      2005
 MINIMUM TEMPERATURE (F)   70        62      1981


SUNRISE AND SUNSET
MAY  4 2016...........SUNRISE   559 AM HST   SUNSET   659 PM HST
MAY  5 2016...........SUNRISE   558 AM HST   SUNSET   659 PM HST


-  INDICATES NEGATIVE NUMBERS.
R  INDICATES RECORD WAS SET OR TIED.
MM INDICATES DATA IS MISSING.
T  INDICATES TRACE AMOUNT.




$$
