640
CDHW40 PHFO 171245
CLIHNL


CLIMATE REPORT
NATIONAL WEATHER SERVICE HONOLULU HI
245 AM HST TUE JAN 17 2017


...................................

...THE HONOLULU HI CLIMATE SUMMARY FOR JANUARY 16 2017...

CLIMATE NORMAL PERIOD 1981 TO 2010
CLIMATE RECORD PERIOD 1946 TO 2017


WEATHER ITEM   OBSERVED TIME   RECORD YEAR NORMAL DEPARTURE LAST
                VALUE   (LST)  VALUE       VALUE  FROM      YEAR
                                                  NORMAL
..................................................................
TEMPERATURE (F)
 YESTERDAY
  MAXIMUM         82   1145 AM  87    1996  80      2       80
  MINIMUM         67    642 AM  58    1985  66      1       65
                                      1959
  AVERAGE         75                        73      2       73

PRECIPITATION (IN)
  YESTERDAY        0.00          7.34 1949   0.07  -0.07      T
  MONTH TO DATE    T                         1.37  -1.37      T
  SINCE DEC 1      0.87                      4.61  -3.74     0.27
  SINCE JAN 1      T                         1.37  -1.37      T

SNOWFALL (IN)
  YESTERDAY        0.0
  MONTH TO DATE    0.0
  SINCE DEC 1      0.0
  SINCE JUL 1      0.0
  SNOW DEPTH       0

DEGREE DAYS
 HEATING
  YESTERDAY        0                         0      0        0
  MONTH TO DATE    0                         0      0        0
  SINCE DEC 1      0                         0      0        0
  SINCE JUL 1      0                         0      0        0

 COOLING
  YESTERDAY       10                         8      2        8
  MONTH TO DATE  127                       130     -3      144
  SINCE DEC 1    432                       432      0      550
  SINCE JAN 1    127                       130     -3      144
..................................................................


WIND (MPH)
  HIGHEST WIND SPEED    15   HIGHEST WIND DIRECTION     E (80)
  HIGHEST GUST SPEED    17   HIGHEST GUST DIRECTION     E (80)
  AVERAGE WIND SPEED     6.1


SKY COVER
  POSSIBLE SUNSHINE  MM
  AVERAGE SKY COVER 0.5


WEATHER CONDITIONS
 THE FOLLOWING WEATHER WAS RECORDED YESTERDAY.
  NO SIGNIFICANT WEATHER WAS OBSERVED.


RELATIVE HUMIDITY (PERCENT)
 HIGHEST    87           600 AM
 LOWEST     49          1100 AM
 AVERAGE    68

..........................................................


THE HONOLULU HI CLIMATE NORMALS FOR TODAY
                         NORMAL    RECORD    YEAR
 MAXIMUM TEMPERATURE (F)   80        85      1996
 MINIMUM TEMPERATURE (F)   66        57      2003


SUNRISE AND SUNSET
JANUARY 17 2017.......SUNRISE   712 AM HST   SUNSET   612 PM HST
JANUARY 18 2017.......SUNRISE   712 AM HST   SUNSET   613 PM HST


-  INDICATES NEGATIVE NUMBERS.
R  INDICATES RECORD WAS SET OR TIED.
MM INDICATES DATA IS MISSING.
T  INDICATES TRACE AMOUNT.




$$
