000
CDHW40 PHFO 011245
CLIHNL


CLIMATE REPORT
NATIONAL WEATHER SERVICE HONOLULU HI
245 AM HST SAT OCT 1 2016


...................................

...THE HONOLULU HI CLIMATE SUMMARY FOR SEPTEMBER 30 2016...

CLIMATE NORMAL PERIOD 1981 TO 2010
CLIMATE RECORD PERIOD 1946 TO 2016


WEATHER ITEM   OBSERVED TIME   RECORD YEAR NORMAL DEPARTURE LAST
                VALUE   (LST)  VALUE       VALUE  FROM      YEAR
                                                  NORMAL
..................................................................
TEMPERATURE (F)
 YESTERDAY
  MAXIMUM         86   1233 PM  92    1988  88     -2       88
  MINIMUM         74    317 AM  67    1981  74      0       76
  AVERAGE         80                        81     -1       82

PRECIPITATION (IN)
  YESTERDAY        T             0.45 2013   0.03  -0.03      T
  MONTH TO DATE    2.92                      0.70   2.22     4.48
  SINCE SEP 1      2.92                      0.70   2.22     4.48
  SINCE JAN 1     11.44                      9.60   1.84    10.11

SNOWFALL (IN)
  YESTERDAY        0.0
  MONTH TO DATE    0.0
  SINCE SEP 1      0.0
  SINCE JUL 1      0.0
  SNOW DEPTH       0

DEGREE DAYS
 HEATING
  YESTERDAY        0                         0      0        0
  MONTH TO DATE    0                         0      0        0
  SINCE SEP 1      0                         0      0        0
  SINCE JUL 1      0                         0      0        0

 COOLING
  YESTERDAY       15                        16     -1       17
  MONTH TO DATE  472                       495    -23      555
  SINCE SEP 1    472                       495    -23      555
  SINCE JAN 1   3587                      3479    108     3456
..................................................................


WIND (MPH)
  HIGHEST WIND SPEED    25   HIGHEST WIND DIRECTION    NE (60)
  HIGHEST GUST SPEED    36   HIGHEST GUST DIRECTION    NE (60)
  AVERAGE WIND SPEED    14.7


SKY COVER
  POSSIBLE SUNSHINE  MM
  AVERAGE SKY COVER 0.4


WEATHER CONDITIONS
 THE FOLLOWING WEATHER WAS RECORDED YESTERDAY.
  LIGHT RAIN


RELATIVE HUMIDITY (PERCENT)
 HIGHEST    87           200 AM
 LOWEST     55           400 PM
 AVERAGE    71

..........................................................


THE HONOLULU HI CLIMATE NORMALS FOR TODAY
                         NORMAL    RECORD    YEAR
 MAXIMUM TEMPERATURE (F)   88        92      1988
                                             1986
 MINIMUM TEMPERATURE (F)   74        69      1992
                                             1970
                                             1954


SUNRISE AND SUNSET
OCTOBER  1 2016.......SUNRISE   623 AM HST   SUNSET   619 PM HST
OCTOBER  2 2016.......SUNRISE   623 AM HST   SUNSET   618 PM HST


-  INDICATES NEGATIVE NUMBERS.
R  INDICATES RECORD WAS SET OR TIED.
MM INDICATES DATA IS MISSING.
T  INDICATES TRACE AMOUNT.




$$
