000
CDUS43 KFSD 210623
CLIHON


CLIMATE REPORT
NATIONAL WEATHER SERVICE SIOUX FALLS SD
123 AM CDT SAT OCT 21 2017


...................................

...THE HURON SD CLIMATE SUMMARY FOR OCTOBER 20 2017...

CLIMATE NORMAL PERIOD 1981 TO 2010
CLIMATE RECORD PERIOD 1881 TO 2017


WEATHER ITEM   OBSERVED TIME   RECORD YEAR NORMAL DEPARTURE LAST
                VALUE   (LST)  VALUE       VALUE  FROM      YEAR
                                                  NORMAL
..................................................................
TEMPERATURE (F)
 YESTERDAY
  MAXIMUM         77    331 PM  91    1947  59     18       50
  MINIMUM         54    734 AM  14    1916  34     20       33
  AVERAGE         66                        46     20       42

PRECIPITATION (IN)
  YESTERDAY        0.00          2.20 1906   0.05  -0.05      T
  MONTH TO DATE    1.74                      1.26   0.48     0.98
  SINCE SEP 1      7.71                      3.72   3.99     2.27
  SINCE JAN 1     20.02                     20.98  -0.96    16.82

SNOWFALL (IN)
  YESTERDAY        0.0           0.8  1936   0.0    0.0      0.0
  MONTH TO DATE    0.0                       0.4   -0.4      0.0
  SINCE SEP 1      0.0                       0.4   -0.4      0.0
  SINCE JUL 1      0.0                       0.4   -0.4      0.0
  SNOW DEPTH       0

DEGREE DAYS
 HEATING
  YESTERDAY        0                        19    -19       23
  MONTH TO DATE  256                       298    -42      242
  SINCE SEP 1    379                       465    -86      342
  SINCE JUL 1    388                       494   -106      359

 COOLING
  YESTERDAY        1                         0      1        0
  MONTH TO DATE    3                         0      3        4
  SINCE SEP 1    110                        69     41       80
  SINCE JAN 1    730                       738     -8      886
..................................................................


WIND (MPH)
  HIGHEST WIND SPEED    30   HIGHEST WIND DIRECTION     S (180)
  HIGHEST GUST SPEED    42   HIGHEST GUST DIRECTION     S (200)
  AVERAGE WIND SPEED    17.3


SKY COVER
  POSSIBLE SUNSHINE  MM
  AVERAGE SKY COVER 0.0


WEATHER CONDITIONS
 THE FOLLOWING WEATHER WAS RECORDED YESTERDAY.
  NO SIGNIFICANT WEATHER WAS OBSERVED.


RELATIVE HUMIDITY (PERCENT)
 HIGHEST    77           200 AM
 LOWEST     46           100 PM
 AVERAGE    62

..........................................................


THE HURON SD CLIMATE NORMALS FOR TODAY
                         NORMAL    RECORD    YEAR
 MAXIMUM TEMPERATURE (F)   58        88      1947
                                             1927
 MINIMUM TEMPERATURE (F)   34        13      1930
                                             1913


SUNRISE AND SUNSET
OCTOBER 21 2017.......SUNRISE   756 AM CDT   SUNSET   638 PM CDT
OCTOBER 22 2017.......SUNRISE   757 AM CDT   SUNSET   637 PM CDT


-  INDICATES NEGATIVE NUMBERS.
R  INDICATES RECORD WAS SET OR TIED.
MM INDICATES DATA IS MISSING.
T  INDICATES TRACE AMOUNT.




$$
