000
CDUS43 KFSD 232227
CLIHON


CLIMATE REPORT
NATIONAL WEATHER SERVICE SIOUX FALLS SD
526 PM CDT WED AUG 23 2017


...................................

...THE HURON SD CLIMATE SUMMARY FOR AUGUST 23 2017...
VALID TODAY AS OF 0500 PM LOCAL TIME.

CLIMATE NORMAL PERIOD 1981 TO 2010
CLIMATE RECORD PERIOD 1881 TO 2017


WEATHER ITEM   OBSERVED TIME   RECORD YEAR NORMAL DEPARTURE LAST
                VALUE   (LST)  VALUE       VALUE  FROM      YEAR
                                                  NORMAL
..................................................................
TEMPERATURE (F)
 TODAY
  MAXIMUM         81    350 PM 107    2003  83     -2       85
  MINIMUM         51    607 AM  34    1891  58     -7       59
  AVERAGE         66                        70     -4       72

PRECIPITATION (IN)
  TODAY            0.00          1.67 2014   0.08  -0.08     0.00
  MONTH TO DATE    1.64                      1.88  -0.24     2.72
  SINCE JUN 1      8.08                      8.73  -0.65     5.63
  SINCE JAN 1     12.17                     16.71  -4.54    14.44

SNOWFALL (IN)
  TODAY            0.0           0.0    MM   0.0    0.0      0.0
  MONTH TO DATE    0.0                       0.0    0.0      0.0
  SINCE JUN 1      0.0                       0.0    0.0      0.0
  SINCE JUL 1      0.0                       0.0    0.0      0.0
  SNOW DEPTH       0

DEGREE DAYS
 HEATING
  TODAY            0                         1     -1        0
  MONTH TO DATE    9                         7      2        2
  SINCE JUN 1     40                        66    -26       25
  SINCE JUL 1      9                        15     -6        8

 COOLING
  TODAY            1                         6     -5        7
  MONTH TO DATE   56                       181   -125      202
  SINCE JUN 1    559                       591    -32      724
  SINCE JAN 1    580                       624    -44      755
..................................................................


WIND (MPH)
  HIGHEST WIND SPEED    17   HIGHEST WIND DIRECTION     S (170)
  HIGHEST GUST SPEED    24   HIGHEST GUST DIRECTION    SE (140)
  AVERAGE WIND SPEED     7.9


SKY COVER
  POSSIBLE SUNSHINE  MM
  AVERAGE SKY COVER 0.2


WEATHER CONDITIONS
 THE FOLLOWING WEATHER WAS RECORDED TODAY.
  NO SIGNIFICANT WEATHER WAS OBSERVED.


RELATIVE HUMIDITY (PERCENT)
 HIGHEST   100          1200 AM
 LOWEST     45           200 PM
 AVERAGE    73

..........................................................


THE HURON SD CLIMATE NORMALS FOR TOMORROW
                         NORMAL    RECORD    YEAR
 MAXIMUM TEMPERATURE (F)   83       101      1948
 MINIMUM TEMPERATURE (F)   58        39      1928


SUNRISE AND SUNSET
AUGUST 23 2017........SUNRISE   646 AM CDT   SUNSET   824 PM CDT
AUGUST 24 2017........SUNRISE   647 AM CDT   SUNSET   823 PM CDT


-  INDICATES NEGATIVE NUMBERS.
R  INDICATES RECORD WAS SET OR TIED.
MM INDICATES DATA IS MISSING.
T  INDICATES TRACE AMOUNT.




$$
