000
CDUS44 KHGX 240718
CLIHOU


CLIMATE REPORT
NATIONAL WEATHER SERVICE HOUSTON/GALVESTON TX
218 AM CDT THU APR 24 2014


...................................

...THE HOUSTON INTERCONTINENTAL CLIMATE SUMMARY FOR APRIL 23 2014...

CLIMATE NORMAL PERIOD 1981 TO 2010
CLIMATE RECORD PERIOD 1892 TO 2014


WEATHER ITEM   OBSERVED TIME   RECORD YEAR NORMAL DEPARTURE LAST
                VALUE   (LST)  VALUE       VALUE  FROM      YEAR
                                                  NORMAL
..................................................................
TEMPERATURE (F)
 YESTERDAY
  MAXIMUM         84    257 PM  91    1999  81      3       79
  MINIMUM         63    254 AM  44    1998  61      2       57
  AVERAGE         74                        71      3       68

PRECIPITATION (IN)
  YESTERDAY        0.00          2.40 1981   0.11  -0.11      T
  MONTH TO DATE    1.56                      2.42  -0.86     2.62
  SINCE MAR 1      4.01                      5.83  -1.82     3.51
  SINCE JAN 1      7.36                     12.41  -5.05     8.04

SNOWFALL (IN)
  YESTERDAY        0.0          MM      MM
  MONTH TO DATE    0.0
  SINCE MAR 1      0.0
  SINCE JUL 1      T

DEGREE DAYS
 HEATING
  YESTERDAY        0                         1     -1        0
  MONTH TO DATE   41                        35      6       62
  SINCE MAR 1    255                       176     79      238
  SINCE JUL 1   1735                      1364    371     1168

 COOLING
  YESTERDAY        9                         7      2        3
  MONTH TO DATE  105                       119    -14       75
  SINCE MAR 1    137                       190    -53      140
  SINCE JAN 1    171                       228    -57      180
..................................................................


WIND (MPH)
  HIGHEST WIND SPEED    21   HIGHEST WIND DIRECTION    SE (140)
  HIGHEST GUST SPEED    31   HIGHEST GUST DIRECTION    SE (140)




RELATIVE HUMIDITY (PERCENT)
 HIGHEST   100
 LOWEST     51
 AVERAGE    76

..........................................................


THE HOUSTON INTERCONTINENTAL CLIMATE NORMALS FOR TODAY
                         NORMAL    RECORD    YEAR
 MAXIMUM TEMPERATURE (F)   81        92      1894
 MINIMUM TEMPERATURE (F)   62        46      1995


SUNRISE AND SUNSET
APRIL 24 2014.........SUNRISE   645 AM CDT   SUNSET   754 PM CDT
APRIL 25 2014.........SUNRISE   644 AM CDT   SUNSET   755 PM CDT


-  INDICATES NEGATIVE NUMBERS.
R  INDICATES RECORD WAS SET OR TIED.
MM INDICATES DATA IS MISSING.
T  INDICATES TRACE AMOUNT.




...................................

...THE HOUSTON/HOBBY AIRPORT CLIMATE SUMMARY FOR APRIL 23 2014...

CLIMATE NORMAL PERIOD 1981 TO 2010
CLIMATE RECORD PERIOD 1930 TO 2014


WEATHER ITEM   OBSERVED TIME   RECORD YEAR NORMAL DEPARTURE LAST
                VALUE   (LST)  VALUE       VALUE  FROM      YEAR
                                                  NORMAL
..................................................................
TEMPERATURE (F)
 YESTERDAY
  MAXIMUM         83    212 PM  91    1967  80      3       81
  MINIMUM         64    629 AM  45    1931  63      1       58
  AVERAGE         74                        72      2       70

PRECIPITATION (IN)
  YESTERDAY        0.00          1.11 1981   0.11  -0.11     0.00
  MONTH TO DATE    1.30                      2.39  -1.09     3.25
  SINCE MAR 1      3.84                      5.59  -1.75     4.43
  SINCE JAN 1      6.46                     12.67  -6.21     9.19

SNOWFALL (IN)
  YESTERDAY        0.0          MM      MM
  MONTH TO DATE    0.0
  SINCE MAR 1      0.0
  SINCE JUL 1      T

DEGREE DAYS
 HEATING
  YESTERDAY        0                         0      0        0
  MONTH TO DATE   31                        27      4       49
  SINCE MAR 1    218                       148     70      192
  SINCE JUL 1   1545                      1218    327      960

 COOLING
  YESTERDAY        9                         7      2        5
  MONTH TO DATE   97                       120    -23       75
  SINCE MAR 1    135                       189    -54      146
  SINCE JAN 1    174                       227    -53      192
..................................................................


WIND (MPH)
  HIGHEST WIND SPEED    16   HIGHEST WIND DIRECTION     S (160)
  HIGHEST GUST SPEED    22   HIGHEST GUST DIRECTION    SE (150)




RELATIVE HUMIDITY (PERCENT)
 HIGHEST   100
 LOWEST     51
 AVERAGE    76

..........................................................


THE HOUSTON/HOBBY AIRPORT CLIMATE NORMALS FOR TODAY
                         NORMAL    RECORD    YEAR
 MAXIMUM TEMPERATURE (F)   81        90      1987
 MINIMUM TEMPERATURE (F)   63        49      1995


SUNRISE AND SUNSET
APRIL 24 2014.........SUNRISE   645 AM CDT   SUNSET   754 PM CDT
APRIL 25 2014.........SUNRISE   644 AM CDT   SUNSET   754 PM CDT


-  INDICATES NEGATIVE NUMBERS.
R  INDICATES RECORD WAS SET OR TIED.
MM INDICATES DATA IS MISSING.
T  INDICATES TRACE AMOUNT.




$$
