000
CDUS44 KHGX 271406
CLIHOU

CLIMATE REPORT
NATIONAL WEATHER SERVICE HOUSTON/GALVESTON TX
855 AM CDT FRI MAY 27 2016


...MORNING CLIMATE DATA...

                            MORNING LOW    PRECIP SINCE MIDNIGHT

HOUSTON INTERCONTINENTAL         65                0.44
GALVESTON SCHOLES FIELD          76                0.15
BRYAN/COLLEGE STATION            66                1.67
HOUSTON HOBBY                    71                 T

...................................

...THE HOUSTON INTERCONTINENTAL CLIMATE SUMMARY FOR MAY 26 2016...

CLIMATE NORMAL PERIOD 1981 TO 2010
CLIMATE RECORD PERIOD 1892 TO 2016


WEATHER ITEM   OBSERVED TIME   RECORD YEAR NORMAL DEPARTURE LAST
                VALUE   (LST)  VALUE       VALUE  FROM      YEAR
                                                  NORMAL
..................................................................
TEMPERATURE (F)
 YESTERDAY
  MAXIMUM         82   1135 AM  98    2011  89     -7       85
  MINIMUM         68   1159 PM  57    1979  70     -2       66
  AVERAGE         75                        79     -4       76

PRECIPITATION (IN)
  YESTERDAY        0.69          2.91 2014   0.17   0.52     0.77
  MONTH TO DATE    3.44                      4.24  -0.80    12.18
  SINCE MAR 1     21.08                     10.96  10.12    24.62
  SINCE JAN 1     25.19                     17.54   7.65    28.45

DEGREE DAYS
 COOLING
  YESTERDAY       10                        14     -4       11
  MONTH TO DATE  242                       297    -55      309
  SINCE MAR 1    484                       540    -56      613
  SINCE JAN 1    521                       578    -57      623
..................................................................


WIND (MPH)
  HIGHEST WIND SPEED    29   HIGHEST WIND DIRECTION    SE (150)
  HIGHEST GUST SPEED    38   HIGHEST GUST DIRECTION    SE (150)


RELATIVE HUMIDITY (PERCENT)
 HIGHEST   100
 LOWEST     85
 AVERAGE    93

..........................................................


THE HOUSTON INTERCONTINENTAL CLIMATE NORMALS FOR TODAY
                         NORMAL    RECORD    YEAR
 MAXIMUM TEMPERATURE (F)   89        98      1928
 MINIMUM TEMPERATURE (F)   70        50      1901


SUNRISE AND SUNSET
MAY 27 2016...........SUNRISE   622 AM CDT   SUNSET   815 PM CDT
MAY 28 2016...........SUNRISE   622 AM CDT   SUNSET   816 PM CDT


-  INDICATES NEGATIVE NUMBERS.
R  INDICATES RECORD WAS SET OR TIED.
MM INDICATES DATA IS MISSING.
T  INDICATES TRACE AMOUNT.


&&

...................................

...THE HOUSTON/HOBBY AIRPORT CLIMATE SUMMARY FOR MAY 26 2016...

CLIMATE NORMAL PERIOD 1981 TO 2010
CLIMATE RECORD PERIOD 1930 TO 2016


WEATHER ITEM   OBSERVED TIME   RECORD YEAR NORMAL DEPARTURE LAST
                VALUE   (LST)  VALUE       VALUE  FROM      YEAR
                                                  NORMAL
..................................................................
TEMPERATURE (F)
 YESTERDAY
  MAXIMUM         85   1107 AM  97    2011  88     -3       83
  MINIMUM         72   1057 PM  60    1979  71      1       65
                                      1935
  AVERAGE         79                        79      0       74

PRECIPITATION (IN)
  YESTERDAY        0.05          3.24 2014   0.18  -0.13     2.06
  MONTH TO DATE    4.95                      3.87   1.08    12.34
  SINCE MAR 1     18.04                     10.32   7.72    26.92
  SINCE JAN 1     22.21                     17.40   4.81    32.80

DEGREE DAYS
 COOLING
  YESTERDAY       14                        14      0        9
  MONTH TO DATE  310                       300     10      335
  SINCE MAR 1    661                       542    119      658
  SINCE JAN 1    699                       580    119      668
..................................................................


WIND (MPH)
  HIGHEST WIND SPEED    22   HIGHEST WIND DIRECTION    SE (150)
  HIGHEST GUST SPEED    31   HIGHEST GUST DIRECTION    SE (140)


RELATIVE HUMIDITY (PERCENT)
 HIGHEST    93
 LOWEST     74
 AVERAGE    84

..........................................................


THE HOUSTON/HOBBY AIRPORT CLIMATE NORMALS FOR TODAY
                         NORMAL    RECORD    YEAR
 MAXIMUM TEMPERATURE (F)   88        97      1973
 MINIMUM TEMPERATURE (F)   71        55      1934


SUNRISE AND SUNSET
MAY 27 2016...........SUNRISE   623 AM CDT   SUNSET   814 PM CDT
MAY 28 2016...........SUNRISE   622 AM CDT   SUNSET   815 PM CDT


-  INDICATES NEGATIVE NUMBERS.
R  INDICATES RECORD WAS SET OR TIED.
MM INDICATES DATA IS MISSING.
T  INDICATES TRACE AMOUNT.

...........................................................

...MISCELLANEOUS CLIMATE DATA FOR YESTERDAY...

LOCATION                        HIGH    LOW     PRECIP

PEARLAND                         86      75      0.01
SUGAR LAND                       84      71      0.17
TOMBALL                          83      69      2.12
CONROE                           80      69      5.02
HUNTSVILLE                       81      70      2.35
ANGLETON/LAKE JACKSON            87      80       T
PALACIOS                         87      80       T
LEAGUE CITY (NWS)                83      76      0.01


THIS PRODUCT...ALONG WITH OTHER WEATHER...HYDROLOGIC...AND CLIMATE
PRODUCTS...IS AVAILABLE ON THE WEB AT HTTP://WWW.SRH.NOAA.GOV/HGX
OR AT HTTP://WEATHER.GOV

$$
