000
CDUS44 KHGX 252132
CLIHOU

CLIMATE REPORT
NATIONAL WEATHER SERVICE HOUSTON/GALVESTON TX
426 PM CDT SAT MAR 25 2017


...................................

...THE HOUSTON INTERCONTINENTAL CLIMATE SUMMARY FOR MARCH 25 2017...
VALID TODAY AS OF 400 PM LOCAL TIME.

CLIMATE NORMAL PERIOD 1981 TO 2010
CLIMATE RECORD PERIOD 1892 TO 2017


WEATHER ITEM   OBSERVED TIME   RECORD YEAR NORMAL DEPARTURE LAST
                VALUE   (LST)  VALUE       VALUE  FROM      YEAR
                                                  NORMAL
..................................................................
TEMPERATURE (F)
 TODAY
  MAXIMUM         80    256 PM  93    1928  75      5       70
  MINIMUM         67   1233 AM  36    2006  54     13       42
  AVERAGE         74                        65      9       56

PRECIPITATION (IN)
  TODAY            0.02          7.36 1922   0.12  -0.10     0.00
  MONTH TO DATE    3.95                      2.76   1.19     3.10
  SINCE MAR 1      3.95                      2.76   1.19     3.10
  SINCE JAN 1     12.46                      9.34   3.12     7.21

SNOWFALL (IN)
  TODAY            0.0          MM      MM   0.0    0.0      0.0
  MONTH TO DATE    0.0                       0.0    0.0      0.0
  SINCE MAR 1      0.0                       0.0    0.0      0.0
  SINCE JUL 1      0.0                       0.1   -0.1      0.0
  SNOW DEPTH       0

DEGREE DAYS
 HEATING
  TODAY            0                         3     -3        9
  MONTH TO DATE   52                       125    -73       73
  SINCE MAR 1     52                       125    -73       73
  SINCE JUL 1    652                      1313   -661      990

 COOLING
  TODAY            9                         3      6        0
  MONTH TO DATE  113                        52     61       80
  SINCE MAR 1    113                        52     61       80
  SINCE JAN 1    292                        90    202      117
..................................................................


WIND (MPH)
  RESULTANT WIND SPEED   4   RESULTANT WIND DIRECTION   W (280)
  HIGHEST WIND SPEED    15   HIGHEST WIND DIRECTION     N (340)
  HIGHEST GUST SPEED    21   HIGHEST GUST DIRECTION    SW (230)
  AVERAGE WIND SPEED     7.9



WEATHER CONDITIONS
 THE FOLLOWING WEATHER WAS RECORDED TODAY.
  THUNDERSTORM
  RAIN
  LIGHT RAIN
  FOG
  HAZE


RELATIVE HUMIDITY (PERCENT)
 HIGHEST    90           300 AM
 LOWEST     39           200 PM
 AVERAGE    65

..........................................................


THE HOUSTON INTERCONTINENTAL CLIMATE NORMALS FOR TOMORROW
                         NORMAL    RECORD    YEAR
 MAXIMUM TEMPERATURE (F)   75        94      1928
 MINIMUM TEMPERATURE (F)   55        30      1955


SUNRISE AND SUNSET
MARCH 25 2017.........SUNRISE   719 AM CDT   SUNSET   736 PM CDT
MARCH 26 2017.........SUNRISE   718 AM CDT   SUNSET   737 PM CDT


-  INDICATES NEGATIVE NUMBERS.
R  INDICATES RECORD WAS SET OR TIED.
MM INDICATES DATA IS MISSING.
T  INDICATES TRACE AMOUNT.


&&

...................................

...THE HOUSTON/HOBBY AIRPORT CLIMATE SUMMARY FOR MARCH 25 2017...
VALID TODAY AS OF 400 PM LOCAL TIME.

CLIMATE NORMAL PERIOD 1981 TO 2010
CLIMATE RECORD PERIOD 1930 TO 2017


WEATHER ITEM   OBSERVED TIME   RECORD YEAR NORMAL DEPARTURE LAST
                VALUE   (LST)  VALUE       VALUE  FROM      YEAR
                                                  NORMAL
..................................................................
TEMPERATURE (F)
 TODAY
  MAXIMUM         81    259 PM  88    1955  75      6       71
  MINIMUM         69   1257 AM  37    2006  56     13       46
  AVERAGE         75                        65     10       59

PRECIPITATION (IN)
  TODAY            T             1.77 1943   0.12  -0.12     0.00
  MONTH TO DATE    7.01                      2.58   4.43     4.05
  SINCE MAR 1      7.01                      2.58   4.43     4.05
  SINCE JAN 1     13.13                      9.66   3.47     8.22

SNOWFALL (IN)
  TODAY            0.0          MM      MM   0.0    0.0      0.0
  MONTH TO DATE    0.0                       0.0    0.0      0.0
  SINCE MAR 1      0.0                       0.0    0.0      0.0
  SINCE JUL 1      0.0                       T      0.0      0.0
  SNOW DEPTH       0

DEGREE DAYS
 HEATING
  TODAY            0                         3     -3        6
  MONTH TO DATE   42                       108    -66       43
  SINCE MAR 1     42                       108    -66       43
  SINCE JUL 1    540                      1178   -638      781

 COOLING
  TODAY           10                         3      7        0
  MONTH TO DATE  118                        51     67      108
  SINCE MAR 1    118                        51     67      108
  SINCE JAN 1    305                        89    216      146
..................................................................


WIND (MPH)
  RESULTANT WIND SPEED   5   RESULTANT WIND DIRECTION  SW (230)
  HIGHEST WIND SPEED    16   HIGHEST WIND DIRECTION    NW (310)
  HIGHEST GUST SPEED    22   HIGHEST GUST DIRECTION     W (290)
  AVERAGE WIND SPEED     8.3



WEATHER CONDITIONS
 THE FOLLOWING WEATHER WAS RECORDED TODAY.
  THUNDERSTORM
  LIGHT RAIN
  FOG


RELATIVE HUMIDITY (PERCENT)
 HIGHEST    93           400 AM
 LOWEST     41          1100 AM
 AVERAGE    67

..........................................................


THE HOUSTON/HOBBY AIRPORT CLIMATE NORMALS FOR TOMORROW
                         NORMAL    RECORD    YEAR
 MAXIMUM TEMPERATURE (F)   75        88      1939
 MINIMUM TEMPERATURE (F)   56        31      1955


SUNRISE AND SUNSET
MARCH 25 2017.........SUNRISE   719 AM CDT   SUNSET   736 PM CDT
MARCH 26 2017.........SUNRISE   717 AM CDT   SUNSET   736 PM CDT


-  INDICATES NEGATIVE NUMBERS.
R  INDICATES RECORD WAS SET OR TIED.
MM INDICATES DATA IS MISSING.
T  INDICATES TRACE AMOUNT.

...MISCELLANEOUS CLIMATE DATA FOR TODAY...

LOCATION                        HIGH    LOW     PRECIP
PEARLAND                         83      72      0.01
SUGAR LAND                       80      69      0.06
TOMBALL                          80      64      0.16
CONROE                           77      61      0.12
HUNTSVILLE                       76      59      0.00
ANGLETON/LAKE JACKSON            85      72       T
PALACIOS                         83      72       T
LEAGUE CITY (NWS)                84      70      0.03


THIS PRODUCT...ALONG WITH OTHER WEATHER...HYDROLOGIC...AND CLIMATE
PRODUCTS...IS AVAILABLE ON THE WEB AT HTTP://WWW.SRH.NOAA.GOV/HGX
OR AT HTTP://WEATHER.GOV



$$
