000
CDUS44 KHGX 250724
CLIHOU


CLIMATE REPORT
NATIONAL WEATHER SERVICE HOUSTON/GALVESTON TX
223 AM CDT FRI JUL 25 2014


...................................

...THE HOUSTON INTERCONTINENTAL CLIMATE SUMMARY FOR JULY 24 2014...

CLIMATE NORMAL PERIOD 1981 TO 2010
CLIMATE RECORD PERIOD 1892 TO 2014


WEATHER ITEM   OBSERVED TIME   RECORD YEAR NORMAL DEPARTURE LAST
                VALUE   (LST)  VALUE       VALUE  FROM      YEAR
                                                  NORMAL
..................................................................
TEMPERATURE (F)
 YESTERDAY
  MAXIMUM         94    317 PM 101    1954  94      0       96
  MINIMUM         73    437 AM  68    1972  75     -2       77
                                      1894
  AVERAGE         84                        85     -1       87

PRECIPITATION (IN)
  YESTERDAY        0.01          2.09 1904   0.10  -0.09     0.00
  MONTH TO DATE    1.46                      3.10  -1.64     3.84
  SINCE JUN 1      3.64                      9.03  -5.39     8.30
  SINCE JAN 1     22.71                     27.42  -4.71    17.62

DEGREE DAYS
 COOLING
  YESTERDAY       19                        20     -1       22
  MONTH TO DATE  446                       462    -16      448
  SINCE JUN 1    979                       982     -3     1039
  SINCE JAN 1   1520                      1634   -114     1609
..................................................................


WIND (MPH)
  HIGHEST WIND SPEED    16   HIGHEST WIND DIRECTION     S (170)
  HIGHEST GUST SPEED    20   HIGHEST GUST DIRECTION     S (170)




RELATIVE HUMIDITY (PERCENT)
 HIGHEST    93
 LOWEST     52
 AVERAGE    73

..........................................................


THE HOUSTON INTERCONTINENTAL CLIMATE NORMALS FOR TODAY
                         NORMAL    RECORD    YEAR
 MAXIMUM TEMPERATURE (F)   94       102      1964
 MINIMUM TEMPERATURE (F)   75        65      1894


SUNRISE AND SUNSET
JULY 25 2014..........SUNRISE   636 AM CDT   SUNSET   819 PM CDT
JULY 26 2014..........SUNRISE   637 AM CDT   SUNSET   819 PM CDT


-  INDICATES NEGATIVE NUMBERS.
R  INDICATES RECORD WAS SET OR TIED.
MM INDICATES DATA IS MISSING.
T  INDICATES TRACE AMOUNT.




...................................

...THE HOUSTON/HOBBY AIRPORT CLIMATE SUMMARY FOR JULY 24 2014...

CLIMATE NORMAL PERIOD 1981 TO 2010
CLIMATE RECORD PERIOD 1930 TO 2014


WEATHER ITEM   OBSERVED TIME   RECORD YEAR NORMAL DEPARTURE LAST
                VALUE   (LST)  VALUE       VALUE  FROM      YEAR
                                                  NORMAL
..................................................................
TEMPERATURE (F)
 YESTERDAY
  MAXIMUM         92    127 PM 101    1954  93     -1       96
                                      1934
  MINIMUM         75    446 AM  69    1947  76     -1       75
                                      1931
  AVERAGE         84                        84      0       86

PRECIPITATION (IN)
  YESTERDAY        0.00          3.98 1959   0.12  -0.12     0.00
  MONTH TO DATE    1.12                      3.80  -2.68     1.29
  SINCE JUN 1      4.10                     10.90  -6.80     2.65
  SINCE JAN 1     20.94                     29.18  -8.24    21.11

DEGREE DAYS
 COOLING
  YESTERDAY       19                        19      0       21
  MONTH TO DATE  451                       450      1      472
  SINCE JUN 1    980                       960     20     1074
  SINCE JAN 1   1531                      1614    -83     1644
..................................................................


WIND (MPH)
  HIGHEST WIND SPEED    21   HIGHEST WIND DIRECTION    SE (150)
  HIGHEST GUST SPEED    26   HIGHEST GUST DIRECTION     S (200)




RELATIVE HUMIDITY (PERCENT)
 HIGHEST    94
 LOWEST     52
 AVERAGE    73

..........................................................


THE HOUSTON/HOBBY AIRPORT CLIMATE NORMALS FOR TODAY
                         NORMAL    RECORD    YEAR
 MAXIMUM TEMPERATURE (F)   93       101      1964
 MINIMUM TEMPERATURE (F)   76        68      1931


SUNRISE AND SUNSET
JULY 25 2014..........SUNRISE   637 AM CDT   SUNSET   818 PM CDT
JULY 26 2014..........SUNRISE   637 AM CDT   SUNSET   818 PM CDT


-  INDICATES NEGATIVE NUMBERS.
R  INDICATES RECORD WAS SET OR TIED.
MM INDICATES DATA IS MISSING.
T  INDICATES TRACE AMOUNT.




$$
