000
CDUS44 KHGX 202138
CLIHOU

CLIMATE REPORT
NATIONAL WEATHER SERVICE HOUSTON/GALVESTON TX
427 PM CDT FRI OCT 20 2017

...MORNING CLIMATE DATA...

                            MORNING LOW    PRECIP SINCE MIDNIGHT
HOUSTON INTERCONTINENTAL         67                0.01
GALVESTON SCHOLES FIELD          75                0.53
BRYAN/COLLEGE STATION            67                0.01
HOUSTON HOBBY                    72                0.74

...................................

...THE HOUSTON INTERCONTINENTAL CLIMATE SUMMARY FOR OCTOBER 20 2017...
VALID TODAY AS OF 400 PM LOCAL TIME.

CLIMATE NORMAL PERIOD 1981 TO 2010
CLIMATE RECORD PERIOD 1892 TO 2017


WEATHER ITEM   OBSERVED TIME   RECORD YEAR NORMAL DEPARTURE LAST
                VALUE   (LST)  VALUE       VALUE  FROM      YEAR
                                                  NORMAL
..................................................................
TEMPERATURE (F)
 TODAY
  MAXIMUM         80   1104 AM  93    2004  81     -1       88
  MINIMUM         67    150 AM  32    1989  60      7       66
  AVERAGE         74                        70      4       77

PRECIPITATION (IN)
  TODAY            0.01          2.54 1993   0.20  -0.19      T
  MONTH TO DATE    2.14                      3.63  -1.49     0.14
  SINCE SEP 1      3.37                      7.75  -4.38     1.84
  SINCE JAN 1     74.19                     39.62  34.57    55.41

SNOWFALL (IN)
  TODAY            0.0           0.0  2002   0.0    0.0      0.0
                                      2001
  MONTH TO DATE    0.0                       0.0    0.0      0.0
  SINCE SEP 1      0.0                       0.0    0.0      0.0
  SINCE JUL 1      0.0                       0.0    0.0      0.0
  SNOW DEPTH       0

DEGREE DAYS
 HEATING
  TODAY            0                         1     -1        0
  MONTH TO DATE    0                         9     -9        0
  SINCE SEP 1      0                        10    -10        0
  SINCE JUL 1      0                        10    -10        0

 COOLING
  TODAY            9                         6      3       12
  MONTH TO DATE  235                       168     67      255
  SINCE SEP 1    686                       611     75      791
  SINCE JAN 1   3338                      2993    345     3199
..................................................................


WIND (MPH)
  RESULTANT WIND SPEED  11   RESULTANT WIND DIRECTION   E (100)
  HIGHEST WIND SPEED    22   HIGHEST WIND DIRECTION    SE (130)
  HIGHEST GUST SPEED    27   HIGHEST GUST DIRECTION     E (110)
  AVERAGE WIND SPEED    11.4



WEATHER CONDITIONS
 THE FOLLOWING WEATHER WAS RECORDED TODAY.
  THUNDERSTORM
  RAIN
  LIGHT RAIN


RELATIVE HUMIDITY (PERCENT)
 HIGHEST    93           800 AM
 LOWEST     78          1200 AM
 AVERAGE    86

..........................................................


THE HOUSTON INTERCONTINENTAL CLIMATE NORMALS FOR TOMORROW
                         NORMAL    RECORD    YEAR
 MAXIMUM TEMPERATURE (F)   81        93      2004
 MINIMUM TEMPERATURE (F)   60        33      1976


SUNRISE AND SUNSET
OCTOBER 20 2017.......SUNRISE   727 AM CDT   SUNSET   645 PM CDT
OCTOBER 21 2017.......SUNRISE   727 AM CDT   SUNSET   644 PM CDT


-  INDICATES NEGATIVE NUMBERS.
R  INDICATES RECORD WAS SET OR TIED.
MM INDICATES DATA IS MISSING.
T  INDICATES TRACE AMOUNT.


&&

...................................

...THE HOUSTON/HOBBY AIRPORT CLIMATE SUMMARY FOR OCTOBER 20 2017...
VALID TODAY AS OF 400 PM LOCAL TIME.

CLIMATE NORMAL PERIOD 1981 TO 2010
CLIMATE RECORD PERIOD 1930 TO 2017


WEATHER ITEM   OBSERVED TIME   RECORD YEAR NORMAL DEPARTURE LAST
                VALUE   (LST)  VALUE       VALUE  FROM      YEAR
                                                  NORMAL
..................................................................
TEMPERATURE (F)
 TODAY
  MAXIMUM         82    259 PM  92    2004  80      2       84
  MINIMUM         72    557 AM  37    1989  62     10       68
  AVERAGE         77                        71      6       76

PRECIPITATION (IN)
  TODAY            0.74          7.02 1993   0.22   0.52     0.08
  MONTH TO DATE    1.60                      3.78  -2.18     0.98
  SINCE SEP 1      5.35                      8.99  -3.64     3.29
  SINCE JAN 1     72.47                     44.09  28.38    50.60

SNOWFALL (IN)
  TODAY            0.0          MM      MM   0.0    0.0      0.0
  MONTH TO DATE    0.0                       0.0    0.0      0.0
  SINCE SEP 1      0.0                       0.0    0.0      0.0
  SINCE JUL 1      0.0                       0.0    0.0      0.0
  SNOW DEPTH       0

DEGREE DAYS
 HEATING
  TODAY            0                         1     -1        0
  MONTH TO DATE    0                         5     -5        0
  SINCE SEP 1      0                         5     -5        0
  SINCE JUL 1      0                         5     -5        0

 COOLING
  TODAY           12                         7      5       11
  MONTH TO DATE  295                       180    115      285
  SINCE SEP 1    816                       632    184      843
  SINCE JAN 1   3615                      2973    642     3474
..................................................................


WIND (MPH)
  RESULTANT WIND SPEED   9   RESULTANT WIND DIRECTION   E (80)
  HIGHEST WIND SPEED    20   HIGHEST WIND DIRECTION     E (100)
  HIGHEST GUST SPEED    25   HIGHEST GUST DIRECTION     E (100)
  AVERAGE WIND SPEED    10.0



WEATHER CONDITIONS
 THE FOLLOWING WEATHER WAS RECORDED TODAY.
  THUNDERSTORM
  HEAVY RAIN
  RAIN
  LIGHT RAIN
  FOG


RELATIVE HUMIDITY (PERCENT)
 HIGHEST    87           400 AM
 LOWEST     65           300 PM
 AVERAGE    76

..........................................................


THE HOUSTON/HOBBY AIRPORT CLIMATE NORMALS FOR TOMORROW
                         NORMAL    RECORD    YEAR
 MAXIMUM TEMPERATURE (F)   80        91      1949
 MINIMUM TEMPERATURE (F)   62        40      1976


SUNRISE AND SUNSET
OCTOBER 20 2017.......SUNRISE   726 AM CDT   SUNSET   645 PM CDT
OCTOBER 21 2017.......SUNRISE   727 AM CDT   SUNSET   644 PM CDT


-  INDICATES NEGATIVE NUMBERS.
R  INDICATES RECORD WAS SET OR TIED.
MM INDICATES DATA IS MISSING.
T  INDICATES TRACE AMOUNT.

...MISCELLANEOUS CLIMATE DATA FOR YESTERDAY...

LOCATION                        HIGH    LOW     PRECIP
PEARLAND                         84      65      0.02
SUGAR LAND                       86      63      0.01
TOMBALL                          84      58      0.00
CONROE                           83      53      0.00
HUNTSVILLE                       84      57       T
ANGLETON/LAKE JACKSON            84      60      0.03
PALACIOS                         83      58      0.14
LEAGUE CITY (NWS)                80      70      3.20


THIS PRODUCT...ALONG WITH OTHER WEATHER...HYDROLOGIC...AND CLIMATE
PRODUCTS...IS AVAILABLE ON THE WEB AT HTTP://WWW.WEATHER.GOV/HGX


$$
