000
CDUS44 KHGX 021358
CLIHOU

CLIMATE REPORT
NATIONAL WEATHER SERVICE HOUSTON/GALVESTON TX
850 AM CDT THU JUL 2 2015


...MORNING CLIMATE DATA...

                            MORNING LOW    PRECIP SINCE MIDNIGHT
HOUSTON INTERCONTINENTAL         71                0.00
GALVESTON SCHOLES FIELD          77                0.00
BRYAN/COLLEGE STATION            71                0.00
HOUSTON HOBBY                    71                0.00

...................................

...THE HOUSTON INTERCONTINENTAL CLIMATE SUMMARY FOR JULY 1 2015...

CLIMATE NORMAL PERIOD 1981 TO 2010
CLIMATE RECORD PERIOD 1892 TO 2015


WEATHER ITEM   OBSERVED TIME   RECORD YEAR NORMAL DEPARTURE LAST
                VALUE   (LST)  VALUE       VALUE  FROM      YEAR
                                                  NORMAL
..................................................................
TEMPERATURE (F)
 YESTERDAY
  MAXIMUM         89   1044 AM 102    1980  93     -4       94
  MINIMUM         71    312 AM  66    1985  75     -4       74
  AVERAGE         80                        84     -4       84

PRECIPITATION (IN)
  YESTERDAY        0.38          1.40 1941   0.16   0.22     0.00
  MONTH TO DATE    0.38                      0.16   0.22     0.00
  SINCE JUN 1     11.77                      6.09   5.68     2.18
  SINCE JAN 1     42.21                     24.48  17.73    21.25

DEGREE DAYS
 COOLING
  YESTERDAY       15                        19     -4       19
  MONTH TO DATE   15                        19     -4       19
  SINCE JUN 1    538                       539     -1      552
  SINCE JAN 1   1230                      1191     39     1093
..................................................................


WIND (MPH)
  HIGHEST WIND SPEED    22   HIGHEST WIND DIRECTION     S (190)
  HIGHEST GUST SPEED    33   HIGHEST GUST DIRECTION    SW (220)


RELATIVE HUMIDITY (PERCENT)
 HIGHEST   100
 LOWEST     74
 AVERAGE    87

..........................................................


THE HOUSTON INTERCONTINENTAL CLIMATE NORMALS FOR TODAY
                         NORMAL    RECORD    YEAR
 MAXIMUM TEMPERATURE (F)   93       104      1894
 MINIMUM TEMPERATURE (F)   75        66      1924


SUNRISE AND SUNSET
JULY  2 2015..........SUNRISE   624 AM CDT   SUNSET   826 PM CDT
JULY  3 2015..........SUNRISE   625 AM CDT   SUNSET   826 PM CDT


-  INDICATES NEGATIVE NUMBERS.
R  INDICATES RECORD WAS SET OR TIED.
MM INDICATES DATA IS MISSING.
T  INDICATES TRACE AMOUNT.


&&


...................................

...THE HOUSTON/HOBBY AIRPORT CLIMATE SUMMARY FOR JULY 1 2015...

CLIMATE NORMAL PERIOD 1981 TO 2010
CLIMATE RECORD PERIOD 1930 TO 2015


WEATHER ITEM   OBSERVED TIME   RECORD YEAR NORMAL DEPARTURE LAST
                VALUE   (LST)  VALUE       VALUE  FROM      YEAR
                                                  NORMAL
..................................................................
TEMPERATURE (F)
 YESTERDAY
  MAXIMUM         87    932 AM 100    2005  91     -4       93
  MINIMUM         72   1159 PM  67    1946  75     -3       76
  AVERAGE         80                        83     -3       85

PRECIPITATION (IN)
  YESTERDAY        1.90          3.92 2010   0.20   1.70     0.00
  MONTH TO DATE    1.90                      0.20   1.70     0.00
  SINCE JUN 1      6.77                      7.30  -0.53     2.98
  SINCE JAN 1     41.63                     25.58  16.05    19.82

DEGREE DAYS
 COOLING
  YESTERDAY       15                        18     -3       20
  MONTH TO DATE   15                        18     -3       20
  SINCE JUN 1    554                       528     26      549
  SINCE JAN 1   1293                      1182    111     1100
..................................................................


WIND (MPH)
  HIGHEST WIND SPEED    30   HIGHEST WIND DIRECTION     W (250)
  HIGHEST GUST SPEED    37   HIGHEST GUST DIRECTION    SW (240)


RELATIVE HUMIDITY (PERCENT)
 HIGHEST   100
 LOWEST     69
 AVERAGE    85

..........................................................


THE HOUSTON/HOBBY AIRPORT CLIMATE NORMALS FOR TODAY
                         NORMAL    RECORD    YEAR
 MAXIMUM TEMPERATURE (F)   91       101      1980
 MINIMUM TEMPERATURE (F)   75        68      1946
                                             1938


SUNRISE AND SUNSET
JULY  2 2015..........SUNRISE   625 AM CDT   SUNSET   825 PM CDT
JULY  3 2015..........SUNRISE   625 AM CDT   SUNSET   825 PM CDT


-  INDICATES NEGATIVE NUMBERS.
R  INDICATES RECORD WAS SET OR TIED.
MM INDICATES DATA IS MISSING.
T  INDICATES TRACE AMOUNT.
..........................................................

...MISCELLANEOUS CLIMATE DATA FOR YESTERDAY...

LOCATION                        HIGH    LOW     PRECIP

PEARLAND                         87      73      0.30
SUGAR LAND                       87      71      0.43
TOMBALL                          87      71      0.13
CONROE                           88      67      0.28
HUNTSVILLE                       89      71      0.06
ANGLETON/LAKE JACKSON            90      73      0.08
PALACIOS                         89      74      0.14
LEAGUE CITY (NWS)                87      73      0.55


THIS PRODUCT...ALONG WITH OTHER WEATHER...HYDROLOGIC...AND CLIMATE
PRODUCTS...IS AVAILABLE ON THE WEB AT HTTP://WWW.SRH.NOAA.GOV/HGX
OR AT HTTP://WEATHER.GOV

$$
