000
CDUS44 KHGX 311416
CLIHOU

CLIMATE REPORT
NATIONAL WEATHER SERVICE HOUSTON/GALVESTON TX
816 AM CST SAT JAN 31 2015

...MORNING CLIMATE DATA...

                            MORNING LOW    PRECIP SINCE MIDNIGHT
HOUSTON INTERCONTINENTAL         42                0.00
GALVESTON SCHOLES FIELD          54                0.00
BRYAN/COLLEGE STATION            44                0.00
HOUSTON HOBBY                    49                0.00
...................................


...THE HOUSTON INTERCONTINENTAL CLIMATE SUMMARY FOR JANUARY 30 2015...

CLIMATE NORMAL PERIOD 1981 TO 2010
CLIMATE RECORD PERIOD 1892 TO 2015


WEATHER ITEM   OBSERVED TIME   RECORD YEAR NORMAL DEPARTURE LAST
                VALUE   (LST)  VALUE       VALUE  FROM      YEAR
                                                  NORMAL
..................................................................
TEMPERATURE (F)
 YESTERDAY
  MAXIMUM         65    328 PM  84    1911  64      1       58
  MINIMUM         45   1140 PM  18    1949  44      1       22
  AVERAGE         55                        54      1       40

PRECIPITATION (IN)
  YESTERDAY        0.00          1.64 1972   0.12  -0.12     0.00
  MONTH TO DATE    3.17                      3.27  -0.10     0.96
  SINCE DEC 1      8.77                      7.01   1.76     2.62
  SINCE JAN 1      3.17                      3.27  -0.10     0.96

SNOWFALL (IN)
  YESTERDAY        0.0           2.6  1949
  MONTH TO DATE    0.0
  SINCE DEC 1      0.0
  SINCE JUL 1      0.0

DEGREE DAYS
 HEATING
  YESTERDAY       10                        12     -2       25
  MONTH TO DATE  452                       378     74      473
  SINCE DEC 1    709                       732    -23      916
  SINCE JUL 1    957                       917     40     1165
..................................................................


WIND (MPH)
  HIGHEST WIND SPEED    16   HIGHEST WIND DIRECTION    NE (50)
  HIGHEST GUST SPEED    23   HIGHEST GUST DIRECTION     N (10)




RELATIVE HUMIDITY (PERCENT)
 HIGHEST    66
 LOWEST     37
 AVERAGE    52

..........................................................


THE HOUSTON INTERCONTINENTAL CLIMATE NORMALS FOR TODAY
                         NORMAL    RECORD    YEAR
 MAXIMUM TEMPERATURE (F)   64        82      1911
 MINIMUM TEMPERATURE (F)   44        14      1949


SUNRISE AND SUNSET
JANUARY 31 2015.......SUNRISE   712 AM CST   SUNSET   558 PM CST
FEBRUARY  1 2015......SUNRISE   712 AM CST   SUNSET   559 PM CST


-  INDICATES NEGATIVE NUMBERS.
R  INDICATES RECORD WAS SET OR TIED.
MM INDICATES DATA IS MISSING.
T  INDICATES TRACE AMOUNT.



&&
...................................

...THE HOUSTON/HOBBY AIRPORT CLIMATE SUMMARY FOR JANUARY 30 2015...

CLIMATE NORMAL PERIOD 1981 TO 2010
CLIMATE RECORD PERIOD 1930 TO 2015


WEATHER ITEM   OBSERVED TIME   RECORD YEAR NORMAL DEPARTURE LAST
                VALUE   (LST)  VALUE       VALUE  FROM      YEAR
                                                  NORMAL
..................................................................
TEMPERATURE (F)
 YESTERDAY
  MAXIMUM         64   1247 AM  82    1975  64      0       60
  MINIMUM         50   1158 PM  12    1949  46      4       26
  AVERAGE         57                        55      2       43

PRECIPITATION (IN)
  YESTERDAY        0.00          1.70 1977   0.13  -0.13     0.00
  MONTH TO DATE    5.13                      3.74   1.39     0.53
  SINCE DEC 1      9.74                      7.77   1.97     1.40
  SINCE JAN 1      5.13                      3.74   1.39     0.53

SNOWFALL (IN)
  YESTERDAY        0.0           3.1  1949
  MONTH TO DATE    0.0
  SINCE DEC 1      0.0
  SINCE JUL 1      0.0

DEGREE DAYS
 HEATING
  YESTERDAY        8                        11     -3       22
  MONTH TO DATE  427                       348     79      423
  SINCE DEC 1    651                       668    -17      822
  SINCE JUL 1    865                       824     41     1039
..................................................................


WIND (MPH)
  HIGHEST WIND SPEED    21   HIGHEST WIND DIRECTION     N (10)
  HIGHEST GUST SPEED    25   HIGHEST GUST DIRECTION     N (10)




RELATIVE HUMIDITY (PERCENT)
 HIGHEST    71
 LOWEST     39
 AVERAGE    55

..........................................................


THE HOUSTON/HOBBY AIRPORT CLIMATE NORMALS FOR TODAY
                         NORMAL    RECORD    YEAR
 MAXIMUM TEMPERATURE (F)   64        83      1957
 MINIMUM TEMPERATURE (F)   46        10      1949


SUNRISE AND SUNSET
JANUARY 31 2015.......SUNRISE   711 AM CST   SUNSET   558 PM CST
FEBRUARY  1 2015......SUNRISE   711 AM CST   SUNSET   559 PM CST


-  INDICATES NEGATIVE NUMBERS.
R  INDICATES RECORD WAS SET OR TIED.
MM INDICATES DATA IS MISSING.
T  INDICATES TRACE AMOUNT.


...MISCELLANEOUS CLIMATE DATA FOR YESTERDAY...

LOCATION                        HIGH    LOW     PRECIP

PEARLAND                         65      49      0.00
SUGAR LAND                       64      51      0.00
TOMBALL                          64      48      0.00
CONROE                           60      42      0.00
HUNTSVILLE                       60      44      0.00
ANGLETON/LAKE JACKSON            62      47      0.00
PALACIOS                         65      50      0.00
LEAGUE CITY (NWS)                62      47      0.00


THIS PRODUCT...ALONG WITH OTHER WEATHER...HYDROLOGIC...AND CLIMATE
PRODUCTS...IS AVAILABLE ON THE WEB AT HTTP://WWW.SRH.NOAA.GOV/HGX
OR AT HTTP://WEATHER.GOV


$$
