000
CDUS44 KHGX 050819
CLIHOU


CLIMATE REPORT
NATIONAL WEATHER SERVICE HOUSTON/GALVESTON TX
219 AM CST THU MAR 5 2015


...................................

...THE HOUSTON INTERCONTINENTAL CLIMATE SUMMARY FOR MARCH 4 2015...

CLIMATE NORMAL PERIOD 1981 TO 2010
CLIMATE RECORD PERIOD 1892 TO 2015


WEATHER ITEM   OBSERVED TIME   RECORD YEAR NORMAL DEPARTURE LAST
                VALUE   (LST)  VALUE       VALUE  FROM      YEAR
                                                  NORMAL
..................................................................
TEMPERATURE (F)
 YESTERDAY
  MAXIMUM         83    214 PM  86    1893  70     13       38
  MINIMUM         43   1159 PM  22    2002  50     -7       31
  AVERAGE         63                        60      3       35

PRECIPITATION (IN)
  YESTERDAY        T             4.56 1992   0.12  -0.12     1.03
  MONTH TO DATE    0.23                      0.46  -0.23     1.09
  SINCE MAR 1      0.23                      0.46  -0.23     1.09
  SINCE JAN 1      4.06                      7.04  -2.98     4.44

SNOWFALL (IN)
  YESTERDAY       MM            MM      MM
  MONTH TO DATE    0.0
  SINCE MAR 1      0.0
  SINCE JUL 1      0.0

DEGREE DAYS
 HEATING
  YESTERDAY        2                         7     -5       30
  MONTH TO DATE   24                        28     -4       69
  SINCE MAR 1     24                        28     -4       69
  SINCE JUL 1   1343                      1216    127     1549

 COOLING
  YESTERDAY        0                         2     -2        0
  MONTH TO DATE    3                         6     -3        9
  SINCE MAR 1      3                         6     -3        9
  SINCE JAN 1     13                        44    -31       43
..................................................................


WIND (MPH)
  HIGHEST WIND SPEED    28   HIGHEST WIND DIRECTION     N (340)
  HIGHEST GUST SPEED    36   HIGHEST GUST DIRECTION    NW (330)




RELATIVE HUMIDITY (PERCENT)
 HIGHEST    97
 LOWEST     55
 AVERAGE    76

..........................................................


THE HOUSTON INTERCONTINENTAL CLIMATE NORMALS FOR TODAY
                         NORMAL    RECORD    YEAR
 MAXIMUM TEMPERATURE (F)   70        84      1998
                                             1991
                                             1907
 MINIMUM TEMPERATURE (F)   50        25      1989


SUNRISE AND SUNSET
MARCH  5 2015.........SUNRISE   643 AM CST   SUNSET   623 PM CST
MARCH  6 2015.........SUNRISE   642 AM CST   SUNSET   624 PM CST


-  INDICATES NEGATIVE NUMBERS.
R  INDICATES RECORD WAS SET OR TIED.
MM INDICATES DATA IS MISSING.
T  INDICATES TRACE AMOUNT.




...................................

...THE HOUSTON/HOBBY AIRPORT CLIMATE SUMMARY FOR MARCH 4 2015...

CLIMATE NORMAL PERIOD 1981 TO 2010
CLIMATE RECORD PERIOD 1930 TO 2015


WEATHER ITEM   OBSERVED TIME   RECORD YEAR NORMAL DEPARTURE LAST
                VALUE   (LST)  VALUE       VALUE  FROM      YEAR
                                                  NORMAL
..................................................................
TEMPERATURE (F)
 YESTERDAY
  MAXIMUM         81R   112 PM  81    1982  70     11       39
                                      1972
  MINIMUM         46   1159 PM  27    2002  52     -6       32
  AVERAGE         64                        61      3       36

PRECIPITATION (IN)
  YESTERDAY        0.02          1.28 1992   0.11  -0.09     0.93
  MONTH TO DATE    0.29                      0.44  -0.15     0.99
  SINCE MAR 1      0.29                      0.44  -0.15     0.99
  SINCE JAN 1      6.17                      7.52  -1.35     3.61

SNOWFALL (IN)
  YESTERDAY       MM            MM      MM
  MONTH TO DATE    0.0
  SINCE MAR 1      0.0
  SINCE JUL 1      0.0

DEGREE DAYS
 HEATING
  YESTERDAY        1                         6     -5       29
  MONTH TO DATE   14                        24    -10       65
  SINCE MAR 1     14                        24    -10       65
  SINCE JUL 1   1199                      1094    105     1392

 COOLING
  YESTERDAY        0                         2     -2        0
  MONTH TO DATE    4                         5     -1        8
  SINCE MAR 1      4                         5     -1        8
  SINCE JAN 1     14                        43    -29       47
..................................................................


WIND (MPH)
  HIGHEST WIND SPEED    24   HIGHEST WIND DIRECTION     N (340)
  HIGHEST GUST SPEED    32   HIGHEST GUST DIRECTION    NW (310)




RELATIVE HUMIDITY (PERCENT)
 HIGHEST    97
 LOWEST     62
 AVERAGE    80

..........................................................


THE HOUSTON/HOBBY AIRPORT CLIMATE NORMALS FOR TODAY
                         NORMAL    RECORD    YEAR
 MAXIMUM TEMPERATURE (F)   70        86      1967
 MINIMUM TEMPERATURE (F)   52        27      1989


SUNRISE AND SUNSET
MARCH  5 2015.........SUNRISE   643 AM CST   SUNSET   623 PM CST
MARCH  6 2015.........SUNRISE   642 AM CST   SUNSET   624 PM CST


-  INDICATES NEGATIVE NUMBERS.
R  INDICATES RECORD WAS SET OR TIED.
MM INDICATES DATA IS MISSING.
T  INDICATES TRACE AMOUNT.




$$
