000
CDUS44 KHGX 262120
CLIHOU

CLIMATE REPORT
NATIONAL WEATHER SERVICE HOUSTON/GALVESTON TX
417 PM CDT MON JUN 26 2017


...................................

...THE HOUSTON INTERCONTINENTAL CLIMATE SUMMARY FOR JUNE 26 2017...
VALID TODAY AS OF 400 PM LOCAL TIME.

CLIMATE NORMAL PERIOD 1981 TO 2010
CLIMATE RECORD PERIOD 1892 TO 2017


WEATHER ITEM   OBSERVED TIME   RECORD YEAR NORMAL DEPARTURE LAST
                VALUE   (LST)  VALUE       VALUE  FROM      YEAR
                                                  NORMAL
..................................................................
TEMPERATURE (F)
 TODAY
  MAXIMUM         90    234 PM 105    2012  92     -2       93
  MINIMUM         73    531 AM  59    1974  75     -2       76
  AVERAGE         82                        84     -2       85

PRECIPITATION (IN)
  TODAY            0.00         10.34 1989   0.19  -0.19     0.00
  MONTH TO DATE    6.54                      5.17   1.37    12.91
  SINCE JUN 1      6.54                      5.17   1.37    12.91
  SINCE JAN 1     24.77                     23.56   1.21    41.86

DEGREE DAYS
 COOLING
  TODAY           17                        18     -1       20
  MONTH TO DATE  448                       445      3      439
  SINCE JUN 1    448                       445      3      439
  SINCE JAN 1   1357                      1097    260     1020
..................................................................


WIND (MPH)
  RESULTANT WIND SPEED   7   RESULTANT WIND DIRECTION   E (80)
  HIGHEST WIND SPEED    23   HIGHEST WIND DIRECTION     E (90)
  HIGHEST GUST SPEED    26   HIGHEST GUST DIRECTION     E (100)
  AVERAGE WIND SPEED     7.9



WEATHER CONDITIONS
 THE FOLLOWING WEATHER WAS RECORDED TODAY.
  NO SIGNIFICANT WEATHER WAS OBSERVED.


RELATIVE HUMIDITY (PERCENT)
 HIGHEST    93          1200 AM
 LOWEST     56           200 PM
 AVERAGE    75

..........................................................


THE HOUSTON INTERCONTINENTAL CLIMATE NORMALS FOR TOMORROW
                         NORMAL    RECORD    YEAR
 MAXIMUM TEMPERATURE (F)   92       102      1980
 MINIMUM TEMPERATURE (F)   75        57      1974


SUNRISE AND SUNSET
JUNE 26 2017..........SUNRISE   622 AM CDT   SUNSET   826 PM CDT
JUNE 27 2017..........SUNRISE   623 AM CDT   SUNSET   826 PM CDT


-  INDICATES NEGATIVE NUMBERS.
R  INDICATES RECORD WAS SET OR TIED.
MM INDICATES DATA IS MISSING.
T  INDICATES TRACE AMOUNT.


&&

...................................

...THE HOUSTON/HOBBY AIRPORT CLIMATE SUMMARY FOR JUNE 26 2017...
VALID TODAY AS OF 400 PM LOCAL TIME.

CLIMATE NORMAL PERIOD 1981 TO 2010
CLIMATE RECORD PERIOD 1930 TO 2017


WEATHER ITEM   OBSERVED TIME   RECORD YEAR NORMAL DEPARTURE LAST
                VALUE   (LST)  VALUE       VALUE  FROM      YEAR
                                                  NORMAL
..................................................................
TEMPERATURE (F)
 TODAY
  MAXIMUM         90    156 PM 102    2012  91     -1       92
  MINIMUM         76    604 AM  64    1974  75      1       79
  AVERAGE         83                        83      0       86

PRECIPITATION (IN)
  TODAY            0.00          7.24 1989   0.23  -0.23     0.02
  MONTH TO DATE    4.94                      6.19  -1.25     8.22
  SINCE JUN 1      4.94                      6.19  -1.25     8.22
  SINCE JAN 1     24.87                     24.47   0.40    33.07

DEGREE DAYS
 COOLING
  TODAY           18                        18      0       21
  MONTH TO DATE  460                       438     22      470
  SINCE JUN 1    460                       438     22      470
  SINCE JAN 1   1394                      1092    302     1241
..................................................................


WIND (MPH)
  RESULTANT WIND SPEED   7   RESULTANT WIND DIRECTION  NE (60)
  HIGHEST WIND SPEED    20   HIGHEST WIND DIRECTION    NE (50)
  HIGHEST GUST SPEED    24   HIGHEST GUST DIRECTION    NE (50)
  AVERAGE WIND SPEED     7.7



WEATHER CONDITIONS
 THE FOLLOWING WEATHER WAS RECORDED TODAY.
  NO SIGNIFICANT WEATHER WAS OBSERVED.


RELATIVE HUMIDITY (PERCENT)
 HIGHEST    88           400 AM
 LOWEST     59          1200 PM
 AVERAGE    74

..........................................................


THE HOUSTON/HOBBY AIRPORT CLIMATE NORMALS FOR TOMORROW
                         NORMAL    RECORD    YEAR
 MAXIMUM TEMPERATURE (F)   91        99      2012
                                             2009
                                             1980
 MINIMUM TEMPERATURE (F)   75        65      1974


SUNRISE AND SUNSET
JUNE 26 2017..........SUNRISE   623 AM CDT   SUNSET   825 PM CDT
JUNE 27 2017..........SUNRISE   623 AM CDT   SUNSET   825 PM CDT


-  INDICATES NEGATIVE NUMBERS.
R  INDICATES RECORD WAS SET OR TIED.
MM INDICATES DATA IS MISSING.
T  INDICATES TRACE AMOUNT.

...MISCELLANEOUS CLIMATE DATA FOR TODAY...

LOCATION                        HIGH    LOW     PRECIP
PEARLAND                         91      77      0.04
SUGAR LAND                       91      75      0.00
TOMBALL                          91      73      0.00
CONROE                           90      71      0.00
HUNTSVILLE                       92      71      0.00
ANGLETON/LAKE JACKSON            89      75      0.59
PALACIOS                         85      72      0.36
LEAGUE CITY (NWS)                89      76      0.20


THIS PRODUCT...ALONG WITH OTHER WEATHER...HYDROLOGIC...AND CLIMATE
PRODUCTS...IS AVAILABLE ON THE WEB AT HTTP://WWW.WEATHER.GOV/HGX


$$
