000
CDUS44 KHGX 160752
CLIHOU


CLIMATE REPORT
NATIONAL WEATHER SERVICE HOUSTON/GALVESTON TX
251 AM CDT TUE SEP 16 2014


...................................

...THE HOUSTON INTERCONTINENTAL CLIMATE SUMMARY FOR SEPTEMBER 15 2014...

CLIMATE NORMAL PERIOD 1981 TO 2010
CLIMATE RECORD PERIOD 1892 TO 2014


WEATHER ITEM   OBSERVED TIME   RECORD YEAR NORMAL DEPARTURE LAST
                VALUE   (LST)  VALUE       VALUE  FROM      YEAR
                                                  NORMAL
..................................................................
TEMPERATURE (F)
 YESTERDAY
  MAXIMUM         92    321 PM  98    1980  90      2       91
  MINIMUM         68    430 AM  55    1892  70     -2       74
  AVERAGE         80                        80      0       83

PRECIPITATION (IN)
  YESTERDAY        T             3.23 1919   0.14  -0.14     0.07
  MONTH TO DATE    1.00                      2.20  -1.20     0.56
  SINCE SEP 1      1.00                      2.20  -1.20     0.56
  SINCE JAN 1     28.89                     34.07  -5.18    21.76

DEGREE DAYS
 HEATING
  YESTERDAY        0                         0      0        0
  MONTH TO DATE    0                         0      0        0
  SINCE SEP 1      0                         0      0        0
  SINCE JUL 1      0                         0      0        0

 COOLING
  YESTERDAY       15                        15      0       18
  MONTH TO DATE  262                       251     11      292
  SINCE SEP 1    262                       251     11      292
  SINCE JAN 1   2538                      2633    -95     2685
..................................................................


WIND (MPH)
  HIGHEST WIND SPEED    15   HIGHEST WIND DIRECTION    SE (150)
  HIGHEST GUST SPEED    17   HIGHEST GUST DIRECTION    SE (150)




RELATIVE HUMIDITY (PERCENT)
 HIGHEST    97
 LOWEST     56
 AVERAGE    77

..........................................................


THE HOUSTON INTERCONTINENTAL CLIMATE NORMALS FOR TODAY
                         NORMAL    RECORD    YEAR
 MAXIMUM TEMPERATURE (F)   90        98      1995
                                             1906
 MINIMUM TEMPERATURE (F)   70        53      1979


SUNRISE AND SUNSET
SEPTEMBER 16 2014.....SUNRISE   706 AM CDT   SUNSET   725 PM CDT
SEPTEMBER 17 2014.....SUNRISE   707 AM CDT   SUNSET   724 PM CDT


-  INDICATES NEGATIVE NUMBERS.
R  INDICATES RECORD WAS SET OR TIED.
MM INDICATES DATA IS MISSING.
T  INDICATES TRACE AMOUNT.




...................................

...THE HOUSTON/HOBBY AIRPORT CLIMATE SUMMARY FOR SEPTEMBER 15 2014...

CLIMATE NORMAL PERIOD 1981 TO 2010
CLIMATE RECORD PERIOD 1930 TO 2014


WEATHER ITEM   OBSERVED TIME   RECORD YEAR NORMAL DEPARTURE LAST
                VALUE   (LST)  VALUE       VALUE  FROM      YEAR
                                                  NORMAL
..................................................................
TEMPERATURE (F)
 YESTERDAY
  MAXIMUM         91    329 PM  96    1995  89      2       92
                                      1980
                                      1954
  MINIMUM         71    607 AM  56    1945  72     -1       76
  AVERAGE         81                        80      1       84

PRECIPITATION (IN)
  YESTERDAY        0.00          2.85 1941   0.18  -0.18     0.00
  MONTH TO DATE    0.31                      2.93  -2.62     1.35
  SINCE SEP 1      0.31                      2.93  -2.62     1.35
  SINCE JAN 1     24.84                     38.03 -13.19    24.22

DEGREE DAYS
 HEATING
  YESTERDAY        0                         0      0        0
  MONTH TO DATE    0                         0      0        0
  SINCE SEP 1      0                         0      0        0
  SINCE JUL 1      0                         0      0        0

 COOLING
  YESTERDAY       16                        15      1       19
  MONTH TO DATE  270                       252     18      297
  SINCE SEP 1    270                       252     18      297
  SINCE JAN 1   2574                      2593    -19     2723
..................................................................


WIND (MPH)
  HIGHEST WIND SPEED    14   HIGHEST WIND DIRECTION     E (90)
  HIGHEST GUST SPEED    17   HIGHEST GUST DIRECTION     E (100)




RELATIVE HUMIDITY (PERCENT)
 HIGHEST    94
 LOWEST     56
 AVERAGE    75

..........................................................


THE HOUSTON/HOBBY AIRPORT CLIMATE NORMALS FOR TODAY
                         NORMAL    RECORD    YEAR
 MAXIMUM TEMPERATURE (F)   88        96      2004
                                             1995
                                             1962
 MINIMUM TEMPERATURE (F)   72        59      1934


SUNRISE AND SUNSET
SEPTEMBER 16 2014.....SUNRISE   706 AM CDT   SUNSET   725 PM CDT
SEPTEMBER 17 2014.....SUNRISE   707 AM CDT   SUNSET   724 PM CDT


-  INDICATES NEGATIVE NUMBERS.
R  INDICATES RECORD WAS SET OR TIED.
MM INDICATES DATA IS MISSING.
T  INDICATES TRACE AMOUNT.




$$
