000
CDUS44 KBRO 070642
CLIHRL


CLIMATE REPORT
NATIONAL WEATHER SERVICE BROWNSVILLE TX
142 AM CDT TUE JUL 7 2015


...................................

...THE HARLINGEN CLIMATE SUMMARY FOR JULY 6 2015...

CLIMATE NORMAL PERIOD 1981 TO 2010
CLIMATE RECORD PERIOD 1912 TO 2015


WEATHER ITEM   OBSERVED TIME   RECORD YEAR NORMAL DEPARTURE LAST
                VALUE   (LST)  VALUE       VALUE  FROM      YEAR
                                                  NORMAL
..................................................................
TEMPERATURE (F)
 YESTERDAY
  MAXIMUM         93    316 PM 101    2005  95     -2       96
                                      1998
  MINIMUM         78    618 AM  66    1924  75      3       72
  AVERAGE         86                        85      1       84

PRECIPITATION (IN)
  YESTERDAY        T             2.20 1933   0.09  -0.09     0.00
  MONTH TO DATE    1.12                      0.41   0.71     0.04
  SINCE JUN 1      3.33                      2.91   0.42     0.33
  SINCE JAN 1     15.83                     10.83   5.00     5.17

SNOWFALL (IN)
  YESTERDAY        0.0
  MONTH TO DATE    0.0
  SINCE JUN 1      0.0
  SINCE JUL 1      0.0

DEGREE DAYS
 HEATING
  YESTERDAY        0                         0      0        0
  MONTH TO DATE    0                         0      0        0
  SINCE JUN 1      0                         0      0        0
  SINCE JUL 1      0                         0      0        0

 COOLING
  YESTERDAY       21                        20      1       19
  MONTH TO DATE  109                       120    -11      112
  SINCE JUN 1    676                       688    -12      734
  SINCE JAN 1   1760                      1789    -29     1670
..................................................................


WIND (MPH)
  HIGHEST WIND SPEED    28   HIGHEST WIND DIRECTION     S (160)
  HIGHEST GUST SPEED    34   HIGHEST GUST DIRECTION    SE (150)
  AVERAGE WIND SPEED    16.5



WEATHER CONDITIONS
 THE FOLLOWING WEATHER WAS RECORDED YESTERDAY.
  LIGHT RAIN
  FOG


RELATIVE HUMIDITY (PERCENT)
 HIGHEST    97
 LOWEST     56
 AVERAGE    77

..........................................................


THE HARLINGEN CLIMATE NORMALS FOR TODAY
                         NORMAL    RECORD    YEAR
 MAXIMUM TEMPERATURE (F)   95       103      2005
 MINIMUM TEMPERATURE (F)   75        60      1963


SUNRISE AND SUNSET
JULY  7 2015..........SUNRISE   644 AM CDT   SUNSET   827 PM CDT
JULY  8 2015..........SUNRISE   645 AM CDT   SUNSET   827 PM CDT


-  INDICATES NEGATIVE NUMBERS.
R  INDICATES RECORD WAS SET OR TIED.
MM INDICATES DATA IS MISSING.
T  INDICATES TRACE AMOUNT.




$$
