000
CDUS44 KBRO 310631
CLIHRL


CLIMATE REPORT
NATIONAL WEATHER SERVICE BROWNSVILLE TX
131 AM CDT MON AUG 31 2015


...................................

...THE HARLINGEN CLIMATE SUMMARY FOR AUGUST 30 2015...

CLIMATE NORMAL PERIOD 1981 TO 2010
CLIMATE RECORD PERIOD 1912 TO 2015


WEATHER ITEM   OBSERVED TIME   RECORD YEAR NORMAL DEPARTURE LAST
                VALUE   (LST)  VALUE       VALUE  FROM      YEAR
                                                  NORMAL
..................................................................
TEMPERATURE (F)
 YESTERDAY
  MAXIMUM         94   1212 PM 105    2005  95     -1       92
  MINIMUM         73    624 AM  65    1970  75     -2       75
  AVERAGE         84                        85     -1       84

PRECIPITATION (IN)
  YESTERDAY        T             3.35 1948   0.14  -0.14     0.04
  MONTH TO DATE    2.24                      1.73   0.51     0.64
  SINCE JUN 1      5.57                      6.16  -0.59     1.52
  SINCE JAN 1     18.07                     14.08   3.99     6.36

SNOWFALL (IN)
  YESTERDAY        0.0
  MONTH TO DATE    0.0
  SINCE JUN 1      0.0
  SINCE JUL 1      0.0

DEGREE DAYS
 HEATING
  YESTERDAY        0                         0      0        0
  MONTH TO DATE    0                         0      0        0
  SINCE JUN 1      0                         0      0        0
  SINCE JUL 1      0                         0      0        0

 COOLING
  YESTERDAY       19                        20     -1       19
  MONTH TO DATE  667                       618     49      668
  SINCE JUN 1   1889                      1809     80     1940
  SINCE JAN 1   2973                      2910     63     2876
..................................................................


WIND (MPH)
  HIGHEST WIND SPEED    21   HIGHEST WIND DIRECTION    SE (130)
  HIGHEST GUST SPEED    27   HIGHEST GUST DIRECTION    SE (120)
  AVERAGE WIND SPEED     7.5



WEATHER CONDITIONS
 THE FOLLOWING WEATHER WAS RECORDED YESTERDAY.
  THUNDERSTORM
  LIGHT RAIN
  FOG


RELATIVE HUMIDITY (PERCENT)
 HIGHEST   100
 LOWEST     49
 AVERAGE    75

..........................................................


THE HARLINGEN CLIMATE NORMALS FOR TODAY
                         NORMAL    RECORD    YEAR
 MAXIMUM TEMPERATURE (F)   94       104      1958
 MINIMUM TEMPERATURE (F)   75        65      1915
                                             1923


SUNRISE AND SUNSET
AUGUST 31 2015........SUNRISE   710 AM CDT   SUNSET   751 PM CDT
SEPTEMBER  1 2015.....SUNRISE   711 AM CDT   SUNSET   750 PM CDT


-  INDICATES NEGATIVE NUMBERS.
R  INDICATES RECORD WAS SET OR TIED.
MM INDICATES DATA IS MISSING.
T  INDICATES TRACE AMOUNT.




$$
