000
CDUS44 KBRO 161432
CLIHRL


CLIMATE REPORT
NATIONAL WEATHER SERVICE BROWNSVILLE TX
932 AM CDT WED APR 16 2014


...................................

...THE HARLINGEN CLIMATE SUMMARY FOR APRIL 15 2014...

CLIMATE NORMAL PERIOD 1981 TO 2010
CLIMATE RECORD PERIOD 1912 TO 2014


WEATHER ITEM   OBSERVED TIME   RECORD YEAR NORMAL DEPARTURE LAST
                VALUE   (LST)  VALUE       VALUE  FROM      YEAR
                                                  NORMAL
..................................................................
TEMPERATURE (F)
 YESTERDAY
  MAXIMUM         71    252 PM  95    2012  86    -15       94
                                      1921
  MINIMUM         45   1159 PM  44    1928  65    -20       71
  AVERAGE         58                        75    -17       83

PRECIPITATION (IN)
  YESTERDAY        0.00          0.26 1974   0.06  -0.06     0.00
  MONTH TO DATE    0.09                      0.84  -0.75     0.04
  SINCE MAR 1      1.87                      2.13  -0.26     0.10
  SINCE JAN 1      2.87                      4.60  -1.73     2.84

SNOWFALL (IN)
  YESTERDAY        0.0
  MONTH TO DATE    0.0
  SINCE MAR 1      0.0
  SINCE JUL 1      0.0

DEGREE DAYS
 HEATING
  YESTERDAY        7                         0      7        0
  MONTH TO DATE    7                         7      0        2
  SINCE MAR 1    114                        53     61       45
  SINCE JUL 1    925                       621    304      393

 COOLING
  YESTERDAY        0                        11    -11       18
  MONTH TO DATE  125                       140    -15      150
  SINCE MAR 1    237                       310    -73      311
  SINCE JAN 1    348                       435    -87      505
..................................................................


WIND (MPH)
  HIGHEST WIND SPEED    25   HIGHEST WIND DIRECTION     N (10)
  HIGHEST GUST SPEED    35   HIGHEST GUST DIRECTION    NE (50)
  AVERAGE WIND SPEED    13.3



WEATHER CONDITIONS
 THE FOLLOWING WEATHER WAS RECORDED YESTERDAY.
  NO SIGNIFICANT WEATHER WAS OBSERVED.


RELATIVE HUMIDITY (PERCENT)
 HIGHEST    71
 LOWEST     20
 AVERAGE    46

..........................................................


THE HARLINGEN CLIMATE NORMALS FOR TODAY
                         NORMAL    RECORD    YEAR
 MAXIMUM TEMPERATURE (F)   86       100      1920
 MINIMUM TEMPERATURE (F)   65        41      1928


SUNRISE AND SUNSET
APRIL 16 2014.........SUNRISE   706 AM CDT   SUNSET   755 PM CDT
APRIL 17 2014.........SUNRISE   705 AM CDT   SUNSET   755 PM CDT


-  INDICATES NEGATIVE NUMBERS.
R  INDICATES RECORD WAS SET OR TIED.
MM INDICATES DATA IS MISSING.
T  INDICATES TRACE AMOUNT.




$$
