000
CDUS44 KBRO 230733
CLIHRL


CLIMATE REPORT
NATIONAL WEATHER SERVICE BROWNSVILLE TX
133 AM CST TUE JAN 23 2018


...................................

...THE HARLINGEN CLIMATE SUMMARY FOR JANUARY 22 2018...

CLIMATE NORMAL PERIOD 1981 TO 2010
CLIMATE RECORD PERIOD 1912 TO 2018


WEATHER ITEM   OBSERVED TIME   RECORD YEAR NORMAL DEPARTURE LAST
                VALUE   (LST)  VALUE       VALUE  FROM      YEAR
                                                  NORMAL
..................................................................
TEMPERATURE (F)
 YESTERDAY
  MAXIMUM         75    254 PM  87    1943  71      4       82
                                      1969
  MINIMUM         51   1159 PM  23    1935  50      1       54
  AVERAGE         63                        60      3       68

PRECIPITATION (IN)
  YESTERDAY        0.00          1.03 1966   0.05  -0.05     0.00
  MONTH TO DATE    0.23                      0.66  -0.43     0.84
  SINCE DEC 1      1.24                      1.92  -0.68     2.17
  SINCE JAN 1      0.23                      0.66  -0.43     0.84

SNOWFALL (IN)
  YESTERDAY        0.0
  MONTH TO DATE    T
  SINCE DEC 1      1.0
  SINCE JUL 1      1.0

DEGREE DAYS
 HEATING
  YESTERDAY        2                         6     -4        0
  MONTH TO DATE  251                       148    103       64
  SINCE DEC 1    478                       339    139      166
  SINCE JUL 1    521                       396    125      181

 COOLING
  YESTERDAY        0                         1     -1        3
  MONTH TO DATE   15                        40    -25      115
  SINCE DEC 1    100                        98      2      272
  SINCE JAN 1     15                        40    -25      115
..................................................................


WIND (MPH)
  HIGHEST WIND SPEED    25   HIGHEST WIND DIRECTION     N (20)
  HIGHEST GUST SPEED    33   HIGHEST GUST DIRECTION     N (340)
  AVERAGE WIND SPEED    10.3



WEATHER CONDITIONS
 THE FOLLOWING WEATHER WAS RECORDED YESTERDAY.
  FOG


RELATIVE HUMIDITY (PERCENT)
 HIGHEST   100
 LOWEST     16
 AVERAGE    58

..........................................................


THE HARLINGEN CLIMATE NORMALS FOR TODAY
                         NORMAL    RECORD    YEAR
 MAXIMUM TEMPERATURE (F)   71        90      1943
                                             1957
 MINIMUM TEMPERATURE (F)   50        22      1930


SUNRISE AND SUNSET
JANUARY 23 2018.......SUNRISE   718 AM CST   SUNSET   607 PM CST
JANUARY 24 2018.......SUNRISE   718 AM CST   SUNSET   608 PM CST


-  INDICATES NEGATIVE NUMBERS.
R  INDICATES RECORD WAS SET OR TIED.
MM INDICATES DATA IS MISSING.
T  INDICATES TRACE AMOUNT.




$$
