000
CDUS44 KBRO 280637
CLIHRL


CLIMATE REPORT
NATIONAL WEATHER SERVICE BROWNSVILLE TX
136 AM CDT THU JUL 28 2016


...................................

...THE HARLINGEN CLIMATE SUMMARY FOR JULY 27 2016...

CLIMATE NORMAL PERIOD 1981 TO 2010
CLIMATE RECORD PERIOD 1912 TO 2016


WEATHER ITEM   OBSERVED TIME   RECORD YEAR NORMAL DEPARTURE LAST
                VALUE   (LST)  VALUE       VALUE  FROM      YEAR
                                                  NORMAL
..................................................................
TEMPERATURE (F)
 YESTERDAY
  MAXIMUM         97   1155 AM 105    1954  96      1       99
  MINIMUM         78    623 AM  68    1926  75      3       78
  AVERAGE         88                        85      3       89

PRECIPITATION (IN)
  YESTERDAY        0.00          1.32 1916   0.04  -0.04     0.00
  MONTH TO DATE    0.09                      1.74  -1.65     1.12
  SINCE JUN 1      5.22                      4.24   0.98     3.33
  SINCE JAN 1     12.11                     12.16  -0.05    15.83

SNOWFALL (IN)
  YESTERDAY        0.0
  MONTH TO DATE    0.0
  SINCE JUN 1      0.0
  SINCE JUL 1      0.0

DEGREE DAYS
 HEATING
  YESTERDAY        0                         0      0        0
  MONTH TO DATE    0                         0      0        0
  SINCE JUN 1      0                         0      0        0
  SINCE JUL 1      0                         0      0        0

 COOLING
  YESTERDAY       23                        20      3       24
  MONTH TO DATE  601                       540     61      566
  SINCE JUN 1   1186                      1108     78     1133
  SINCE JAN 1   2547                      2209    338     2217
..................................................................


WIND (MPH)
  HIGHEST WIND SPEED    22   HIGHEST WIND DIRECTION     S (180)
  HIGHEST GUST SPEED    34   HIGHEST GUST DIRECTION    SE (150)
  AVERAGE WIND SPEED    12.8



WEATHER CONDITIONS
 THE FOLLOWING WEATHER WAS RECORDED YESTERDAY.
  NO SIGNIFICANT WEATHER WAS OBSERVED.


RELATIVE HUMIDITY (PERCENT)
 HIGHEST    94
 LOWEST     41
 AVERAGE    68

..........................................................


THE HARLINGEN CLIMATE NORMALS FOR TODAY
                         NORMAL    RECORD    YEAR
 MAXIMUM TEMPERATURE (F)   96       107      1954
 MINIMUM TEMPERATURE (F)   75        68      1922


SUNRISE AND SUNSET
JULY 28 2016..........SUNRISE   655 AM CDT   SUNSET   819 PM CDT
JULY 29 2016..........SUNRISE   655 AM CDT   SUNSET   819 PM CDT


-  INDICATES NEGATIVE NUMBERS.
R  INDICATES RECORD WAS SET OR TIED.
MM INDICATES DATA IS MISSING.
T  INDICATES TRACE AMOUNT.




$$
