000
CDUS44 KBRO 250733
CLIHRL


CLIMATE REPORT
NATIONAL WEATHER SERVICE BROWNSVILLE TX
131 AM CST SAT FEB 25 2017


...................................

...THE HARLINGEN CLIMATE SUMMARY FOR FEBRUARY 24 2017...

CLIMATE NORMAL PERIOD 1981 TO 2010
CLIMATE RECORD PERIOD 1912 TO 2017


WEATHER ITEM   OBSERVED TIME   RECORD YEAR NORMAL DEPARTURE LAST
                VALUE   (LST)  VALUE       VALUE  FROM      YEAR
                                                  NORMAL
..................................................................
TEMPERATURE (F)
 YESTERDAY
  MAXIMUM         94R   234 PM  91    2007  76     18       74
                                      1943
  MINIMUM         63    443 AM  31    1968  54      9       45
  AVERAGE         79                        65     14       60

PRECIPITATION (IN)
  YESTERDAY        0.00          0.42 1923   0.04  -0.04     0.00
  MONTH TO DATE    0.41                      1.27  -0.86     0.00
  SINCE DEC 1      2.64                      3.59  -0.95     2.21
  SINCE JAN 1      1.31                      2.33  -1.02     1.91

DEGREE DAYS
 HEATING
  YESTERDAY        0                         3     -3        5
  MONTH TO DATE    9                       107    -98       56
  SINCE DEC 1    215                       498   -283      329
  SINCE JUL 1    230                       555   -325      365

 COOLING
  YESTERDAY       14                         3     11        0
  MONTH TO DATE  197                        63    134       99
  SINCE DEC 1    485                       170    315      260
  SINCE JAN 1    328                       112    216      127
..................................................................


WIND (MPH)
  HIGHEST WIND SPEED    28   HIGHEST WIND DIRECTION     N (360)
  HIGHEST GUST SPEED    36   HIGHEST GUST DIRECTION     N (10)
  AVERAGE WIND SPEED    13.5



WEATHER CONDITIONS
 THE FOLLOWING WEATHER WAS RECORDED YESTERDAY.
  NO SIGNIFICANT WEATHER WAS OBSERVED.


RELATIVE HUMIDITY (PERCENT)
 HIGHEST   100
 LOWEST     20
 AVERAGE    60

..........................................................


THE HARLINGEN CLIMATE NORMALS FOR TODAY
                         NORMAL    RECORD    YEAR
 MAXIMUM TEMPERATURE (F)   76        93      2008
                                             1912
 MINIMUM TEMPERATURE (F)   54        28      1914


SUNRISE AND SUNSET
FEBRUARY 25 2017......SUNRISE   658 AM CST   SUNSET   630 PM CST
FEBRUARY 26 2017......SUNRISE   657 AM CST   SUNSET   631 PM CST


-  INDICATES NEGATIVE NUMBERS.
R  INDICATES RECORD WAS SET OR TIED.
MM INDICATES DATA IS MISSING.
T  INDICATES TRACE AMOUNT.

$$
