000
CDUS44 KBRO 210627
CLIHRL


CLIMATE REPORT
NATIONAL WEATHER SERVICE BROWNSVILLE TX
126 AM CDT FRI JUL 21 2017


...................................

...THE HARLINGEN CLIMATE SUMMARY FOR JULY 20 2017...

CLIMATE NORMAL PERIOD 1981 TO 2010
CLIMATE RECORD PERIOD 1912 TO 2017


WEATHER ITEM   OBSERVED TIME   RECORD YEAR NORMAL DEPARTURE LAST
                VALUE   (LST)  VALUE       VALUE  FROM      YEAR
                                                  NORMAL
..................................................................
TEMPERATURE (F)
 YESTERDAY
  MAXIMUM        101    242 PM 103    1947  95      6       97
  MINIMUM         78    623 AM  70    1913  75      3       74
  AVERAGE         90                        85      5       86

PRECIPITATION (IN)
  YESTERDAY        0.00          2.10 2005   0.06  -0.06     0.00
  MONTH TO DATE    0.94                      1.40  -0.46     0.09
  SINCE JUN 1      2.20                      3.90  -1.70     5.22
  SINCE JAN 1      8.79                     11.82  -3.03    12.11

SNOWFALL (IN)
  YESTERDAY        0.0
  MONTH TO DATE    0.0
  SINCE JUN 1      0.0
  SINCE JUL 1      0.0

DEGREE DAYS
 HEATING
  YESTERDAY        0                         0      0        0
  MONTH TO DATE    0                         0      0        0
  SINCE JUN 1      0                         0      0        0
  SINCE JUL 1      0                         0      0        0

 COOLING
  YESTERDAY       25                        20      5       21
  MONTH TO DATE  412                       400     12      466
  SINCE JUN 1   1026                       968     58     1051
  SINCE JAN 1   2561                      2069    492     2412
..................................................................


WIND (MPH)
  HIGHEST WIND SPEED    25   HIGHEST WIND DIRECTION    SE (150)
  HIGHEST GUST SPEED    33   HIGHEST GUST DIRECTION     S (160)
  AVERAGE WIND SPEED    12.2



WEATHER CONDITIONS
 THE FOLLOWING WEATHER WAS RECORDED YESTERDAY.
  HAZE


RELATIVE HUMIDITY (PERCENT)
 HIGHEST    97
 LOWEST     37
 AVERAGE    67

..........................................................


THE HARLINGEN CLIMATE NORMALS FOR TODAY
                         NORMAL    RECORD    YEAR
 MAXIMUM TEMPERATURE (F)   95       102      2012
                                             1924
 MINIMUM TEMPERATURE (F)   75        69      1974


SUNRISE AND SUNSET
JULY 21 2017..........SUNRISE   651 AM CDT   SUNSET   823 PM CDT
JULY 22 2017..........SUNRISE   651 AM CDT   SUNSET   823 PM CDT


-  INDICATES NEGATIVE NUMBERS.
R  INDICATES RECORD WAS SET OR TIED.
MM INDICATES DATA IS MISSING.
T  INDICATES TRACE AMOUNT.




$$
