000
CDUS44 KBRO 220726
CLIHRL


CLIMATE REPORT
NATIONAL WEATHER SERVICE BROWNSVILLE TX
126 AM CST SUN JAN 22 2017


...................................

...THE HARLINGEN CLIMATE SUMMARY FOR JANUARY 21 2017...

CLIMATE NORMAL PERIOD 1981 TO 2010
CLIMATE RECORD PERIOD 1912 TO 2017


WEATHER ITEM   OBSERVED TIME   RECORD YEAR NORMAL DEPARTURE LAST
                VALUE   (LST)  VALUE       VALUE  FROM      YEAR
                                                  NORMAL
..................................................................
TEMPERATURE (F)
 YESTERDAY
  MAXIMUM         92R   341 PM  87    1954  71     21       80
  MINIMUM         62   1119 PM  26    1985  50     12       49
  AVERAGE         77                        60     17       65

PRECIPITATION (IN)
  YESTERDAY        0.00          0.80 1980   0.05  -0.05     0.00
  MONTH TO DATE    0.84                      0.61   0.23     1.81
  SINCE DEC 1      2.17                      1.87   0.30     2.11
  SINCE JAN 1      0.84                      0.61   0.23     1.81

SNOWFALL (IN)
  YESTERDAY        0.0
  MONTH TO DATE    0.0
  SINCE DEC 1      0.0
  SINCE JUL 1      0.0

DEGREE DAYS
 HEATING
  YESTERDAY        0                         6     -6        0
  MONTH TO DATE   64                       142    -78      136
  SINCE DEC 1    166                       333   -167      211
  SINCE JUL 1    181                       390   -209      247

 COOLING
  YESTERDAY       12                         1     11        0
  MONTH TO DATE  112                        39     73       12
  SINCE DEC 1    269                        97    172      145
  SINCE JAN 1    112                        39     73       12
..................................................................


WIND (MPH)
  HIGHEST WIND SPEED    22   HIGHEST WIND DIRECTION    NW (320)
  HIGHEST GUST SPEED    27   HIGHEST GUST DIRECTION    NW (320)
  AVERAGE WIND SPEED     7.7



WEATHER CONDITIONS
 THE FOLLOWING WEATHER WAS RECORDED YESTERDAY.
  FOG
  FOG W/VISIBILITY <= 1/4 MILE
  HAZE


RELATIVE HUMIDITY (PERCENT)
 HIGHEST   100
 LOWEST     19
 AVERAGE    60

..........................................................


THE HARLINGEN CLIMATE NORMALS FOR TODAY
                         NORMAL    RECORD    YEAR
 MAXIMUM TEMPERATURE (F)   71        87      1943
                                             1969
 MINIMUM TEMPERATURE (F)   50        23      1935


SUNRISE AND SUNSET
JANUARY 22 2017.......SUNRISE   719 AM CST   SUNSET   606 PM CST
JANUARY 23 2017.......SUNRISE   718 AM CST   SUNSET   607 PM CST


-  INDICATES NEGATIVE NUMBERS.
R  INDICATES RECORD WAS SET OR TIED.
MM INDICATES DATA IS MISSING.
T  INDICATES TRACE AMOUNT.




$$
