000
CDUS44 KLZK 292202
CLIHRO


CLIMATE REPORT
NATIONAL WEATHER SERVICE LITTLE ROCK AR
402 PM CST THU JAN 29 2015


...................................

...THE HARRISON CLIMATE SUMMARY FOR JANUARY 29 2015...
VALID TODAY AS OF 0400 PM LOCAL TIME.

CLIMATE NORMAL PERIOD 1981 TO 2010
CLIMATE RECORD PERIOD 1891 TO 2015


WEATHER ITEM   OBSERVED TIME   RECORD YEAR NORMAL DEPARTURE LAST
                VALUE   (LST)  VALUE       VALUE  FROM      YEAR
                                                  NORMAL
..................................................................
TEMPERATURE (F)
 TODAY
  MAXIMUM         64    241 AM  76    2011  48     16       40
  MINIMUM         40    259 PM  -2    1966  27     13        9
  AVERAGE         52                        37     15       25

PRECIPITATION (IN)
  TODAY            0.00          2.07 2013   0.08  -0.08     0.00
  MONTH TO DATE    1.82                      2.40  -0.58     1.03
  SINCE DEC 1      4.07                      5.60  -1.53     4.78
  SINCE JAN 1      1.82                      2.40  -0.58     1.03

SNOWFALL (IN)
  TODAY            0.0          11.0  2010   0.2   -0.2      0.0
  MONTH TO DATE    T                         4.0   -4.0      1.0
  SINCE DEC 1      T                         5.3   -5.3     10.0
  SINCE JUL 1      0.6                       5.8   -5.2     10.0
  SNOW DEPTH       0

DEGREE DAYS
 HEATING
  TODAY           13                        28    -15       40
  MONTH TO DATE  786                       832    -46      936
  SINCE DEC 1   1565                      1667   -102     1814
  SINCE JUL 1   2419                      2431    -12     2627

 COOLING
  TODAY            0                         0      0        0
  MONTH TO DATE    0                         0      0        0
  SINCE DEC 1      0                         0      0        0
  SINCE JAN 1      0                         0      0        0
..................................................................


WIND (MPH)
  HIGHEST WIND SPEED    22   HIGHEST WIND DIRECTION    NW (310)
  HIGHEST GUST SPEED    31   HIGHEST GUST DIRECTION    NW (320)
  AVERAGE WIND SPEED    12.8


SKY COVER
  POSSIBLE SUNSHINE  MM
  AVERAGE SKY COVER 0.4


WEATHER CONDITIONS
 THE FOLLOWING WEATHER WAS RECORDED TODAY.
  NO SIGNIFICANT WEATHER WAS OBSERVED.


RELATIVE HUMIDITY (PERCENT)
 HIGHEST    79          1200 PM
 LOWEST     44           100 AM
 AVERAGE    62

..........................................................


THE HARRISON CLIMATE NORMALS FOR TOMORROW
                         NORMAL    RECORD    YEAR
 MAXIMUM TEMPERATURE (F)   48        75      1917
 MINIMUM TEMPERATURE (F)   27        -1      1966


SUNRISE AND SUNSET
JANUARY 29 2015.......SUNRISE   716 AM CST   SUNSET   536 PM CST
JANUARY 30 2015.......SUNRISE   715 AM CST   SUNSET   537 PM CST


-  INDICATES NEGATIVE NUMBERS.
R  INDICATES RECORD WAS SET OR TIED.
MM INDICATES DATA IS MISSING.
T  INDICATES TRACE AMOUNT.




$$
