000
CDUS44 KLZK 260640
CLIHRO


CLIMATE REPORT
NATIONAL WEATHER SERVICE LITTLE ROCK AR
1239 AM CST SUN FEB 26 2017


...................................

...THE HARRISON CLIMATE SUMMARY FOR FEBRUARY 25 2017...

CLIMATE NORMAL PERIOD 1981 TO 2010
CLIMATE RECORD PERIOD 1891 TO 2017


WEATHER ITEM   OBSERVED TIME   RECORD YEAR NORMAL DEPARTURE LAST
                VALUE   (LST)  VALUE       VALUE  FROM      YEAR
                                                  NORMAL
..................................................................
TEMPERATURE (F)
 YESTERDAY
  MAXIMUM         46    345 PM  83    1917  53     -7       40
  MINIMUM         23    717 AM   9    1967  33    -10       31
  AVERAGE         35                        43     -8       36

PRECIPITATION (IN)
  YESTERDAY        0.00          1.05 1933   0.11  -0.11     0.00
  MONTH TO DATE    1.37                      2.34  -0.97     1.33
  SINCE DEC 1      4.87                      8.10  -3.23    10.72
  SINCE JAN 1      3.55                      4.90  -1.35     2.28

SNOWFALL (IN)
  YESTERDAY        0.0           5.0  1960   0.1   -0.1      0.0
  MONTH TO DATE    0.0                       2.9   -2.9      3.0
  SINCE DEC 1      0.9                       8.4   -7.5      3.7
  SINCE JUL 1      0.9                       8.9   -8.0      3.7
  SNOW DEPTH       0

DEGREE DAYS
 HEATING
  YESTERDAY       30                        22      8       29
  MONTH TO DATE  364                       622   -258      548
  SINCE DEC 1   1914                      2344   -430     1972
  SINCE JUL 1   2364                      3108   -744     2558

 COOLING
  YESTERDAY        0                         0      0        0
  MONTH TO DATE    4                         0      4        0
  SINCE DEC 1      4                         0      4        2
  SINCE JAN 1      4                         0      4        0
..................................................................


WIND (MPH)
  HIGHEST WIND SPEED    21   HIGHEST WIND DIRECTION    NW (320)
  HIGHEST GUST SPEED    30   HIGHEST GUST DIRECTION    NW (310)
  AVERAGE WIND SPEED     8.0


SKY COVER
  POSSIBLE SUNSHINE  MM
  AVERAGE SKY COVER 0.2


WEATHER CONDITIONS
 THE FOLLOWING WEATHER WAS RECORDED YESTERDAY.
  NO SIGNIFICANT WEATHER WAS OBSERVED.


RELATIVE HUMIDITY (PERCENT)
 HIGHEST    74           700 AM
 LOWEST     25           300 PM
 AVERAGE    50

..........................................................


THE HARRISON CLIMATE NORMALS FOR TODAY
                         NORMAL    RECORD    YEAR
 MAXIMUM TEMPERATURE (F)   54        83      1917
 MINIMUM TEMPERATURE (F)   33        10      1934


SUNRISE AND SUNSET
FEBRUARY 26 2017......SUNRISE   646 AM CST   SUNSET   605 PM CST
FEBRUARY 27 2017......SUNRISE   645 AM CST   SUNSET   606 PM CST


-  INDICATES NEGATIVE NUMBERS.
R  INDICATES RECORD WAS SET OR TIED.
MM INDICATES DATA IS MISSING.
T  INDICATES TRACE AMOUNT.




$$
