000
CDUS44 KLZK 050643
CLIHRO


CLIMATE REPORT
NATIONAL WEATHER SERVICE LITTLE ROCK AR
1243 AM CST MON DEC 5 2016


...................................

...THE HARRISON CLIMATE SUMMARY FOR DECEMBER 4 2016...

CLIMATE NORMAL PERIOD 1981 TO 2010
CLIMATE RECORD PERIOD 1891 TO 2016


WEATHER ITEM   OBSERVED TIME   RECORD YEAR NORMAL DEPARTURE LAST
                VALUE   (LST)  VALUE       VALUE  FROM      YEAR
                                                  NORMAL
..................................................................
TEMPERATURE (F)
 YESTERDAY
  MAXIMUM         46    247 PM  74    2001  51     -5       53
  MINIMUM         33   1151 PM   7    1905  31      2       28
  AVERAGE         40                        41     -1       41

PRECIPITATION (IN)
  YESTERDAY        0.01          1.42 1977   0.12  -0.11     0.00
  MONTH TO DATE    0.15                      0.49  -0.34     0.00
  SINCE DEC 1      0.15                      0.49  -0.34     0.00
  SINCE JAN 1     34.24                     41.43  -7.19    54.20

SNOWFALL (IN)
  YESTERDAY       MM             8.0  1902   0.0   MM        0.0
  MONTH TO DATE    0.0                       0.0    0.0      0.0
  SINCE DEC 1      0.0                       0.0    0.0      0.0
  SINCE JUL 1      0.0                       0.5   -0.5       T
  SNOW DEPTH       0

DEGREE DAYS
 HEATING
  YESTERDAY       25                        24      1       24
  MONTH TO DATE   92                        94     -2       95
  SINCE DEC 1     92                        94     -2       95
  SINCE JUL 1    542                       858   -316      681

 COOLING
  YESTERDAY        0                         0      0        0
  MONTH TO DATE    0                         0      0        0
  SINCE DEC 1      0                         0      0        0
  SINCE JAN 1   1647                      1416    231     1464
..................................................................


WIND (MPH)
  HIGHEST WIND SPEED    13   HIGHEST WIND DIRECTION    SE (130)
  HIGHEST GUST SPEED    17   HIGHEST GUST DIRECTION    NW (310)
  AVERAGE WIND SPEED     4.8


SKY COVER
  POSSIBLE SUNSHINE  MM
  AVERAGE SKY COVER 0.8


WEATHER CONDITIONS
 THE FOLLOWING WEATHER WAS RECORDED YESTERDAY.
  LIGHT RAIN
  FOG


RELATIVE HUMIDITY (PERCENT)
 HIGHEST   100          1200 AM
 LOWEST     83           400 PM
 AVERAGE    92

..........................................................


THE HARRISON CLIMATE NORMALS FOR TODAY
                         NORMAL    RECORD    YEAR
 MAXIMUM TEMPERATURE (F)   50        77      1956
 MINIMUM TEMPERATURE (F)   31        11      1911


SUNRISE AND SUNSET
DECEMBER  5 2016......SUNRISE   709 AM CST   SUNSET   458 PM CST
DECEMBER  6 2016......SUNRISE   710 AM CST   SUNSET   458 PM CST


-  INDICATES NEGATIVE NUMBERS.
R  INDICATES RECORD WAS SET OR TIED.
MM INDICATES DATA IS MISSING.
T  INDICATES TRACE AMOUNT.




$$
