000
CDUS44 KLZK 172058
CLIHRO


CLIMATE REPORT
NATIONAL WEATHER SERVICE LITTLE ROCK AR
358 PM CDT WED SEP 17 2014


...................................

...THE HARRISON CLIMATE SUMMARY FOR SEPTEMBER 17 2014...
VALID TODAY AS OF 0300 PM LOCAL TIME.

CLIMATE NORMAL PERIOD 1981 TO 2010
CLIMATE RECORD PERIOD 1891 TO 2014


WEATHER ITEM   OBSERVED TIME   RECORD YEAR NORMAL DEPARTURE LAST
                VALUE   (LST)  VALUE       VALUE  FROM      YEAR
                                                  NORMAL
..................................................................
TEMPERATURE (F)
 TODAY
  MAXIMUM         76   1245 PM  98    1953  80     -4       84
  MINIMUM         64    413 AM  35    1903  57      7       65
  AVERAGE         70                        69      1       75

PRECIPITATION (IN)
  TODAY            1.72          1.98 2011   0.14   1.58     0.01
  MONTH TO DATE    5.14                      2.39   2.75     0.34
  SINCE SEP 1      5.14                      2.39   2.75     0.34
  SINCE JAN 1     31.82                     31.35   0.47    33.16

SNOWFALL (IN)
  TODAY            0.0          MM      MM   0.0    0.0      0.0
  MONTH TO DATE    0.0                       0.0    0.0      0.0
  SINCE SEP 1      0.0                       0.0    0.0      0.0
  SINCE JUL 1      0.0                       0.0    0.0      0.0
  SNOW DEPTH       T

DEGREE DAYS
 HEATING
  TODAY            0                         1     -1        0
  MONTH TO DATE   22                         7     15        0
  SINCE SEP 1     22                         7     15        0
  SINCE JUL 1     23                         8     15        1

 COOLING
  TODAY            5                         5      0       10
  MONTH TO DATE  120                       122     -2      160
  SINCE SEP 1    120                       122     -2      160
  SINCE JAN 1   1250                      1333    -83     1304
..................................................................


WIND (MPH)
  HIGHEST WIND SPEED    25   HIGHEST WIND DIRECTION    NW (310)
  HIGHEST GUST SPEED    39   HIGHEST GUST DIRECTION    NW (310)
  AVERAGE WIND SPEED     7.0


SKY COVER
  POSSIBLE SUNSHINE  MM
  AVERAGE SKY COVER 0.9


WEATHER CONDITIONS
 THE FOLLOWING WEATHER WAS RECORDED TODAY.
  THUNDERSTORM
  HEAVY RAIN
  RAIN
  LIGHT RAIN
  HAIL
  FOG
  FOG W/VISIBILITY <= 1/4 MILE


RELATIVE HUMIDITY (PERCENT)
 HIGHEST   100          1200 AM
 LOWEST     79           100 PM
 AVERAGE    90

..........................................................


THE HARRISON CLIMATE NORMALS FOR TOMORROW
                         NORMAL    RECORD    YEAR
 MAXIMUM TEMPERATURE (F)   80        96      1925
 MINIMUM TEMPERATURE (F)   57        34      1901


SUNRISE AND SUNSET
SEPTEMBER 17 2014.....SUNRISE   657 AM CDT   SUNSET   717 PM CDT
SEPTEMBER 18 2014.....SUNRISE   657 AM CDT   SUNSET   715 PM CDT


-  INDICATES NEGATIVE NUMBERS.
R  INDICATES RECORD WAS SET OR TIED.
MM INDICATES DATA IS MISSING.
T  INDICATES TRACE AMOUNT.




$$
