000
CDUS44 KLZK 180641
CLIHRO


CLIMATE REPORT
NATIONAL WEATHER SERVICE LITTLE ROCK AR
1241 AM CST SUN FEB 18 2018


...................................

...THE HARRISON CLIMATE SUMMARY FOR FEBRUARY 17 2018...

CLIMATE NORMAL PERIOD 1981 TO 2010
CLIMATE RECORD PERIOD 1891 TO 2018


WEATHER ITEM   OBSERVED TIME   RECORD YEAR NORMAL DEPARTURE LAST
                VALUE   (LST)  VALUE       VALUE  FROM      YEAR
                                                  NORMAL
..................................................................
TEMPERATURE (F)
 YESTERDAY
  MAXIMUM         45        MM  77    1913  51     -6       72
  MINIMUM         32        MM  -4    1900  31      1       46
  AVERAGE         39                        41     -2       59

PRECIPITATION (IN)
  YESTERDAY        0.84          2.37 1938   0.10   0.74     0.00
  MONTH TO DATE    0.85                      1.54  -0.69     1.01
  SINCE DEC 1      5.36                      7.30  -1.94     4.51
  SINCE JAN 1      3.48                      4.10  -0.62     3.19

SNOWFALL (IN)
  YESTERDAY        0.0           7.0  1967   0.1   -0.1      0.0
  MONTH TO DATE    0.3                       2.1   -1.8      0.0
  SINCE DEC 1      2.1                       7.6   -5.5      0.9
  SINCE JUL 1      2.1                       8.1   -6.0      0.9
  SNOW DEPTH       0

DEGREE DAYS
 HEATING
  YESTERDAY       26                        24      2        6
  MONTH TO DATE  443                       438      5      299
  SINCE DEC 1   2168                      2160      8     1849
  SINCE JUL 1   2764                      2924   -160     2299

 COOLING
  YESTERDAY        0                         0      0        0
  MONTH TO DATE    5                         0      5        3
  SINCE DEC 1      5                         0      5        3
  SINCE JAN 1      5                         0      5        3
..................................................................


WIND (MPH)
  HIGHEST WIND SPEED    13   HIGHEST WIND DIRECTION     W (290)
  HIGHEST GUST SPEED    17   HIGHEST GUST DIRECTION    NW (300)
  AVERAGE WIND SPEED     6.0


SKY COVER
  POSSIBLE SUNSHINE  MM
  AVERAGE SKY COVER 0.2


WEATHER CONDITIONS
 THE FOLLOWING WEATHER WAS RECORDED YESTERDAY.
  RAIN
  LIGHT RAIN
  FOG
  FOG W/VISIBILITY <= 1/4 MILE


RELATIVE HUMIDITY (PERCENT)
 HIGHEST   100           900 PM
 LOWEST     76           400 PM
 AVERAGE    88

..........................................................


THE HARRISON CLIMATE NORMALS FOR TODAY
                         NORMAL    RECORD    YEAR
 MAXIMUM TEMPERATURE (F)   51        80      1930
 MINIMUM TEMPERATURE (F)   31        -7      1910


SUNRISE AND SUNSET
FEBRUARY 18 2018......SUNRISE   657 AM CST   SUNSET   557 PM CST
FEBRUARY 19 2018......SUNRISE   656 AM CST   SUNSET   558 PM CST


-  INDICATES NEGATIVE NUMBERS.
R  INDICATES RECORD WAS SET OR TIED.
MM INDICATES DATA IS MISSING.
T  INDICATES TRACE AMOUNT.




$$
