805
CDUS44 KLZK 100646
CLIHRO


CLIMATE REPORT
NATIONAL WEATHER SERVICE LITTLE ROCK AR
1240 AM CST WED FEB 10 2016


...................................

...THE HARRISON CLIMATE SUMMARY FOR FEBRUARY 9 2016...

CLIMATE NORMAL PERIOD 1981 TO 2010
CLIMATE RECORD PERIOD 1891 TO 2016


WEATHER ITEM   OBSERVED TIME   RECORD YEAR NORMAL DEPARTURE LAST
                VALUE   (LST)  VALUE       VALUE  FROM      YEAR
                                                  NORMAL
..................................................................
TEMPERATURE (F)
 YESTERDAY
  MAXIMUM         36    345 PM  80    1957  49    -13       53
  MINIMUM         24   1159 PM  -5    1979  29     -5       32
  AVERAGE         30                        39     -9       43

PRECIPITATION (IN)
  YESTERDAY        0.00          1.75 1966   0.10  -0.10     0.00
  MONTH TO DATE    0.24                      0.80  -0.56     0.22
  SINCE DEC 1      9.63                      6.56   3.07     4.29
  SINCE JAN 1      1.19                      3.36  -2.17     2.04

SNOWFALL (IN)
  YESTERDAY        0.0          10.0  2011   0.1   -0.1      0.0
  MONTH TO DATE    T                         1.3   -1.3      0.2
  SINCE DEC 1      0.7                       6.8   -6.1      0.2
  SINCE JUL 1      0.7                       7.3   -6.6      0.8
  SNOW DEPTH       0

DEGREE DAYS
 HEATING
  YESTERDAY       35                        26      9       22
  MONTH TO DATE  227                       239    -12      226
  SINCE DEC 1   1651                      1961   -310     1848
  SINCE JUL 1   2237                      2725   -488     2702

 COOLING
  YESTERDAY        0                         0      0        0
  MONTH TO DATE    0                         0      0        0
  SINCE DEC 1      2                         0      2        0
  SINCE JAN 1      0                         0      0        0
..................................................................


WIND (MPH)
  HIGHEST WIND SPEED    26   HIGHEST WIND DIRECTION    NW (330)
  HIGHEST GUST SPEED    40   HIGHEST GUST DIRECTION    NW (330)
  AVERAGE WIND SPEED    14.7


SKY COVER
  POSSIBLE SUNSHINE  MM
  AVERAGE SKY COVER 0.0


WEATHER CONDITIONS
 THE FOLLOWING WEATHER WAS RECORDED YESTERDAY.
  NO SIGNIFICANT WEATHER WAS OBSERVED.


RELATIVE HUMIDITY (PERCENT)
 HIGHEST    63           600 AM
 LOWEST     29          1100 AM
 AVERAGE    46

..........................................................


THE HARRISON CLIMATE NORMALS FOR TODAY
                         NORMAL    RECORD    YEAR
 MAXIMUM TEMPERATURE (F)   50        79      1922
 MINIMUM TEMPERATURE (F)   29       -17      1929


SUNRISE AND SUNSET
FEBRUARY 10 2016......SUNRISE   706 AM CST   SUNSET   548 PM CST
FEBRUARY 11 2016......SUNRISE   705 AM CST   SUNSET   549 PM CST


-  INDICATES NEGATIVE NUMBERS.
R  INDICATES RECORD WAS SET OR TIED.
MM INDICATES DATA IS MISSING.
T  INDICATES TRACE AMOUNT.




$$
