000
CDUS44 KLZK 230636
CLIHRO


CLIMATE REPORT
NATIONAL WEATHER SERVICE LITTLE ROCK AR
135 AM CDT SUN APR 23 2017


...................................

...THE HARRISON CLIMATE SUMMARY FOR APRIL 22 2017...

CLIMATE NORMAL PERIOD 1981 TO 2010
CLIMATE RECORD PERIOD 1891 TO 2017


WEATHER ITEM   OBSERVED TIME   RECORD YEAR NORMAL DEPARTURE LAST
                VALUE   (LST)  VALUE       VALUE  FROM      YEAR
                                                  NORMAL
..................................................................
TEMPERATURE (F)
 YESTERDAY
  MAXIMUM         49    755 AM  92    1955  71    -22       76
  MINIMUM         45   1233 PM  26    1927  49     -4       52
  AVERAGE         47                        60    -13       64

PRECIPITATION (IN)
  YESTERDAY        0.14          4.45 1996   0.16  -0.02     0.00
  MONTH TO DATE    5.21                      3.01   2.20     0.57
  SINCE MAR 1     10.85                      6.80   4.05     4.36
  SINCE JAN 1     14.43                     12.00   2.43     6.64

SNOWFALL (IN)
  YESTERDAY        0.0          MM      MM   0.0    0.0      0.0
  MONTH TO DATE    0.0                       0.3   -0.3      0.0
  SINCE MAR 1      2.5                       2.3    0.2      0.0
  SINCE JUL 1      3.4                      11.5   -8.1      3.7
  SNOW DEPTH       0

DEGREE DAYS
 HEATING
  YESTERDAY       18                         6     12        1
  MONTH TO DATE  100                       198    -98      144
  SINCE MAR 1    468                       706   -238      507
  SINCE JUL 1   2874                      3878  -1004     3120

 COOLING
  YESTERDAY        0                         1     -1        0
  MONTH TO DATE   34                        22     12        2
  SINCE MAR 1     40                        28     12        7
  SINCE JAN 1     47                        28     19        7
..................................................................


WIND (MPH)
  HIGHEST WIND SPEED    16   HIGHEST WIND DIRECTION     N (10)
  HIGHEST GUST SPEED    22   HIGHEST GUST DIRECTION     N (10)
  AVERAGE WIND SPEED     7.7


SKY COVER
  POSSIBLE SUNSHINE  MM
  AVERAGE SKY COVER 1.0


WEATHER CONDITIONS
 THE FOLLOWING WEATHER WAS RECORDED YESTERDAY.
  LIGHT RAIN
  FOG


RELATIVE HUMIDITY (PERCENT)
 HIGHEST   100           100 AM
 LOWEST     93          1000 AM
 AVERAGE    97

..........................................................


THE HARRISON CLIMATE NORMALS FOR TODAY
                         NORMAL    RECORD    YEAR
 MAXIMUM TEMPERATURE (F)   71        90      1965
                                             1926
 MINIMUM TEMPERATURE (F)   49        25      1951


SUNRISE AND SUNSET
APRIL 23 2017.........SUNRISE   629 AM CDT   SUNSET   754 PM CDT
APRIL 24 2017.........SUNRISE   627 AM CDT   SUNSET   755 PM CDT


-  INDICATES NEGATIVE NUMBERS.
R  INDICATES RECORD WAS SET OR TIED.
MM INDICATES DATA IS MISSING.
T  INDICATES TRACE AMOUNT.




$$
