000
CDUS42 KMHX 300527
CLIHSE


CLIMATE REPORT
NATIONAL WEATHER SERVICE NEWPORT/MOREHEAD CITY NC
127 AM EDT WED JUL 30 2014


...................................

...THE CAPE HATTERAS NC CLIMATE SUMMARY FOR JULY 29 2014...

CLIMATE NORMAL PERIOD 1981 TO 2010
CLIMATE RECORD PERIOD 1874 TO 2014


WEATHER ITEM   OBSERVED TIME   RECORD YEAR NORMAL DEPARTURE LAST
                VALUE   (LST)  VALUE       VALUE  FROM      YEAR
                                                  NORMAL
..................................................................
TEMPERATURE (F)
 YESTERDAY
  MAXIMUM         83    148 PM  90    2011  85     -2       86
                                      1993
  MINIMUM         75   1159 PM  65    1992  74      1       77
  AVERAGE         79                        79      0       82

PRECIPITATION (IN)
  YESTERDAY        T             1.79 2005   0.19  -0.19      T
  MONTH TO DATE    6.50                      4.63   1.87     1.77
  SINCE JUN 1      8.21                      8.66  -0.45     8.13
  SINCE JAN 1     31.00                     29.90   1.10    27.32

SNOWFALL (IN)
  YESTERDAY        0.0
  MONTH TO DATE    0.0
  SINCE NOV 1      5.7
  SINCE JUL 1      0.0
  SNOW DEPTH       0

DEGREE DAYS
 HEATING
  YESTERDAY        0                         0      0        0
  MONTH TO DATE    0                         0      0        0
  SINCE JUN 1      0                         3     -3        0
  SINCE JUL 1      0                         0      0        0

 COOLING
  YESTERDAY       14                        14      0       17
  MONTH TO DATE  409                       403      6      479
  SINCE JUN 1    684                       711    -27      879
  SINCE JAN 1    920                       854     66     1041
..................................................................


WIND (MPH)
  HIGHEST WIND SPEED    13   HIGHEST WIND DIRECTION     E (80)
  HIGHEST GUST SPEED    19   HIGHEST GUST DIRECTION     E (70)
  AVERAGE WIND SPEED     7.2


SKY COVER
  POSSIBLE SUNSHINE  MM
  AVERAGE SKY COVER 0.4


WEATHER CONDITIONS
 THE FOLLOWING WEATHER WAS RECORDED YESTERDAY.
  LIGHT RAIN


RELATIVE HUMIDITY (PERCENT)
 HIGHEST    74           600 AM
 LOWEST     55          1200 AM
 AVERAGE    65

..........................................................


THE CAPE HATTERAS NC CLIMATE NORMALS FOR TODAY
                         NORMAL    RECORD    YEAR
 MAXIMUM TEMPERATURE (F)   85        94      2011
 MINIMUM TEMPERATURE (F)   74        65      1987


SUNRISE AND SUNSET
JULY 30 2014..........SUNRISE   610 AM EDT   SUNSET   807 PM EDT
JULY 31 2014..........SUNRISE   611 AM EDT   SUNSET   807 PM EDT


-  INDICATES NEGATIVE NUMBERS.
R  INDICATES RECORD WAS SET OR TIED.
MM INDICATES DATA IS MISSING.
T  INDICATES TRACE AMOUNT.




$$
