000
CDUS42 KMHX 010531
CLIHSE


CLIMATE REPORT
NATIONAL WEATHER SERVICE NEWPORT/MOREHEAD CITY NC
129 AM EDT WED JUN 1 2016


...................................

...THE CAPE HATTERAS NC CLIMATE SUMMARY FOR MAY 31 2016...

CLIMATE NORMAL PERIOD 1981 TO 2010
CLIMATE RECORD PERIOD 1874 TO 2016


WEATHER ITEM   OBSERVED TIME   RECORD YEAR NORMAL DEPARTURE LAST
                VALUE   (LST)  VALUE       VALUE  FROM      YEAR
                                                  NORMAL
..................................................................
TEMPERATURE (F)
 YESTERDAY
  MAXIMUM         79    347 PM  91    2011  78      1       85
                                      1988
  MINIMUM         68    435 AM  44    1961  65      3       72
  AVERAGE         74                        71      3       79

PRECIPITATION (IN)
  YESTERDAY        0.42          3.39 1933   0.11   0.31     0.00
  MONTH TO DATE   12.66                      3.57   9.09     3.21
  SINCE MAR 1     20.94                     11.98   8.96     7.68
  SINCE JAN 1     34.05                     21.24  12.81    19.63

SNOWFALL (IN)
  YESTERDAY        0.0
  MONTH TO DATE    0.0
  SINCE NOV 1      T
  SINCE JUL 1      T
  SNOW DEPTH       0

DEGREE DAYS
 HEATING
  YESTERDAY        0                         0      0        0
  MONTH TO DATE   21                        49    -28       56
  SINCE MAR 1    387                       660   -273      633
  SINCE JUL 1   1700                      2584   -884     2806

 COOLING
  YESTERDAY        9                         7      2       14
  MONTH TO DATE  154                       115     39      148
  SINCE MAR 1    208                       143     65      165
  SINCE JAN 1    209                       143     66      167
..................................................................


WIND (MPH)
  HIGHEST WIND SPEED    12   HIGHEST WIND DIRECTION    NE (60)
  HIGHEST GUST SPEED    17   HIGHEST GUST DIRECTION    NE (50)
  AVERAGE WIND SPEED     5.7


SKY COVER
  POSSIBLE SUNSHINE  MM
  AVERAGE SKY COVER 0.5


WEATHER CONDITIONS
 THE FOLLOWING WEATHER WAS RECORDED YESTERDAY.
  HEAVY RAIN
  RAIN
  LIGHT RAIN
  FOG


RELATIVE HUMIDITY (PERCENT)
 HIGHEST   100           100 AM
 LOWEST     76           200 PM
 AVERAGE    88

..........................................................


THE CAPE HATTERAS NC CLIMATE NORMALS FOR TODAY
                         NORMAL    RECORD    YEAR
 MAXIMUM TEMPERATURE (F)   78        91      1991
 MINIMUM TEMPERATURE (F)   65        50      1966


SUNRISE AND SUNSET
JUNE  1 2016..........SUNRISE   549 AM EDT   SUNSET   812 PM EDT
JUNE  2 2016..........SUNRISE   549 AM EDT   SUNSET   813 PM EDT


-  INDICATES NEGATIVE NUMBERS.
R  INDICATES RECORD WAS SET OR TIED.
MM INDICATES DATA IS MISSING.
T  INDICATES TRACE AMOUNT.




$$
