000
CDUS42 KMHX 250525
CLIHSE


CLIMATE REPORT
NATIONAL WEATHER SERVICE NEWPORT/MOREHEAD CITY NC
125 AM EDT SUN SEP 25 2016


...................................

...THE CAPE HATTERAS NC CLIMATE SUMMARY FOR SEPTEMBER 24 2016...

CLIMATE NORMAL PERIOD 1981 TO 2010
CLIMATE RECORD PERIOD 1874 TO 2016


WEATHER ITEM   OBSERVED TIME   RECORD YEAR NORMAL DEPARTURE LAST
                VALUE   (LST)  VALUE       VALUE  FROM      YEAR
                                                  NORMAL
..................................................................
TEMPERATURE (F)
 YESTERDAY
  MAXIMUM         85    301 PM  87    1975  78      7       80
                                      1931
  MINIMUM         71    144 AM  48    1983  67      4       72
                                      1967
  AVERAGE         78                        72      6       76

PRECIPITATION (IN)
  YESTERDAY        0.00          3.85 1947   0.19  -0.19     2.03
  MONTH TO DATE    8.69                      5.11   3.58     3.29
  SINCE SEP 1      8.69                      5.11   3.58     3.29
  SINCE JAN 1     60.95                     42.30  18.65    39.99

SNOWFALL (IN)
  YESTERDAY        0.0
  MONTH TO DATE    0.0
  SINCE NOV 1      T
  SINCE JUL 1      0.0
  SNOW DEPTH       0

DEGREE DAYS
 HEATING
  YESTERDAY        0                         0      0        0
  MONTH TO DATE    0                         0      0        0
  SINCE SEP 1      0                         0      0        0
  SINCE JUL 1      0                         0      0        0

 COOLING
  YESTERDAY       13                         8      5       11
  MONTH TO DATE  339                       245     94      304
  SINCE SEP 1    339                       245     94      304
  SINCE JAN 1   1974                      1551    423     1820
..................................................................


WIND (MPH)
  HIGHEST WIND SPEED    10   HIGHEST WIND DIRECTION    NE (50)
  HIGHEST GUST SPEED    18   HIGHEST GUST DIRECTION    NE (60)
  AVERAGE WIND SPEED     5.4


SKY COVER
  POSSIBLE SUNSHINE  MM
  AVERAGE SKY COVER 0.3


WEATHER CONDITIONS
 THE FOLLOWING WEATHER WAS RECORDED YESTERDAY.
  NO SIGNIFICANT WEATHER WAS OBSERVED.


RELATIVE HUMIDITY (PERCENT)
 HIGHEST    93           200 AM
 LOWEST     48           300 PM
 AVERAGE    71

..........................................................


THE CAPE HATTERAS NC CLIMATE NORMALS FOR TODAY
                         NORMAL    RECORD    YEAR
 MAXIMUM TEMPERATURE (F)   78        91      1986
 MINIMUM TEMPERATURE (F)   67        47      1990


SUNRISE AND SUNSET
SEPTEMBER 25 2016.....SUNRISE   653 AM EDT   SUNSET   654 PM EDT
SEPTEMBER 26 2016.....SUNRISE   654 AM EDT   SUNSET   653 PM EDT


-  INDICATES NEGATIVE NUMBERS.
R  INDICATES RECORD WAS SET OR TIED.
MM INDICATES DATA IS MISSING.
T  INDICATES TRACE AMOUNT.




$$
