000
CDUS42 KMHX 280631
CLIHSE


CLIMATE REPORT
NATIONAL WEATHER SERVICE NEWPORT/MOREHEAD CITY NC
130 AM EST WED JAN 28 2015


...................................

...THE CAPE HATTERAS NC CLIMATE SUMMARY FOR JANUARY 27 2015...

CLIMATE NORMAL PERIOD 1981 TO 2010
CLIMATE RECORD PERIOD 1874 TO 2015


WEATHER ITEM   OBSERVED TIME   RECORD YEAR NORMAL DEPARTURE LAST
                VALUE   (LST)  VALUE       VALUE  FROM      YEAR
                                                  NORMAL
..................................................................
TEMPERATURE (F)
 YESTERDAY
  MAXIMUM         43   1228 AM  72    1916  52     -9       59
  MINIMUM         33   1135 AM  19    1940  39     -6       40
  AVERAGE         38                        46     -8       50

PRECIPITATION (IN)
  YESTERDAY        0.03          3.39 1922   0.16  -0.13     0.00
  MONTH TO DATE    4.60                      4.57   0.03     4.20
  SINCE DEC 1      7.05                      8.84  -1.79     8.10
  SINCE JAN 1      4.60                      4.57   0.03     4.20

SNOWFALL (IN)
  YESTERDAY        T
  MONTH TO DATE    T
  SINCE NOV 1      T
  SINCE JUL 1      T
  SNOW DEPTH       0

DEGREE DAYS
 HEATING
  YESTERDAY       27                        20      7       15
  MONTH TO DATE  469                       533    -64      521
  SINCE DEC 1    931                      1022    -91      908
  SINCE JUL 1   1332                      1340     -8     1223

 COOLING
  YESTERDAY        0                         0      0        0
  MONTH TO DATE    2                         0      2        0
  SINCE DEC 1      2                         3     -1        7
  SINCE JAN 1      2                         0      2        0
..................................................................


WIND (MPH)
  HIGHEST WIND SPEED    16   HIGHEST WIND DIRECTION    NW (330)
  HIGHEST GUST SPEED    28   HIGHEST GUST DIRECTION    NW (330)
  AVERAGE WIND SPEED    10.5


SKY COVER
  POSSIBLE SUNSHINE  MM
  AVERAGE SKY COVER 1.0


WEATHER CONDITIONS
 THE FOLLOWING WEATHER WAS RECORDED YESTERDAY.
  LIGHT SNOW
  FOG


RELATIVE HUMIDITY (PERCENT)
 HIGHEST    96          1000 AM
 LOWEST     76          1100 PM
 AVERAGE    86

..........................................................


THE CAPE HATTERAS NC CLIMATE NORMALS FOR TODAY
                         NORMAL    RECORD    YEAR
 MAXIMUM TEMPERATURE (F)   52        71      1974
                                             1972
 MINIMUM TEMPERATURE (F)   39        19      1986
                                             1936


SUNRISE AND SUNSET
JANUARY 28 2015.......SUNRISE   705 AM EST   SUNSET   527 PM EST
JANUARY 29 2015.......SUNRISE   704 AM EST   SUNSET   528 PM EST


-  INDICATES NEGATIVE NUMBERS.
R  INDICATES RECORD WAS SET OR TIED.
MM INDICATES DATA IS MISSING.
T  INDICATES TRACE AMOUNT.




$$
