000
CDUS42 KMHX 250525
CLIHSE


CLIMATE REPORT
NATIONAL WEATHER SERVICE NEWPORT/MOREHEAD CITY NC
125 AM EDT MON MAY 25 2015


...................................

...THE CAPE HATTERAS NC CLIMATE SUMMARY FOR MAY 24 2015...

CLIMATE NORMAL PERIOD 1981 TO 2010
CLIMATE RECORD PERIOD 1874 TO 2015


WEATHER ITEM   OBSERVED TIME   RECORD YEAR NORMAL DEPARTURE LAST
                VALUE   (LST)  VALUE       VALUE  FROM      YEAR
                                                  NORMAL
..................................................................
TEMPERATURE (F)
 YESTERDAY
  MAXIMUM         78    347 PM  87    1992  76      2       73
  MINIMUM         60   1159 PM  47    2002  63     -3       58
                                      1990
  AVERAGE         69                        69      0       66

PRECIPITATION (IN)
  YESTERDAY        0.00          2.25 1979   0.12  -0.12     0.03
  MONTH TO DATE    3.21                      2.78   0.43     1.42
  SINCE MAR 1      7.68                     11.19  -3.51    12.70
  SINCE JAN 1     19.63                     20.45  -0.82    22.79

SNOWFALL (IN)
  YESTERDAY        0.0
  MONTH TO DATE    0.0
  SINCE NOV 1      2.0
  SINCE JUL 1      2.0
  SNOW DEPTH       0

DEGREE DAYS
 HEATING
  YESTERDAY        0                         1     -1        0
  MONTH TO DATE   56                        45     11        9
  SINCE MAR 1    633                       655    -22      701
  SINCE JUL 1   2806                      2579    227     2534

 COOLING
  YESTERDAY        4                         5     -1        1
  MONTH TO DATE   75                        75      0      157
  SINCE MAR 1     92                       103    -11      184
  SINCE JAN 1     94                       103     -9      184
..................................................................


WIND (MPH)
  HIGHEST WIND SPEED    12   HIGHEST WIND DIRECTION    SE (120)
  HIGHEST GUST SPEED    13   HIGHEST GUST DIRECTION    SE (120)
  AVERAGE WIND SPEED     5.8


SKY COVER
  POSSIBLE SUNSHINE  MM
  AVERAGE SKY COVER 0.0


WEATHER CONDITIONS
 THE FOLLOWING WEATHER WAS RECORDED YESTERDAY.
  NO SIGNIFICANT WEATHER WAS OBSERVED.


RELATIVE HUMIDITY (PERCENT)
 HIGHEST    84          1200 AM
 LOWEST     39           400 PM
 AVERAGE    62

..........................................................


THE CAPE HATTERAS NC CLIMATE NORMALS FOR TODAY
                         NORMAL    RECORD    YEAR
 MAXIMUM TEMPERATURE (F)   76        86      1991
                                             1933
 MINIMUM TEMPERATURE (F)   63        45      1967


SUNRISE AND SUNSET
MAY 25 2015...........SUNRISE   552 AM EDT   SUNSET   807 PM EDT
MAY 26 2015...........SUNRISE   552 AM EDT   SUNSET   808 PM EDT


-  INDICATES NEGATIVE NUMBERS.
R  INDICATES RECORD WAS SET OR TIED.
MM INDICATES DATA IS MISSING.
T  INDICATES TRACE AMOUNT.




$$
