000
CDUS43 KGID 250623
CLIHSI


CLIMATE REPORT
NATIONAL WEATHER SERVICE HASTINGS NE
123 AM CDT MON JUL 25 2016


...................................

...THE HASTINGS NE CLIMATE SUMMARY FOR JULY 24 2016...

CLIMATE NORMAL PERIOD 1981 TO 2010
CLIMATE RECORD PERIOD 1894 TO 2016


WEATHER ITEM   OBSERVED TIME   RECORD YEAR NORMAL DEPARTURE LAST
                VALUE   (LST)  VALUE       VALUE  FROM      YEAR
                                                  NORMAL
..................................................................
TEMPERATURE (F)
 YESTERDAY
  MAXIMUM         86    433 PM 116    1936  88     -2       93
  MINIMUM         68   1159 PM  53    1911  67      1       68
  AVERAGE         77                        77      0       81

PRECIPITATION (IN)
  YESTERDAY        0.00          1.93 2015   0.10  -0.10     1.93
  MONTH TO DATE    1.77                      3.02  -1.25     3.75
  SINCE JUN 1      2.52                      6.82  -4.30    11.80
  SINCE JAN 1     14.35                     16.64  -2.29    20.52

SNOWFALL (IN)
  YESTERDAY        0.0                       0.0    0.0      0.0
  MONTH TO DATE    0.0                       0.0    0.0      0.0
  SINCE JUN 1      0.0                       0.0    0.0      0.0
  SINCE JUL 1      0.0                       0.0    0.0      0.0
  SNOW DEPTH       0

DEGREE DAYS
 HEATING
  YESTERDAY        0                         0      0        0
  MONTH TO DATE    3                         0      3        4
  SINCE JUN 1      3                        21    -18        7
  SINCE JUL 1      3                         0      3        4

 COOLING
  YESTERDAY       12                        12      0       16
  MONTH TO DATE  306                       291     15      265
  SINCE JUN 1    657                       516    141      485
  SINCE JAN 1    686                       575    111      516
..................................................................


WIND (MPH)
  HIGHEST WIND SPEED    23   HIGHEST WIND DIRECTION     N (20)
  HIGHEST GUST SPEED    29   HIGHEST GUST DIRECTION     N (20)
  AVERAGE WIND SPEED     9.4


SKY COVER
  AVERAGE SKY COVER 0.1


WEATHER CONDITIONS
 THE FOLLOWING WEATHER WAS RECORDED YESTERDAY.
  HAZE


RELATIVE HUMIDITY (PERCENT)
 HIGHEST    90           500 AM
 LOWEST     40           200 PM
 AVERAGE    65

..........................................................


THE HASTINGS NE CLIMATE NORMALS FOR TODAY
                         NORMAL    RECORD    YEAR
 MAXIMUM TEMPERATURE (F)   88       112      1936
 MINIMUM TEMPERATURE (F)   67        52      1911


SUNRISE AND SUNSET
JULY 25 2016..........SUNRISE   625 AM CDT   SUNSET   855 PM CDT
JULY 26 2016..........SUNRISE   626 AM CDT   SUNSET   854 PM CDT


-  INDICATES NEGATIVE NUMBERS.
R  INDICATES RECORD WAS SET OR TIED.
MM INDICATES DATA IS MISSING.
T  INDICATES TRACE AMOUNT.




$$
