000
CDUS43 KGID 222228
CLIHSI


CLIMATE REPORT
NATIONAL WEATHER SERVICE HASTINGS NE
528 PM CDT MON SEP 22 2014


...................................

...THE HASTINGS NE CLIMATE SUMMARY FOR SEPTEMBER 22 2014...
VALID TODAY AS OF 0500 PM LOCAL TIME.

CLIMATE NORMAL PERIOD 1981 TO 2010
CLIMATE RECORD PERIOD 1894 TO 2014


WEATHER ITEM   OBSERVED TIME   RECORD YEAR NORMAL DEPARTURE LAST
                VALUE   (LST)  VALUE       VALUE  FROM      YEAR
                                                  NORMAL
..................................................................
TEMPERATURE (F)
 TODAY
  MAXIMUM         75    324 PM 100    1937  75      0       82
  MINIMUM         44    459 AM  26    1995  51     -7       56
  AVERAGE         60                        63     -3       69

PRECIPITATION (IN)
  TODAY            0.00          2.30 2004   0.08  -0.08     0.00
  MONTH TO DATE    1.34                      1.94  -0.60     0.68
  SINCE SEP 1      1.34                      1.94  -0.60     0.68
  SINCE JAN 1     26.24                     22.60   3.64    18.74

SNOWFALL (IN)
  TODAY            0.0                       0.0    0.0      0.0
  MONTH TO DATE    0.0                       0.1   -0.1      0.0
  SINCE SEP 1      0.0                       0.1   -0.1      0.0
  SINCE JUL 1      0.0                       0.1   -0.1      0.0
  SNOW DEPTH       0

DEGREE DAYS
 HEATING
  TODAY            5                         4      1        0
  MONTH TO DATE  106                        45     61       15
  SINCE SEP 1    106                        45     61       15
  SINCE JUL 1    112                        51     61       21

 COOLING
  TODAY            0                         2     -2        4
  MONTH TO DATE   62                        95    -33      164
  SINCE SEP 1     62                        95    -33      164
  SINCE JAN 1    982                      1048    -66     1122
..................................................................


WIND (MPH)
  HIGHEST WIND SPEED    14   HIGHEST WIND DIRECTION     S (160)
  HIGHEST GUST SPEED    23   HIGHEST GUST DIRECTION    SE (150)
  AVERAGE WIND SPEED     6.8


SKY COVER
  AVERAGE SKY COVER 0.0


WEATHER CONDITIONS
 THE FOLLOWING WEATHER WAS RECORDED TODAY.
  NO SIGNIFICANT WEATHER WAS OBSERVED.


RELATIVE HUMIDITY (PERCENT)
 HIGHEST    92           500 AM
 LOWEST     35           200 PM
 AVERAGE    64

..........................................................


THE HASTINGS NE CLIMATE NORMALS FOR TOMORROW
                         NORMAL    RECORD    YEAR
 MAXIMUM TEMPERATURE (F)   75        98      1937
 MINIMUM TEMPERATURE (F)   51        31      1983


SUNRISE AND SUNSET
SEPTEMBER 22 2014.....SUNRISE   721 AM CDT   SUNSET   731 PM CDT
SEPTEMBER 23 2014.....SUNRISE   722 AM CDT   SUNSET   729 PM CDT


-  INDICATES NEGATIVE NUMBERS.
R  INDICATES RECORD WAS SET OR TIED.
MM INDICATES DATA IS MISSING.
T  INDICATES TRACE AMOUNT.




$$
