000
CDUS43 KGID 260855
CLIHSI


CLIMATE REPORT
NATIONAL WEATHER SERVICE HASTINGS NE
254 AM CST SUN FEB 26 2017


...................................

...THE HASTINGS NE CLIMATE SUMMARY FOR FEBRUARY 25 2017...

CLIMATE NORMAL PERIOD 1981 TO 2010
CLIMATE RECORD PERIOD 1894 TO 2017


WEATHER ITEM   OBSERVED TIME   RECORD YEAR NORMAL DEPARTURE LAST
                VALUE   (LST)  VALUE       VALUE  FROM      YEAR
                                                  NORMAL
..................................................................
TEMPERATURE (F)
 YESTERDAY
  MAXIMUM         42    455 PM  80    1995  43     -1       39
  MINIMUM         11    741 AM  -5    1914  22    -11       25
  AVERAGE         27                        33     -6       32

PRECIPITATION (IN)
  YESTERDAY        0.00          1.04 1895   0.03  -0.03     0.00
  MONTH TO DATE    0.27                      0.43  -0.16     1.57
  SINCE DEC 1      1.71                      1.45   0.26     4.10
  SINCE JAN 1      1.10                      0.84   0.26     1.92

SNOWFALL (IN)
  YESTERDAY        0.0           5.0  1935   0.1   -0.1      0.0
  MONTH TO DATE    4.3                       5.9   -1.6     16.0
  SINCE DEC 1      9.0                      18.0   -9.0     26.1
  SINCE JUL 1      9.1                      21.8  -12.7     30.3
  SNOW DEPTH       2

DEGREE DAYS
 HEATING
  YESTERDAY       38                        32      6       33
  MONTH TO DATE  649                       887   -238      782
  SINCE DEC 1   2981                      3255   -274     2907
  SINCE JUL 1   3848                      4536   -688     3833

 COOLING
  YESTERDAY        0                         0      0        0
  MONTH TO DATE    0                         0      0        0
  SINCE DEC 1      0                         0      0        0
  SINCE JAN 1      0                         0      0        0
..................................................................


WIND (MPH)
  HIGHEST WIND SPEED    18   HIGHEST WIND DIRECTION     S (200)
  HIGHEST GUST SPEED    23   HIGHEST GUST DIRECTION    SW (210)
  AVERAGE WIND SPEED     8.3


SKY COVER
  AVERAGE SKY COVER 0.1


WEATHER CONDITIONS
 THE FOLLOWING WEATHER WAS RECORDED YESTERDAY.
  NO SIGNIFICANT WEATHER WAS OBSERVED.


RELATIVE HUMIDITY (PERCENT)
 HIGHEST    84           500 AM
 LOWEST     49           500 PM
 AVERAGE    67

..........................................................


THE HASTINGS NE CLIMATE NORMALS FOR TODAY
                         NORMAL    RECORD    YEAR
 MAXIMUM TEMPERATURE (F)   43        74      1986
 MINIMUM TEMPERATURE (F)   23        -8      1934


SUNRISE AND SUNSET
FEBRUARY 26 2017......SUNRISE   712 AM CST   SUNSET   622 PM CST
FEBRUARY 27 2017......SUNRISE   710 AM CST   SUNSET   623 PM CST


-  INDICATES NEGATIVE NUMBERS.
R  INDICATES RECORD WAS SET OR TIED.
MM INDICATES DATA IS MISSING.
T  INDICATES TRACE AMOUNT.




$$
