000
CDUS43 KGID 220644
CLIHSI


CLIMATE REPORT
NATIONAL WEATHER SERVICE HASTINGS NE
141 AM CDT SAT JUL 22 2017


...................................

...THE HASTINGS NE CLIMATE SUMMARY FOR JULY 21 2017...

CLIMATE NORMAL PERIOD 1981 TO 2010
CLIMATE RECORD PERIOD 1894 TO 2017


WEATHER ITEM   OBSERVED TIME   RECORD YEAR NORMAL DEPARTURE LAST
                VALUE   (LST)  VALUE       VALUE  FROM      YEAR
                                                  NORMAL
..................................................................
TEMPERATURE (F)
 YESTERDAY
  MAXIMUM         96    534 PM 107    1934  88      8      100
  MINIMUM         76    629 AM  47    1970  67      9       76
  AVERAGE         86                        78      8       88

PRECIPITATION (IN)
  YESTERDAY        0.00          1.56 2006   0.10  -0.10     0.00
  MONTH TO DATE    3.75                      2.73   1.02     1.77
  SINCE JUN 1      5.54                      6.53  -0.99     2.52
  SINCE JAN 1     17.38                     16.35   1.03    14.35

SNOWFALL (IN)
  YESTERDAY        0.0                       0.0    0.0      0.0
  MONTH TO DATE    0.0                       0.0    0.0      0.0
  SINCE JUN 1      0.0                       0.0    0.0      0.0
  SINCE JUL 1      0.0                       0.0    0.0      0.0
  SNOW DEPTH       0

DEGREE DAYS
 HEATING
  YESTERDAY        0                         0      0        0
  MONTH TO DATE    0                         0      0        3
  SINCE JUN 1      3                        21    -18        3
  SINCE JUL 1      0                         0      0        3

 COOLING
  YESTERDAY       21                        13      8       23
  MONTH TO DATE  308                       255     53      255
  SINCE JUN 1    595                       480    115      606
  SINCE JAN 1    656                       539    117      635
..................................................................


WIND (MPH)
  HIGHEST WIND SPEED    16   HIGHEST WIND DIRECTION     S (200)
  HIGHEST GUST SPEED    22   HIGHEST GUST DIRECTION    SW (210)
  AVERAGE WIND SPEED     8.3


SKY COVER
  AVERAGE SKY COVER 0.0


WEATHER CONDITIONS
 THE FOLLOWING WEATHER WAS RECORDED YESTERDAY.
  NO SIGNIFICANT WEATHER WAS OBSERVED.


RELATIVE HUMIDITY (PERCENT)
 HIGHEST    79          1100 PM
 LOWEST     46           300 PM
 AVERAGE    63

..........................................................


THE HASTINGS NE CLIMATE NORMALS FOR TODAY
                         NORMAL    RECORD    YEAR
 MAXIMUM TEMPERATURE (F)   88       106      1934
 MINIMUM TEMPERATURE (F)   67        48      1970


SUNRISE AND SUNSET
JULY 22 2017..........SUNRISE   622 AM CDT   SUNSET   858 PM CDT
JULY 23 2017..........SUNRISE   623 AM CDT   SUNSET   857 PM CDT


-  INDICATES NEGATIVE NUMBERS.
R  INDICATES RECORD WAS SET OR TIED.
MM INDICATES DATA IS MISSING.
T  INDICATES TRACE AMOUNT.

$$

KELLEY
