000
CDUS44 KHUN 200802
CLIHSV


CLIMATE REPORT
NATIONAL WEATHER SERVICE HUNTSVILLE AL
202 AM CST MON NOV 20 2017


...................................

...THE HUNTSVILLE CLIMATE SUMMARY FOR NOVEMBER 19 2017...

CLIMATE NORMAL PERIOD 1981 TO 2010
CLIMATE RECORD PERIOD 1894 TO 2017


WEATHER ITEM   OBSERVED TIME   RECORD YEAR NORMAL DEPARTURE LAST
                VALUE   (LST)  VALUE       VALUE  FROM      YEAR
                                                  NORMAL
..................................................................
TEMPERATURE (F)
 YESTERDAY
  MAXIMUM         52    316 PM  81    1942  62    -10       68
  MINIMUM         32   1159 PM  21    2014  41     -9       36
                                      1951
  AVERAGE         42                        52    -10       52

PRECIPITATION (IN)
  YESTERDAY        0.00          2.62 1948   0.18  -0.18     0.20
  MONTH TO DATE    0.85                      2.89  -2.04     0.21
  SINCE SEP 1      8.87                     10.20  -1.33     1.45
  SINCE JAN 1     49.08                     46.52   2.56    33.96

SNOWFALL (IN)
  YESTERDAY        0.0
  MONTH TO DATE    0.0
  SINCE SEP 1      0.0
  SINCE JUL 1      0.0
  SNOW DEPTH       0

DEGREE DAYS
 HEATING
  YESTERDAY       23                        14      9       13
  MONTH TO DATE  167                       204    -37       98
  SINCE SEP 1    309                       355    -46      122
  SINCE JUL 1    309                       355    -46      122

 COOLING
  YESTERDAY        0                         0      0        0
  MONTH TO DATE   29                         7     22       28
  SINCE SEP 1    386                       352     34      643
  SINCE JAN 1   2114                      1947    167     2548
..................................................................


WIND (MPH)
  HIGHEST WIND SPEED    18   HIGHEST WIND DIRECTION     N (340)
  HIGHEST GUST SPEED    26   HIGHEST GUST DIRECTION     N (340)
  AVERAGE WIND SPEED     7.8


SKY COVER
  POSSIBLE SUNSHINE  MM
  AVERAGE SKY COVER 0.3


WEATHER CONDITIONS
 THE FOLLOWING WEATHER WAS RECORDED YESTERDAY.
  NO SIGNIFICANT WEATHER WAS OBSERVED.


RELATIVE HUMIDITY (PERCENT)
 HIGHEST    85           700 AM
 LOWEST     41           300 PM
 AVERAGE    63

..........................................................


THE HUNTSVILLE CLIMATE NORMALS FOR TODAY
                         NORMAL    RECORD    YEAR
 MAXIMUM TEMPERATURE (F)   62        79      1942
 MINIMUM TEMPERATURE (F)   41        10      1914


SUNRISE AND SUNSET
NOVEMBER 20 2017......SUNRISE   626 AM CST   SUNSET   439 PM CST
NOVEMBER 21 2017......SUNRISE   627 AM CST   SUNSET   439 PM CST


-  INDICATES NEGATIVE NUMBERS.
R  INDICATES RECORD WAS SET OR TIED.
MM INDICATES DATA IS MISSING.
T  INDICATES TRACE AMOUNT.




$$
