000
CDUS44 KHUN 250701
CLIHSV


CLIMATE REPORT
NATIONAL WEATHER SERVICE HUNTSVILLE AL
201 AM CDT SUN SEP 25 2016


...................................

...THE HUNTSVILLE CLIMATE SUMMARY FOR SEPTEMBER 24 2016...

CLIMATE NORMAL PERIOD 1981 TO 2010
CLIMATE RECORD PERIOD 1894 TO 2016


WEATHER ITEM   OBSERVED TIME   RECORD YEAR NORMAL DEPARTURE LAST
                VALUE   (LST)  VALUE       VALUE  FROM      YEAR
                                                  NORMAL
..................................................................
TEMPERATURE (F)
 YESTERDAY
  MAXIMUM         97R   228 PM  96    1961  82     15       90
                                      1933
                                      1931
  MINIMUM         66    553 AM  41    1983  59      7       65
  AVERAGE         82                        71     11       78

PRECIPITATION (IN)
  YESTERDAY        0.00          3.42 1997   0.13  -0.13     0.00
  MONTH TO DATE    0.47                      2.95  -2.48     0.78
  SINCE SEP 1      0.47                      2.95  -2.48     0.78
  SINCE JAN 1     32.98                     39.27  -6.29    42.46

SNOWFALL (IN)
  YESTERDAY        0.0
  MONTH TO DATE    0.0
  SINCE SEP 1      0.0
  SINCE JUL 1      0.0
  SNOW DEPTH       0

DEGREE DAYS
 HEATING
  YESTERDAY        0                         1     -1        0
  MONTH TO DATE    0                         5     -5        3
  SINCE SEP 1      0                         5     -5        3
  SINCE JUL 1      0                         5     -5        3

 COOLING
  YESTERDAY       17                         6     11       13
  MONTH TO DATE  400                       241    159      259
  SINCE SEP 1    400                       241    159      259
  SINCE JAN 1   2305                      1836    469     2104
..................................................................


WIND (MPH)
  HIGHEST WIND SPEED    14   HIGHEST WIND DIRECTION    NE (30)
  HIGHEST GUST SPEED    19   HIGHEST GUST DIRECTION     N (20)
  AVERAGE WIND SPEED     3.7


SKY COVER
  POSSIBLE SUNSHINE  MM
  AVERAGE SKY COVER 0.1


WEATHER CONDITIONS
 THE FOLLOWING WEATHER WAS RECORDED YESTERDAY.
  NO SIGNIFICANT WEATHER WAS OBSERVED.


RELATIVE HUMIDITY (PERCENT)
 HIGHEST    87           500 AM
 LOWEST     24           200 PM
 AVERAGE    56

..........................................................


THE HUNTSVILLE CLIMATE NORMALS FOR TODAY
                         NORMAL    RECORD    YEAR
 MAXIMUM TEMPERATURE (F)   82       100      1931
 MINIMUM TEMPERATURE (F)   59        39      1943


SUNRISE AND SUNSET
SEPTEMBER 25 2016.....SUNRISE   638 AM CDT   SUNSET   639 PM CDT
SEPTEMBER 26 2016.....SUNRISE   638 AM CDT   SUNSET   637 PM CDT


-  INDICATES NEGATIVE NUMBERS.
R  INDICATES RECORD WAS SET OR TIED.
MM INDICATES DATA IS MISSING.
T  INDICATES TRACE AMOUNT.



$$
