000
CDUS44 KHUN 080801
CLIHSV


CLIMATE REPORT
NATIONAL WEATHER SERVICE HUNTSVILLE AL
200 AM CST THU DEC 8 2016


...................................

...THE HUNTSVILLE CLIMATE SUMMARY FOR DECEMBER 7 2016...

CLIMATE NORMAL PERIOD 1981 TO 2010
CLIMATE RECORD PERIOD 1894 TO 2016


WEATHER ITEM   OBSERVED TIME   RECORD YEAR NORMAL DEPARTURE LAST
                VALUE   (LST)  VALUE       VALUE  FROM      YEAR
                                                  NORMAL
..................................................................
TEMPERATURE (F)
 YESTERDAY
  MAXIMUM         47    106 PM  78    1951  55     -8       63
  MINIMUM         40   1149 PM   7    1937  36      4       39
  AVERAGE         44                        46     -2       51

PRECIPITATION (IN)
  YESTERDAY        0.00          1.23 1957   0.19  -0.19     0.00
  MONTH TO DATE    3.04                      1.36   1.68     1.51
  SINCE DEC 1      3.04                      1.36   1.68     1.51
  SINCE JAN 1     41.57                     49.93  -8.36    55.40

SNOWFALL (IN)
  YESTERDAY        0.0
  MONTH TO DATE    0.0
  SINCE DEC 1      0.0
  SINCE JUL 1      0.0
  SNOW DEPTH       0

DEGREE DAYS
 HEATING
  YESTERDAY       21                        19      2       14
  MONTH TO DATE  119                       130    -11      111
  SINCE DEC 1    119                       130    -11      111
  SINCE JUL 1    383                       657   -274      405

 COOLING
  YESTERDAY        0                         0      0        0
  MONTH TO DATE    0                         0      0        0
  SINCE DEC 1      0                         0      0        0
  SINCE JAN 1   2548                      1949    599     2279
..................................................................


WIND (MPH)
  HIGHEST WIND SPEED    13   HIGHEST WIND DIRECTION     N (20)
  HIGHEST GUST SPEED    15   HIGHEST GUST DIRECTION     N (20)
  AVERAGE WIND SPEED     6.6


SKY COVER
  POSSIBLE SUNSHINE  MM
  AVERAGE SKY COVER 1.0


WEATHER CONDITIONS
 THE FOLLOWING WEATHER WAS RECORDED YESTERDAY.
  NO SIGNIFICANT WEATHER WAS OBSERVED.


RELATIVE HUMIDITY (PERCENT)
 HIGHEST    82           800 AM
 LOWEST     70           500 PM
 AVERAGE    76

..........................................................


THE HUNTSVILLE CLIMATE NORMALS FOR TODAY
                         NORMAL    RECORD    YEAR
 MAXIMUM TEMPERATURE (F)   55        81      1956
 MINIMUM TEMPERATURE (F)   36        14      2006


SUNRISE AND SUNSET
DECEMBER  8 2016......SUNRISE   642 AM CST   SUNSET   436 PM CST
DECEMBER  9 2016......SUNRISE   643 AM CST   SUNSET   436 PM CST


-  INDICATES NEGATIVE NUMBERS.
R  INDICATES RECORD WAS SET OR TIED.
MM INDICATES DATA IS MISSING.
T  INDICATES TRACE AMOUNT.




$$
