000
CDUS44 KHUN 190705
CLIHSV


CLIMATE REPORT
NATIONAL WEATHER SERVICE HUNTSVILLE AL
204 AM CDT SAT APR 19 2014


...................................

...THE HUNTSVILLE CLIMATE SUMMARY FOR APRIL 18 2014...

CLIMATE NORMAL PERIOD 1981 TO 2010
CLIMATE RECORD PERIOD 1894 TO 2014


WEATHER ITEM   OBSERVED TIME   RECORD YEAR NORMAL DEPARTURE LAST
                VALUE   (LST)  VALUE       VALUE  FROM      YEAR
                                                  NORMAL
..................................................................
TEMPERATURE (F)
 YESTERDAY
  MAXIMUM         66    435 PM  90    2006  74     -8       84
  MINIMUM         50   1155 PM  33    1983  51     -1       67
                                      1956
  AVERAGE         58                        62     -4       76

PRECIPITATION (IN)
  YESTERDAY        T             2.18 1922   0.13  -0.13     0.19
  MONTH TO DATE    3.95                      2.57   1.38     1.81
  SINCE MAR 1      6.63                      7.78  -1.15     7.36
  SINCE JAN 1     16.50                     17.51  -1.01    19.24

SNOWFALL (IN)
  YESTERDAY        0.0
  MONTH TO DATE    T
  SINCE MAR 1      T
  SINCE JUL 1      5.2
  SNOW DEPTH       0

DEGREE DAYS
 HEATING
  YESTERDAY        7                         5      2        0
  MONTH TO DATE  120                       115      5      102
  SINCE MAR 1    582                       483     99      638
  SINCE JUL 1   3417                      2935    482     2910

 COOLING
  YESTERDAY        0                         2     -2       11
  MONTH TO DATE   18                        27     -9       50
  SINCE MAR 1     18                        40    -22       50
  SINCE JAN 1     19                        41    -22       56
..................................................................


WIND (MPH)
  HIGHEST WIND SPEED    17   HIGHEST WIND DIRECTION     E (110)
  HIGHEST GUST SPEED    23   HIGHEST GUST DIRECTION     E (110)
  AVERAGE WIND SPEED     5.9


SKY COVER
  POSSIBLE SUNSHINE  MM
  AVERAGE SKY COVER 0.9


WEATHER CONDITIONS
 THE FOLLOWING WEATHER WAS RECORDED YESTERDAY.
  LIGHT RAIN


RELATIVE HUMIDITY (PERCENT)
 HIGHEST    83          1000 PM
 LOWEST     47           700 AM
 AVERAGE    65

..........................................................


THE HUNTSVILLE CLIMATE NORMALS FOR TODAY
                         NORMAL    RECORD    YEAR
 MAXIMUM TEMPERATURE (F)   75        92      1925
 MINIMUM TEMPERATURE (F)   51        28      1983


SUNRISE AND SUNSET
APRIL 19 2014.........SUNRISE   611 AM CDT   SUNSET   722 PM CDT
APRIL 20 2014.........SUNRISE   609 AM CDT   SUNSET   723 PM CDT


-  INDICATES NEGATIVE NUMBERS.
R  INDICATES RECORD WAS SET OR TIED.
MM INDICATES DATA IS MISSING.
T  INDICATES TRACE AMOUNT.




$$
