000
CDUS44 KHUN 250816
CLIHSV


CLIMATE REPORT
NATIONAL WEATHER SERVICE HUNTSVILLE AL
215 AM CST SUN JAN 25 2015


...................................

...THE HUNTSVILLE CLIMATE SUMMARY FOR JANUARY 24 2015...

CLIMATE NORMAL PERIOD 1981 TO 2010
CLIMATE RECORD PERIOD 1894 TO 2015


WEATHER ITEM   OBSERVED TIME   RECORD YEAR NORMAL DEPARTURE LAST
                VALUE   (LST)  VALUE       VALUE  FROM      YEAR
                                                  NORMAL
..................................................................
TEMPERATURE (F)
 YESTERDAY
  MAXIMUM         50    406 PM  75    1972  52     -2       30
                                      1967
                                      1950
  MINIMUM         33   1135 PM  -4    1963  32      1        7
  AVERAGE         42                        42      0       19

PRECIPITATION (IN)
  YESTERDAY        0.04          2.67 1964   0.16  -0.12     0.00
  MONTH TO DATE    3.97                      3.81   0.16     3.30
  SINCE DEC 1      9.70                      9.58   0.12     9.87
  SINCE JAN 1      3.97                      3.81   0.16     3.30

SNOWFALL (IN)
  YESTERDAY        T
  MONTH TO DATE    T
  SINCE DEC 1      T
  SINCE JUL 1      T
  SNOW DEPTH       0

DEGREE DAYS
 HEATING
  YESTERDAY       23                        23      0       46
  MONTH TO DATE  589                       573     16      712
  SINCE DEC 1   1132                      1227    -95     1344
  SINCE JUL 1   1748                      1754     -6     1979

 COOLING
  YESTERDAY        0                         0      0        0
  MONTH TO DATE    0                         0      0        0
  SINCE DEC 1      0                         2     -2        5
  SINCE JAN 1      0                         0      0        0
..................................................................


WIND (MPH)
  HIGHEST WIND SPEED    15   HIGHEST WIND DIRECTION    NW (310)
  HIGHEST GUST SPEED    20   HIGHEST GUST DIRECTION    NW (320)
  AVERAGE WIND SPEED     6.9


SKY COVER
  POSSIBLE SUNSHINE  MM
  AVERAGE SKY COVER 0.4


WEATHER CONDITIONS
 THE FOLLOWING WEATHER WAS RECORDED YESTERDAY.
  LIGHT RAIN
  LIGHT SNOW
  FOG
  HAZE


RELATIVE HUMIDITY (PERCENT)
 HIGHEST    92           200 AM
 LOWEST     50           400 PM
 AVERAGE    71

..........................................................


THE HUNTSVILLE CLIMATE NORMALS FOR TODAY
                         NORMAL    RECORD    YEAR
 MAXIMUM TEMPERATURE (F)   52        77      1950
 MINIMUM TEMPERATURE (F)   32         4      1940


SUNRISE AND SUNSET
JANUARY 25 2015.......SUNRISE   650 AM CST   SUNSET   509 PM CST
JANUARY 26 2015.......SUNRISE   649 AM CST   SUNSET   510 PM CST


-  INDICATES NEGATIVE NUMBERS.
R  INDICATES RECORD WAS SET OR TIED.
MM INDICATES DATA IS MISSING.
T  INDICATES TRACE AMOUNT.




$$
