000
CDUS44 KHUN 280802
CLIHSV


CLIMATE REPORT
NATIONAL WEATHER SERVICE HUNTSVILLE AL
202 AM CST TUE FEB 28 2017


...................................

...THE HUNTSVILLE CLIMATE SUMMARY FOR FEBRUARY 27 2017...

CLIMATE NORMAL PERIOD 1981 TO 2010
CLIMATE RECORD PERIOD 1894 TO 2017


WEATHER ITEM   OBSERVED TIME   RECORD YEAR NORMAL DEPARTURE LAST
                VALUE   (LST)  VALUE       VALUE  FROM      YEAR
                                                  NORMAL
..................................................................
TEMPERATURE (F)
 YESTERDAY
  MAXIMUM         58    528 PM  78    1962  60     -2       61
                                      1954
  MINIMUM         47    929 AM   9    1934  38      9       30
  AVERAGE         53                        49      4       46

PRECIPITATION (IN)
  YESTERDAY        0.20          2.50 1989   0.18   0.02     0.00
  MONTH TO DATE    1.29                      4.66  -3.37     6.38
  SINCE DEC 1     13.60                     15.32  -1.72    20.63
  SINCE JAN 1      7.69                      9.55  -1.86     9.95

SNOWFALL (IN)
  YESTERDAY        0.0
  MONTH TO DATE    0.0
  SINCE DEC 1      T
  SINCE JUL 1      T
  SNOW DEPTH       0

DEGREE DAYS
 HEATING
  YESTERDAY       12                        16     -4       19
  MONTH TO DATE  318                       526   -208      503
  SINCE DEC 1   1299                      1909   -610     1586
  SINCE JUL 1   1563                      2436   -873     1880

 COOLING
  YESTERDAY        0                         0      0        0
  MONTH TO DATE    4                         0      4        1
  SINCE DEC 1      9                         2      7       24
  SINCE JAN 1      5                         0      5        1
..................................................................


WIND (MPH)
  HIGHEST WIND SPEED    21   HIGHEST WIND DIRECTION     E (110)
  HIGHEST GUST SPEED    25   HIGHEST GUST DIRECTION     E (100)
  AVERAGE WIND SPEED     9.4


SKY COVER
  POSSIBLE SUNSHINE  MM
  AVERAGE SKY COVER 0.8


WEATHER CONDITIONS
 THE FOLLOWING WEATHER WAS RECORDED YESTERDAY.
  RAIN
  LIGHT RAIN
  FOG


RELATIVE HUMIDITY (PERCENT)
 HIGHEST    93           900 PM
 LOWEST     38          1200 AM
 AVERAGE    66

..........................................................


THE HUNTSVILLE CLIMATE NORMALS FOR TODAY
                         NORMAL    RECORD    YEAR
 MAXIMUM TEMPERATURE (F)   60        80      1918
 MINIMUM TEMPERATURE (F)   39        15      1935


SUNRISE AND SUNSET
FEBRUARY 28 2017......SUNRISE   617 AM CST   SUNSET   542 PM CST
MARCH  1 2017.........SUNRISE   616 AM CST   SUNSET   543 PM CST


-  INDICATES NEGATIVE NUMBERS.
R  INDICATES RECORD WAS SET OR TIED.
MM INDICATES DATA IS MISSING.
T  INDICATES TRACE AMOUNT.




$$
