000
CDUS43 KAPX 012126
CLIHTL


CLIMATE REPORT
NATIONAL WEATHER SERVICE GAYLORD MI
525 PM EDT SAT OCT 1 2016


...................................

...THE HOUGHTON LAKE MI CLIMATE SUMMARY FOR OCTOBER 1 2016...
VALID TODAY AS OF 0500 PM LOCAL TIME.

CLIMATE NORMAL PERIOD 1981 TO 2010
CLIMATE RECORD PERIOD 1913 TO 2016


WEATHER ITEM   OBSERVED TIME   RECORD YEAR NORMAL DEPARTURE LAST
                VALUE   (LST)  VALUE       VALUE  FROM      YEAR
                                                  NORMAL
..................................................................
TEMPERATURE (F)
 TODAY
  MAXIMUM         63    227 PM  83    1922  62      1       56
  MINIMUM         53    225 AM  19    1947  40     13       35
  AVERAGE         58                        51      7       46

PRECIPITATION (IN)
  TODAY            0.04          0.63 1933   0.10  -0.06     0.00
  MONTH TO DATE    0.04                      0.10  -0.06     0.00
  SINCE SEP 1      2.97                      3.20  -0.23     3.61
  SINCE JAN 1     26.58                     22.32   4.26    20.12

SNOWFALL (IN)
  TODAY            0.0           1.9  1952   0.0             0.0
  MONTH TO DATE    0.0                       0.0             0.0
  SINCE OCT 1      0.0                       0.0             0.0
  SINCE JUL 1      0.0                       0.0             0.0

DEGREE DAYS
 HEATING
  TODAY            7                        14     -7       19
  MONTH TO DATE    7                        14     -7       19
  SINCE SEP 1    131                       268   -137      143
  SINCE JUL 1    164                       395   -231      233

 COOLING
  TODAY            0                         0      0        0
  MONTH TO DATE    0                         0      0        0
  SINCE SEP 1     48                        20     28       73
  SINCE JAN 1    457                       285    172      330
..................................................................


WIND (MPH)
  RESULTANT WIND SPEED   8   RESULTANT WIND DIRECTION   E (70)
  HIGHEST WIND SPEED    15   HIGHEST WIND DIRECTION     E (70)
  HIGHEST GUST SPEED    18   HIGHEST GUST DIRECTION    NE (50)
  AVERAGE WIND SPEED     8.0


SKY COVER
  POSSIBLE SUNSHINE  MM
  AVERAGE SKY COVER 1.0


WEATHER CONDITIONS
 THE FOLLOWING WEATHER WAS RECORDED TODAY.
  LIGHT RAIN
  FOG


RELATIVE HUMIDITY (PERCENT)
 HIGHEST   100           500 AM
 LOWEST     87          1200 PM
 AVERAGE    94

..........................................................


THE HOUGHTON LAKE MI CLIMATE NORMALS FOR TOMORROW
                         NORMAL    RECORD    YEAR
 MAXIMUM TEMPERATURE (F)   62        85      1971
                                             1927
 MINIMUM TEMPERATURE (F)   40        25      1935


SUNRISE AND SUNSET
OCTOBER  1 2016.......SUNRISE   737 AM EDT   SUNSET   719 PM EDT
OCTOBER  2 2016.......SUNRISE   738 AM EDT   SUNSET   717 PM EDT


-  INDICATES NEGATIVE NUMBERS.
R  INDICATES RECORD WAS SET OR TIED.
MM INDICATES DATA IS MISSING.
T  INDICATES TRACE AMOUNT.




$$
