000
CDUS43 KAPX 242239
CLIHTL


CLIMATE REPORT
NATIONAL WEATHER SERVICE GAYLORD MI
539 PM EST MON NOV 24 2014


...................................

...THE HOUGHTON LAKE MI CLIMATE SUMMARY FOR NOVEMBER 24 2014...
VALID TODAY AS OF 0500 PM LOCAL TIME.

CLIMATE NORMAL PERIOD 1981 TO 2010
CLIMATE RECORD PERIOD 1913 TO 2014


WEATHER ITEM   OBSERVED TIME   RECORD YEAR NORMAL DEPARTURE LAST
                VALUE   (LST)  VALUE       VALUE  FROM      YEAR
                                                  NORMAL
..................................................................
TEMPERATURE (F)
 TODAY
  MAXIMUM         47        MM  63    1931  38      9       19
  MINIMUM         43    500 PM -13    1950  25     18       13
  AVERAGE         45                        32     13       16

PRECIPITATION (IN)
  TODAY            0.67R         0.54 2005   0.07   0.60     0.09
  MONTH TO DATE    2.67                      1.88   0.79     3.05
  SINCE SEP 1      9.10                      7.54   1.56     8.29
  SINCE JAN 1     28.98                     26.66   2.32    28.39

SNOWFALL (IN)
  TODAY            0.0          11.9  2005   0.4             1.2
  MONTH TO DATE    7.0                       6.0             2.5
  SINCE OCT 1      7.0                       6.6             2.5
  SINCE JUL 1      7.0                       6.6             2.5

DEGREE DAYS
 HEATING
  TODAY           20                        33    -13       49
  MONTH TO DATE  795                       696     99      688
  SINCE SEP 1   1610                      1547     63     1480
  SINCE JUL 1   1766                      1674     92     1605
..................................................................


WIND (MPH)
  RESULTANT WIND SPEED   5   RESULTANT WIND DIRECTION  SW (210)
  HIGHEST WIND SPEED    18   HIGHEST WIND DIRECTION    SW (240)
  HIGHEST GUST SPEED    30   HIGHEST GUST DIRECTION    SW (240)
  AVERAGE WIND SPEED     8.3


SKY COVER
  POSSIBLE SUNSHINE  MM
  AVERAGE SKY COVER 1.0


WEATHER CONDITIONS
 THE FOLLOWING WEATHER WAS RECORDED TODAY.
  RAIN
  LIGHT RAIN
  FOG


RELATIVE HUMIDITY (PERCENT)
 HIGHEST   100           500 AM
 LOWEST     89           500 PM
 AVERAGE    95

..........................................................


THE HOUGHTON LAKE MI CLIMATE NORMALS FOR TOMORROW
                         NORMAL    RECORD    YEAR
 MAXIMUM TEMPERATURE (F)   38        56      2011
 MINIMUM TEMPERATURE (F)   25       -14      1950


SUNRISE AND SUNSET
NOVEMBER 24 2014......SUNRISE   746 AM EST   SUNSET   504 PM EST
NOVEMBER 25 2014......SUNRISE   747 AM EST   SUNSET   504 PM EST


-  INDICATES NEGATIVE NUMBERS.
R  INDICATES RECORD WAS SET OR TIED.
MM INDICATES DATA IS MISSING.
T  INDICATES TRACE AMOUNT.




$$
