000
CDUS43 KAPX 300527
CLIHTL


CLIMATE REPORT
NATIONAL WEATHER SERVICE GAYLORD MI
127 AM EDT SAT JUL 30 2016


...................................

...THE HOUGHTON LAKE MI CLIMATE SUMMARY FOR JULY 29 2016...

CLIMATE NORMAL PERIOD 1981 TO 2010
CLIMATE RECORD PERIOD 1913 TO 2016


WEATHER ITEM   OBSERVED TIME   RECORD YEAR NORMAL DEPARTURE LAST
                VALUE   (LST)  VALUE       VALUE  FROM      YEAR
                                                  NORMAL
..................................................................
TEMPERATURE (F)
 YESTERDAY
  MAXIMUM         78    204 PM  98    1941  79     -1       86
  MINIMUM         56   1143 PM  33    1928  55      1       68
                                      1925
  AVERAGE         67                        67      0       77

PRECIPITATION (IN)
  YESTERDAY        0.21          0.90 1996   0.10   0.11      T
  MONTH TO DATE    3.02                      2.56   0.46     1.39
  SINCE JUN 1      5.78                      5.66   0.12     4.55
  SINCE JAN 1     19.85                     15.52   4.33    13.17

DEGREE DAYS
 HEATING
  YESTERDAY        0                         1     -1        0
  MONTH TO DATE   27                        41    -14       48
  SINCE JUN 1    132                       165    -33      165
  SINCE JUL 1     27                        41    -14       48

 COOLING
  YESTERDAY        2                         3     -1       12
  MONTH TO DATE  162                       110     52      103
  SINCE JUN 1    206                       169     37      123
  SINCE JAN 1    235                       185     50      148
..................................................................


WIND (MPH)
  HIGHEST WIND SPEED    15   HIGHEST WIND DIRECTION     E (70)
  HIGHEST GUST SPEED    19   HIGHEST GUST DIRECTION     E (80)
  AVERAGE WIND SPEED     6.4




RELATIVE HUMIDITY (PERCENT)
 HIGHEST    97
 LOWEST     47
 AVERAGE    72

..........................................................


THE HOUGHTON LAKE MI CLIMATE NORMALS FOR TODAY
                         NORMAL    RECORD    YEAR
 MAXIMUM TEMPERATURE (F)   79       100      1933
 MINIMUM TEMPERATURE (F)   55        30      1925


SUNRISE AND SUNSET
JULY 30 2016..........SUNRISE   624 AM EDT   SUNSET   905 PM EDT
JULY 31 2016..........SUNRISE   625 AM EDT   SUNSET   904 PM EDT


-  INDICATES NEGATIVE NUMBERS.
R  INDICATES RECORD WAS SET OR TIED.
MM INDICATES DATA IS MISSING.
T  INDICATES TRACE AMOUNT.




$$
