000
CDUS43 KAPX 052232
CLIHTL


CLIMATE REPORT
NATIONAL WEATHER SERVICE GAYLORD MI
532 PM EST FRI FEB 5 2016


...................................

...THE HOUGHTON LAKE MI CLIMATE SUMMARY FOR FEBRUARY 5 2016...
VALID TODAY AS OF 0500 PM LOCAL TIME.

CLIMATE NORMAL PERIOD 1981 TO 2010
CLIMATE RECORD PERIOD 1913 TO 2016


WEATHER ITEM   OBSERVED TIME   RECORD YEAR NORMAL DEPARTURE LAST
                VALUE   (LST)  VALUE       VALUE  FROM      YEAR
                                                  NORMAL
..................................................................
TEMPERATURE (F)
 TODAY
  MAXIMUM         28    418 PM  50    2005  27      1       17
  MINIMUM         14    808 AM -25    1923   9      5      -13
  AVERAGE         21                        18      3        2

PRECIPITATION (IN)
  TODAY            T             0.80 1924   0.03  -0.03      T
  MONTH TO DATE    0.76                      0.18   0.58     0.22
  SINCE DEC 1      6.09                      3.34   2.75     2.84
  SINCE JAN 1      2.52                      1.69   0.83     1.41

SNOWFALL (IN)
  TODAY            T             8.0  1924   0.5              T
  MONTH TO DATE    3.5                       2.5             2.6
  SINCE OCT 1     26.4                      44.6            33.3
  SINCE JUL 1     26.4                      44.6            33.3

DEGREE DAYS
 HEATING
  TODAY           44                        47     -3       63
  MONTH TO DATE  194                       235    -41      283
  SINCE DEC 1   2434                      2964   -530     2996
  SINCE JUL 1   3913                      4847   -934     4999
..................................................................


WIND (MPH)
  RESULTANT WIND SPEED   3   RESULTANT WIND DIRECTION  SW (240)
  HIGHEST WIND SPEED     9   HIGHEST WIND DIRECTION     W (280)
  HIGHEST GUST SPEED    12   HIGHEST GUST DIRECTION     W (280)
  AVERAGE WIND SPEED     4.0


SKY COVER
  POSSIBLE SUNSHINE  MM
  AVERAGE SKY COVER 0.8


WEATHER CONDITIONS
 THE FOLLOWING WEATHER WAS RECORDED TODAY.
  LIGHT SNOW
  FOG


RELATIVE HUMIDITY (PERCENT)
 HIGHEST    96           800 AM
 LOWEST     75           200 PM
 AVERAGE    86

..........................................................


THE HOUGHTON LAKE MI CLIMATE NORMALS FOR TOMORROW
                         NORMAL    RECORD    YEAR
 MAXIMUM TEMPERATURE (F)   27        50      1925
 MINIMUM TEMPERATURE (F)    9       -22      1967


SUNRISE AND SUNSET
FEBRUARY  5 2016......SUNRISE   753 AM EST   SUNSET   553 PM EST
FEBRUARY  6 2016......SUNRISE   752 AM EST   SUNSET   555 PM EST


-  INDICATES NEGATIVE NUMBERS.
R  INDICATES RECORD WAS SET OR TIED.
MM INDICATES DATA IS MISSING.
T  INDICATES TRACE AMOUNT.




$$
