000
CDUS43 KAPX 050527
CLIHTL


CLIMATE REPORT
NATIONAL WEATHER SERVICE GAYLORD MI
126 AM EDT WED AUG 5 2015


...................................

...THE HOUGHTON LAKE MI CLIMATE SUMMARY FOR AUGUST 4 2015...

CLIMATE NORMAL PERIOD 1981 TO 2010
CLIMATE RECORD PERIOD 1913 TO 2015


WEATHER ITEM   OBSERVED TIME   RECORD YEAR NORMAL DEPARTURE LAST
                VALUE   (LST)  VALUE       VALUE  FROM      YEAR
                                                  NORMAL
..................................................................
TEMPERATURE (F)
 YESTERDAY
  MAXIMUM         74    401 PM  96    1947  79     -5       80
  MINIMUM         49    344 AM  31    1920  54     -5       58
  AVERAGE         62                        66     -4       69

PRECIPITATION (IN)
  YESTERDAY        T             1.61 1953   0.11  -0.11     0.07
  MONTH TO DATE    1.05                      0.45   0.60     0.66
  SINCE JUN 1      5.67                      6.31  -0.64     5.95
  SINCE JAN 1     14.29                     16.17  -1.88    18.43

DEGREE DAYS
 HEATING
  YESTERDAY        3                         2      1        0
  MONTH TO DATE    5                         8     -3        1
  SINCE JUN 1    170                       179     -9      179
  SINCE JUL 1     53                        55     -2      105

 COOLING
  YESTERDAY        0                         3     -3        4
  MONTH TO DATE    7                        12     -5        8
  SINCE JUN 1    143                       183    -40      128
  SINCE JAN 1    168                       199    -31      143
..................................................................


WIND (MPH)
  HIGHEST WIND SPEED    16   HIGHEST WIND DIRECTION    NW (310)
  HIGHEST GUST SPEED    23   HIGHEST GUST DIRECTION     W (280)
  AVERAGE WIND SPEED     6.9




RELATIVE HUMIDITY (PERCENT)
 HIGHEST   100
 LOWEST     53
 AVERAGE    77

..........................................................


THE HOUGHTON LAKE MI CLIMATE NORMALS FOR TODAY
                         NORMAL    RECORD    YEAR
 MAXIMUM TEMPERATURE (F)   79       100      1931
 MINIMUM TEMPERATURE (F)   54        37      1942


SUNRISE AND SUNSET
AUGUST  5 2015........SUNRISE   630 AM EDT   SUNSET   859 PM EDT
AUGUST  6 2015........SUNRISE   631 AM EDT   SUNSET   857 PM EDT


-  INDICATES NEGATIVE NUMBERS.
R  INDICATES RECORD WAS SET OR TIED.
MM INDICATES DATA IS MISSING.
T  INDICATES TRACE AMOUNT.




$$
