000
CDUS43 KAPX 290527
CLIHTL


CLIMATE REPORT
NATIONAL WEATHER SERVICE GAYLORD MI
127 AM EDT FRI AUG 29 2014


...................................

...THE HOUGHTON LAKE MI CLIMATE SUMMARY FOR AUGUST 28 2014...

CLIMATE NORMAL PERIOD 1981 TO 2010
CLIMATE RECORD PERIOD 1913 TO 2014


WEATHER ITEM   OBSERVED TIME   RECORD YEAR NORMAL DEPARTURE LAST
                VALUE   (LST)  VALUE       VALUE  FROM      YEAR
                                                  NORMAL
..................................................................
TEMPERATURE (F)
 YESTERDAY
  MAXIMUM         71    542 PM  91    1953  75     -4       87
                                      1948
                                      1926
  MINIMUM         38    614 AM  29    1941  51    -13       61
  AVERAGE         55                        63     -8       74

PRECIPITATION (IN)
  YESTERDAY        0.00          1.66 1978   0.11  -0.11     0.00
  MONTH TO DATE    1.99                      3.09  -1.10     1.35
  SINCE JUN 1      7.28                      8.95  -1.67     3.78
  SINCE JAN 1     19.76                     18.81   0.95    19.72

DEGREE DAYS
 HEATING
  YESTERDAY       10                         4      6        0
  MONTH TO DATE   50                        68    -18       80
  SINCE JUN 1    228                       239    -11      227
  SINCE JUL 1    154                       115     39      125

 COOLING
  YESTERDAY        0                         2     -2        9
  MONTH TO DATE   47                        72    -25       65
  SINCE JUN 1    167                       243    -76      290
  SINCE JAN 1    182                       259    -77      330
..................................................................


WIND (MPH)
  HIGHEST WIND SPEED    10   HIGHEST WIND DIRECTION    SW (230)
  HIGHEST GUST SPEED    14   HIGHEST GUST DIRECTION    SW (220)
  AVERAGE WIND SPEED     3.5




RELATIVE HUMIDITY (PERCENT)
 HIGHEST   100
 LOWEST     44
 AVERAGE    72

..........................................................


THE HOUGHTON LAKE MI CLIMATE NORMALS FOR TODAY
                         NORMAL    RECORD    YEAR
 MAXIMUM TEMPERATURE (F)   75        94      1925
 MINIMUM TEMPERATURE (F)   51        29      1982


SUNRISE AND SUNSET
AUGUST 29 2014........SUNRISE   658 AM EDT   SUNSET   820 PM EDT
AUGUST 30 2014........SUNRISE   659 AM EDT   SUNSET   819 PM EDT


-  INDICATES NEGATIVE NUMBERS.
R  INDICATES RECORD WAS SET OR TIED.
MM INDICATES DATA IS MISSING.
T  INDICATES TRACE AMOUNT.




$$
