000
CDUS43 KAPX 290542
CLIHTL


CLIMATE REPORT
NATIONAL WEATHER SERVICE GAYLORD MI
1241 AM EST MON DEC 29 2014


...................................

...THE HOUGHTON LAKE MI CLIMATE SUMMARY FOR DECEMBER 28 2014...

CLIMATE NORMAL PERIOD 1981 TO 2010
CLIMATE RECORD PERIOD 1913 TO 2014


WEATHER ITEM   OBSERVED TIME   RECORD YEAR NORMAL DEPARTURE LAST
                VALUE   (LST)  VALUE       VALUE  FROM      YEAR
                                                  NORMAL
..................................................................
TEMPERATURE (F)
 YESTERDAY
  MAXIMUM         31    129 PM  57    1984  28      3       42
  MINIMUM         23   1159 PM -18    1924  13     10       32
  AVERAGE         27                        20      7       37

PRECIPITATION (IN)
  YESTERDAY        0.00          1.10 1946   0.05  -0.05     0.00
  MONTH TO DATE    1.43                      1.51  -0.08     2.17
  SINCE DEC 1      1.43                      1.51  -0.08     2.17
  SINCE JAN 1     30.79                     28.61   2.18    30.67

SNOWFALL (IN)
  YESTERDAY        0.0           6.4  1968   0.6   -0.6      0.0
  MONTH TO DATE    6.0                      14.4   -8.4     21.1
  SINCE OCT 1     18.9                      23.5   -4.6     24.9
  SINCE JUL 1     18.9                      23.5   -4.6     24.9
  SNOW DEPTH       T

DEGREE DAYS
 HEATING
  YESTERDAY       38                        45     -7       28
  MONTH TO DATE 1024                      1140   -116     1283
  SINCE DEC 1   1024                      1140   -116     1283
  SINCE JUL 1   3027                      3023      4     3148
..................................................................


WIND (MPH)
  HIGHEST WIND SPEED    17   HIGHEST WIND DIRECTION     W (280)
  HIGHEST GUST SPEED    23   HIGHEST GUST DIRECTION    NW (300)
  AVERAGE WIND SPEED    10.7




RELATIVE HUMIDITY (PERCENT)
 HIGHEST    92
 LOWEST     60
 AVERAGE    76

..........................................................


THE HOUGHTON LAKE MI CLIMATE NORMALS FOR TODAY
                         NORMAL    RECORD    YEAR
 MAXIMUM TEMPERATURE (F)   28        55      1984
 MINIMUM TEMPERATURE (F)   13       -25      1933


SUNRISE AND SUNSET
DECEMBER 29 2014......SUNRISE   814 AM EST   SUNSET   507 PM EST
DECEMBER 30 2014......SUNRISE   815 AM EST   SUNSET   508 PM EST


-  INDICATES NEGATIVE NUMBERS.
R  INDICATES RECORD WAS SET OR TIED.
MM INDICATES DATA IS MISSING.
T  INDICATES TRACE AMOUNT.




$$
