000
CDUS43 KAPX 280540
CLIHTL


CLIMATE REPORT
NATIONAL WEATHER SERVICE GAYLORD MI
138 AM EDT FRI APR 28 2017


...................................

...THE HOUGHTON LAKE MI CLIMATE SUMMARY FOR APRIL 27 2017...

CLIMATE NORMAL PERIOD 1981 TO 2010
CLIMATE RECORD PERIOD 1913 TO 2017


WEATHER ITEM   OBSERVED TIME   RECORD YEAR NORMAL DEPARTURE LAST
                VALUE   (LST)  VALUE       VALUE  FROM      YEAR
                                                  NORMAL
..................................................................
TEMPERATURE (F)
 YESTERDAY
  MAXIMUM         69   1132 AM  84    1990  60      9       59
                                      1986
  MINIMUM         42   1159 PM  18    1940  36      6       28
                                      1919
  AVERAGE         56                        48      8       44

PRECIPITATION (IN)
  YESTERDAY        0.04          1.08 2011   0.08  -0.04     0.00
  MONTH TO DATE    4.56                      2.24   2.32     2.11
  SINCE MAR 1      7.24                      4.08   3.16     6.84
  SINCE JAN 1     12.72                      6.80   5.92     9.96

SNOWFALL (IN)
  YESTERDAY        0.0           0.1  1988   0.0    0.0      0.0
  MONTH TO DATE    T                         3.6   -3.6     11.9
  SINCE OCT 1     76.1                      66.4    9.7     58.4
  SINCE JUL 1     76.1                      66.4    9.7     58.4
  SNOW DEPTH       0

DEGREE DAYS
 HEATING
  YESTERDAY        9                        18     -9       21
  MONTH TO DATE  462                       625   -163      693
  SINCE MAR 1   1559                      1738   -179     1621
  SINCE JUL 1   6409                      7610  -1201     6534

 COOLING
  YESTERDAY        0                         0      0        0
  MONTH TO DATE    1                         0      1        0
  SINCE MAR 1      1                         0      1        0
  SINCE JAN 1      1                         0      1        0
..................................................................


WIND (MPH)
  HIGHEST WIND SPEED    29   HIGHEST WIND DIRECTION     S (190)
  HIGHEST GUST SPEED    38   HIGHEST GUST DIRECTION     S (190)
  AVERAGE WIND SPEED    16.0




RELATIVE HUMIDITY (PERCENT)
 HIGHEST    84
 LOWEST     57
 AVERAGE    71

..........................................................


THE HOUGHTON LAKE MI CLIMATE NORMALS FOR TODAY
                         NORMAL    RECORD    YEAR
 MAXIMUM TEMPERATURE (F)   60        83      1986
 MINIMUM TEMPERATURE (F)   36        16      1947
                                             1946
                                             1917


SUNRISE AND SUNSET
APRIL 28 2017.........SUNRISE   634 AM EDT   SUNSET   840 PM EDT
APRIL 29 2017.........SUNRISE   632 AM EDT   SUNSET   841 PM EDT


-  INDICATES NEGATIVE NUMBERS.
R  INDICATES RECORD WAS SET OR TIED.
MM INDICATES DATA IS MISSING.
T  INDICATES TRACE AMOUNT.




$$
