000
CDUS43 KAPX 172142
CLIHTL


CLIMATE REPORT
NATIONAL WEATHER SERVICE GAYLORD MI
532 PM EDT THU AUG 17 2017


...................................

...THE HOUGHTON LAKE MI CLIMATE SUMMARY FOR AUGUST 17 2017...
VALID TODAY AS OF 0500 PM LOCAL TIME.

CLIMATE NORMAL PERIOD 1981 TO 2010
CLIMATE RECORD PERIOD 1913 TO 2017


WEATHER ITEM   OBSERVED TIME   RECORD YEAR NORMAL DEPARTURE LAST
                VALUE   (LST)  VALUE       VALUE  FROM      YEAR
                                                  NORMAL
..................................................................
TEMPERATURE (F)
 TODAY
  MAXIMUM         77    359 PM  94    1925  77      0       82
  MINIMUM         63    711 AM  34    1924  53     10       61
  AVERAGE         70                        65      5       72

PRECIPITATION (IN)
  TODAY            0.95          1.40 2016   0.12   0.83     1.40
  MONTH TO DATE    2.50                      1.94   0.56     2.32
  SINCE JUN 1      9.49                      7.80   1.69     8.10
  SINCE JAN 1     25.40                     17.66   7.74    22.17

DEGREE DAYS
 HEATING
  TODAY            0                         2     -2        0
  MONTH TO DATE   22                        34    -12        0
  SINCE JUN 1    102                       205   -103      132
  SINCE JUL 1     34                        81    -47       27

 COOLING
  TODAY            5                         2      3        7
  MONTH TO DATE   27                        50    -23      112
  SINCE JUN 1    211                       221    -10      322
  SINCE JAN 1    225                       237    -12      351
..................................................................


WIND (MPH)
  RESULTANT WIND SPEED   8   RESULTANT WIND DIRECTION  SE (140)
  HIGHEST WIND SPEED    14   HIGHEST WIND DIRECTION    SE (120)
  HIGHEST GUST SPEED    20   HIGHEST GUST DIRECTION    SE (120)
  AVERAGE WIND SPEED     8.8


SKY COVER
  POSSIBLE SUNSHINE  MM
  AVERAGE SKY COVER 0.9


WEATHER CONDITIONS
 THE FOLLOWING WEATHER WAS RECORDED TODAY.
  HEAVY RAIN
  RAIN
  LIGHT RAIN
  FOG


RELATIVE HUMIDITY (PERCENT)
 HIGHEST    93           600 AM
 LOWEST     78          1200 AM
 AVERAGE    86

..........................................................


THE HOUGHTON LAKE MI CLIMATE NORMALS FOR TOMORROW
                         NORMAL    RECORD    YEAR
 MAXIMUM TEMPERATURE (F)   77        97      1947
 MINIMUM TEMPERATURE (F)   53        32      1924


SUNRISE AND SUNSET
AUGUST 17 2017........SUNRISE   644 AM EDT   SUNSET   840 PM EDT
AUGUST 18 2017........SUNRISE   646 AM EDT   SUNSET   839 PM EDT


-  INDICATES NEGATIVE NUMBERS.
R  INDICATES RECORD WAS SET OR TIED.
MM INDICATES DATA IS MISSING.
T  INDICATES TRACE AMOUNT.




$$
