000
CDUS43 KAPX 070528
CLIHTL


CLIMATE REPORT
NATIONAL WEATHER SERVICE GAYLORD MI
1228 AM EST WED DEC 7 2016


...................................

...THE HOUGHTON LAKE MI CLIMATE SUMMARY FOR DECEMBER 6 2016...

CLIMATE NORMAL PERIOD 1981 TO 2010
CLIMATE RECORD PERIOD 1913 TO 2016


WEATHER ITEM   OBSERVED TIME   RECORD YEAR NORMAL DEPARTURE LAST
                VALUE   (LST)  VALUE       VALUE  FROM      YEAR
                                                  NORMAL
..................................................................
TEMPERATURE (F)
 YESTERDAY
  MAXIMUM         39    203 PM  57    2001  33      6       40
  MINIMUM         28    623 AM -16    1926  21      7       28
  AVERAGE         34                        27      7       34

PRECIPITATION (IN)
  YESTERDAY        0.00          0.68 1998   0.06  -0.06     0.00
  MONTH TO DATE    0.24                      0.38  -0.14     0.09
  SINCE DEC 1      0.24                      0.38  -0.14     0.09
  SINCE JAN 1     31.29                     27.48   3.81    24.65

SNOWFALL (IN)
  YESTERDAY        0.0           5.0  1925   0.5   -0.5      0.0
  MONTH TO DATE    2.6                       3.0   -0.4       T
  SINCE OCT 1     13.6                      12.1    1.5      2.2
  SINCE JUL 1     13.6                      12.1    1.5      2.2
  SNOW DEPTH       2

DEGREE DAYS
 HEATING
  YESTERDAY       31                        38     -7       31
  MONTH TO DATE  183                       223    -40      175
  SINCE DEC 1    183                       223    -40      175
  SINCE JUL 1   1503                      2106   -603     1654
..................................................................


WIND (MPH)
  HIGHEST WIND SPEED    24   HIGHEST WIND DIRECTION     W (250)
  HIGHEST GUST SPEED    35   HIGHEST GUST DIRECTION    SW (240)
  AVERAGE WIND SPEED     8.7




RELATIVE HUMIDITY (PERCENT)
 HIGHEST   100
 LOWEST     75
 AVERAGE    88

..........................................................


THE HOUGHTON LAKE MI CLIMATE NORMALS FOR TODAY
                         NORMAL    RECORD    YEAR
 MAXIMUM TEMPERATURE (F)   33        55      1946
 MINIMUM TEMPERATURE (F)   20        -8      1936


SUNRISE AND SUNSET
DECEMBER  7 2016......SUNRISE   801 AM EST   SUNSET   459 PM EST
DECEMBER  8 2016......SUNRISE   802 AM EST   SUNSET   459 PM EST


-  INDICATES NEGATIVE NUMBERS.
R  INDICATES RECORD WAS SET OR TIED.
MM INDICATES DATA IS MISSING.
T  INDICATES TRACE AMOUNT.




$$
