000
CDUS43 KAPX 120530
CLIHTL


CLIMATE REPORT
NATIONAL WEATHER SERVICE GAYLORD MI
129 AM EDT SAT JUL 12 2014


...................................

...THE HOUGHTON LAKE MI CLIMATE SUMMARY FOR JULY 11 2014...

CLIMATE NORMAL PERIOD 1981 TO 2010
CLIMATE RECORD PERIOD 1913 TO 2014


WEATHER ITEM   OBSERVED TIME   RECORD YEAR NORMAL DEPARTURE LAST
                VALUE   (LST)  VALUE       VALUE  FROM      YEAR
                                                  NORMAL
..................................................................
TEMPERATURE (F)
 YESTERDAY
  MAXIMUM         80    439 PM 105    1936  80      0       79
  MINIMUM         43    514 AM  26    1919  55    -12       50
  AVERAGE         62                        67     -5       65

PRECIPITATION (IN)
  YESTERDAY        0.00          0.85 1940   0.09  -0.09     0.00
  MONTH TO DATE    0.21                      0.92  -0.71     0.47
  SINCE JUN 1      2.83                      4.02  -1.19     1.76
  SINCE JAN 1     15.31                     13.88   1.43    17.70

DEGREE DAYS
 HEATING
  YESTERDAY        3                         2      1        0
  MONTH TO DATE   33                        22     11        5
  SINCE JUN 1    107                       146    -39      107
  SINCE JUL 1     33                        22     11        5

 COOLING
  YESTERDAY        0                         4     -4        0
  MONTH TO DATE   20                        41    -21       49
  SINCE JUN 1     93                       100     -7      128
  SINCE JAN 1    108                       116     -8      168
..................................................................


WIND (MPH)
  HIGHEST WIND SPEED    12   HIGHEST WIND DIRECTION     S (170)
  HIGHEST GUST SPEED    15   HIGHEST GUST DIRECTION     S (180)
  AVERAGE WIND SPEED     5.6




RELATIVE HUMIDITY (PERCENT)
 HIGHEST    96
 LOWEST     42
 AVERAGE    69

..........................................................


THE HOUGHTON LAKE MI CLIMATE NORMALS FOR TODAY
                         NORMAL    RECORD    YEAR
 MAXIMUM TEMPERATURE (F)   80       104      1936
 MINIMUM TEMPERATURE (F)   55        31      1926


SUNRISE AND SUNSET
JULY 12 2014..........SUNRISE   606 AM EDT   SUNSET   922 PM EDT
JULY 13 2014..........SUNRISE   607 AM EDT   SUNSET   922 PM EDT


-  INDICATES NEGATIVE NUMBERS.
R  INDICATES RECORD WAS SET OR TIED.
MM INDICATES DATA IS MISSING.
T  INDICATES TRACE AMOUNT.




$$
