000
CDUS43 KAPX 240528
CLIHTL


CLIMATE REPORT
NATIONAL WEATHER SERVICE GAYLORD MI
127 AM EDT FRI MAR 24 2017


...................................

...THE HOUGHTON LAKE MI CLIMATE SUMMARY FOR MARCH 23 2017...

CLIMATE NORMAL PERIOD 1981 TO 2010
CLIMATE RECORD PERIOD 1913 TO 2017


WEATHER ITEM   OBSERVED TIME   RECORD YEAR NORMAL DEPARTURE LAST
                VALUE   (LST)  VALUE       VALUE  FROM      YEAR
                                                  NORMAL
..................................................................
TEMPERATURE (F)
 YESTERDAY
  MAXIMUM         41    256 PM  75    1938  43     -2       37
  MINIMUM         16   1249 AM -12    1940  21     -5       25
  AVERAGE         29                        32     -3       31

PRECIPITATION (IN)
  YESTERDAY        T             0.78 1938   0.06  -0.06     0.39
  MONTH TO DATE    1.19                      1.30  -0.11     2.34
  SINCE MAR 1      1.19                      1.30  -0.11     2.34
  SINCE JAN 1      6.67                      4.02   2.65     5.46

SNOWFALL (IN)
  YESTERDAY        0.0           6.4  2011   0.2   -0.2      4.0
  MONTH TO DATE    9.4                       6.6    2.8      9.8
  SINCE OCT 1     75.8                      61.1   14.7     43.2
  SINCE JUL 1     75.8                      61.1   14.7     43.2
  SNOW DEPTH       0

DEGREE DAYS
 HEATING
  YESTERDAY       36                        33      3       34
  MONTH TO DATE  886                       865     21      709
  SINCE MAR 1    886                       865     21      709
  SINCE JUL 1   5736                      6737  -1001     5622

 COOLING
  YESTERDAY        0                         0      0        0
  MONTH TO DATE    0                         0      0        0
  SINCE MAR 1      0                         0      0        0
  SINCE JAN 1      0                         0      0        0
..................................................................


WIND (MPH)
  HIGHEST WIND SPEED    17   HIGHEST WIND DIRECTION     S (160)
  HIGHEST GUST SPEED    24   HIGHEST GUST DIRECTION     S (160)
  AVERAGE WIND SPEED     8.4




RELATIVE HUMIDITY (PERCENT)
 HIGHEST    84
 LOWEST     29
 AVERAGE    57

..........................................................


THE HOUGHTON LAKE MI CLIMATE NORMALS FOR TODAY
                         NORMAL    RECORD    YEAR
 MAXIMUM TEMPERATURE (F)   43        69      1939
 MINIMUM TEMPERATURE (F)   22       -14      1940


SUNRISE AND SUNSET
MARCH 24 2017.........SUNRISE   734 AM EDT   SUNSET   756 PM EDT
MARCH 25 2017.........SUNRISE   732 AM EDT   SUNSET   758 PM EDT


-  INDICATES NEGATIVE NUMBERS.
R  INDICATES RECORD WAS SET OR TIED.
MM INDICATES DATA IS MISSING.
T  INDICATES TRACE AMOUNT.




$$
