000
CDUS43 KAPX 250528
CLIHTL


CLIMATE REPORT
NATIONAL WEATHER SERVICE GAYLORD MI
127 AM EDT WED MAY 25 2016


...................................

...THE HOUGHTON LAKE MI CLIMATE SUMMARY FOR MAY 24 2016...

CLIMATE NORMAL PERIOD 1981 TO 2010
CLIMATE RECORD PERIOD 1913 TO 2016


WEATHER ITEM   OBSERVED TIME   RECORD YEAR NORMAL DEPARTURE LAST
                VALUE   (LST)  VALUE       VALUE  FROM      YEAR
                                                  NORMAL
..................................................................
TEMPERATURE (F)
 YESTERDAY
  MAXIMUM         84    341 PM  87    2010  69     15       76
                                      1972
                                      1933
  MINIMUM         44    232 AM  21    1956  44      0       42
  AVERAGE         64                        56      8       59

PRECIPITATION (IN)
  YESTERDAY        T             0.38 2015   0.10  -0.10     0.38
  MONTH TO DATE    1.22                      2.13  -0.91     2.04
  SINCE MAR 1      8.09                      6.45   1.64     4.77
  SINCE JAN 1     11.21                      9.17   2.04     6.58

DEGREE DAYS
 HEATING
  YESTERDAY        1                         9     -8        6
  MONTH TO DATE  307                       300      7      233
  SINCE MAR 1   1990                      2089    -99     2087
  SINCE JUL 1   6903                      7961  -1058     8454

 COOLING
  YESTERDAY        0                         1     -1        0
  MONTH TO DATE    0                         5     -5       10
  SINCE MAR 1      0                         7     -7       10
  SINCE JAN 1      0                         7     -7       10
..................................................................


WIND (MPH)
  HIGHEST WIND SPEED    16   HIGHEST WIND DIRECTION    SW (240)
  HIGHEST GUST SPEED    23   HIGHEST GUST DIRECTION    SW (240)
  AVERAGE WIND SPEED     7.0




RELATIVE HUMIDITY (PERCENT)
 HIGHEST    93
 LOWEST     25
 AVERAGE    59

..........................................................


THE HOUGHTON LAKE MI CLIMATE NORMALS FOR TODAY
                         NORMAL    RECORD    YEAR
 MAXIMUM TEMPERATURE (F)   69        87      1933
 MINIMUM TEMPERATURE (F)   44        23      1949


SUNRISE AND SUNSET
MAY 25 2016...........SUNRISE   602 AM EDT   SUNSET   910 PM EDT
MAY 26 2016...........SUNRISE   601 AM EDT   SUNSET   911 PM EDT


-  INDICATES NEGATIVE NUMBERS.
R  INDICATES RECORD WAS SET OR TIED.
MM INDICATES DATA IS MISSING.
T  INDICATES TRACE AMOUNT.




$$
