651
CDUS43 KAPX 280528
CLIHTL


CLIMATE REPORT
NATIONAL WEATHER SERVICE GAYLORD MI
127 AM EDT WED JUN 28 2017


...................................

...THE HOUGHTON LAKE MI CLIMATE SUMMARY FOR JUNE 27 2017...

CLIMATE NORMAL PERIOD 1981 TO 2010
CLIMATE RECORD PERIOD 1913 TO 2017


WEATHER ITEM   OBSERVED TIME   RECORD YEAR NORMAL DEPARTURE LAST
                VALUE   (LST)  VALUE       VALUE  FROM      YEAR
                                                  NORMAL
..................................................................
TEMPERATURE (F)
 YESTERDAY
  MAXIMUM         70    523 PM 100    1933  79     -9       79
  MINIMUM         48    523 AM  33    1926  53     -5       54
  AVERAGE         59                        66     -7       67

PRECIPITATION (IN)
  YESTERDAY        0.01          1.01 1995   0.10  -0.09     0.00
  MONTH TO DATE    4.57                      2.81   1.76     2.76
  SINCE JUN 1      4.57                      2.81   1.76     2.76
  SINCE JAN 1     20.48                     12.67   7.81    16.83

DEGREE DAYS
 HEATING
  YESTERDAY        6                         2      4        0
  MONTH TO DATE   64                       117    -53       92
  SINCE JUN 1     64                       117    -53       92
  SINCE JUL 1   6896                      8136  -1240     6996

 COOLING
  YESTERDAY        0                         3     -3        2
  MONTH TO DATE   73                        50     23       44
  SINCE JUN 1     73                        50     23       44
  SINCE JAN 1     87                        66     21       73
..................................................................


WIND (MPH)
  HIGHEST WIND SPEED    20   HIGHEST WIND DIRECTION     W (280)
  HIGHEST GUST SPEED    24   HIGHEST GUST DIRECTION     W (290)
  AVERAGE WIND SPEED     7.8




RELATIVE HUMIDITY (PERCENT)
 HIGHEST    93
 LOWEST     37
 AVERAGE    65

..........................................................


THE HOUGHTON LAKE MI CLIMATE NORMALS FOR TODAY
                         NORMAL    RECORD    YEAR
 MAXIMUM TEMPERATURE (F)   79        96      1934
 MINIMUM TEMPERATURE (F)   53        29      1919


SUNRISE AND SUNSET
JUNE 28 2017..........SUNRISE   557 AM EDT   SUNSET   927 PM EDT
JUNE 29 2017..........SUNRISE   557 AM EDT   SUNSET   927 PM EDT


-  INDICATES NEGATIVE NUMBERS.
R  INDICATES RECORD WAS SET OR TIED.
MM INDICATES DATA IS MISSING.
T  INDICATES TRACE AMOUNT.




$$
