000
CDUS43 KAPX 190527
CLIHTL


CLIMATE REPORT
NATIONAL WEATHER SERVICE GAYLORD MI
127 AM EDT FRI SEP 19 2014


...................................

...THE HOUGHTON LAKE MI CLIMATE SUMMARY FOR SEPTEMBER 18 2014...

CLIMATE NORMAL PERIOD 1981 TO 2010
CLIMATE RECORD PERIOD 1913 TO 2014


WEATHER ITEM   OBSERVED TIME   RECORD YEAR NORMAL DEPARTURE LAST
                VALUE   (LST)  VALUE       VALUE  FROM      YEAR
                                                  NORMAL
..................................................................
TEMPERATURE (F)
 YESTERDAY
  MAXIMUM         60    421 PM  87    1955  68     -8       74
  MINIMUM         41   1051 PM  28    1932  45     -4       37
                                      1929
                                      1928
  AVERAGE         51                        56     -5       56

PRECIPITATION (IN)
  YESTERDAY        0.00          0.83 1985   0.10  -0.10     0.00
                                      1983
  MONTH TO DATE    2.63                      1.84   0.79     0.52
  SINCE SEP 1      2.63                      1.84   0.79     0.52
  SINCE JAN 1     22.51                     20.96   1.55    20.62

DEGREE DAYS
 HEATING
  YESTERDAY       14                         9      5        9
  MONTH TO DATE  150                       117     33      129
  SINCE SEP 1    150                       117     33      129
  SINCE JUL 1    306                       244     62      254

 COOLING
  YESTERDAY        0                         1     -1        0
  MONTH TO DATE   15                        18     -3       30
  SINCE SEP 1     15                        18     -3       30
  SINCE JAN 1    210                       283    -73      376
..................................................................


WIND (MPH)
  HIGHEST WIND SPEED    13   HIGHEST WIND DIRECTION     E (70)
  HIGHEST GUST SPEED    17   HIGHEST GUST DIRECTION     E (70)
  AVERAGE WIND SPEED     5.7




RELATIVE HUMIDITY (PERCENT)
 HIGHEST   100
 LOWEST     53
 AVERAGE    77

..........................................................


THE HOUGHTON LAKE MI CLIMATE NORMALS FOR TODAY
                         NORMAL    RECORD    YEAR
 MAXIMUM TEMPERATURE (F)   68        88      1932
 MINIMUM TEMPERATURE (F)   44        20      1929


SUNRISE AND SUNSET
SEPTEMBER 19 2014.....SUNRISE   722 AM EDT   SUNSET   742 PM EDT
SEPTEMBER 20 2014.....SUNRISE   723 AM EDT   SUNSET   740 PM EDT


-  INDICATES NEGATIVE NUMBERS.
R  INDICATES RECORD WAS SET OR TIED.
MM INDICATES DATA IS MISSING.
T  INDICATES TRACE AMOUNT.




$$
