655
CDUS41 KRLX 222224
CLIHTS


CLIMATE REPORT
NATIONAL WEATHER SERVICE CHARLESTON WV
523 PM EST SUN JAN 22 2017


...................................

...THE HUNTINGTON WV CLIMATE SUMMARY FOR JANUARY 22 2017...
VALID TODAY AS OF 0500 PM LOCAL TIME.

CLIMATE NORMAL PERIOD 1981 TO 2010
CLIMATE RECORD PERIOD 1897 TO 2017


WEATHER ITEM   OBSERVED TIME   RECORD YEAR NORMAL DEPARTURE LAST
                VALUE   (LST)  VALUE       VALUE  FROM      YEAR
                                                  NORMAL
..................................................................
TEMPERATURE (F)
 TODAY
  MAXIMUM         60    359 PM  76    1999  42     18       23
  MINIMUM         45    758 AM  -9    1984  25     20       20
  AVERAGE         53                        34     19       22

PRECIPITATION (IN)
  TODAY            T             1.78 1926   0.09  -0.09     1.07
  MONTH TO DATE    3.20                      2.09   1.11     1.83
  SINCE DEC 1      7.21                      5.40   1.81     8.24
  SINCE JAN 1      3.20                      2.09   1.11     1.83

DEGREE DAYS
 HEATING
  TODAY           12                        31    -19       43
  MONTH TO DATE  496                       688   -192      781
  SINCE DEC 1   1305                      1556   -251     1301
  SINCE JUL 1   1903                      2443   -540     2021

 COOLING
  TODAY            0                         0      0        0
  MONTH TO DATE    0                         0      0        0
  SINCE DEC 1      0                         1     -1        0
  SINCE JAN 1      0                         0      0        0
..................................................................


WIND (MPH)
  HIGHEST WIND SPEED    10   HIGHEST WIND DIRECTION    NE (50)
  HIGHEST GUST SPEED    12   HIGHEST GUST DIRECTION    NE (30)
  AVERAGE WIND SPEED     4.3


SKY COVER
  POSSIBLE SUNSHINE  MM
  AVERAGE SKY COVER 0.5


WEATHER CONDITIONS
 THE FOLLOWING WEATHER WAS RECORDED TODAY.
  FOG
  FOG W/VISIBILITY <= 1/4 MILE


RELATIVE HUMIDITY (PERCENT)
 HIGHEST   100           700 AM
 LOWEST     69           400 PM
 AVERAGE    85

..........................................................


THE HUNTINGTON WV CLIMATE NORMALS FOR TOMORROW
                         NORMAL    RECORD    YEAR
 MAXIMUM TEMPERATURE (F)   42        71      1909
 MINIMUM TEMPERATURE (F)   25       -12      1936


SUNRISE AND SUNSET
JANUARY 22 2017.......SUNRISE   742 AM EST   SUNSET   542 PM EST
JANUARY 23 2017.......SUNRISE   742 AM EST   SUNSET   543 PM EST


-  INDICATES NEGATIVE NUMBERS.
R  INDICATES RECORD WAS SET OR TIED.
MM INDICATES DATA IS MISSING.
T  INDICATES TRACE AMOUNT.




$$
