000
CDUS41 KRLX 212216
CLIHTS


CLIMATE REPORT
NATIONAL WEATHER SERVICE CHARLESTON WV
516 PM EST TUE NOV 21 2017


...................................

...THE HUNTINGTON WV CLIMATE SUMMARY FOR NOVEMBER 21 2017...
VALID TODAY AS OF 0500 PM LOCAL TIME.

CLIMATE NORMAL PERIOD 1981 TO 2010
CLIMATE RECORD PERIOD 1897 TO 2017


WEATHER ITEM   OBSERVED TIME   RECORD YEAR NORMAL DEPARTURE LAST
                VALUE   (LST)  VALUE       VALUE  FROM      YEAR
                                                  NORMAL
..................................................................
TEMPERATURE (F)
 TODAY
  MAXIMUM         63    359 PM  78    1934  54      9       45
  MINIMUM         29   1253 AM  14    1951  35     -6       28
  AVERAGE         46                        45      1       37

PRECIPITATION (IN)
  TODAY            0.00          0.84 1952   0.12  -0.12     0.00
  MONTH TO DATE    2.21                      2.38  -0.17     0.68
  SINCE SEP 1      9.72                      7.97   1.75     4.80
  SINCE JAN 1     43.13                     38.22   4.91    40.89

DEGREE DAYS
 HEATING
  TODAY           19                        20     -1       28
  MONTH TO DATE  349                       350     -1      284
  SINCE SEP 1    594                       687    -93      430
  SINCE JUL 1    594                       689    -95      430

 COOLING
  TODAY            0                         0      0        0
  MONTH TO DATE    3                         0      3        7
  SINCE SEP 1    189                       155     34      339
  SINCE JAN 1   1191                      1132     59     1589
..................................................................


WIND (MPH)
  HIGHEST WIND SPEED    21   HIGHEST WIND DIRECTION    SW (210)
  HIGHEST GUST SPEED    31   HIGHEST GUST DIRECTION    SW (220)
  AVERAGE WIND SPEED     7.5


SKY COVER
  POSSIBLE SUNSHINE  MM
  AVERAGE SKY COVER 0.0


WEATHER CONDITIONS
 THE FOLLOWING WEATHER WAS RECORDED TODAY.
  NO SIGNIFICANT WEATHER WAS OBSERVED.


RELATIVE HUMIDITY (PERCENT)
 HIGHEST    78           100 AM
 LOWEST     39           200 PM
 AVERAGE    59

..........................................................


THE HUNTINGTON WV CLIMATE NORMALS FOR TOMORROW
                         NORMAL    RECORD    YEAR
 MAXIMUM TEMPERATURE (F)   54        79      1931
 MINIMUM TEMPERATURE (F)   35         8      1964


SUNRISE AND SUNSET
NOVEMBER 21 2017......SUNRISE   718 AM EST   SUNSET   514 PM EST
NOVEMBER 22 2017......SUNRISE   719 AM EST   SUNSET   513 PM EST


-  INDICATES NEGATIVE NUMBERS.
R  INDICATES RECORD WAS SET OR TIED.
MM INDICATES DATA IS MISSING.
T  INDICATES TRACE AMOUNT.




$$
