000
CDUS41 KRLX 010817
CLIHTS


CLIMATE REPORT
NATIONAL WEATHER SERVICE CHARLESTON WV
317 AM EST WED MAR 1 2017


...................................

...THE HUNTINGTON WV CLIMATE SUMMARY FOR FEBRUARY 28 2017...

CLIMATE NORMAL PERIOD 1981 TO 2010
CLIMATE RECORD PERIOD 1897 TO 2017


WEATHER ITEM   OBSERVED TIME   RECORD YEAR NORMAL DEPARTURE LAST
                VALUE   (LST)  VALUE       VALUE  FROM      YEAR
                                                  NORMAL
..................................................................
TEMPERATURE (F)
 YESTERDAY
  MAXIMUM         61   1159 PM  74    1939  51     10       68
  MINIMUM         35    558 AM   0    1934  31      4       40
  AVERAGE         48                        41      7       54

PRECIPITATION (IN)
  YESTERDAY        0.69          1.36 1903   0.11   0.58     0.00
  MONTH TO DATE    2.82                      3.07  -0.25     5.40
  SINCE JAN 1      6.80                      6.04   0.76     7.39

SNOWFALL (IN)
  YESTERDAY        0.0
  MONTH TO DATE    T
  SINCE SEP 1      5.9
  SNOW DEPTH       0

DEGREE DAYS
 HEATING
  YESTERDAY       17                        24     -7       11
  MONTH TO DATE  524                       777   -253      741
  SINCE DEC 1   2051                      2614   -563     2300
  SINCE JUL 1   2649                      3501   -852     3020

 COOLING
  YESTERDAY        0                         0      0        0
  MONTH TO DATE    1                         0      1        0
  SINCE DEC 1      1                         1      0        0
  SINCE JAN 1      1                         0      1        0
..................................................................


WIND (MPH)
  HIGHEST WIND SPEED    22   HIGHEST WIND DIRECTION    NW (310)
  HIGHEST GUST SPEED    30   HIGHEST GUST DIRECTION    NW (310)
  AVERAGE WIND SPEED     4.9


SKY COVER
  POSSIBLE SUNSHINE  MM


WEATHER CONDITIONS
 THE FOLLOWING WEATHER WAS RECORDED YESTERDAY.
  THUNDERSTORM
  RAIN
  LIGHT RAIN
  FOG


RELATIVE HUMIDITY (PERCENT)
 HIGHEST    93          1000 AM
 LOWEST     82          1200 AM
 AVERAGE    88

..........................................................


THE HUNTINGTON WV CLIMATE NORMALS FOR TODAY
                         NORMAL    RECORD    YEAR
 MAXIMUM TEMPERATURE (F)   51        75      1976
 MINIMUM TEMPERATURE (F)   31         9      1960


SUNRISE AND SUNSET
MARCH  1 2017.........SUNRISE   702 AM EST   SUNSET   624 PM EST
MARCH  2 2017.........SUNRISE   700 AM EST   SUNSET   625 PM EST


-  INDICATES NEGATIVE NUMBERS.
R  INDICATES RECORD WAS SET OR TIED.
MM INDICATES DATA IS MISSING.
T  INDICATES TRACE AMOUNT.




$$
