000
CDUS41 KRLX 260725
CLIHTS


CLIMATE REPORT
NATIONAL WEATHER SERVICE CHARLESTON WV
325 AM EDT WED APR 26 2017


...................................

...THE HUNTINGTON WV CLIMATE SUMMARY FOR APRIL 25 2017...

CLIMATE NORMAL PERIOD 1981 TO 2010
CLIMATE RECORD PERIOD 1897 TO 2017


WEATHER ITEM   OBSERVED TIME   RECORD YEAR NORMAL DEPARTURE LAST
                VALUE   (LST)  VALUE       VALUE  FROM      YEAR
                                                  NORMAL
..................................................................
TEMPERATURE (F)
 YESTERDAY
  MAXIMUM         74    442 PM  91    1960  71      3       84
  MINIMUM         52    537 AM  28    1967  47      5       47
  AVERAGE         63                        59      4       66

PRECIPITATION (IN)
  YESTERDAY        T             1.96 1908   0.13  -0.13     0.00
  MONTH TO DATE    1.72                      2.83  -1.11     2.41
  SINCE JAN 1     12.60                     12.77  -0.17    12.54

SNOWFALL (IN)
  YESTERDAY        0.0
  MONTH TO DATE    0.0
  SINCE SEP 1      5.9
  SNOW DEPTH       0

DEGREE DAYS
 HEATING
  YESTERDAY        2                         7     -5        0
  MONTH TO DATE  139                       259   -120      244
  SINCE MAR 1    691                       855   -164      619
  SINCE JUL 1   3340                      4356  -1016     3654

 COOLING
  YESTERDAY        0                         1     -1        1
  MONTH TO DATE   38                        24     14       21
  SINCE MAR 1     40                        29     11       30
  SINCE JAN 1     41                        29     12       30
..................................................................


WIND (MPH)
  HIGHEST WIND SPEED    10   HIGHEST WIND DIRECTION     E (70)
  HIGHEST GUST SPEED    15   HIGHEST GUST DIRECTION     E (70)
  AVERAGE WIND SPEED     4.7


SKY COVER
  POSSIBLE SUNSHINE  MM


WEATHER CONDITIONS
 THE FOLLOWING WEATHER WAS RECORDED YESTERDAY.
  NO SIGNIFICANT WEATHER WAS OBSERVED.


RELATIVE HUMIDITY (PERCENT)
 HIGHEST    87          1100 PM
 LOWEST     57           400 PM
 AVERAGE    72

..........................................................


THE HUNTINGTON WV CLIMATE NORMALS FOR TODAY
                         NORMAL    RECORD    YEAR
 MAXIMUM TEMPERATURE (F)   71        92      1957
                                             1948
 MINIMUM TEMPERATURE (F)   48        32      1919
                                             1898


SUNRISE AND SUNSET
APRIL 26 2017.........SUNRISE   639 AM EDT   SUNSET   817 PM EDT
APRIL 27 2017.........SUNRISE   638 AM EDT   SUNSET   818 PM EDT


-  INDICATES NEGATIVE NUMBERS.
R  INDICATES RECORD WAS SET OR TIED.
MM INDICATES DATA IS MISSING.
T  INDICATES TRACE AMOUNT.




$$
