000
CDUS41 KRLX 262116
CLIHTS


CLIMATE REPORT
NATIONAL WEATHER SERVICE CHARLESTON WV
516 PM EDT THU MAY 26 2016


...................................

...THE HUNTINGTON WV CLIMATE SUMMARY FOR MAY 26 2016...
VALID TODAY AS OF 0500 PM LOCAL TIME.

CLIMATE NORMAL PERIOD 1981 TO 2010
CLIMATE RECORD PERIOD 1897 TO 2016


WEATHER ITEM   OBSERVED TIME   RECORD YEAR NORMAL DEPARTURE LAST
                VALUE   (LST)  VALUE       VALUE  FROM      YEAR
                                                  NORMAL
..................................................................
TEMPERATURE (F)
 TODAY
  MAXIMUM         80    310 PM  93    1939  78      2       88
  MINIMUM         65    605 AM  38    1988  56      9       65
  AVERAGE         73                        66      7       77

PRECIPITATION (IN)
  TODAY            0.03          0.96 1982   0.15  -0.12     0.22
  MONTH TO DATE    5.22                      3.88   1.34     0.93
  SINCE MAR 1     12.13                     11.22   0.91    14.83
  SINCE JAN 1     19.59                     17.26   2.33    20.27

DEGREE DAYS
 HEATING
  TODAY            0                         2     -2        0
  MONTH TO DATE  127                       104     23       64
  SINCE MAR 1    753                       991   -238      966
  SINCE JUL 1   3788                      4492   -704     4982

 COOLING
  TODAY            8                         4      4       12
  MONTH TO DATE   41                        60    -19      110
  SINCE MAR 1     88                        92     -4      119
  SINCE JAN 1     88                        92     -4      119
..................................................................


WIND (MPH)
  HIGHEST WIND SPEED    15   HIGHEST WIND DIRECTION    SW (240)
  HIGHEST GUST SPEED    22   HIGHEST GUST DIRECTION    SW (240)
  AVERAGE WIND SPEED     5.5


SKY COVER
  POSSIBLE SUNSHINE  MM
  AVERAGE SKY COVER 0.8


WEATHER CONDITIONS
 THE FOLLOWING WEATHER WAS RECORDED TODAY.
  LIGHT RAIN
  FOG


RELATIVE HUMIDITY (PERCENT)
 HIGHEST    93           100 AM
 LOWEST     67           300 PM
 AVERAGE    80

..........................................................


THE HUNTINGTON WV CLIMATE NORMALS FOR TOMORROW
                         NORMAL    RECORD    YEAR
 MAXIMUM TEMPERATURE (F)   78        93      1941
                                             1916
                                             1914
 MINIMUM TEMPERATURE (F)   56        36      1961
                                             1907


SUNRISE AND SUNSET
MAY 26 2016...........SUNRISE   611 AM EDT   SUNSET   844 PM EDT
MAY 27 2016...........SUNRISE   610 AM EDT   SUNSET   845 PM EDT


-  INDICATES NEGATIVE NUMBERS.
R  INDICATES RECORD WAS SET OR TIED.
MM INDICATES DATA IS MISSING.
T  INDICATES TRACE AMOUNT.




$$
