000
CDUS41 KRLX 310716
CLIHTS


CLIMATE REPORT
NATIONAL WEATHER SERVICE CHARLESTON WV
315 AM EDT WED AUG 31 2016


...................................

...THE HUNTINGTON WV CLIMATE SUMMARY FOR AUGUST 30 2016...

CLIMATE NORMAL PERIOD 1981 TO 2010
CLIMATE RECORD PERIOD 1897 TO 2016


WEATHER ITEM   OBSERVED TIME   RECORD YEAR NORMAL DEPARTURE LAST
                VALUE   (LST)  VALUE       VALUE  FROM      YEAR
                                                  NORMAL
..................................................................
TEMPERATURE (F)
 YESTERDAY
  MAXIMUM         92    433 PM 101    1953  84      8       86
  MINIMUM         68   1137 PM  43    1946  62      6       65
  AVERAGE         80                        73      7       76

PRECIPITATION (IN)
  YESTERDAY        0.00          3.25 2006   0.11  -0.11     0.00
  MONTH TO DATE    3.19                      3.63  -0.44     1.20
  SINCE JAN 1     36.01                     30.14   5.87    34.80

SNOWFALL (IN)
  YESTERDAY        0.0
  MONTH TO DATE    0.0
  SINCE SEP 1     23.8
  SNOW DEPTH       0

DEGREE DAYS
 HEATING
  YESTERDAY        0                         0      0        0
  MONTH TO DATE    0                         0      0        0
  SINCE JUN 1      1                        12    -11       14
  SINCE JUL 1      0                         0      0        0

 COOLING
  YESTERDAY       15                         8      7       11
  MONTH TO DATE  425                       301    124      221
  SINCE JUN 1   1097                       858    239      791
  SINCE JAN 1   1237                       971    266      957
..................................................................


WIND (MPH)
  HIGHEST WIND SPEED     9   HIGHEST WIND DIRECTION    NE (50)
  HIGHEST GUST SPEED    12   HIGHEST GUST DIRECTION    NE (50)
  AVERAGE WIND SPEED     2.7


SKY COVER
  POSSIBLE SUNSHINE  MM


WEATHER CONDITIONS
 THE FOLLOWING WEATHER WAS RECORDED YESTERDAY.
  FOG


RELATIVE HUMIDITY (PERCENT)
 HIGHEST    90           400 AM
 LOWEST     32           500 PM
 AVERAGE    61

..........................................................


THE HUNTINGTON WV CLIMATE NORMALS FOR TODAY
                         NORMAL    RECORD    YEAR
 MAXIMUM TEMPERATURE (F)   84       101      1953
 MINIMUM TEMPERATURE (F)   62        48      1946


SUNRISE AND SUNSET
AUGUST 31 2016........SUNRISE   659 AM EDT   SUNSET   801 PM EDT
SEPTEMBER  1 2016.....SUNRISE   700 AM EDT   SUNSET   759 PM EDT


-  INDICATES NEGATIVE NUMBERS.
R  INDICATES RECORD WAS SET OR TIED.
MM INDICATES DATA IS MISSING.
T  INDICATES TRACE AMOUNT.




$$
