000
CDUS41 KRLX 230803
CLIHTS


CLIMATE REPORT
NATIONAL WEATHER SERVICE CHARLESTON WV
402 AM EDT FRI JUN 23 2017


...................................

...THE HUNTINGTON WV CLIMATE SUMMARY FOR JUNE 22 2017...

CLIMATE NORMAL PERIOD 1981 TO 2010
CLIMATE RECORD PERIOD 1897 TO 2017


WEATHER ITEM   OBSERVED TIME   RECORD YEAR NORMAL DEPARTURE LAST
                VALUE   (LST)  VALUE       VALUE  FROM      YEAR
                                                  NORMAL
..................................................................
TEMPERATURE (F)
 YESTERDAY
  MAXIMUM         82    121 PM  98    1988  85     -3       76
  MINIMUM         70    553 AM  42    1992  63      7       66
  AVERAGE         76                        74      2       71

PRECIPITATION (IN)
  YESTERDAY        0.55          2.04 1919   0.12   0.43     0.20
  MONTH TO DATE    2.11                      2.95  -0.84     4.45
  SINCE JAN 1     20.32                     21.03  -0.71    24.09

SNOWFALL (IN)
  YESTERDAY        0.0
  MONTH TO DATE    0.0
  SINCE SEP 1      5.9
  SNOW DEPTH       0

DEGREE DAYS
 HEATING
  YESTERDAY        0                         0      0        0
  MONTH TO DATE    4                         9     -5        1
  SINCE JUN 1      4                         9     -5        1
  SINCE JUL 1   3446                      4509  -1063     3789

 COOLING
  YESTERDAY       11                         9      2        6
  MONTH TO DATE  173                       150     23      190
  SINCE JUN 1    173                       150     23      190
  SINCE JAN 1    345                       263     82      330
..................................................................


WIND (MPH)
  HIGHEST WIND SPEED    17   HIGHEST WIND DIRECTION    SW (220)
  HIGHEST GUST SPEED    25   HIGHEST GUST DIRECTION    SW (210)
  AVERAGE WIND SPEED     6.1


SKY COVER
  POSSIBLE SUNSHINE  MM


WEATHER CONDITIONS
 THE FOLLOWING WEATHER WAS RECORDED YESTERDAY.
  HEAVY RAIN
  RAIN
  LIGHT RAIN
  FOG


RELATIVE HUMIDITY (PERCENT)
 HIGHEST    93           700 PM
 LOWEST     65           100 PM
 AVERAGE    79

..........................................................


THE HUNTINGTON WV CLIMATE NORMALS FOR TODAY
                         NORMAL    RECORD    YEAR
 MAXIMUM TEMPERATURE (F)   85       100      1930
 MINIMUM TEMPERATURE (F)   63        47      1918


SUNRISE AND SUNSET
JUNE 23 2017..........SUNRISE   607 AM EDT   SUNSET   858 PM EDT
JUNE 24 2017..........SUNRISE   608 AM EDT   SUNSET   858 PM EDT


-  INDICATES NEGATIVE NUMBERS.
R  INDICATES RECORD WAS SET OR TIED.
MM INDICATES DATA IS MISSING.
T  INDICATES TRACE AMOUNT.




$$
