000
CDUS43 KIND 270540
CLIHUF


CLIMATE REPORT
NATIONAL WEATHER SERVICE INDIANAPOLIS IN
137 AM EDT SAT MAY 27 2017


...................................

...THE TERRE HAUTE IN CLIMATE SUMMARY FOR MAY 26 2017...

CLIMATE NORMAL PERIOD 1981 TO 2010
CLIMATE RECORD PERIOD 9999 TO 9999


WEATHER ITEM   OBSERVED TIME   NORMAL DEPARTURE LAST
                VALUE   (LST)  VALUE  FROM      YEAR
                                      NORMAL
......................................................
TEMPERATURE (F)
 YESTERDAY
  MAXIMUM         81    421 PM  77      4       79
  MINIMUM         51    453 AM  55     -4       65
  AVERAGE         66            66      0       72

PRECIPITATION (IN)
  YESTERDAY        0.00          0.20  -0.20     0.13
  MONTH TO DATE    6.39          5.91   0.48     1.91
  SINCE MAR 1     18.21         13.43   4.78    11.33
  SINCE JAN 1     22.55         17.72   4.83    13.78

DEGREE DAYS
 HEATING
  YESTERDAY        0             2     -2        0
  MONTH TO DATE  126           125      1      138
  SINCE MAR 1    908          1182   -274      955
  SINCE JUL 1   4243          5345  -1102     4417

 COOLING
  YESTERDAY        1             4     -3        7
  MONTH TO DATE   64            52     12       28
  SINCE MAR 1     94            67     27       37
  SINCE JAN 1     94            67     27       37
......................................................


WIND (MPH)
  HIGHEST WIND SPEED    18   HIGHEST WIND DIRECTION     S (180)
  HIGHEST GUST SPEED    25   HIGHEST GUST DIRECTION     S (160)
  AVERAGE WIND SPEED     6.9


SKY COVER
  AVERAGE SKY COVER 0.4


WEATHER CONDITIONS
 THE FOLLOWING WEATHER WAS RECORDED YESTERDAY.
  FOG


RELATIVE HUMIDITY (PERCENT)
 HIGHEST   100           200 AM
 LOWEST     52           100 PM
 AVERAGE    76

..........................................................


THE TERRE HAUTE IN CLIMATE NORMALS FOR TODAY
                         NORMAL
 MAXIMUM TEMPERATURE (F)   78
 MINIMUM TEMPERATURE (F)   56


SUNRISE AND SUNSET
MAY 27 2017...........SUNRISE   626 AM EDT   SUNSET   907 PM EDT
MAY 28 2017...........SUNRISE   626 AM EDT   SUNSET   908 PM EDT


-  INDICATES NEGATIVE NUMBERS.
R  INDICATES RECORD WAS SET OR TIED.
MM INDICATES DATA IS MISSING.
T  INDICATES TRACE AMOUNT.




$$
