000
CDUS43 KIND 210533
CLIHUF


CLIMATE REPORT
NATIONAL WEATHER SERVICE INDIANAPOLIS IN
133 AM EDT MON APR 21 2014


...................................

...THE TERRE HAUTE IN CLIMATE SUMMARY FOR APRIL 20 2014...

CLIMATE NORMAL PERIOD 1981 TO 2010
CLIMATE RECORD PERIOD 9999 TO 9999


WEATHER ITEM   OBSERVED TIME   NORMAL DEPARTURE LAST
                VALUE   (LST)  VALUE  FROM      YEAR
                                      NORMAL
......................................................
TEMPERATURE (F)
 YESTERDAY
  MAXIMUM         75    537 PM  66      9       50
  MINIMUM         43    614 AM  44     -1       32
  AVERAGE         59            55      4       41

PRECIPITATION (IN)
  YESTERDAY        0.00          0.13  -0.13     0.00
  MONTH TO DATE    4.65          2.20   2.45     5.15
  SINCE MAR 1      6.40          5.57   0.83     6.68
  SINCE JAN 1     10.43          9.86   0.57    14.33

DEGREE DAYS
 HEATING
  YESTERDAY        6            11     -5       24
  MONTH TO DATE  261           274    -13      253
  SINCE MAR 1   1123           965    158     1137
  SINCE JUL 1   5858          5128    730     5058

 COOLING
  YESTERDAY        0             1     -1        0
  MONTH TO DATE    3             6     -3        5
  SINCE MAR 1      3             7     -4        5
  SINCE JAN 1      3             7     -4        5
......................................................


WIND (MPH)
  HIGHEST WIND SPEED    10   HIGHEST WIND DIRECTION     W (260)
  HIGHEST GUST SPEED    13   HIGHEST GUST DIRECTION    SW (240)
  AVERAGE WIND SPEED     3.0


SKY COVER
  AVERAGE SKY COVER 0.0


WEATHER CONDITIONS
 THE FOLLOWING WEATHER WAS RECORDED YESTERDAY.
  NO SIGNIFICANT WEATHER WAS OBSERVED.


RELATIVE HUMIDITY (PERCENT)
 HIGHEST    77          1000 PM
 LOWEST     29           200 PM
 AVERAGE    53

..........................................................


THE TERRE HAUTE IN CLIMATE NORMALS FOR TODAY
                         NORMAL
 MAXIMUM TEMPERATURE (F)   66
 MINIMUM TEMPERATURE (F)   44


SUNRISE AND SUNSET
APRIL 21 2014.........SUNRISE   703 AM EDT   SUNSET   833 PM EDT
APRIL 22 2014.........SUNRISE   702 AM EDT   SUNSET   834 PM EDT


-  INDICATES NEGATIVE NUMBERS.
R  INDICATES RECORD WAS SET OR TIED.
MM INDICATES DATA IS MISSING.
T  INDICATES TRACE AMOUNT.




$$
