000
CDUS43 KIND 200538
CLIHUF


CLIMATE REPORT
NATIONAL WEATHER SERVICE INDIANAPOLIS IN
1237 AM EST SAT JAN 20 2018


...................................

...THE TERRE HAUTE IN CLIMATE SUMMARY FOR JANUARY 19 2018...

CLIMATE NORMAL PERIOD 1981 TO 2010
CLIMATE RECORD PERIOD 9999 TO 9999


WEATHER ITEM   OBSERVED TIME   NORMAL DEPARTURE LAST
                VALUE   (LST)  VALUE  FROM      YEAR
                                      NORMAL
......................................................
TEMPERATURE (F)
 YESTERDAY
  MAXIMUM         36    527 PM  36      0       47
  MINIMUM         18    704 AM  20     -2       35
  AVERAGE         27            28     -1       41

PRECIPITATION (IN)
  YESTERDAY        0.00          0.06  -0.06     0.48
  MONTH TO DATE    0.58          1.73  -1.15     2.95
  SINCE DEC 1      1.55          4.78  -3.23     4.59
  SINCE JAN 1      0.58          1.73  -1.15     2.95

DEGREE DAYS
 HEATING
  YESTERDAY       38            37      1       24
  MONTH TO DATE  913           703    210      613
  SINCE DEC 1   1962          1736    226     1683
  SINCE JUL 1   2899          2814     85     2409

 COOLING
  YESTERDAY        0             0      0        0
  MONTH TO DATE    0             0      0        0
  SINCE DEC 1      0             0      0        0
  SINCE JAN 1      0             0      0        0
......................................................


WIND (MPH)
  HIGHEST WIND SPEED    20   HIGHEST WIND DIRECTION     S (190)
  HIGHEST GUST SPEED    24   HIGHEST GUST DIRECTION     S (180)
  AVERAGE WIND SPEED    11.5


SKY COVER
  AVERAGE SKY COVER 0.0


WEATHER CONDITIONS
 THE FOLLOWING WEATHER WAS RECORDED YESTERDAY.
  NO SIGNIFICANT WEATHER WAS OBSERVED.


RELATIVE HUMIDITY (PERCENT)
 HIGHEST    68           800 AM
 LOWEST     52           200 PM
 AVERAGE    60

..........................................................


THE TERRE HAUTE IN CLIMATE NORMALS FOR TODAY
                         NORMAL
 MAXIMUM TEMPERATURE (F)   36
 MINIMUM TEMPERATURE (F)   20


SUNRISE AND SUNSET
JANUARY 20 2018.......SUNRISE   805 AM EST   SUNSET   556 PM EST
JANUARY 21 2018.......SUNRISE   805 AM EST   SUNSET   557 PM EST


-  INDICATES NEGATIVE NUMBERS.
R  INDICATES RECORD WAS SET OR TIED.
MM INDICATES DATA IS MISSING.
T  INDICATES TRACE AMOUNT.




$$
