000
CDUS43 KIND 290531
CLIHUF


CLIMATE REPORT
NATIONAL WEATHER SERVICE INDIANAPOLIS IN
131 AM EDT FRI AUG 29 2014


...................................

...THE TERRE HAUTE IN CLIMATE SUMMARY FOR AUGUST 28 2014...

CLIMATE NORMAL PERIOD 1981 TO 2010
CLIMATE RECORD PERIOD 9999 TO 9999


WEATHER ITEM   OBSERVED TIME   NORMAL DEPARTURE LAST
                VALUE   (LST)  VALUE  FROM      YEAR
                                      NORMAL
......................................................
TEMPERATURE (F)
 YESTERDAY
  MAXIMUM         86    314 PM  83      3       94
  MINIMUM         66    638 AM  60      6       72
  AVERAGE         76            72      4       83

PRECIPITATION (IN)
  YESTERDAY        0.00          0.15  -0.15     0.00
  MONTH TO DATE    2.69          3.15  -0.46     1.17
  SINCE JUN 1     13.02         12.38   0.64    11.90
  SINCE JAN 1     28.03         30.82  -2.79    32.93

DEGREE DAYS
 HEATING
  YESTERDAY        0             0      0        0
  MONTH TO DATE    3             0      3        8
  SINCE JUN 1     13            14     -1       17
  SINCE JUL 1     11             1     10       10

 COOLING
  YESTERDAY       11             7      4       18
  MONTH TO DATE  231           228      3      212
  SINCE JUN 1    685           774    -89      715
  SINCE JAN 1    812           860    -48      829
......................................................


WIND (MPH)
  HIGHEST WIND SPEED     8   HIGHEST WIND DIRECTION    NE (60)
  HIGHEST GUST SPEED    11   HIGHEST GUST DIRECTION     E (110)
  AVERAGE WIND SPEED     3.5


SKY COVER
  AVERAGE SKY COVER 0.1


WEATHER CONDITIONS
 THE FOLLOWING WEATHER WAS RECORDED YESTERDAY.
  NO SIGNIFICANT WEATHER WAS OBSERVED.


RELATIVE HUMIDITY (PERCENT)
 HIGHEST    93           400 AM
 LOWEST     48           300 PM
 AVERAGE    71

..........................................................


THE TERRE HAUTE IN CLIMATE NORMALS FOR TODAY
                         NORMAL
 MAXIMUM TEMPERATURE (F)   83
 MINIMUM TEMPERATURE (F)   60


SUNRISE AND SUNSET
AUGUST 29 2014........SUNRISE   715 AM EDT   SUNSET   825 PM EDT
AUGUST 30 2014........SUNRISE   716 AM EDT   SUNSET   823 PM EDT


-  INDICATES NEGATIVE NUMBERS.
R  INDICATES RECORD WAS SET OR TIED.
MM INDICATES DATA IS MISSING.
T  INDICATES TRACE AMOUNT.




$$
