000
CDUS43 KIND 050533
CLIHUF


CLIMATE REPORT
NATIONAL WEATHER SERVICE INDIANAPOLIS IN
132 AM EDT THU MAY 5 2016


...................................

...THE TERRE HAUTE IN CLIMATE SUMMARY FOR MAY 4 2016...

CLIMATE NORMAL PERIOD 1981 TO 2010
CLIMATE RECORD PERIOD 9999 TO 9999


WEATHER ITEM   OBSERVED TIME   NORMAL DEPARTURE LAST
                VALUE   (LST)  VALUE  FROM      YEAR
                                      NORMAL
......................................................
TEMPERATURE (F)
 YESTERDAY
  MAXIMUM         60    407 PM  70    -10       80
  MINIMUM         49   1159 PM  48      1       59
  AVERAGE         55            59     -4       70

PRECIPITATION (IN)
  YESTERDAY        0.27          0.25   0.02     0.13
  MONTH TO DATE    0.27          0.94  -0.67     0.13
  SINCE MAR 1      9.69          8.46   1.23     8.15
  SINCE JAN 1     12.14         12.75  -0.61    11.05

DEGREE DAYS
 HEATING
  YESTERDAY       10             7      3        0
  MONTH TO DATE   27            28     -1       15
  SINCE MAR 1    844          1085   -241     1134
  SINCE JUL 1   4306          5248   -942     5768

 COOLING
  YESTERDAY        0             1     -1        5
  MONTH TO DATE    2             4     -2        6
  SINCE MAR 1     11            19     -8       12
  SINCE JAN 1     11            19     -8       12
......................................................


WIND (MPH)
  HIGHEST WIND SPEED    26   HIGHEST WIND DIRECTION     N (340)
  HIGHEST GUST SPEED    35   HIGHEST GUST DIRECTION     N (340)
  AVERAGE WIND SPEED    11.0


SKY COVER
  AVERAGE SKY COVER 0.6


WEATHER CONDITIONS
 THE FOLLOWING WEATHER WAS RECORDED YESTERDAY.
  LIGHT RAIN
  FOG


RELATIVE HUMIDITY (PERCENT)
 HIGHEST    89           800 AM
 LOWEST     51           100 PM
 AVERAGE    70

..........................................................


THE TERRE HAUTE IN CLIMATE NORMALS FOR TODAY
                         NORMAL
 MAXIMUM TEMPERATURE (F)   71
 MINIMUM TEMPERATURE (F)   48


SUNRISE AND SUNSET
MAY  5 2016...........SUNRISE   645 AM EDT   SUNSET   847 PM EDT
MAY  6 2016...........SUNRISE   644 AM EDT   SUNSET   848 PM EDT


-  INDICATES NEGATIVE NUMBERS.
R  INDICATES RECORD WAS SET OR TIED.
MM INDICATES DATA IS MISSING.
T  INDICATES TRACE AMOUNT.




$$
