000
CDUS43 KIND 220533
CLIHUF


CLIMATE REPORT
NATIONAL WEATHER SERVICE INDIANAPOLIS IN
133 AM EDT FRI SEP 22 2017


...................................

...THE TERRE HAUTE IN CLIMATE SUMMARY FOR SEPTEMBER 21 2017...

CLIMATE NORMAL PERIOD 1981 TO 2010
CLIMATE RECORD PERIOD 9999 TO 9999


WEATHER ITEM   OBSERVED TIME   NORMAL DEPARTURE LAST
                VALUE   (LST)  VALUE  FROM      YEAR
                                      NORMAL
......................................................
TEMPERATURE (F)
 YESTERDAY
  MAXIMUM         94    427 PM  76     18       89
  MINIMUM         66    702 AM  51     15       57
  AVERAGE         80            64     16       73

PRECIPITATION (IN)
  YESTERDAY        0.00          0.11  -0.11     0.00
  MONTH TO DATE    0.31          2.54  -2.23     3.00
  SINCE SEP 1      0.31          2.54  -2.23     3.00
  SINCE JAN 1     36.15         33.82   2.33    29.96

DEGREE DAYS
 HEATING
  YESTERDAY        0             3     -3        0
  MONTH TO DATE   38            27     11        0
  SINCE SEP 1     38            27     11        0
  SINCE JUL 1     38            32      6        4

 COOLING
  YESTERDAY       15             2     13        8
  MONTH TO DATE   94            83     11      152
  SINCE SEP 1     94            83     11      152
  SINCE JAN 1   1004           962     42     1300
......................................................


WIND (MPH)
  HIGHEST WIND SPEED    14   HIGHEST WIND DIRECTION     S (190)
  HIGHEST GUST SPEED    18   HIGHEST GUST DIRECTION     S (190)
  AVERAGE WIND SPEED     3.3


SKY COVER
  AVERAGE SKY COVER 0.0


WEATHER CONDITIONS
 THE FOLLOWING WEATHER WAS RECORDED YESTERDAY.
  FOG
  FOG W/VISIBILITY <= 1/4 MILE


RELATIVE HUMIDITY (PERCENT)
 HIGHEST   100           700 AM
 LOWEST     39           400 PM
 AVERAGE    70

..........................................................


THE TERRE HAUTE IN CLIMATE NORMALS FOR TODAY
                         NORMAL
 MAXIMUM TEMPERATURE (F)   76
 MINIMUM TEMPERATURE (F)   51


SUNRISE AND SUNSET
SEPTEMBER 22 2017.....SUNRISE   737 AM EDT   SUNSET   746 PM EDT
SEPTEMBER 23 2017.....SUNRISE   738 AM EDT   SUNSET   744 PM EDT


-  INDICATES NEGATIVE NUMBERS.
R  INDICATES RECORD WAS SET OR TIED.
MM INDICATES DATA IS MISSING.
T  INDICATES TRACE AMOUNT.




$$
