000
CDUS41 KCAR 250536
CLIHUL


CLIMATE REPORT
NATIONAL WEATHER SERVICE CARIBOU, ME
132 AM EDT SUN JUN 25 2017


...................................

...THE HOULTON ME CLIMATE SUMMARY FOR JUNE 24 2017...

CLIMATE NORMAL PERIOD 1981 TO 2010
CLIMATE RECORD PERIOD 1948 TO 2017


WEATHER ITEM   OBSERVED TIME   RECORD YEAR NORMAL DEPARTURE LAST
                VALUE   (LST)  VALUE       VALUE  FROM      YEAR
                                                  NORMAL
..................................................................
TEMPERATURE (F)
 YESTERDAY
  MAXIMUM         77    436 PM  92    1995  75      2       74
  MINIMUM         59   1134 PM  35    1984  51      8       39
  AVERAGE         68                        63      5       57

PRECIPITATION (IN)
  YESTERDAY        0.59          2.51 2012   0.13   0.46     0.00
  MONTH TO DATE    2.37                      2.86  -0.49     2.06
  SINCE JUN 1      2.37                      2.86  -0.49     2.06
  SINCE JAN 1     17.12                     17.49  -0.37    16.44

SNOWFALL (IN)
  YESTERDAY       MM             0.0  2003   0.0   MM       MM
  MONTH TO DATE   MM                         0.0   MM       MM
  SINCE JUN 1     MM                         0.0   MM       MM
  SINCE JUL 1     MM                        89.5   MM       MM
  SNOW DEPTH      MM

DEGREE DAYS
 HEATING
  YESTERDAY        0                         4     -4        8
  MONTH TO DATE  137                       157    -20      172
  SINCE JUN 1    137                       157    -20      172
  SINCE JUL 1   8555                      9164   -609     8189

 COOLING
  YESTERDAY        3                         2      1        0
  MONTH TO DATE   42                        23     19       11
  SINCE JUN 1     42                        23     19       11
  SINCE JAN 1     48                        27     21       18
..................................................................


WIND (MPH)
  HIGHEST WIND SPEED    18   HIGHEST WIND DIRECTION    SW (240)
  HIGHEST GUST SPEED    30   HIGHEST GUST DIRECTION    SW (230)
  AVERAGE WIND SPEED     6.7


SKY COVER
  POSSIBLE SUNSHINE  MM
  AVERAGE SKY COVER 0.7


WEATHER CONDITIONS
 THE FOLLOWING WEATHER WAS RECORDED YESTERDAY.
  HEAVY RAIN
  RAIN
  LIGHT RAIN
  FOG
  FOG W/VISIBILITY <= 1/4 MILE


RELATIVE HUMIDITY (PERCENT)
 HIGHEST   100          1200 AM
 LOWEST     60           500 PM
 AVERAGE    80

..........................................................


THE HOULTON ME CLIMATE NORMALS FOR TODAY
                         NORMAL    RECORD    YEAR
 MAXIMUM TEMPERATURE (F)   75        94      1980
 MINIMUM TEMPERATURE (F)   51        35      1979


SUNRISE AND SUNSET
JUNE 25 2017..........SUNRISE   441 AM EDT   SUNSET   827 PM EDT
JUNE 26 2017..........SUNRISE   442 AM EDT   SUNSET   827 PM EDT


-  INDICATES NEGATIVE NUMBERS.
R  INDICATES RECORD WAS SET OR TIED.
MM INDICATES DATA IS MISSING.
T  INDICATES TRACE AMOUNT.




$$
