000
CDUS41 KCAR 250532
CLIHUL


CLIMATE REPORT
NATIONAL WEATHER SERVICE CARIBOU, ME
1232 AM EST TUE NOV 25 2014


...................................

...THE HOULTON ME CLIMATE SUMMARY FOR NOVEMBER 24 2014...

CLIMATE NORMAL PERIOD 1981 TO 2010
CLIMATE RECORD PERIOD 1948 TO 2014


WEATHER ITEM   OBSERVED TIME   RECORD YEAR NORMAL DEPARTURE LAST
                VALUE   (LST)  VALUE       VALUE  FROM      YEAR
                                                  NORMAL
..................................................................
TEMPERATURE (F)
 YESTERDAY
  MAXIMUM         59R   929 PM  57    1999  37     22       20
  MINIMUM         37   1227 AM -14    1989  21     16       16
  AVERAGE         48                        29     19       18

PRECIPITATION (IN)
  YESTERDAY        0.34          1.71 1967   0.13   0.21      T
  MONTH TO DATE    1.86                      3.24  -1.38     1.89
  SINCE SEP 1      8.98                     10.30  -1.32    10.52
  SINCE JAN 1     36.64                     35.92   0.72    38.05

SNOWFALL (IN)
  YESTERDAY       MM             6.9  1997   0.5   MM       MM
  MONTH TO DATE   MM                         4.9   MM       MM
  SINCE SEP 1     MM                         5.6   MM       MM
  SINCE JUL 1     MM                         5.6   MM       MM
  SNOW DEPTH      MM

DEGREE DAYS
 HEATING
  YESTERDAY       17                        36    -19       47
  MONTH TO DATE  768                       747     21      744
  SINCE SEP 1   1577                      1727   -150     1622
  SINCE JUL 1   1662                      1883   -221     1755

 COOLING
  YESTERDAY        0                         0      0        0
  MONTH TO DATE    0                         0      0        0
  SINCE SEP 1     30                        13     17       19
  SINCE JAN 1    233                       191     42      198
..................................................................


WIND (MPH)
  HIGHEST WIND SPEED    18   HIGHEST WIND DIRECTION     S (160)
  HIGHEST GUST SPEED    31   HIGHEST GUST DIRECTION    SE (150)
  AVERAGE WIND SPEED    10.0


SKY COVER
  POSSIBLE SUNSHINE  MM
  AVERAGE SKY COVER 1.0


WEATHER CONDITIONS
 THE FOLLOWING WEATHER WAS RECORDED YESTERDAY.
  RAIN
  LIGHT RAIN
  FOG


RELATIVE HUMIDITY (PERCENT)
 HIGHEST   100           500 PM
 LOWEST     73           400 AM
 AVERAGE    87

..........................................................


THE HOULTON ME CLIMATE NORMALS FOR TODAY
                         NORMAL    RECORD    YEAR
 MAXIMUM TEMPERATURE (F)   37        62      1953
 MINIMUM TEMPERATURE (F)   21         0      1987


SUNRISE AND SUNSET
NOVEMBER 25 2014......SUNRISE   645 AM EST   SUNSET   351 PM EST
NOVEMBER 26 2014......SUNRISE   647 AM EST   SUNSET   350 PM EST


-  INDICATES NEGATIVE NUMBERS.
R  INDICATES RECORD WAS SET OR TIED.
MM INDICATES DATA IS MISSING.
T  INDICATES TRACE AMOUNT.




$$
