000
CDUS41 KCAR 160528
CLIHUL


CLIMATE REPORT
NATIONAL WEATHER SERVICE CARIBOU, ME
1228 AM EST SAT DEC 16 2017


...................................

...THE HOULTON ME CLIMATE SUMMARY FOR DECEMBER 15 2017...

CLIMATE NORMAL PERIOD 1981 TO 2010
CLIMATE RECORD PERIOD 1948 TO 2017


WEATHER ITEM   OBSERVED TIME   RECORD YEAR NORMAL DEPARTURE LAST
                VALUE   (LST)  VALUE       VALUE  FROM      YEAR
                                                  NORMAL
..................................................................
TEMPERATURE (F)
 YESTERDAY
  MAXIMUM         17    313 PM  53    2008  29    -12       21
  MINIMUM         -2    317 AM -19    1943  11    -13       -5
  AVERAGE          8                        20    -12        8

PRECIPITATION (IN)
  YESTERDAY        0.00          1.24 2003   0.11  -0.11      T
  MONTH TO DATE    2.36                      1.76   0.60     1.13
  SINCE DEC 1      2.36                      1.76   0.60     1.13
  SINCE JAN 1     36.88                     38.45  -1.57    33.95

SNOWFALL (IN)
  YESTERDAY       MM            11.0  2003   0.5   MM       MM
  MONTH TO DATE   MM                         7.3   MM       MM
  SINCE DEC 1     MM                         7.3   MM       MM
  SINCE JUL 1     MM                        15.4   MM       MM
  SNOW DEPTH      MM

DEGREE DAYS
 HEATING
  YESTERDAY       57                        45     12       57
  MONTH TO DATE  624                       635    -11      707
  SINCE DEC 1    624                       635    -11      707
  SINCE JUL 1   2330                      2743   -413     2450

 COOLING
  YESTERDAY        0                         0      0        0
  MONTH TO DATE    0                         0      0        0
  SINCE DEC 1      0                         0      0        0
  SINCE JAN 1    211                       191     20      229
..................................................................


WIND (MPH)
  HIGHEST WIND SPEED    17   HIGHEST WIND DIRECTION     W (260)
  HIGHEST GUST SPEED    25   HIGHEST GUST DIRECTION     W (280)
  AVERAGE WIND SPEED     6.5


SKY COVER
  POSSIBLE SUNSHINE  MM
  AVERAGE SKY COVER 0.1


WEATHER CONDITIONS
 THE FOLLOWING WEATHER WAS RECORDED YESTERDAY.
  NO SIGNIFICANT WEATHER WAS OBSERVED.


RELATIVE HUMIDITY (PERCENT)
 HIGHEST    91          1100 PM
 LOWEST     51          1200 PM
 AVERAGE    71

..........................................................


THE HOULTON ME CLIMATE NORMALS FOR TODAY
                         NORMAL    RECORD    YEAR
 MAXIMUM TEMPERATURE (F)   28        50      1982
 MINIMUM TEMPERATURE (F)   10       -25      1970


SUNRISE AND SUNSET
DECEMBER 16 2017......SUNRISE   708 AM EST   SUNSET   346 PM EST
DECEMBER 17 2017......SUNRISE   708 AM EST   SUNSET   347 PM EST


-  INDICATES NEGATIVE NUMBERS.
R  INDICATES RECORD WAS SET OR TIED.
MM INDICATES DATA IS MISSING.
T  INDICATES TRACE AMOUNT.




$$
