000
CDUS41 KCAR 240527
CLIHUL


CLIMATE REPORT
NATIONAL WEATHER SERVICE CARIBOU, ME
126 AM EDT FRI OCT 24 2014


...................................

...THE HOULTON ME CLIMATE SUMMARY FOR OCTOBER 23 2014...

CLIMATE NORMAL PERIOD 1981 TO 2010
CLIMATE RECORD PERIOD 1948 TO 2014


WEATHER ITEM   OBSERVED TIME   RECORD YEAR NORMAL DEPARTURE LAST
                VALUE   (LST)  VALUE       VALUE  FROM      YEAR
                                                  NORMAL
..................................................................
TEMPERATURE (F)
 YESTERDAY
  MAXIMUM         49    120 PM  74    1979  51     -2       48
  MINIMUM         43   1227 AM  16    1982  31     12       29
  AVERAGE         46                        41      5       39

PRECIPITATION (IN)
  YESTERDAY        0.54          1.08 2005   0.12   0.42     0.00
  MONTH TO DATE    4.55                      2.69   1.86     2.08
  SINCE SEP 1      5.85                      6.09  -0.24     8.14
  SINCE JAN 1     33.51                     31.71   1.80    35.67

SNOWFALL (IN)
  YESTERDAY       MM             2.8  1950   0.0   MM       MM
  MONTH TO DATE   MM                         0.4   MM       MM
  SINCE SEP 1     MM                         0.5   MM       MM
  SINCE JUL 1     MM                         0.5   MM       MM
  SNOW DEPTH      MM

DEGREE DAYS
 HEATING
  YESTERDAY       19                        24     -5       26
  MONTH TO DATE  354                       466   -112      363
  SINCE SEP 1    645                       778   -133      640
  SINCE JUL 1    730                       934   -204      773

 COOLING
  YESTERDAY        0                         0      0        0
  MONTH TO DATE    3                         0      3        0
  SINCE SEP 1     30                        13     17       19
  SINCE JAN 1    233                       191     42      198
..................................................................


WIND (MPH)
  HIGHEST WIND SPEED    21   HIGHEST WIND DIRECTION    NE (50)
  HIGHEST GUST SPEED    27   HIGHEST GUST DIRECTION    NE (40)
  AVERAGE WIND SPEED    13.2


SKY COVER
  POSSIBLE SUNSHINE  MM
  AVERAGE SKY COVER 1.0


WEATHER CONDITIONS
 THE FOLLOWING WEATHER WAS RECORDED YESTERDAY.
  RAIN
  LIGHT RAIN
  FOG


RELATIVE HUMIDITY (PERCENT)
 HIGHEST    93          1000 AM
 LOWEST     86           900 AM
 AVERAGE    90

..........................................................


THE HOULTON ME CLIMATE NORMALS FOR TODAY
                         NORMAL    RECORD    YEAR
 MAXIMUM TEMPERATURE (F)   51        74      1963
 MINIMUM TEMPERATURE (F)   31        18      1947


SUNRISE AND SUNSET
OCTOBER 24 2014.......SUNRISE   701 AM EDT   SUNSET   530 PM EDT
OCTOBER 25 2014.......SUNRISE   702 AM EDT   SUNSET   528 PM EDT


-  INDICATES NEGATIVE NUMBERS.
R  INDICATES RECORD WAS SET OR TIED.
MM INDICATES DATA IS MISSING.
T  INDICATES TRACE AMOUNT.




$$
