000
CDUS41 KCAR 280537
CLIHUL


CLIMATE REPORT
NATIONAL WEATHER SERVICE CARIBOU, ME
1233 AM EST TUE FEB 28 2017


...................................

...THE HOULTON ME CLIMATE SUMMARY FOR FEBRUARY 27 2017...

CLIMATE NORMAL PERIOD 1981 TO 2010
CLIMATE RECORD PERIOD 1948 TO 2017


WEATHER ITEM   OBSERVED TIME   RECORD YEAR NORMAL DEPARTURE LAST
                VALUE   (LST)  VALUE       VALUE  FROM      YEAR
                                                  NORMAL
..................................................................
TEMPERATURE (F)
 YESTERDAY
  MAXIMUM         41    326 PM  47    2009  30     11       31
                                      2002
  MINIMUM         17    256 AM -27    1950   8      9        8
  AVERAGE         29                        19     10       20

PRECIPITATION (IN)
  YESTERDAY        0.00          1.30 1979   0.07  -0.07     0.00
  MONTH TO DATE    1.62                      1.92  -0.30     3.49
  SINCE DEC 1      7.37                      8.07  -0.70     9.10
  SINCE JAN 1      4.45                      4.78  -0.33     4.91

SNOWFALL (IN)
  YESTERDAY       MM             1.9  1997   0.6   MM       MM
  MONTH TO DATE   MM                        17.1   MM       MM
  SINCE DEC 1     MM                        56.8   MM       MM
  SINCE JUL 1     MM                        64.9   MM       MM
  SNOW DEPTH      MM

DEGREE DAYS
 HEATING
  YESTERDAY       36                        46    -10       45
  MONTH TO DATE 1297                      1351    -54     1230
  SINCE DEC 1   4179                      4418   -239     3753
  SINCE JUL 1   5922                      6526   -604     5548

 COOLING
  YESTERDAY        0                         0      0        0
  MONTH TO DATE    0                         0      0        0
  SINCE DEC 1      0                         0      0        0
  SINCE JAN 1      0                         0      0        0
..................................................................


WIND (MPH)
  HIGHEST WIND SPEED    28   HIGHEST WIND DIRECTION     W (250)
  HIGHEST GUST SPEED    38   HIGHEST GUST DIRECTION     W (260)
  AVERAGE WIND SPEED    10.4


SKY COVER
  POSSIBLE SUNSHINE  MM
  AVERAGE SKY COVER 0.6


WEATHER CONDITIONS
 THE FOLLOWING WEATHER WAS RECORDED YESTERDAY.
  NO SIGNIFICANT WEATHER WAS OBSERVED.


RELATIVE HUMIDITY (PERCENT)
 HIGHEST    75          1100 PM
 LOWEST     45           300 PM
 AVERAGE    60

..........................................................


THE HOULTON ME CLIMATE NORMALS FOR TODAY
                         NORMAL    RECORD    YEAR
 MAXIMUM TEMPERATURE (F)   31        49      2000
 MINIMUM TEMPERATURE (F)    8       -26      1982


SUNRISE AND SUNSET
FEBRUARY 28 2017......SUNRISE   612 AM EST   SUNSET   516 PM EST
MARCH  1 2017.........SUNRISE   610 AM EST   SUNSET   518 PM EST


-  INDICATES NEGATIVE NUMBERS.
R  INDICATES RECORD WAS SET OR TIED.
MM INDICATES DATA IS MISSING.
T  INDICATES TRACE AMOUNT.




$$
