000
CDUS41 KCAR 160527
CLIHUL


CLIMATE REPORT
NATIONAL WEATHER SERVICE CARIBOU, ME
126 AM EDT WED AUG 16 2017


...................................

...THE HOULTON ME CLIMATE SUMMARY FOR AUGUST 15 2017...

CLIMATE NORMAL PERIOD 1981 TO 2010
CLIMATE RECORD PERIOD 1948 TO 2017


WEATHER ITEM   OBSERVED TIME   RECORD YEAR NORMAL DEPARTURE LAST
                VALUE   (LST)  VALUE       VALUE  FROM      YEAR
                                                  NORMAL
..................................................................
TEMPERATURE (F)
 YESTERDAY
  MAXIMUM         83    254 PM  95    1944  76      7       71
  MINIMUM         57    515 AM  36    1972  52      5       49
  AVERAGE         70                        64      6       60

PRECIPITATION (IN)
  YESTERDAY        T             0.96 1984   0.13  -0.13     0.02
  MONTH TO DATE    2.67                      1.92   0.75     3.66
  SINCE JUN 1      7.38                      9.23  -1.85     9.94
  SINCE JAN 1     22.13                     23.86  -1.73    24.32

SNOWFALL (IN)
  YESTERDAY       MM             0.0  2003   0.0   MM       MM
  MONTH TO DATE   MM                         0.0   MM       MM
  SINCE JUN 1     MM                         0.0   MM       MM
  SINCE JUL 1     MM                         0.0   MM       MM
  SNOW DEPTH      MM

DEGREE DAYS
 HEATING
  YESTERDAY        0                         3     -3        5
  MONTH TO DATE   21                        33    -12       27
  SINCE JUN 1    232                       274    -42      245
  SINCE JUL 1     72                        93    -21       70

 COOLING
  YESTERDAY        5                         2      3        0
  MONTH TO DATE   33                        32      1       37
  SINCE JUN 1    151                       148      3      169
  SINCE JAN 1    157                       152      5      176
..................................................................


WIND (MPH)
  HIGHEST WIND SPEED    16   HIGHEST WIND DIRECTION    SW (220)
  HIGHEST GUST SPEED    23   HIGHEST GUST DIRECTION     S (180)
  AVERAGE WIND SPEED     6.9


SKY COVER
  POSSIBLE SUNSHINE  MM
  AVERAGE SKY COVER 0.1


WEATHER CONDITIONS
 THE FOLLOWING WEATHER WAS RECORDED YESTERDAY.
  LIGHT RAIN


RELATIVE HUMIDITY (PERCENT)
 HIGHEST   100          1200 AM
 LOWEST     40           100 PM
 AVERAGE    70

..........................................................


THE HOULTON ME CLIMATE NORMALS FOR TODAY
                         NORMAL    RECORD    YEAR
 MAXIMUM TEMPERATURE (F)   76        96      1944
 MINIMUM TEMPERATURE (F)   52        37      1974


SUNRISE AND SUNSET
AUGUST 16 2017........SUNRISE   532 AM EDT   SUNSET   738 PM EDT
AUGUST 17 2017........SUNRISE   533 AM EDT   SUNSET   736 PM EDT


-  INDICATES NEGATIVE NUMBERS.
R  INDICATES RECORD WAS SET OR TIED.
MM INDICATES DATA IS MISSING.
T  INDICATES TRACE AMOUNT.




$$
