000
CDUS41 KCAR 050527
CLIHUL


CLIMATE REPORT
NATIONAL WEATHER SERVICE CARIBOU, ME
126 AM EDT SAT SEP 5 2015


...................................

...THE HOULTON ME CLIMATE SUMMARY FOR SEPTEMBER 4 2015...

CLIMATE NORMAL PERIOD 1981 TO 2010
CLIMATE RECORD PERIOD 1948 TO 2015


WEATHER ITEM   OBSERVED TIME   RECORD YEAR NORMAL DEPARTURE LAST
                VALUE   (LST)  VALUE       VALUE  FROM      YEAR
                                                  NORMAL
..................................................................
TEMPERATURE (F)
 YESTERDAY
  MAXIMUM         71    310 PM  89    1999  72     -1       82
  MINIMUM         41    456 AM  30    1989  47     -6       47
  AVERAGE         56                        60     -4       65

PRECIPITATION (IN)
  YESTERDAY        0.00          1.68 1972   0.11  -0.11     0.00
  MONTH TO DATE    0.00                      0.41  -0.41     0.24
  SINCE SEP 1      0.00                      0.41  -0.41     0.24
  SINCE JAN 1     18.76                     26.03  -7.27    27.90

SNOWFALL (IN)
  YESTERDAY       MM             0.0  2003   0.0   MM       MM
  MONTH TO DATE   MM                         0.0   MM       MM
  SINCE SEP 1     MM                         0.0   MM       MM
  SINCE JUL 1      0.0                       0.0    0.0     MM
  SNOW DEPTH      MM

DEGREE DAYS
 HEATING
  YESTERDAY        9                         6      3        0
  MONTH TO DATE   15                        24     -9        0
  SINCE SEP 1     15                        24     -9        0
  SINCE JUL 1    102                       180    -78       85

 COOLING
  YESTERDAY        0                         1     -1        0
  MONTH TO DATE    5                         4      1       17
  SINCE SEP 1      5                         4      1       17
  SINCE JAN 1    195                       182     13      220
..................................................................


WIND (MPH)
  HIGHEST WIND SPEED    13   HIGHEST WIND DIRECTION     N (10)
  HIGHEST GUST SPEED    17   HIGHEST GUST DIRECTION     N (360)
  AVERAGE WIND SPEED     3.3


SKY COVER
  POSSIBLE SUNSHINE  MM
  AVERAGE SKY COVER 0.0


WEATHER CONDITIONS
 THE FOLLOWING WEATHER WAS RECORDED YESTERDAY.
  NO SIGNIFICANT WEATHER WAS OBSERVED.


RELATIVE HUMIDITY (PERCENT)
 HIGHEST    93          1200 AM
 LOWEST     40           100 PM
 AVERAGE    67

..........................................................


THE HOULTON ME CLIMATE NORMALS FOR TODAY
                         NORMAL    RECORD    YEAR
 MAXIMUM TEMPERATURE (F)   71        87      1999
 MINIMUM TEMPERATURE (F)   47        30      1963


SUNRISE AND SUNSET
SEPTEMBER  5 2015.....SUNRISE   556 AM EDT   SUNSET   703 PM EDT
SEPTEMBER  6 2015.....SUNRISE   558 AM EDT   SUNSET   701 PM EDT


-  INDICATES NEGATIVE NUMBERS.
R  INDICATES RECORD WAS SET OR TIED.
MM INDICATES DATA IS MISSING.
T  INDICATES TRACE AMOUNT.




$$
