000
CDUS45 KTFX 011012
CLIHVR


CLIMATE REPORT
NATIONAL WEATHER SERVICE GREAT FALLS MT
410 AM MDT FRI AUG 1 2014


...................................

...THE HAVRE MT CLIMATE SUMMARY FOR JULY 31 2014...

CLIMATE NORMAL PERIOD 1981 TO 2010
CLIMATE RECORD PERIOD 1880 TO 2014


WEATHER ITEM   OBSERVED TIME   RECORD YEAR NORMAL DEPARTURE LAST
                VALUE   (LST)  VALUE       VALUE  FROM      YEAR
                                                  NORMAL
..................................................................
TEMPERATURE (F)
 YESTERDAY
  MAXIMUM         98    349 PM 103    2005  88     10       85
                                      1908
  MINIMUM         56    434 AM  42    1968  55      1       49
  AVERAGE         77                        71      6       67

PRECIPITATION (IN)
  YESTERDAY        0.00          1.22 1975   0.04  -0.04     0.00
  MONTH TO DATE    0.26                      1.64  -1.38     2.75
  SINCE OCT 1      8.65                      8.97  -0.32    16.44
  SINCE JAN 1      6.64                      7.56  -0.92    13.96

SNOWFALL (IN)
  YESTERDAY        0.0           0.0  1999   0.0    0.0      0.0
                                      1998
  MONTH TO DATE    0.0                       0.0    0.0      0.0
  SINCE JUN 1      0.0                       0.0    0.0      0.0
  SINCE JUL 1      0.0                       0.0    0.0      0.0
  SNOW DEPTH       0

DEGREE DAYS
 HEATING
  YESTERDAY        0                         0      0        0
  MONTH TO DATE    0                        29    -29        8
  SINCE JUN 1    175                       163     12      121
  SINCE JUL 1      0                        30    -30        8

 COOLING
  YESTERDAY       12                         7      5        2
  MONTH TO DATE  201                       162     39      146
  SINCE JUN 1    207                       210     -3      189
  SINCE JAN 1    214                       221     -7      196
..................................................................


WIND (MPH)
  HIGHEST WIND SPEED    25   HIGHEST WIND DIRECTION     E (80)
  HIGHEST GUST SPEED    30   HIGHEST GUST DIRECTION    NE (60)
  AVERAGE WIND SPEED     7.8


SKY COVER
  AVERAGE SKY COVER 0.0


WEATHER CONDITIONS
 THE FOLLOWING WEATHER WAS RECORDED YESTERDAY.
  THUNDERSTORM


RELATIVE HUMIDITY (PERCENT)
 HIGHEST    62           400 AM
 LOWEST     13           100 PM
 AVERAGE    38

..........................................................


THE HAVRE MT CLIMATE NORMALS FOR TODAY
                         NORMAL    RECORD    YEAR
 MAXIMUM TEMPERATURE (F)   88       106      1908
 MINIMUM TEMPERATURE (F)   55        38      1880


SUNRISE AND SUNSET
AUGUST  1 2014........SUNRISE   554 AM MDT   SUNSET   856 PM MDT
AUGUST  2 2014........SUNRISE   555 AM MDT   SUNSET   855 PM MDT


-  INDICATES NEGATIVE NUMBERS.
R  INDICATES RECORD WAS SET OR TIED.
MM INDICATES DATA IS MISSING.
T  INDICATES TRACE AMOUNT.




$$
