000
CDUS45 KTFX 050935
CLIHVR


CLIMATE REPORT
NATIONAL WEATHER SERVICE GREAT FALLS MT
234 AM MST MON DEC 5 2016


...................................

...THE HAVRE MT CLIMATE SUMMARY FOR DECEMBER 4 2016...

CLIMATE NORMAL PERIOD 1981 TO 2010
CLIMATE RECORD PERIOD 1880 TO 2016


WEATHER ITEM   OBSERVED TIME   RECORD YEAR NORMAL DEPARTURE LAST
                VALUE   (LST)  VALUE       VALUE  FROM      YEAR
                                                  NORMAL
..................................................................
TEMPERATURE (F)
 YESTERDAY
  MAXIMUM         40    238 PM  62    1939  33      7       50
  MINIMUM         23   1159 PM -31    1928  11     12       24
  AVERAGE         32                        22     10       37

PRECIPITATION (IN)
  YESTERDAY        T             0.34 1910   0.01  -0.01     0.00
  MONTH TO DATE    0.07                      0.05   0.02     0.00
  SINCE OCT 1      3.59                      1.06   2.53     1.51
  SINCE JAN 1     18.88                     10.85   8.03    11.75

SNOWFALL (IN)
  YESTERDAY       MM             4.0  1973   0.2   MM        0.0
  MONTH TO DATE    T                         0.8   -0.8      0.0
  SINCE DEC 1      T                         0.8   -0.8      0.0
  SINCE JUL 1      5.5                       8.4   -2.9      3.0
  SNOW DEPTH       T

DEGREE DAYS
 HEATING
  YESTERDAY       33                        43    -10       28
  MONTH TO DATE  139                       170    -31      145
  SINCE DEC 1    139                       170    -31      145
  SINCE JUL 1   1886                      2213   -327     1998

 COOLING
  YESTERDAY        0                         0      0        0
  MONTH TO DATE    0                         0      0        0
  SINCE DEC 1      0                         0      0        0
  SINCE JAN 1    344                       387    -43      418
..................................................................


WIND (MPH)
  HIGHEST WIND SPEED    23   HIGHEST WIND DIRECTION    NW (300)
  HIGHEST GUST SPEED    29   HIGHEST GUST DIRECTION    NW (300)
  AVERAGE WIND SPEED    12.7


SKY COVER
  AVERAGE SKY COVER 0.8


WEATHER CONDITIONS
 THE FOLLOWING WEATHER WAS RECORDED YESTERDAY.
  LIGHT SNOW
  FOG


RELATIVE HUMIDITY (PERCENT)
 HIGHEST   100           500 PM
 LOWEST     54          1000 AM
 AVERAGE    77

..........................................................


THE HAVRE MT CLIMATE NORMALS FOR TODAY
                         NORMAL    RECORD    YEAR
 MAXIMUM TEMPERATURE (F)   33        71      1939
 MINIMUM TEMPERATURE (F)   11       -28      2013


SUNRISE AND SUNSET
DECEMBER  5 2016......SUNRISE   755 AM MST   SUNSET   424 PM MST
DECEMBER  6 2016......SUNRISE   757 AM MST   SUNSET   424 PM MST


-  INDICATES NEGATIVE NUMBERS.
R  INDICATES RECORD WAS SET OR TIED.
MM INDICATES DATA IS MISSING.
T  INDICATES TRACE AMOUNT.




$$
