000
CDUS45 KTFX 281013
CLIHVR


CLIMATE REPORT
NATIONAL WEATHER SERVICE GREAT FALLS MT
413 AM MDT THU JUL 28 2016


...................................

...THE HAVRE MT CLIMATE SUMMARY FOR JULY 27 2016...

CLIMATE NORMAL PERIOD 1981 TO 2010
CLIMATE RECORD PERIOD 1880 TO 2016


WEATHER ITEM   OBSERVED TIME   RECORD YEAR NORMAL DEPARTURE LAST
                VALUE   (LST)  VALUE       VALUE  FROM      YEAR
                                                  NORMAL
..................................................................
TEMPERATURE (F)
 YESTERDAY
  MAXIMUM         76    454 PM 106    1975  87    -11       61
  MINIMUM         57    433 AM  40    1913  55      2       54
  AVERAGE         67                        71     -4       58

PRECIPITATION (IN)
  YESTERDAY        T             1.56 2015   0.04  -0.04     1.56
  MONTH TO DATE    2.43                      1.50   0.93     2.58
  SINCE OCT 1     14.18                      8.83   5.35     8.71
  SINCE JAN 1     12.25                      7.42   4.83     7.14

SNOWFALL (IN)
  YESTERDAY        0.0           0.0  1999   0.0    0.0      0.0
                                      1998
  MONTH TO DATE    0.0                       0.0    0.0       T
  SINCE JUN 1      0.0                       0.0    0.0       T
  SINCE JUL 1      0.0                       0.0    0.0       T
  SNOW DEPTH       0

DEGREE DAYS
 HEATING
  YESTERDAY        0                         0      0        7
  MONTH TO DATE   19                        29    -10       25
  SINCE JUN 1    104                       162    -58       82
  SINCE JUL 1     19                        29    -10       25

 COOLING
  YESTERDAY        2                         7     -5        0
  MONTH TO DATE  119                       135    -16      137
  SINCE JUN 1    173                       183    -10      247
  SINCE JAN 1    174                       194    -20      247
..................................................................


WIND (MPH)
  HIGHEST WIND SPEED    14   HIGHEST WIND DIRECTION     E (90)
  HIGHEST GUST SPEED    21   HIGHEST GUST DIRECTION     E (100)
  AVERAGE WIND SPEED     6.0


SKY COVER
  AVERAGE SKY COVER 0.3


WEATHER CONDITIONS
 THE FOLLOWING WEATHER WAS RECORDED YESTERDAY.
  LIGHT RAIN
  FOG


RELATIVE HUMIDITY (PERCENT)
 HIGHEST   100           300 AM
 LOWEST     57           600 PM
 AVERAGE    79

..........................................................


THE HAVRE MT CLIMATE NORMALS FOR TODAY
                         NORMAL    RECORD    YEAR
 MAXIMUM TEMPERATURE (F)   87       103      2007
                                             1939
 MINIMUM TEMPERATURE (F)   55        31      1892


SUNRISE AND SUNSET
JULY 28 2016..........SUNRISE   549 AM MDT   SUNSET   901 PM MDT
JULY 29 2016..........SUNRISE   550 AM MDT   SUNSET   900 PM MDT


-  INDICATES NEGATIVE NUMBERS.
R  INDICATES RECORD WAS SET OR TIED.
MM INDICATES DATA IS MISSING.
T  INDICATES TRACE AMOUNT.




$$
