000
CDUS45 KTFX 132243
CLIHVR


CLIMATE REPORT
NATIONAL WEATHER SERVICE GREAT FALLS MT
442 PM MDT SUN JUL 13 2014


...................................

...THE HAVRE MT CLIMATE SUMMARY FOR JULY 13 2014...
VALID TODAY AS OF 0400 PM LOCAL TIME.

CLIMATE NORMAL PERIOD 1981 TO 2010
CLIMATE RECORD PERIOD 1880 TO 2014


WEATHER ITEM   OBSERVED TIME   RECORD YEAR NORMAL DEPARTURE LAST
                VALUE   (LST)  VALUE       VALUE  FROM      YEAR
                                                  NORMAL
..................................................................
TEMPERATURE (F)
 TODAY
  MAXIMUM         92    249 PM 104    1953  85      7       75
  MINIMUM         52    511 AM  41    1942  53     -1       52
  AVERAGE         72                        69      3       64

PRECIPITATION (IN)
  TODAY            0.00          0.81 1970   0.06  -0.06     0.00
  MONTH TO DATE    0.09                      0.85  -0.76     1.29
  SINCE OCT 1      8.48                      8.18   0.30    14.98
  SINCE JAN 1      6.47                      6.77  -0.30    12.50

SNOWFALL (IN)
  TODAY            0.0           0.0  1999   0.0    0.0      0.0
                                      1998
  MONTH TO DATE    0.0                       0.0    0.0      0.0
  SINCE JUN 1      0.0                       0.0    0.0      0.0
  SINCE JUL 1      0.0                       0.0    0.0      0.0
  SNOW DEPTH       0

DEGREE DAYS
 HEATING
  TODAY            0                         1     -1        1
  MONTH TO DATE    0                        20    -20        2
  SINCE JUN 1    175                       153     22      115
  SINCE JUL 1      0                        20    -20        2

 COOLING
  TODAY            7                         5      2        0
  MONTH TO DATE   83                        51     32       69
  SINCE JUN 1     89                        99    -10      112
  SINCE JAN 1     96                       110    -14      119
..................................................................


WIND (MPH)
  HIGHEST WIND SPEED    15   HIGHEST WIND DIRECTION     N (20)
  HIGHEST GUST SPEED    20   HIGHEST GUST DIRECTION     N (350)
  AVERAGE WIND SPEED    MM


SKY COVER
  AVERAGE SKY COVER  MM


WEATHER CONDITIONS
 THE FOLLOWING WEATHER WAS RECORDED TODAY.
  NO SIGNIFICANT WEATHER WAS OBSERVED.


RELATIVE HUMIDITY (PERCENT)
 HIGHEST    MM
 LOWEST     MM
 AVERAGE    MM

..........................................................


THE HAVRE MT CLIMATE NORMALS FOR TOMORROW
                         NORMAL    RECORD    YEAR
 MAXIMUM TEMPERATURE (F)   85       104      1953
 MINIMUM TEMPERATURE (F)   54        41      1912


SUNRISE AND SUNSET
JULY 13 2014..........SUNRISE   531 AM MDT   SUNSET   918 PM MDT
JULY 14 2014..........SUNRISE   532 AM MDT   SUNSET   917 PM MDT


-  INDICATES NEGATIVE NUMBERS.
R  INDICATES RECORD WAS SET OR TIED.
MM INDICATES DATA IS MISSING.
T  INDICATES TRACE AMOUNT.




$$
