000
CDUS45 KTFX 222222
CLIHVR


CLIMATE REPORT
NATIONAL WEATHER SERVICE GREAT FALLS MT
422 PM MDT MON SEP 22 2014


...................................

...THE HAVRE MT CLIMATE SUMMARY FOR SEPTEMBER 22 2014...
VALID TODAY AS OF 0400 PM LOCAL TIME.

CLIMATE NORMAL PERIOD 1981 TO 2010
CLIMATE RECORD PERIOD 1880 TO 2014


WEATHER ITEM   OBSERVED TIME   RECORD YEAR NORMAL DEPARTURE LAST
                VALUE   (LST)  VALUE       VALUE  FROM      YEAR
                                                  NORMAL
..................................................................
TEMPERATURE (F)
 TODAY
  MAXIMUM         83    259 PM  92    1938  69     14       74
  MINIMUM         40    631 AM  18    1895  39      1       49
  AVERAGE         62                        54      8       62

PRECIPITATION (IN)
  TODAY            0.00          1.60 1945   0.04  -0.04     0.02
  MONTH TO DATE    0.74                      0.84  -0.10     0.99
  SINCE OCT 1     13.07                     10.92   2.15    18.57
  SINCE JAN 1     11.06                      9.51   1.55    16.09

SNOWFALL (IN)
  TODAY            0.0           5.9  1934   0.0    0.0      0.0
  MONTH TO DATE    T                         0.1   -0.1      0.0
  SINCE SEP 1      T                         0.1   -0.1      0.0
  SINCE JUL 1      T                         0.1   -0.1      0.0
  SNOW DEPTH       0

DEGREE DAYS
 HEATING
  TODAY            3                        11     -8        3
  MONTH TO DATE  194                       172     22       42
  SINCE SEP 1    194                       172     22       42
  SINCE JUL 1    238                       255    -17       60

 COOLING
  TODAY            0                         0      0        0
  MONTH TO DATE    2                        17    -15       70
  SINCE SEP 1      2                        17    -15       70
  SINCE JAN 1    392                       384      8      445
..................................................................


WIND (MPH)
  HIGHEST WIND SPEED    10   HIGHEST WIND DIRECTION     E (70)
  HIGHEST GUST SPEED    12   HIGHEST GUST DIRECTION    NE (60)
  AVERAGE WIND SPEED     4.1


SKY COVER
  AVERAGE SKY COVER 0.0


WEATHER CONDITIONS
 THE FOLLOWING WEATHER WAS RECORDED TODAY.
  NO SIGNIFICANT WEATHER WAS OBSERVED.


RELATIVE HUMIDITY (PERCENT)
 HIGHEST   100           700 AM
 LOWEST     28           300 PM
 AVERAGE    64

..........................................................


THE HAVRE MT CLIMATE NORMALS FOR TOMORROW
                         NORMAL    RECORD    YEAR
 MAXIMUM TEMPERATURE (F)   68        93      2011
                                             1992
                                             1885
 MINIMUM TEMPERATURE (F)   39        20      1926


SUNRISE AND SUNSET
SEPTEMBER 22 2014.....SUNRISE   706 AM MDT   SUNSET   717 PM MDT
SEPTEMBER 23 2014.....SUNRISE   707 AM MDT   SUNSET   715 PM MDT


-  INDICATES NEGATIVE NUMBERS.
R  INDICATES RECORD WAS SET OR TIED.
MM INDICATES DATA IS MISSING.
T  INDICATES TRACE AMOUNT.




$$
