000
CDUS45 KTFX 222338
CLIHVR


CLIMATE REPORT
NATIONAL WEATHER SERVICE GREAT FALLS MT
434 PM MST MON DEC 22 2014


...................................

...THE HAVRE MT CLIMATE SUMMARY FOR DECEMBER 22 2014...
VALID TODAY AS OF 0400 PM LOCAL TIME.

CLIMATE NORMAL PERIOD 1981 TO 2010
CLIMATE RECORD PERIOD 1880 TO 2014


WEATHER ITEM   OBSERVED TIME   RECORD YEAR NORMAL DEPARTURE LAST
                VALUE   (LST)  VALUE       VALUE  FROM      YEAR
                                                  NORMAL
..................................................................
TEMPERATURE (F)
 TODAY
  MAXIMUM         42    212 PM  56    1954  29     13        9
                                      1936
  MINIMUM         28    434 AM -45    1989   6     22      -15
  AVERAGE         35                        18     17       -3

PRECIPITATION (IN)
  TODAY            0.00          0.40 1964   0.01  -0.01      T
  MONTH TO DATE    0.13                      0.27  -0.14     0.97
  SINCE OCT 1      1.36                      1.28   0.08     1.69
  SINCE JAN 1     12.52                     11.07   1.45    18.84

SNOWFALL (IN)
  TODAY            0.0           4.0  1964   0.3   -0.3      0.5
  MONTH TO DATE    0.1                       4.9   -4.8     15.7
  SINCE DEC 1      0.1                       4.9   -4.8     15.7
  SINCE JUL 1      4.7                      12.5   -7.8     21.5
  SNOW DEPTH       T

DEGREE DAYS
 HEATING
  TODAY           30                        47    -17       68
  MONTH TO DATE  836                       991   -155     1247
  SINCE DEC 1    836                       991   -155     1247
  SINCE JUL 1   2773                      3034   -261     3173

 COOLING
  TODAY            0                         0      0        0
  MONTH TO DATE    0                         0      0        0
  SINCE DEC 1      0                         0      0        0
  SINCE JAN 1    402                       387     15      445
..................................................................


WIND (MPH)
  HIGHEST WIND SPEED    16   HIGHEST WIND DIRECTION    NW (300)
  HIGHEST GUST SPEED    21   HIGHEST GUST DIRECTION    NW (300)
  AVERAGE WIND SPEED    10.8


SKY COVER
  AVERAGE SKY COVER 0.4


WEATHER CONDITIONS
 THE FOLLOWING WEATHER WAS RECORDED TODAY.
  NO SIGNIFICANT WEATHER WAS OBSERVED.


RELATIVE HUMIDITY (PERCENT)
 HIGHEST    85           200 AM
 LOWEST     59           200 PM
 AVERAGE    72

..........................................................


THE HAVRE MT CLIMATE NORMALS FOR TOMORROW
                         NORMAL    RECORD    YEAR
 MAXIMUM TEMPERATURE (F)   29        56      1881
 MINIMUM TEMPERATURE (F)    6       -41      1983


SUNRISE AND SUNSET
DECEMBER 22 2014......SUNRISE   809 AM MST   SUNSET   427 PM MST
DECEMBER 23 2014......SUNRISE   809 AM MST   SUNSET   427 PM MST


-  INDICATES NEGATIVE NUMBERS.
R  INDICATES RECORD WAS SET OR TIED.
MM INDICATES DATA IS MISSING.
T  INDICATES TRACE AMOUNT.




$$
