000
CDUS45 KTFX 281009
CLIHVR


CLIMATE REPORT
NATIONAL WEATHER SERVICE GREAT FALLS MT
408 AM MDT THU AUG 28 2014


...................................

...THE HAVRE MT CLIMATE SUMMARY FOR AUGUST 27 2014...

CLIMATE NORMAL PERIOD 1981 TO 2010
CLIMATE RECORD PERIOD 1880 TO 2014


WEATHER ITEM   OBSERVED TIME   RECORD YEAR NORMAL DEPARTURE LAST
                VALUE   (LST)  VALUE       VALUE  FROM      YEAR
                                                  NORMAL
..................................................................
TEMPERATURE (F)
 YESTERDAY
  MAXIMUM         90    511 PM  99    2001  80     10       91
  MINIMUM         49    511 AM  31    1911  49      0       53
  AVERAGE         70                        64      6       72

PRECIPITATION (IN)
  YESTERDAY        0.00          0.47 1960   0.03  -0.03     0.00
  MONTH TO DATE    2.65                      0.97   1.68     1.05
  SINCE OCT 1     11.30                      9.94   1.36    17.49
  SINCE JAN 1      9.29                      8.53   0.76    15.01

SNOWFALL (IN)
  YESTERDAY        0.0           0.0  1999   0.0    0.0      0.0
                                      1998
  MONTH TO DATE    0.0                       0.0    0.0      0.0
  SINCE JUN 1      0.0                       0.0    0.0      0.0
  SINCE JUL 1      0.0                       0.0    0.0      0.0
  SNOW DEPTH       0

DEGREE DAYS
 HEATING
  YESTERDAY        0                         3     -3        0
  MONTH TO DATE   42                        39      3        8
  SINCE JUN 1    217                       202     15      129
  SINCE JUL 1     42                        69    -27       16

 COOLING
  YESTERDAY        5                         3      2        7
  MONTH TO DATE  169                       139     30      153
  SINCE JUN 1    376                       349     27      342
  SINCE JAN 1    383                       360     23      349
..................................................................


WIND (MPH)
  HIGHEST WIND SPEED    22   HIGHEST WIND DIRECTION    SW (220)
  HIGHEST GUST SPEED    24   HIGHEST GUST DIRECTION    SW (220)
  AVERAGE WIND SPEED     8.3


SKY COVER
  AVERAGE SKY COVER 0.1


WEATHER CONDITIONS
 THE FOLLOWING WEATHER WAS RECORDED YESTERDAY.
  NO SIGNIFICANT WEATHER WAS OBSERVED.


RELATIVE HUMIDITY (PERCENT)
 HIGHEST    93           400 AM
 LOWEST     21           400 PM
 AVERAGE    57

..........................................................


THE HAVRE MT CLIMATE NORMALS FOR TODAY
                         NORMAL    RECORD    YEAR
 MAXIMUM TEMPERATURE (F)   80        99      2012
 MINIMUM TEMPERATURE (F)   48        34      1911


SUNRISE AND SUNSET
AUGUST 28 2014........SUNRISE   631 AM MDT   SUNSET   809 PM MDT
AUGUST 29 2014........SUNRISE   632 AM MDT   SUNSET   807 PM MDT


-  INDICATES NEGATIVE NUMBERS.
R  INDICATES RECORD WAS SET OR TIED.
MM INDICATES DATA IS MISSING.
T  INDICATES TRACE AMOUNT.




$$
