000
CDUS45 KTFX 271036
CLIHVR


CLIMATE REPORT
NATIONAL WEATHER SERVICE GREAT FALLS MT
435 AM MDT WED MAY 27 2015


...................................

...THE HAVRE MT CLIMATE SUMMARY FOR MAY 26 2015...

CLIMATE NORMAL PERIOD 1981 TO 2010
CLIMATE RECORD PERIOD 1880 TO 2015


WEATHER ITEM   OBSERVED TIME   RECORD YEAR NORMAL DEPARTURE LAST
                VALUE   (LST)  VALUE       VALUE  FROM      YEAR
                                                  NORMAL
..................................................................
TEMPERATURE (F)
 YESTERDAY
  MAXIMUM         73    225 PM  96    1936  70      3       80
  MINIMUM         47    435 AM  25    1918  44      3       47
  AVERAGE         60                        57      3       64

PRECIPITATION (IN)
  YESTERDAY        T             1.08 1912   0.06  -0.06      T
  MONTH TO DATE    1.04                      1.39  -0.35     0.80
  SINCE OCT 1      5.10                      4.79   0.31     5.53
  SINCE JAN 1      3.53                      3.38   0.15     3.52

SNOWFALL (IN)
  YESTERDAY        0.0           T    1916   0.1   -0.1      0.0
                                      1998
  MONTH TO DATE    0.0                       1.6   -1.6      0.0
  SINCE MAR 1      0.2                      10.9  -10.7      7.0
  SINCE JUL 1     20.8                      38.8  -18.0     44.4
  SNOW DEPTH       0

DEGREE DAYS
 HEATING
  YESTERDAY        5                         8     -3        1
  MONTH TO DATE  362                       313     49      340
  SINCE MAR 1   1702                      1930   -228     2112
  SINCE JUL 1   7370                      8050   -680     8353

 COOLING
  YESTERDAY        0                         1     -1        0
  MONTH TO DATE    0                         1     -1        3
  SINCE MAR 1      0                         2     -2        3
  SINCE JAN 1      0                         2     -2        3
..................................................................


WIND (MPH)
  HIGHEST WIND SPEED    22   HIGHEST WIND DIRECTION    SW (240)
  HIGHEST GUST SPEED    25   HIGHEST GUST DIRECTION    SW (230)
  AVERAGE WIND SPEED     9.2


SKY COVER
  AVERAGE SKY COVER 0.3


WEATHER CONDITIONS
 THE FOLLOWING WEATHER WAS RECORDED YESTERDAY.
  LIGHT RAIN


RELATIVE HUMIDITY (PERCENT)
 HIGHEST    86           400 AM
 LOWEST     47          1200 PM
 AVERAGE    67

..........................................................


THE HAVRE MT CLIMATE NORMALS FOR TODAY
                         NORMAL    RECORD    YEAR
 MAXIMUM TEMPERATURE (F)   70        98      1936
 MINIMUM TEMPERATURE (F)   45        28      2005


SUNRISE AND SUNSET
MAY 27 2015...........SUNRISE   525 AM MDT   SUNSET   908 PM MDT
MAY 28 2015...........SUNRISE   525 AM MDT   SUNSET   909 PM MDT


-  INDICATES NEGATIVE NUMBERS.
R  INDICATES RECORD WAS SET OR TIED.
MM INDICATES DATA IS MISSING.
T  INDICATES TRACE AMOUNT.




$$
