000
CDUS45 KTFX 280728
CLIHVR


CLIMATE REPORT
NATIONAL WEATHER SERVICE GREAT FALLS MT
128 AM MDT SUN MAY 28 2017


...................................

...THE HAVRE MT CLIMATE SUMMARY FOR MAY 27 2017...

CLIMATE NORMAL PERIOD 1981 TO 2010
CLIMATE RECORD PERIOD 1880 TO 2017


WEATHER ITEM   OBSERVED TIME   RECORD YEAR NORMAL DEPARTURE LAST
                VALUE   (LST)  VALUE       VALUE  FROM      YEAR
                                                  NORMAL
..................................................................
TEMPERATURE (F)
 YESTERDAY
  MAXIMUM         81    506 PM  98    1936  70     11       70
  MINIMUM         44    132 AM  28    2005  45     -1       42
  AVERAGE         63                        58      5       56

PRECIPITATION (IN)
  YESTERDAY        T             0.92 1927   0.07  -0.07     0.23
  MONTH TO DATE    0.34                      1.46  -1.12     3.35
  SINCE OCT 1      6.52                      4.86   1.66     9.69
  SINCE JAN 1      2.53                      3.45  -0.92     7.76

SNOWFALL (IN)
  YESTERDAY        0.0           T    2012   0.0    0.0      0.0
  MONTH TO DATE    0.0                       1.6   -1.6      0.0
  SINCE MAR 1      1.0                      10.9   -9.9      3.0
  SINCE JUL 1     32.9                      38.8   -5.9     17.3
  SNOW DEPTH       0

DEGREE DAYS
 HEATING
  YESTERDAY        2                         8     -6        9
  MONTH TO DATE  266                       321    -55      316
  SINCE MAR 1   1762                      1938   -176     1610
  SINCE JUL 1   7761                      8058   -297     7035

 COOLING
  YESTERDAY        0                         1     -1        0
  MONTH TO DATE    6                         2      4        1
  SINCE MAR 1      6                         3      3        1
  SINCE JAN 1      6                         3      3        1
..................................................................


WIND (MPH)
  HIGHEST WIND SPEED    23   HIGHEST WIND DIRECTION    SW (220)
  HIGHEST GUST SPEED    34   HIGHEST GUST DIRECTION     N (10)
  AVERAGE WIND SPEED    14.1


SKY COVER
  AVERAGE SKY COVER 0.3


WEATHER CONDITIONS
 THE FOLLOWING WEATHER WAS RECORDED YESTERDAY.
  LIGHT RAIN


RELATIVE HUMIDITY (PERCENT)
 HIGHEST    77          1100 PM
 LOWEST     16           200 PM
 AVERAGE    47

..........................................................


THE HAVRE MT CLIMATE NORMALS FOR TODAY
                         NORMAL    RECORD    YEAR
 MAXIMUM TEMPERATURE (F)   71        97      1936
 MINIMUM TEMPERATURE (F)   45        24      1947


SUNRISE AND SUNSET
MAY 28 2017...........SUNRISE   524 AM MDT   SUNSET   909 PM MDT
MAY 29 2017...........SUNRISE   523 AM MDT   SUNSET   910 PM MDT


-  INDICATES NEGATIVE NUMBERS.
R  INDICATES RECORD WAS SET OR TIED.
MM INDICATES DATA IS MISSING.
T  INDICATES TRACE AMOUNT.




$$
