000
CDUS45 KTFX 191138
CLIHVR


CLIMATE REPORT
NATIONAL WEATHER SERVICE GREAT FALLS MT
436 AM MST SUN FEB 19 2017


...................................

...THE HAVRE MT CLIMATE SUMMARY FOR FEBRUARY 18 2017...

CLIMATE NORMAL PERIOD 1981 TO 2010
CLIMATE RECORD PERIOD 1880 TO 2017


WEATHER ITEM   OBSERVED TIME   RECORD YEAR NORMAL DEPARTURE LAST
                VALUE   (LST)  VALUE       VALUE  FROM      YEAR
                                                  NORMAL
..................................................................
TEMPERATURE (F)
 YESTERDAY
  MAXIMUM         49    318 PM  62    1930  34     15       51
  MINIMUM         27    105 AM -36    1929  11     16       21
  AVERAGE         38                        23     15       36

PRECIPITATION (IN)
  YESTERDAY        T             0.12 1957   0.01  -0.01     0.01
  MONTH TO DATE    0.33                      0.17   0.16     0.03
  SINCE OCT 1      5.01                      1.91   3.10     2.32
  SINCE JAN 1      1.02                      0.50   0.52     0.39

SNOWFALL (IN)
  YESTERDAY        T             3.1  1957   0.3   -0.3      0.0
  MONTH TO DATE    5.0                       3.7    1.3       T
  SINCE DEC 1     21.2                      18.2    3.0     10.8
  SINCE JUL 1     26.7                      25.8    0.9     13.8
  SNOW DEPTH       0

DEGREE DAYS
 HEATING
  YESTERDAY       27                        42    -15       29
  MONTH TO DATE  754                       790    -36      543
  SINCE DEC 1   3884                      3670    214     3250
  SINCE JUL 1   5631                      5713    -82     5103

 COOLING
  YESTERDAY        0                         0      0        0
  MONTH TO DATE    0                         0      0        0
  SINCE DEC 1      0                         0      0        0
  SINCE JAN 1      0                         0      0        0
..................................................................


WIND (MPH)
  HIGHEST WIND SPEED    23   HIGHEST WIND DIRECTION     E (80)
  HIGHEST GUST SPEED    27   HIGHEST GUST DIRECTION     E (80)
  AVERAGE WIND SPEED    14.6


SKY COVER
  AVERAGE SKY COVER 0.5


WEATHER CONDITIONS
 THE FOLLOWING WEATHER WAS RECORDED YESTERDAY.
  LIGHT SNOW


RELATIVE HUMIDITY (PERCENT)
 HIGHEST    92          1200 AM
 LOWEST     56           200 PM
 AVERAGE    74

..........................................................


THE HAVRE MT CLIMATE NORMALS FOR TODAY
                         NORMAL    RECORD    YEAR
 MAXIMUM TEMPERATURE (F)   35        68      1981
 MINIMUM TEMPERATURE (F)   12       -33      1884


SUNRISE AND SUNSET
FEBRUARY 19 2017......SUNRISE   719 AM MST   SUNSET   548 PM MST
FEBRUARY 20 2017......SUNRISE   717 AM MST   SUNSET   549 PM MST


-  INDICATES NEGATIVE NUMBERS.
R  INDICATES RECORD WAS SET OR TIED.
MM INDICATES DATA IS MISSING.
T  INDICATES TRACE AMOUNT.




$$
