000
CDUS45 KTFX 021022
CLIHVR


CLIMATE REPORT
NATIONAL WEATHER SERVICE GREAT FALLS MT
419 AM MDT THU JUL 2 2015


...................................

...THE HAVRE MT CLIMATE SUMMARY FOR JULY 1 2015...

CLIMATE NORMAL PERIOD 1981 TO 2010
CLIMATE RECORD PERIOD 1880 TO 2015


WEATHER ITEM   OBSERVED TIME   RECORD YEAR NORMAL DEPARTURE LAST
                VALUE   (LST)  VALUE       VALUE  FROM      YEAR
                                                  NORMAL
..................................................................
TEMPERATURE (F)
 YESTERDAY
  MAXIMUM         84    520 PM 102    1990  81      3       81
  MINIMUM         53    511 AM  40    1963  51      2       50
  AVERAGE         69                        66      3       66

PRECIPITATION (IN)
  YESTERDAY        0.06          0.57 2001   0.07  -0.01     0.00
  MONTH TO DATE    0.06                      0.07  -0.01     0.00
  SINCE OCT 1      6.13                      7.40  -1.27     8.39
  SINCE JAN 1      4.56                      5.99  -1.43     6.38

SNOWFALL (IN)
  YESTERDAY        0.0           0.0  1999   0.0    0.0      0.0
                                      1998
  MONTH TO DATE    0.0                       0.0    0.0      0.0
  SINCE JUN 1      0.0                       0.0    0.0      0.0
  SINCE JUL 1      0.0                       0.0    0.0      0.0
  SNOW DEPTH       0

DEGREE DAYS
 HEATING
  YESTERDAY        0                         2     -2        0
  MONTH TO DATE    0                         2     -2        0
  SINCE JUN 1     57                       135    -78      175
  SINCE JUL 1      0                         2     -2        0

 COOLING
  YESTERDAY        4                         3      1        1
  MONTH TO DATE    4                         3      1        1
  SINCE JUN 1    114                        51     63        7
  SINCE JAN 1    114                        62     52       14
..................................................................


WIND (MPH)
  HIGHEST WIND SPEED    21   HIGHEST WIND DIRECTION    NW (310)
  HIGHEST GUST SPEED    27   HIGHEST GUST DIRECTION    NW (300)
  AVERAGE WIND SPEED     6.6


SKY COVER
  AVERAGE SKY COVER 0.2


WEATHER CONDITIONS
 THE FOLLOWING WEATHER WAS RECORDED YESTERDAY.
  THUNDERSTORM
  LIGHT RAIN
  FOG
  HAZE


RELATIVE HUMIDITY (PERCENT)
 HIGHEST    93           300 AM
 LOWEST     33           600 PM
 AVERAGE    63

..........................................................


THE HAVRE MT CLIMATE NORMALS FOR TODAY
                         NORMAL    RECORD    YEAR
 MAXIMUM TEMPERATURE (F)   81        99      1985
 MINIMUM TEMPERATURE (F)   51        37      1893


SUNRISE AND SUNSET
JULY  2 2015..........SUNRISE   522 AM MDT   SUNSET   924 PM MDT
JULY  3 2015..........SUNRISE   522 AM MDT   SUNSET   924 PM MDT


-  INDICATES NEGATIVE NUMBERS.
R  INDICATES RECORD WAS SET OR TIED.
MM INDICATES DATA IS MISSING.
T  INDICATES TRACE AMOUNT.




$$
