000
CDUS45 KTFX 050900
CLIHVR


CLIMATE REPORT
NATIONAL WEATHER SERVICE GREAT FALLS MT
158 AM MST THU MAR 5 2015


...................................

...THE HAVRE MT CLIMATE SUMMARY FOR MARCH 4 2015...

CLIMATE NORMAL PERIOD 1981 TO 2010
CLIMATE RECORD PERIOD 1880 TO 2015


WEATHER ITEM   OBSERVED TIME   RECORD YEAR NORMAL DEPARTURE LAST
                VALUE   (LST)  VALUE       VALUE  FROM      YEAR
                                                  NORMAL
..................................................................
TEMPERATURE (F)
 YESTERDAY
  MAXIMUM         33    445 PM  75    1987  39     -6       26
  MINIMUM         -4    524 AM -31    1891  16    -20       -6
  AVERAGE         15                        28    -13       10

PRECIPITATION (IN)
  YESTERDAY        0.00          0.28 1918   0.01  -0.01     0.00
  MONTH TO DATE    T                         0.05  -0.05     0.18
  SINCE OCT 1      3.20                      2.07   1.13     2.85
  SINCE JAN 1      1.63                      0.66   0.97     0.84

SNOWFALL (IN)
  YESTERDAY        0.0           5.7  1996   0.2   -0.2      0.0
  MONTH TO DATE    T                         0.8   -0.8      1.0
  SINCE MAR 1      T                         0.8   -0.8      1.0
  SINCE JUL 1     20.6                      28.7   -8.1     38.4
  SNOW DEPTH       0

DEGREE DAYS
 HEATING
  YESTERDAY       50                        38     12       55
  MONTH TO DATE  193                       153     40      257
  SINCE MAR 1    193                       153     40      257
  SINCE JUL 1   5861                      6273   -412     6498

 COOLING
  YESTERDAY        0                         0      0        0
  MONTH TO DATE    0                         0      0        0
  SINCE MAR 1      0                         0      0        0
  SINCE JAN 1      0                         0      0        0
..................................................................


WIND (MPH)
  HIGHEST WIND SPEED    17   HIGHEST WIND DIRECTION    SW (220)
  HIGHEST GUST SPEED    24   HIGHEST GUST DIRECTION    SW (230)
  AVERAGE WIND SPEED     8.8


SKY COVER
  AVERAGE SKY COVER 0.0


WEATHER CONDITIONS
 THE FOLLOWING WEATHER WAS RECORDED YESTERDAY.
  NO SIGNIFICANT WEATHER WAS OBSERVED.


RELATIVE HUMIDITY (PERCENT)
 HIGHEST    79          1200 AM
 LOWEST     30           400 PM
 AVERAGE    55

..........................................................


THE HAVRE MT CLIMATE NORMALS FOR TODAY
                         NORMAL    RECORD    YEAR
 MAXIMUM TEMPERATURE (F)   40        75      1987
 MINIMUM TEMPERATURE (F)   16       -32      1947


SUNRISE AND SUNSET
MARCH  5 2015.........SUNRISE   653 AM MST   SUNSET   609 PM MST
MARCH  6 2015.........SUNRISE   651 AM MST   SUNSET   610 PM MST


-  INDICATES NEGATIVE NUMBERS.
R  INDICATES RECORD WAS SET OR TIED.
MM INDICATES DATA IS MISSING.
T  INDICATES TRACE AMOUNT.




$$
