000
CDUS43 KUNR 270837
CLIICR


CLIMATE REPORT
NATIONAL WEATHER SERVICE RAPID CITY SD
236 AM MDT THU AUG 27 2015


...................................

...THE WINNER REGIONAL AIRPORT SD CLIMATE SUMMARY FOR AUGUST 26 2015...

CLIMATE NORMAL PERIOD 1981 TO 2010
CLIMATE RECORD PERIOD 9999 TO 9999


WEATHER ITEM   OBSERVED TIME   NORMAL DEPARTURE LAST
                VALUE   (LST)  VALUE  FROM      YEAR
                                      NORMAL
......................................................
TEMPERATURE (F)
 YESTERDAY
  MAXIMUM         94    415 PM  85      9       78
  MINIMUM         62    539 AM  60      2       51
  AVERAGE         78            72      6       65

PRECIPITATION (IN)
  YESTERDAY        0.00          0.05  -0.05     0.00
  MONTH TO DATE    2.49          2.04   0.45     3.15
  SINCE JUN 1      8.53          8.65  -0.12     7.56
  SINCE JAN 1     12.20         16.72  -4.52    12.35

DEGREE DAYS
 HEATING
  YESTERDAY        0             0      0        0
  MONTH TO DATE   14             0     14        1
  SINCE JUN 1     17            59    -42       50
  SINCE JUL 1     14             5      9       13

 COOLING
  YESTERDAY       13             8      5        0
  MONTH TO DATE  249           263    -14      219
  SINCE JUN 1    842           739    103      622
  SINCE JAN 1    877           769    108      703
......................................................


WIND (MPH)
  HIGHEST WIND SPEED    22   HIGHEST WIND DIRECTION    SE (150)
  HIGHEST GUST SPEED    31   HIGHEST GUST DIRECTION    SE (150)
  AVERAGE WIND SPEED    11.9


SKY COVER
  AVERAGE SKY COVER 0.0


WEATHER CONDITIONS
 THE FOLLOWING WEATHER WAS RECORDED YESTERDAY.
  THUNDERSTORM
  HAZE


RELATIVE HUMIDITY (PERCENT)
 HIGHEST    84           300 AM
 LOWEST     39           300 PM
 AVERAGE    62

..........................................................




SUNRISE AND SUNSET
AUGUST 27 2015........SUNRISE   658 AM CDT   SUNSET   823 PM CDT
AUGUST 28 2015........SUNRISE   659 AM CDT   SUNSET   822 PM CDT


-  INDICATES NEGATIVE NUMBERS.
R  INDICATES RECORD WAS SET OR TIED.
MM INDICATES DATA IS MISSING.
T  INDICATES TRACE AMOUNT.




$$
