025
CDUS43 KUNR 190839
CLIICR


CLIMATE REPORT
NATIONAL WEATHER SERVICE RAPID CITY SD
238 AM MDT TUE SEP 19 2017


...................................

...THE WINNER REGIONAL AIRPORT SD CLIMATE SUMMARY FOR SEPTEMBER 18 2017...

CLIMATE NORMAL PERIOD 1981 TO 2010
CLIMATE RECORD PERIOD 9999 TO 9999


WEATHER ITEM   OBSERVED TIME   NORMAL DEPARTURE LAST
                VALUE   (LST)  VALUE  FROM      YEAR
                                      NORMAL
......................................................
TEMPERATURE (F)
 YESTERDAY
  MAXIMUM         82    453 PM  76      6       90
  MINIMUM         56    656 AM  50      6       59
  AVERAGE         69            63      6       75

PRECIPITATION (IN)
  YESTERDAY        T             0.07  -0.07     0.00
  MONTH TO DATE    0.66          1.20  -0.54     2.01
  SINCE SEP 1      0.66          1.20  -0.54     2.01
  SINCE JAN 1     16.18         18.20  -2.02    16.87

DEGREE DAYS
 HEATING
  YESTERDAY        0             4     -4        0
  MONTH TO DATE   44            50     -6       35
  SINCE SEP 1     44            50     -6       35
  SINCE JUL 1     46            64    -18       43

 COOLING
  YESTERDAY        4             2      2       10
  MONTH TO DATE  119            83     36       82
  SINCE SEP 1    119            83     36       82
  SINCE JAN 1   1095           889    206     1126
......................................................


WIND (MPH)
  HIGHEST WIND SPEED    30   HIGHEST WIND DIRECTION     S (160)
  HIGHEST GUST SPEED    40   HIGHEST GUST DIRECTION     S (160)
  AVERAGE WIND SPEED    10.4


SKY COVER
  AVERAGE SKY COVER 0.0


WEATHER CONDITIONS
 THE FOLLOWING WEATHER WAS RECORDED YESTERDAY.
  LIGHT RAIN


RELATIVE HUMIDITY (PERCENT)
 HIGHEST    86           400 AM
 LOWEST     43           500 PM
 AVERAGE    65

..........................................................




SUNRISE AND SUNSET
SEPTEMBER 19 2017.....SUNRISE   724 AM CDT   SUNSET   742 PM CDT
SEPTEMBER 20 2017.....SUNRISE   725 AM CDT   SUNSET   740 PM CDT


-  INDICATES NEGATIVE NUMBERS.
R  INDICATES RECORD WAS SET OR TIED.
MM INDICATES DATA IS MISSING.
T  INDICATES TRACE AMOUNT.




$$
