000
CDUS43 KUNR 280839
CLIICR


CLIMATE REPORT
NATIONAL WEATHER SERVICE RAPID CITY SD
136 AM MST SAT FEB 28 2015


...................................

...THE WINNER REGIONAL AIRPORT SD CLIMATE SUMMARY FOR FEBRUARY 27 2015...

CLIMATE NORMAL PERIOD 1981 TO 2010
CLIMATE RECORD PERIOD 9999 TO 9999


WEATHER ITEM   OBSERVED TIME   NORMAL DEPARTURE LAST
                VALUE   (LST)  VALUE  FROM      YEAR
                                      NORMAL
......................................................
TEMPERATURE (F)
 YESTERDAY
  MAXIMUM         28    432 PM  41    -13       23
  MINIMUM         -6    156 AM  20    -26       -4
  AVERAGE         11            30    -19       10

PRECIPITATION (IN)
  YESTERDAY        0.00          0.02  -0.02     0.00
  MONTH TO DATE    0.01          0.50  -0.49     0.06
  SINCE DEC 1      0.29          1.09  -0.80     0.16
  SINCE JAN 1      0.09          0.75  -0.66     0.08

DEGREE DAYS
 HEATING
  YESTERDAY       54            34     20       55
  MONTH TO DATE 1074          1020     54     1212
  SINCE DEC 1   3263          3504   -241     3847
  SINCE JUL 1   4719          4975   -256     5284

 COOLING
  YESTERDAY        0             0      0        0
  MONTH TO DATE    0             0      0        0
  SINCE DEC 1      0             0      0        0
  SINCE JAN 1      0             0      0        0
......................................................


WIND (MPH)
  HIGHEST WIND SPEED    20   HIGHEST WIND DIRECTION     S (180)
  HIGHEST GUST SPEED    24   HIGHEST GUST DIRECTION     S (170)
  AVERAGE WIND SPEED    10.6


SKY COVER
  AVERAGE SKY COVER 0.0


WEATHER CONDITIONS
 THE FOLLOWING WEATHER WAS RECORDED YESTERDAY.
  NO SIGNIFICANT WEATHER WAS OBSERVED.


RELATIVE HUMIDITY (PERCENT)
 HIGHEST    69           800 AM
 LOWEST     23           400 PM
 AVERAGE    46

..........................................................




SUNRISE AND SUNSET
FEBRUARY 28 2015......SUNRISE   718 AM CST   SUNSET   627 PM CST
MARCH  1 2015.........SUNRISE   716 AM CST   SUNSET   628 PM CST


-  INDICATES NEGATIVE NUMBERS.
R  INDICATES RECORD WAS SET OR TIED.
MM INDICATES DATA IS MISSING.
T  INDICATES TRACE AMOUNT.




$$
