000
CDUS43 KUNR 010834
CLIICR


CLIMATE REPORT
NATIONAL WEATHER SERVICE RAPID CITY SD
234 AM MDT WED JUL 1 2015


...................................

...THE WINNER REGIONAL AIRPORT SD CLIMATE SUMMARY FOR JUNE 30 2015...

CLIMATE NORMAL PERIOD 1981 TO 2010
CLIMATE RECORD PERIOD 9999 TO 9999


WEATHER ITEM   OBSERVED TIME   NORMAL DEPARTURE LAST
                VALUE   (LST)  VALUE  FROM      YEAR
                                      NORMAL
......................................................
TEMPERATURE (F)
 YESTERDAY
  MAXIMUM         84   1252 PM  85     -1       78
  MINIMUM         68   1148 PM  60      8       64
  AVERAGE         76            73      3       71

PRECIPITATION (IN)
  YESTERDAY        0.00          0.07  -0.07     0.13
  MONTH TO DATE    4.02          3.65   0.37     4.16
  SINCE JUN 1      4.02          3.65   0.37     4.16
  SINCE JAN 1      7.69         11.72  -4.03     8.95

DEGREE DAYS
 HEATING
  YESTERDAY        0             0      0        0
  MONTH TO DATE    3            56    -53       37
  SINCE JUN 1      3            54    -51       37
  SINCE JUL 1   6041          6699   -658     7045

 COOLING
  YESTERDAY       11             8      3        6
  MONTH TO DATE  218           145     73      117
  SINCE JUN 1    218           145     73      117
  SINCE JAN 1    253           175     78      198
......................................................


WIND (MPH)
  HIGHEST WIND SPEED    24   HIGHEST WIND DIRECTION    SE (120)
  HIGHEST GUST SPEED    30   HIGHEST GUST DIRECTION    SE (140)
  AVERAGE WIND SPEED    13.6


SKY COVER
  AVERAGE SKY COVER 0.1


WEATHER CONDITIONS
 THE FOLLOWING WEATHER WAS RECORDED YESTERDAY.
  NO SIGNIFICANT WEATHER WAS OBSERVED.


RELATIVE HUMIDITY (PERCENT)
 HIGHEST    73           600 AM
 LOWEST     40          1100 AM
 AVERAGE    57

..........................................................




SUNRISE AND SUNSET
JULY  1 2015..........SUNRISE   603 AM CDT   SUNSET   924 PM CDT
JULY  2 2015..........SUNRISE   603 AM CDT   SUNSET   923 PM CDT


-  INDICATES NEGATIVE NUMBERS.
R  INDICATES RECORD WAS SET OR TIED.
MM INDICATES DATA IS MISSING.
T  INDICATES TRACE AMOUNT.




$$
