000
CDUS43 KUNR 241519
CLIICR


CLIMATE REPORT
NATIONAL WEATHER SERVICE RAPID CITY SD
818 AM MST SAT FEB 24 2018


...................................

...THE WINNER REGIONAL AIRPORT SD CLIMATE SUMMARY FOR FEBRUARY 23 2018...

CLIMATE NORMAL PERIOD 1981 TO 2010
CLIMATE RECORD PERIOD 9999 TO 9999


WEATHER ITEM   OBSERVED TIME   NORMAL DEPARTURE LAST
                VALUE   (LST)  VALUE  FROM      YEAR
                                      NORMAL
......................................................
TEMPERATURE (F)
 YESTERDAY
  MAXIMUM         20    454 PM  40    -20       34
  MINIMUM          5    939 PM  19    -14       26
  AVERAGE         13            29    -16       30

PRECIPITATION (IN)
  YESTERDAY        0.00          0.02  -0.02     0.31
  MONTH TO DATE    0.13          0.43  -0.30     0.56
  SINCE DEC 1      1.16          1.02   0.14     2.19
  SINCE JAN 1      0.99          0.68   0.31     1.64

DEGREE DAYS
 HEATING
  YESTERDAY       52            36     16       35
  MONTH TO DATE 1120           881    239      649
  SINCE DEC 1   3489          3365    124     3101
  SINCE JUL 1   4713          4836   -123     3971

 COOLING
  YESTERDAY        0             0      0        0
  MONTH TO DATE    0             0      0        0
  SINCE DEC 1      0             0      0        0
  SINCE JAN 1      0             0      0        0
......................................................


WIND (MPH)
  HIGHEST WIND SPEED    18   HIGHEST WIND DIRECTION    NW (310)
  HIGHEST GUST SPEED    22   HIGHEST GUST DIRECTION    NW (300)
  AVERAGE WIND SPEED     9.1


SKY COVER
  AVERAGE SKY COVER 0.3


WEATHER CONDITIONS
 THE FOLLOWING WEATHER WAS RECORDED YESTERDAY.
  FOG


RELATIVE HUMIDITY (PERCENT)
 HIGHEST    88          1200 AM
 LOWEST     62           500 PM
 AVERAGE    75

..........................................................




SUNRISE AND SUNSET
FEBRUARY 24 2018......SUNRISE   724 AM CST   SUNSET   622 PM CST
FEBRUARY 25 2018......SUNRISE   722 AM CST   SUNSET   623 PM CST


-  INDICATES NEGATIVE NUMBERS.
R  INDICATES RECORD WAS SET OR TIED.
MM INDICATES DATA IS MISSING.
T  INDICATES TRACE AMOUNT.




$$
