000
CDUS43 KICT 230658
CLIICT

CLIMATE REPORT
NATIONAL WEATHER SERVICE WICHITA KS
1257 AM CST THU FEB 23 2017

...................................

...THE WICHITA EISENHOWER NATIONAL CLIMATE SUMMARY FOR FEBRUARY 22 2017...

CLIMATE NORMAL PERIOD 1981 TO 2010
CLIMATE RECORD PERIOD 1888 TO 2017


WEATHER ITEM   OBSERVED TIME   RECORD YEAR NORMAL DEPARTURE LAST
                VALUE   (LST)  VALUE       VALUE  FROM      YEAR
                                                  NORMAL
..................................................................
TEMPERATURE (F)
 YESTERDAY
  MAXIMUM         77    420 PM  87    1996  50     27       59
  MINIMUM         37    716 AM   6    1889  28      9       29
  AVERAGE         57                        39     18       44

PRECIPITATION (IN)
  YESTERDAY        0.00          0.89 2000   0.04  -0.04     0.00
  MONTH TO DATE    0.83                      0.89  -0.06     0.55
  SINCE DEC 1      4.28                      2.92   1.36     2.96
  SINCE JAN 1      3.62                      1.72   1.90     0.74

SNOWFALL (IN)
  YESTERDAY        0.0           3.9  1975   0.1   -0.1      0.0
  MONTH TO DATE    0.0                       2.7   -2.7      0.0
  SINCE DEC 1      2.0                      10.5   -8.5      0.5
  SINCE JUL 1      2.0                      11.9   -9.9      0.8
  SNOW DEPTH       0

DEGREE DAYS
 HEATING
  YESTERDAY        8                        26    -18       21
  MONTH TO DATE  408                       632   -224      467
  SINCE DEC 1   2267                      2616   -349     2149
  SINCE JUL 1   2720                      3492   -772     2718

 COOLING
  YESTERDAY        0                         0      0        0
  MONTH TO DATE    0                         0      0        0
  SINCE DEC 1      0                         0      0        0
  SINCE JAN 1      0                         0      0        0
..................................................................


WIND (MPH)
  HIGHEST WIND SPEED    18   HIGHEST WIND DIRECTION     S (200)
  HIGHEST GUST SPEED    22   HIGHEST GUST DIRECTION    SW (220)
  AVERAGE WIND SPEED     8.0


SKY COVER
  POSSIBLE SUNSHINE  MM
  AVERAGE SKY COVER 0.3


WEATHER CONDITIONS
 THE FOLLOWING WEATHER WAS RECORDED YESTERDAY.
  NO SIGNIFICANT WEATHER WAS OBSERVED.


RELATIVE HUMIDITY (PERCENT)
 HIGHEST    85           300 AM
 LOWEST     33           300 PM
 AVERAGE    59

..........................................................


THE WICHITA EISENHOWER NATIONAL CLIMATE NORMALS FOR TODAY
                         NORMAL    RECORD    YEAR
 MAXIMUM TEMPERATURE (F)   51        82      1930
 MINIMUM TEMPERATURE (F)   29         0      1889


SUNRISE AND SUNSET
FEBRUARY 23 2017......SUNRISE   709 AM CST   SUNSET   618 PM CST
FEBRUARY 24 2017......SUNRISE   707 AM CST   SUNSET   619 PM CST


-  INDICATES NEGATIVE NUMBERS.
R  INDICATES RECORD WAS SET OR TIED.
MM INDICATES DATA IS MISSING.
T  INDICATES TRACE AMOUNT.

$$
