000
CDUS43 KICT 230706
CLIICT


CLIMATE REPORT
NATIONAL WEATHER SERVICE WICHITA KS
106 AM CST THU NOV 23 2017


...................................

...THE WICHITA EISENHOWER NATIONAL CLIMATE SUMMARY FOR NOVEMBER 22 2017...

CLIMATE NORMAL PERIOD 1981 TO 2010
CLIMATE RECORD PERIOD 1888 TO 2017


WEATHER ITEM   OBSERVED TIME   RECORD YEAR NORMAL DEPARTURE LAST
                VALUE   (LST)  VALUE       VALUE  FROM      YEAR
                                                  NORMAL
..................................................................
TEMPERATURE (F)
 YESTERDAY
  MAXIMUM         47    413 PM  78    1966  53     -6       71
  MINIMUM         20    730 AM   8    1929  32    -12       48
  AVERAGE         34                        42     -8       60

PRECIPITATION (IN)
  YESTERDAY        0.00          1.45 1999   0.04  -0.04     0.05
  MONTH TO DATE    0.12                      1.10  -0.98     0.19
  SINCE SEP 1      6.06                      7.02  -0.96    13.53
  SINCE JAN 1     33.41                     31.11   2.30    49.87

SNOWFALL (IN)
  YESTERDAY        0.0           2.3  1971   0.0    0.0      0.0
  MONTH TO DATE    0.0                       0.6   -0.6      0.0
  SINCE SEP 1      0.0                       0.7   -0.7      0.0
  SINCE JUL 1      0.0                       0.7   -0.7      0.0
  SNOW DEPTH       0

DEGREE DAYS
 HEATING
  YESTERDAY       31                        23      8        5
  MONTH TO DATE  400                       388     12      212
  SINCE SEP 1    624                       673    -49      302
  SINCE JUL 1    624                       674    -50      302

 COOLING
  YESTERDAY        0                         0      0        0
  MONTH TO DATE    2                         0      2       11
  SINCE SEP 1    346                       257     89      382
  SINCE JAN 1   1785                      1684    101     2054
..................................................................


WIND (MPH)
  HIGHEST WIND SPEED    15   HIGHEST WIND DIRECTION     S (170)
  HIGHEST GUST SPEED    18   HIGHEST GUST DIRECTION     S (170)
  AVERAGE WIND SPEED     7.8


SKY COVER
  POSSIBLE SUNSHINE  MM
  AVERAGE SKY COVER 0.2


WEATHER CONDITIONS
 THE FOLLOWING WEATHER WAS RECORDED YESTERDAY.
  NO SIGNIFICANT WEATHER WAS OBSERVED.


RELATIVE HUMIDITY (PERCENT)
 HIGHEST    77           800 AM
 LOWEST     33           200 PM
 AVERAGE    55

..........................................................


THE WICHITA EISENHOWER NATIONAL CLIMATE NORMALS FOR TODAY
                         NORMAL    RECORD    YEAR
 MAXIMUM TEMPERATURE (F)   52        72      2005
                                             1966
                                             1904
 MINIMUM TEMPERATURE (F)   31         9      1898


SUNRISE AND SUNSET
NOVEMBER 23 2017......SUNRISE   718 AM CST   SUNSET   514 PM CST
NOVEMBER 24 2017......SUNRISE   719 AM CST   SUNSET   513 PM CST


-  INDICATES NEGATIVE NUMBERS.
R  INDICATES RECORD WAS SET OR TIED.
MM INDICATES DATA IS MISSING.
T  INDICATES TRACE AMOUNT.




$$
