000
CDUS45 KPIH 190730
CLIIDA


CLIMATE REPORT
NATIONAL WEATHER SERVICE POCATELLO ID
1229 AM MST FRI JAN 19 2018


...................................

...THE IDAHO FALLS ID CLIMATE SUMMARY FOR JANUARY 18 2018...

CLIMATE NORMAL PERIOD 1981 TO 2010
CLIMATE RECORD PERIOD 1948 TO 2018


WEATHER ITEM   OBSERVED TIME   RECORD YEAR NORMAL DEPARTURE LAST
                VALUE   (LST)  VALUE       VALUE  FROM      YEAR
                                                  NORMAL
..................................................................
TEMPERATURE (F)
 YESTERDAY
  MAXIMUM         48R   843 PM  44    2015  29     19       22
  MINIMUM         26    816 AM -27    1984  12     14       -7
  AVERAGE         37                        20     17        8

PRECIPITATION (IN)
  YESTERDAY        T             0.34 2000   0.02  -0.02      T
  MONTH TO DATE    0.43                      0.44  -0.01     0.53
  SINCE OCT 1      2.36                      3.01  -0.65     4.81
  SINCE JAN 1      0.43                      0.44  -0.01     0.53

SNOWFALL (IN)
  YESTERDAY       MM
  MONTH TO DATE   MM
  SINCE DEC 1     MM
  SINCE JUL 1     MM
  SNOW DEPTH      MM

DEGREE DAYS
 HEATING
  YESTERDAY       28                        45    -17       57
  MONTH TO DATE  660                       810   -150     1013
  SINCE DEC 1   2026                      2180   -154     2542
  SINCE JUL 1   3850                      4083   -233     4160

 COOLING
  YESTERDAY        0                         0      0        0
  MONTH TO DATE    0                         0      0        0
  SINCE DEC 1      0                         0      0        0
  SINCE JAN 1      0                         0      0        0
..................................................................


WIND (MPH)
  HIGHEST WIND SPEED    24   HIGHEST WIND DIRECTION     S (190)
  HIGHEST GUST SPEED    31   HIGHEST GUST DIRECTION    SW (210)
  AVERAGE WIND SPEED     6.8


SKY COVER
  POSSIBLE SUNSHINE  MM
  AVERAGE SKY COVER 0.4


WEATHER CONDITIONS
 THE FOLLOWING WEATHER WAS RECORDED YESTERDAY.
  NO SIGNIFICANT WEATHER WAS OBSERVED.


RELATIVE HUMIDITY (PERCENT)
 HIGHEST   100           100 AM
 LOWEST     58           800 PM
 AVERAGE    79

..........................................................


THE IDAHO FALLS ID CLIMATE NORMALS FOR TODAY
                         NORMAL    RECORD    YEAR
 MAXIMUM TEMPERATURE (F)   29        45      1971
 MINIMUM TEMPERATURE (F)   12       -22      1963


SUNRISE AND SUNSET
JANUARY 19 2018.......SUNRISE   756 AM MST   SUNSET   523 PM MST
JANUARY 20 2018.......SUNRISE   755 AM MST   SUNSET   524 PM MST


-  INDICATES NEGATIVE NUMBERS.
R  INDICATES RECORD WAS SET OR TIED.
MM INDICATES DATA IS MISSING.
T  INDICATES TRACE AMOUNT.




$$
