567
CDUS45 KPIH 270732
CLIIDA


CLIMATE REPORT
NATIONAL WEATHER SERVICE POCATELLO ID
130 AM MDT TUE JUN 27 2017


...................................

...THE IDAHO FALLS ID CLIMATE SUMMARY FOR JUNE 26 2017...

CLIMATE NORMAL PERIOD 1981 TO 2010
CLIMATE RECORD PERIOD 1948 TO 2017


WEATHER ITEM   OBSERVED TIME   RECORD YEAR NORMAL DEPARTURE LAST
                VALUE   (LST)  VALUE       VALUE  FROM      YEAR
                                                  NORMAL
..................................................................
TEMPERATURE (F)
 YESTERDAY
  MAXIMUM         92    441 PM  98    1970  80     12       85
  MINIMUM         48    513 AM  31    1976  47      1       37
  AVERAGE         70                        64      6       61

PRECIPITATION (IN)
  YESTERDAY        0.00          0.59 2009   0.02  -0.02     0.00
  MONTH TO DATE    0.67                      1.02  -0.35     0.05
  SINCE OCT 1      8.96                      8.44   0.52     7.48
  SINCE JAN 1      4.68                      5.87  -1.19     5.16

SNOWFALL (IN)
  YESTERDAY       MM
  MONTH TO DATE   MM
  SINCE JUN 1     MM
  SINCE JUL 1     MM
  SNOW DEPTH      MM

DEGREE DAYS
 HEATING
  YESTERDAY        0                         3     -3        4
  MONTH TO DATE   92                       143    -51       74
  SINCE JUN 1     92                       143    -51       74
  SINCE JUL 1   7621                      7834   -213     7312

 COOLING
  YESTERDAY        5                         2      3        0
  MONTH TO DATE   37                        20     17       42
  SINCE JUN 1     37                        20     17       42
  SINCE JAN 1     39                        22     17       42
..................................................................


WIND (MPH)
  HIGHEST WIND SPEED    24   HIGHEST WIND DIRECTION    SW (240)
  HIGHEST GUST SPEED    35   HIGHEST GUST DIRECTION    SW (230)
  AVERAGE WIND SPEED     5.8


SKY COVER
  POSSIBLE SUNSHINE  MM
  AVERAGE SKY COVER 0.0


WEATHER CONDITIONS
 THE FOLLOWING WEATHER WAS RECORDED YESTERDAY.
  NO SIGNIFICANT WEATHER WAS OBSERVED.


RELATIVE HUMIDITY (PERCENT)
 HIGHEST    93           400 AM
 LOWEST     14           500 PM
 AVERAGE    54

..........................................................


THE IDAHO FALLS ID CLIMATE NORMALS FOR TODAY
                         NORMAL    RECORD    YEAR
 MAXIMUM TEMPERATURE (F)   81        97      2015
 MINIMUM TEMPERATURE (F)   48        34      1976


SUNRISE AND SUNSET
JUNE 27 2017..........SUNRISE   549 AM MDT   SUNSET   913 PM MDT
JUNE 28 2017..........SUNRISE   550 AM MDT   SUNSET   913 PM MDT


-  INDICATES NEGATIVE NUMBERS.
R  INDICATES RECORD WAS SET OR TIED.
MM INDICATES DATA IS MISSING.
T  INDICATES TRACE AMOUNT.




$$
