000
CDUS45 KPIH 300730
CLIIDA


CLIMATE REPORT
NATIONAL WEATHER SERVICE POCATELLO ID
128 AM MDT TUE SEP 30 2014


...................................

...THE IDAHO FALLS ID CLIMATE SUMMARY FOR SEPTEMBER 29 2014...

CLIMATE NORMAL PERIOD 1981 TO 2010
CLIMATE RECORD PERIOD 1948 TO 2014


WEATHER ITEM   OBSERVED TIME   RECORD YEAR NORMAL DEPARTURE LAST
                VALUE   (LST)  VALUE       VALUE  FROM      YEAR
                                                  NORMAL
..................................................................
TEMPERATURE (F)
 YESTERDAY
  MAXIMUM         61    235 PM  89    1957  68     -7       62
  MINIMUM         41    341 AM  18    1985  36      5       49
  AVERAGE         51                        52     -1       56

PRECIPITATION (IN)
  YESTERDAY        0.00          0.51 1983   0.03  -0.03      T
  MONTH TO DATE    2.28                      0.81   1.47     2.30
  SINCE OCT 1      9.92                     10.36  -0.44     7.69
  SINCE JAN 1      8.62                      7.79   0.83     5.00

SNOWFALL (IN)
  YESTERDAY       MM
  MONTH TO DATE   MM
  SINCE SEP 1     MM
  SINCE JUL 1     MM
  SNOW DEPTH      MM

DEGREE DAYS
 HEATING
  YESTERDAY       14                        13      1        9
  MONTH TO DATE  144                       228    -84      151
  SINCE SEP 1    144                       228    -84      151
  SINCE JUL 1    199                       293    -94      151

 COOLING
  YESTERDAY        0                         0      0        0
  MONTH TO DATE   21                        10     11       50
  SINCE SEP 1     21                        10     11       50
  SINCE JAN 1    303                       262     41      510
..................................................................


WIND (MPH)
  HIGHEST WIND SPEED    21   HIGHEST WIND DIRECTION    SW (210)
  HIGHEST GUST SPEED    25   HIGHEST GUST DIRECTION    SW (220)
  AVERAGE WIND SPEED     7.3


SKY COVER
  POSSIBLE SUNSHINE  MM
  AVERAGE SKY COVER 0.6


WEATHER CONDITIONS
 THE FOLLOWING WEATHER WAS RECORDED YESTERDAY.
  FOG


RELATIVE HUMIDITY (PERCENT)
 HIGHEST    96           200 AM
 LOWEST     53           200 PM
 AVERAGE    75

..........................................................


THE IDAHO FALLS ID CLIMATE NORMALS FOR TODAY
                         NORMAL    RECORD    YEAR
 MAXIMUM TEMPERATURE (F)   67        90      1957
 MINIMUM TEMPERATURE (F)   35        18      1985


SUNRISE AND SUNSET
SEPTEMBER 30 2014.....SUNRISE   725 AM MDT   SUNSET   711 PM MDT
OCTOBER  1 2014.......SUNRISE   726 AM MDT   SUNSET   709 PM MDT


-  INDICATES NEGATIVE NUMBERS.
R  INDICATES RECORD WAS SET OR TIED.
MM INDICATES DATA IS MISSING.
T  INDICATES TRACE AMOUNT.




$$
