000
CDUS45 KPIH 290735
CLIIDA


CLIMATE REPORT
NATIONAL WEATHER SERVICE POCATELLO ID
133 AM MDT SAT APR 29 2017


...................................

...THE IDAHO FALLS ID CLIMATE SUMMARY FOR APRIL 28 2017...

CLIMATE NORMAL PERIOD 1981 TO 2010
CLIMATE RECORD PERIOD 1948 TO 2017


WEATHER ITEM   OBSERVED TIME   RECORD YEAR NORMAL DEPARTURE LAST
                VALUE   (LST)  VALUE       VALUE  FROM      YEAR
                                                  NORMAL
..................................................................
TEMPERATURE (F)
 YESTERDAY
  MAXIMUM         50    529 PM  81    1987  62    -12       60
  MINIMUM         32    607 AM  18    1984  34     -2       28
  AVERAGE         41                        48     -7       44

PRECIPITATION (IN)
  YESTERDAY        T             0.64 2009   0.05  -0.05     0.00
  MONTH TO DATE    1.03                      1.04  -0.01     0.58
  SINCE OCT 1      7.79                      5.82   1.97     5.57
  SINCE JAN 1      3.51                      3.25   0.26     3.25

SNOWFALL (IN)
  YESTERDAY       MM
  MONTH TO DATE   MM
  SINCE MAR 1     MM
  SINCE JUL 1     MM
  SNOW DEPTH      MM

DEGREE DAYS
 HEATING
  YESTERDAY       24                        17      7       21
  MONTH TO DATE  594                       576     18      457
  SINCE MAR 1   1328                      1478   -150     1252
  SINCE JUL 1   7125                      7280   -155     6834

 COOLING
  YESTERDAY        0                         0      0        0
  MONTH TO DATE    0                         0      0        0
  SINCE MAR 1      0                         0      0        0
  SINCE JAN 1      0                         0      0        0
..................................................................


WIND (MPH)
  HIGHEST WIND SPEED    24   HIGHEST WIND DIRECTION     N (20)
  HIGHEST GUST SPEED    36   HIGHEST GUST DIRECTION    NE (30)
  AVERAGE WIND SPEED    12.0


SKY COVER
  POSSIBLE SUNSHINE  MM
  AVERAGE SKY COVER 0.8


WEATHER CONDITIONS
 THE FOLLOWING WEATHER WAS RECORDED YESTERDAY.
  LIGHT RAIN
  LIGHT SNOW
  FOG
  HAZE


RELATIVE HUMIDITY (PERCENT)
 HIGHEST   100          1200 AM
 LOWEST     42           300 PM
 AVERAGE    71

..........................................................


THE IDAHO FALLS ID CLIMATE NORMALS FOR TODAY
                         NORMAL    RECORD    YEAR
 MAXIMUM TEMPERATURE (F)   62        85      1992
 MINIMUM TEMPERATURE (F)   34        17      2011


SUNRISE AND SUNSET
APRIL 29 2017.........SUNRISE   623 AM MDT   SUNSET   828 PM MDT
APRIL 30 2017.........SUNRISE   622 AM MDT   SUNSET   830 PM MDT


-  INDICATES NEGATIVE NUMBERS.
R  INDICATES RECORD WAS SET OR TIED.
MM INDICATES DATA IS MISSING.
T  INDICATES TRACE AMOUNT.




$$
