000
CDUS45 KPIH 230731
CLIIDA


CLIMATE REPORT
NATIONAL WEATHER SERVICE POCATELLO ID
130 AM MDT WED JUL 23 2014


...................................

...THE IDAHO FALLS ID CLIMATE SUMMARY FOR JULY 22 2014...

CLIMATE NORMAL PERIOD 1981 TO 2010
CLIMATE RECORD PERIOD 1948 TO 2014


WEATHER ITEM   OBSERVED TIME   RECORD YEAR NORMAL DEPARTURE LAST
                VALUE   (LST)  VALUE       VALUE  FROM      YEAR
                                                  NORMAL
..................................................................
TEMPERATURE (F)
 YESTERDAY
  MAXIMUM         92    233 PM  99    2006  88      4       96
                                      2000
  MINIMUM         57   1154 PM  38    1954  51      6       48
  AVERAGE         75                        69      6       72

PRECIPITATION (IN)
  YESTERDAY        0.00          0.49 1979   0.02  -0.02     0.00
  MONTH TO DATE    T                         0.36  -0.36     0.30
  SINCE OCT 1      5.14                      8.87  -3.73     4.93
  SINCE JAN 1      3.84                      6.30  -2.46     2.24

SNOWFALL (IN)
  YESTERDAY       MM
  MONTH TO DATE   MM
  SINCE JUN 1     MM
  SINCE JUL 1     MM
  SNOW DEPTH      MM

DEGREE DAYS
 HEATING
  YESTERDAY        0                         0      0        0
  MONTH TO DATE    2                        25    -23        0
  SINCE JUN 1    130                       178    -48      100
  SINCE JUL 1      2                        25    -23        0

 COOLING
  YESTERDAY       10                         5      5        7
  MONTH TO DATE  156                        83     73      171
  SINCE JUN 1    165                       113     52      240
  SINCE JAN 1    166                       115     51      244
..................................................................


WIND (MPH)
  HIGHEST WIND SPEED    17   HIGHEST WIND DIRECTION     S (180)
  HIGHEST GUST SPEED    20   HIGHEST GUST DIRECTION     S (190)
  AVERAGE WIND SPEED     5.8


SKY COVER
  POSSIBLE SUNSHINE  MM
  AVERAGE SKY COVER 0.2


WEATHER CONDITIONS
 THE FOLLOWING WEATHER WAS RECORDED YESTERDAY.
  NO SIGNIFICANT WEATHER WAS OBSERVED.


RELATIVE HUMIDITY (PERCENT)
 HIGHEST    72           500 AM
 LOWEST     19           700 PM
 AVERAGE    46

..........................................................


THE IDAHO FALLS ID CLIMATE NORMALS FOR TODAY
                         NORMAL    RECORD    YEAR
 MAXIMUM TEMPERATURE (F)   88       100      2007
                                             2003
 MINIMUM TEMPERATURE (F)   51        40      1954


SUNRISE AND SUNSET
JULY 23 2014..........SUNRISE   609 AM MDT   SUNSET   900 PM MDT
JULY 24 2014..........SUNRISE   610 AM MDT   SUNSET   859 PM MDT


-  INDICATES NEGATIVE NUMBERS.
R  INDICATES RECORD WAS SET OR TIED.
MM INDICATES DATA IS MISSING.
T  INDICATES TRACE AMOUNT.




$$
