000
CDUS45 KPIH 010735
CLIIDA


CLIMATE REPORT
NATIONAL WEATHER SERVICE POCATELLO ID
1234 AM MST SUN FEB 1 2015


...................................

...THE IDAHO FALLS ID CLIMATE SUMMARY FOR JANUARY 31 2015...

CLIMATE NORMAL PERIOD 1981 TO 2010
CLIMATE RECORD PERIOD 1948 TO 2015


WEATHER ITEM   OBSERVED TIME   RECORD YEAR NORMAL DEPARTURE LAST
                VALUE   (LST)  VALUE       VALUE  FROM      YEAR
                                                  NORMAL
..................................................................
TEMPERATURE (F)
 YESTERDAY
  MAXIMUM         35    343 PM  48    1954  30      5       30
  MINIMUM         26   1028 PM -33    1985  12     14        8
  AVERAGE         31                        21     10       19

PRECIPITATION (IN)
  YESTERDAY        0.00          0.21 1963   0.02  -0.02      T
  MONTH TO DATE    0.28                      0.69  -0.41     0.51
  SINCE OCT 1      1.74                      3.26  -1.52     1.81
  SINCE JAN 1      0.28                      0.69  -0.41     0.51

SNOWFALL (IN)
  YESTERDAY       MM
  MONTH TO DATE   MM
  SINCE DEC 1     MM
  SINCE JUL 1     MM
  SNOW DEPTH      MM

DEGREE DAYS
 HEATING
  YESTERDAY       34                        44    -10       46
  MONTH TO DATE 1226                      1389   -163     1271
  SINCE DEC 1   2347                      2760   -413     2812
  SINCE JUL 1   4036                      4663   -627     4536

 COOLING
  YESTERDAY        0                         0      0        0
  MONTH TO DATE    0                         0      0        0
  SINCE DEC 1      0                         0      0        0
  SINCE JAN 1      0                         0      0        0
..................................................................


WIND (MPH)
  HIGHEST WIND SPEED    15   HIGHEST WIND DIRECTION    SW (220)
  HIGHEST GUST SPEED    19   HIGHEST GUST DIRECTION    SW (220)
  AVERAGE WIND SPEED     6.8


SKY COVER
  POSSIBLE SUNSHINE  MM
  AVERAGE SKY COVER 0.9


WEATHER CONDITIONS
 THE FOLLOWING WEATHER WAS RECORDED YESTERDAY.
  FOG
  FOG W/VISIBILITY <= 1/4 MILE


RELATIVE HUMIDITY (PERCENT)
 HIGHEST   100           100 AM
 LOWEST     69           300 PM
 AVERAGE    85

..........................................................


THE IDAHO FALLS ID CLIMATE NORMALS FOR TODAY
                         NORMAL    RECORD    YEAR
 MAXIMUM TEMPERATURE (F)   30        50      1992
 MINIMUM TEMPERATURE (F)   12       -38      1985


SUNRISE AND SUNSET
FEBRUARY  1 2015......SUNRISE   745 AM MST   SUNSET   540 PM MST
FEBRUARY  2 2015......SUNRISE   744 AM MST   SUNSET   541 PM MST


-  INDICATES NEGATIVE NUMBERS.
R  INDICATES RECORD WAS SET OR TIED.
MM INDICATES DATA IS MISSING.
T  INDICATES TRACE AMOUNT.




$$
